{"id":1197,"date":"2010-06-14T20:05:06","date_gmt":"2010-06-14T18:05:06","guid":{"rendered":"http:\/\/abc-latina.com\/assos-htm-2\/"},"modified":"2026-04-30T18:24:53","modified_gmt":"2026-04-30T16:24:53","slug":"assos","status":"publish","type":"page","link":"https:\/\/abc-latina.com\/chili\/assos\/","title":{"rendered":"Les ASSOCIATIONS"},"content":{"rendered":"<p>culturelles\/humanitaires chiliennes et francophones<\/p>\n<div>En FRANCE<\/div>\n<h3>Type&nbsp;HUMANITAIRE&nbsp;<\/h3>\n<div><strong>La Ronde &nbsp;<\/strong><\/div>\n<div>Objectifs: &nbsp;Parrainer un foyer d&rsquo;enfants en difficult\u00e9 familiale \u00e0 Quilpu\u00e9, pr\u00e8s de Valparaiso.<\/div>\n<div>&nbsp;<\/div>\n<h3>Type&nbsp;SOLIDAIRE&nbsp;CULTURELLE&nbsp;<\/h3>\n<div><strong>Association d&rsquo;Amiti\u00e9 France-Chili &nbsp;<\/strong><\/div>\n<div>Contact: Mr Mansuy<\/div>\n<div>Adresse: 44 rue de la solidarit\u00e9 &#8211; 94400 Vitry sur Seine<\/div>\n<div>Tel : 01 46 71 02 81&nbsp;<\/div>\n<div>&nbsp;<\/div>\n<div>\n<div><strong>Chili Culture &amp; Solidarit\u00e9 <br \/><\/strong><\/div>\n<div>Une association au service de la culture et la solidarit\u00e9<\/div>\n<div>Adresse: Toulouse<\/div>\n<p><a href=\"http:\/\/www.chiliculturetsolidarite.over-blog.org\" target=\"_blank\">www.chiliculturetsolidarite.over-blog.org<\/a><\/div>\n<div>&nbsp;<\/div>\n<h3>Type&nbsp;HUMANITAIRE&nbsp;SOLIDAIRE&nbsp;<\/h3>\n<div><strong>Association Franco-Chilienne Sans-Fronti\u00e8re &nbsp;<\/strong><\/div>\n<div>Contact: Madame Urrutia<\/div>\n<div>Adresse: 2\/4 avenue du Pr\u00e9sident Hoover &#8211; 59800 LILLE<\/div>\n<div>Tel : 03 20 95 48 83&nbsp;<\/div>\n<div>&nbsp;<\/div>\n<div>\n<div><strong>Collectif de Soutien au Peuple Mapuche<\/strong><\/div>\n<div>Le blog du Collectif: <a href=\"http:\/\/collectif.mapuche.over-blog.com\/\" target=\"_blank\">http:\/\/collectif.mapuche.over-blog.com\/<\/a><\/div>\n<\/div>\n<h3>AUTRES Types&nbsp;<\/h3>\n<div><strong>Association Casa Chile &nbsp;<\/strong><\/div>\n<div>Adresse: 39, Avenue de Galli\u00e9ni 92 120 Meudon&nbsp;<\/div>\n<div>&nbsp;<\/div>\n<div><strong>Association Chile Esperanza&nbsp;<\/strong><\/div>\n<div>Adresse: 2, rue de Moscou 91 300 Massy&nbsp;<\/div>\n<div>&nbsp;<\/div>\n<div><strong>Association de Journalistes Chiliens en France &nbsp;<\/strong><\/div>\n<div>Adresse: 4, rue Darracq 92 150 Suresnes&nbsp;<\/div>\n<div>&nbsp;<\/div>\n<div><strong>Association des Scientifiques Chiliens &nbsp;<\/strong><\/div>\n<div>Adresse: 2, R\u00e9sidence Ch\u00e2teau de Courcelle 91 190 Gif- sur Yvette<\/div>\n<div>&nbsp;<\/div>\n<div><strong>Asociacion Cultural Franco Chilena de Nantes&nbsp;<\/strong><\/div>\n<div>Adresse: 7 rue Alphonse Beillevaire &#8211; 44700 Orvault<\/div>\n<div>Tel : 02 40 63 83 40&nbsp;<\/div>\n<div>&nbsp;<\/div>\n<div><strong>AFAENAC Association des Familles Adoptives d&rsquo;Enfants Chiliens &nbsp;<\/strong><\/div>\n<div>Adresse: 7, rue Orfila 75 020 Paris&nbsp;<\/div>\n<div>&nbsp;<\/div>\n<div><strong>Association franco chilena diffusion de la culture &nbsp;<\/strong><\/div>\n<div>Adresse: 100 galerie de l&rsquo;Arlequin apt.F813. 38100. Grenoble&nbsp;<\/div>\n<div>&nbsp;<\/div>\n<div><strong>Association APEDI &nbsp;<\/strong><\/div>\n<div>Adresse: 10, place du 14 juillet 93 100 Montreuil&nbsp;<\/div>\n<div>&nbsp;<\/div>\n<div><strong>Association Culturelle Grande R\u00e9union Am\u00e9ricaine &nbsp;<\/strong><\/div>\n<div>Adresse: 5, rue de la Couture du Moulin 94 320 Thiais<\/div>\n<div>&nbsp;<\/div>\n<div><strong>Atelier Pablo Neruda &nbsp;<\/strong><\/div>\n<div>Adresse: 55, rue Moli\u00e8re 92 500 Rueil Malmaison&nbsp;<\/div>\n<div>&nbsp;<\/div>\n<div>En SUISSE<\/div>\n<h3>Type&nbsp;HUMANITAIRE&nbsp;<\/h3>\n<div><strong>Association Alborada &nbsp;<\/strong><\/div>\n<div>Objectifs: &nbsp;D\u00e9veloppement rural-Education-Formations Sant\u00e9<\/div>\n<div>Contact: Peter Poschen<\/div>\n<div>Adresse: BIT &#8211; 1211 Gen\u00e8ve 22<\/div>\n<div>Tel prof.:022 799 61 88 &#8211; Tel priv\u00e9 00 33 450 42 41<\/div>\n<div>&nbsp;<\/div>\n","protected":false},"excerpt":{"rendered":"<p>culturelles\/humanitaires chiliennes et francophones En FRANCE Type&nbsp;HUMANITAIRE&nbsp; La Ronde &nbsp; Objectifs: &nbsp;Parrainer un foyer d&rsquo;enfants en difficult\u00e9 familiale \u00e0 Quilpu\u00e9, [&hellip;]<\/p>\n","protected":false},"author":3,"featured_media":0,"parent":2293,"menu_order":0,"comment_status":"closed","ping_status":"closed","template":"","meta":{"site-sidebar-layout":"default","site-content-layout":"","ast-site-content-layout":"default","site-content-style":"default","site-sidebar-style":"default","ast-global-header-display":"","ast-banner-title-visibility":"","ast-main-header-display":"","ast-hfb-above-header-display":"","ast-hfb-below-header-display":"","ast-hfb-mobile-header-display":"","site-post-title":"","ast-breadcrumbs-content":"","ast-featured-img":"","footer-sml-layout":"","ast-disable-related-posts":"","theme-transparent-header-meta":"","adv-header-id-meta":"","stick-header-meta":"","header-above-stick-meta":"","header-main-stick-meta":"","header-below-stick-meta":"","astra-migrate-meta-layouts":"default","ast-page-background-enabled":"default","ast-page-background-meta":{"desktop":{"background-color":"var(--ast-global-color-5)","background-image":"","background-repeat":"repeat","background-position":"center center","background-size":"auto","background-attachment":"scroll","background-type":"","background-media":"","overlay-type":"","overlay-color":"","overlay-opacity":"","overlay-gradient":""},"tablet":{"background-color":"","background-image":"","background-repeat":"repeat","background-position":"center center","background-size":"auto","background-attachment":"scroll","background-type":"","background-media":"","overlay-type":"","overlay-color":"","overlay-opacity":"","overlay-gradient":""},"mobile":{"background-color":"","background-image":"","background-repeat":"repeat","background-position":"center center","background-size":"auto","background-attachment":"scroll","background-type":"","background-media":"","overlay-type":"","overlay-color":"","overlay-opacity":"","overlay-gradient":""}},"ast-content-background-meta":{"desktop":{"background-color":"var(--ast-global-color-4)","background-image":"","background-repeat":"repeat","background-position":"center center","background-size":"auto","background-attachment":"scroll","background-type":"","background-media":"","overlay-type":"","overlay-color":"","overlay-opacity":"","overlay-gradient":""},"tablet":{"background-color":"var(--ast-global-color-4)","background-image":"","background-repeat":"repeat","background-position":"center center","background-size":"auto","background-attachment":"scroll","background-type":"","background-media":"","overlay-type":"","overlay-color":"","overlay-opacity":"","overlay-gradient":""},"mobile":{"background-color":"var(--ast-global-color-4)","background-image":"","background-repeat":"repeat","background-position":"center center","background-size":"auto","background-attachment":"scroll","background-type":"","background-media":"","overlay-type":"","overlay-color":"","overlay-opacity":"","overlay-gradient":""}},"footnotes":""},"class_list":["post-1197","page","type-page","status-publish","hentry"],"yoast_head":"<!-- This site is optimized with the Yoast SEO plugin v27.5 - https:\/\/yoast.com\/product\/yoast-seo-wordpress\/ -->\n<title>Les ASSOCIATIONS - Abc-latina<\/title>\n<meta name=\"description\" content=\"Les associations humanitaires, culturelles ou musicales en rapport avec le Chili.\" \/>\n<meta name=\"robots\" content=\"index, follow, max-snippet:-1, max-image-preview:large, max-video-preview:-1\" \/>\n<link rel=\"canonical\" href=\"https:\/\/abc-latina.com\/chili\/assos\/\" \/>\n<meta property=\"og:locale\" content=\"fr_FR\" \/>\n<meta property=\"og:type\" content=\"article\" \/>\n<meta property=\"og:title\" content=\"Les ASSOCIATIONS - Abc-latina\" \/>\n<meta property=\"og:description\" content=\"Les associations humanitaires, culturelles ou musicales en rapport avec le Chili.\" \/>\n<meta property=\"og:url\" content=\"https:\/\/abc-latina.com\/chili\/assos\/\" \/>\n<meta property=\"og:site_name\" content=\"Abc-latina\" \/>\n<meta property=\"article:modified_time\" content=\"2026-04-30T16:24:53+00:00\" \/>\n<meta name=\"twitter:card\" content=\"summary_large_image\" \/>\n<meta name=\"twitter:label1\" content=\"Dur\u00e9e de lecture estim\u00e9e\" \/>\n\t<meta name=\"twitter:data1\" content=\"1 minute\" \/>\n<script type=\"application\/ld+json\" class=\"yoast-schema-graph\">{\"@context\":\"https:\\\/\\\/schema.org\",\"@graph\":[{\"@type\":\"WebPage\",\"@id\":\"https:\\\/\\\/abc-latina.com\\\/chili\\\/assos\\\/\",\"url\":\"https:\\\/\\\/abc-latina.com\\\/chili\\\/assos\\\/\",\"name\":\"Les ASSOCIATIONS - Abc-latina\",\"isPartOf\":{\"@id\":\"https:\\\/\\\/abc-latina.com\\\/#website\"},\"datePublished\":\"2010-06-14T18:05:06+00:00\",\"dateModified\":\"2026-04-30T16:24:53+00:00\",\"description\":\"Les associations humanitaires, culturelles ou musicales en rapport avec le Chili.\",\"breadcrumb\":{\"@id\":\"https:\\\/\\\/abc-latina.com\\\/chili\\\/assos\\\/#breadcrumb\"},\"inLanguage\":\"fr-FR\",\"potentialAction\":[{\"@type\":\"ReadAction\",\"target\":[\"https:\\\/\\\/abc-latina.com\\\/chili\\\/assos\\\/\"]}]},{\"@type\":\"BreadcrumbList\",\"@id\":\"https:\\\/\\\/abc-latina.com\\\/chili\\\/assos\\\/#breadcrumb\",\"itemListElement\":[{\"@type\":\"ListItem\",\"position\":1,\"name\":\"Accueil\",\"item\":\"https:\\\/\\\/abc-latina.com\\\/\"},{\"@type\":\"ListItem\",\"position\":2,\"name\":\"Les ASSOCIATIONS\"}]},{\"@type\":\"WebSite\",\"@id\":\"https:\\\/\\\/abc-latina.com\\\/#website\",\"url\":\"https:\\\/\\\/abc-latina.com\\\/\",\"name\":\"Abc-latina\",\"description\":\"\",\"publisher\":{\"@id\":\"https:\\\/\\\/abc-latina.com\\\/#organization\"},\"potentialAction\":[{\"@type\":\"SearchAction\",\"target\":{\"@type\":\"EntryPoint\",\"urlTemplate\":\"https:\\\/\\\/abc-latina.com\\\/?s={search_term_string}\"},\"query-input\":{\"@type\":\"PropertyValueSpecification\",\"valueRequired\":true,\"valueName\":\"search_term_string\"}}],\"inLanguage\":\"fr-FR\"},{\"@type\":\"Organization\",\"@id\":\"https:\\\/\\\/abc-latina.com\\\/#organization\",\"name\":\"Abc-latina\",\"url\":\"https:\\\/\\\/abc-latina.com\\\/\",\"logo\":{\"@type\":\"ImageObject\",\"inLanguage\":\"fr-FR\",\"@id\":\"https:\\\/\\\/abc-latina.com\\\/#\\\/schema\\\/logo\\\/image\\\/\",\"url\":\"https:\\\/\\\/abc-latina.com\\\/wp-content\\\/uploads\\\/2026\\\/05\\\/cropped-logo.gif\",\"contentUrl\":\"https:\\\/\\\/abc-latina.com\\\/wp-content\\\/uploads\\\/2026\\\/05\\\/cropped-logo.gif\",\"width\":89,\"height\":84,\"caption\":\"Abc-latina\"},\"image\":{\"@id\":\"https:\\\/\\\/abc-latina.com\\\/#\\\/schema\\\/logo\\\/image\\\/\"}}]}<\/script>\n<!-- \/ Yoast SEO plugin. -->","yoast_head_json":{"title":"Les ASSOCIATIONS - Abc-latina","description":"Les associations humanitaires, culturelles ou musicales en rapport avec le Chili.","robots":{"index":"index","follow":"follow","max-snippet":"max-snippet:-1","max-image-preview":"max-image-preview:large","max-video-preview":"max-video-preview:-1"},"canonical":"https:\/\/abc-latina.com\/chili\/assos\/","og_locale":"fr_FR","og_type":"article","og_title":"Les ASSOCIATIONS - Abc-latina","og_description":"Les associations humanitaires, culturelles ou musicales en rapport avec le Chili.","og_url":"https:\/\/abc-latina.com\/chili\/assos\/","og_site_name":"Abc-latina","article_modified_time":"2026-04-30T16:24:53+00:00","twitter_card":"summary_large_image","twitter_misc":{"Dur\u00e9e de lecture estim\u00e9e":"1 minute"},"schema":{"@context":"https:\/\/schema.org","@graph":[{"@type":"WebPage","@id":"https:\/\/abc-latina.com\/chili\/assos\/","url":"https:\/\/abc-latina.com\/chili\/assos\/","name":"Les ASSOCIATIONS - Abc-latina","isPartOf":{"@id":"https:\/\/abc-latina.com\/#website"},"datePublished":"2010-06-14T18:05:06+00:00","dateModified":"2026-04-30T16:24:53+00:00","description":"Les associations humanitaires, culturelles ou musicales en rapport avec le Chili.","breadcrumb":{"@id":"https:\/\/abc-latina.com\/chili\/assos\/#breadcrumb"},"inLanguage":"fr-FR","potentialAction":[{"@type":"ReadAction","target":["https:\/\/abc-latina.com\/chili\/assos\/"]}]},{"@type":"BreadcrumbList","@id":"https:\/\/abc-latina.com\/chili\/assos\/#breadcrumb","itemListElement":[{"@type":"ListItem","position":1,"name":"Accueil","item":"https:\/\/abc-latina.com\/"},{"@type":"ListItem","position":2,"name":"Les ASSOCIATIONS"}]},{"@type":"WebSite","@id":"https:\/\/abc-latina.com\/#website","url":"https:\/\/abc-latina.com\/","name":"Abc-latina","description":"","publisher":{"@id":"https:\/\/abc-latina.com\/#organization"},"potentialAction":[{"@type":"SearchAction","target":{"@type":"EntryPoint","urlTemplate":"https:\/\/abc-latina.com\/?s={search_term_string}"},"query-input":{"@type":"PropertyValueSpecification","valueRequired":true,"valueName":"search_term_string"}}],"inLanguage":"fr-FR"},{"@type":"Organization","@id":"https:\/\/abc-latina.com\/#organization","name":"Abc-latina","url":"https:\/\/abc-latina.com\/","logo":{"@type":"ImageObject","inLanguage":"fr-FR","@id":"https:\/\/abc-latina.com\/#\/schema\/logo\/image\/","url":"https:\/\/abc-latina.com\/wp-content\/uploads\/2026\/05\/cropped-logo.gif","contentUrl":"https:\/\/abc-latina.com\/wp-content\/uploads\/2026\/05\/cropped-logo.gif","width":89,"height":84,"caption":"Abc-latina"},"image":{"@id":"https:\/\/abc-latina.com\/#\/schema\/logo\/image\/"}}]}},"_links":{"self":[{"href":"https:\/\/abc-latina.com\/wp-json\/wp\/v2\/pages\/1197","targetHints":{"allow":["GET"]}}],"collection":[{"href":"https:\/\/abc-latina.com\/wp-json\/wp\/v2\/pages"}],"about":[{"href":"https:\/\/abc-latina.com\/wp-json\/wp\/v2\/types\/page"}],"author":[{"embeddable":true,"href":"https:\/\/abc-latina.com\/wp-json\/wp\/v2\/users\/3"}],"replies":[{"embeddable":true,"href":"https:\/\/abc-latina.com\/wp-json\/wp\/v2\/comments?post=1197"}],"version-history":[{"count":1,"href":"https:\/\/abc-latina.com\/wp-json\/wp\/v2\/pages\/1197\/revisions"}],"predecessor-version":[{"id":3226,"href":"https:\/\/abc-latina.com\/wp-json\/wp\/v2\/pages\/1197\/revisions\/3226"}],"up":[{"embeddable":true,"href":"https:\/\/abc-latina.com\/wp-json\/wp\/v2\/pages\/2293"}],"wp:attachment":[{"href":"https:\/\/abc-latina.com\/wp-json\/wp\/v2\/media?parent=1197"}],"curies":[{"name":"wp","href":"https:\/\/api.w.org\/{rel}","templated":true}]}}