{"id":1209,"date":"2010-06-14T22:22:35","date_gmt":"2010-06-14T20:22:35","guid":{"rendered":"http:\/\/abc-latina.com\/tourisme-htm-5\/"},"modified":"2026-04-30T18:25:09","modified_gmt":"2026-04-30T16:25:09","slug":"tourisme","status":"publish","type":"page","link":"https:\/\/abc-latina.com\/mexique\/tourisme\/","title":{"rendered":"TOURISME &#038; VOYAGE au MEXIQUE"},"content":{"rendered":"<div><span class=\"tourisme-chapitre\"><img loading=\"lazy\" decoding=\"async\" class=\" size-full wp-image-1208\" src=\"http:\/\/abc-latina.com\/wp-content\/uploads\/2010\/06\/043-tourisme-au-mexique.jpg\" title=\"TOURISME &amp; VOYAGE AU MEXIQUE\" alt=\"TOURISME &amp; VOYAGE AU MEXIQUE\" width=\"480\" height=\"271\" srcset=\"https:\/\/abc-latina.com\/wp-content\/uploads\/2010\/06\/043-tourisme-au-mexique.jpg 700w, https:\/\/abc-latina.com\/wp-content\/uploads\/2010\/06\/043-tourisme-au-mexique-300x169.jpg 300w\" sizes=\"auto, (max-width: 480px) 100vw, 480px\" \/><\/span><\/div>\n<div>&nbsp;<\/div>\n<div><span class=\"tourisme-chapitre\">Le Mexique<\/span> est un pays qui fascine les visiteurs. Des influences culturelles tir\u00e9es de civilisations autochtones plusieurs fois mill\u00e9naires s&rsquo;y sont m\u00e9lang\u00e9es, parfois de fa\u00e7on assez surprenante, avec les contributions apport\u00e9es par les colons espagnols, qui ont commenc\u00e9 \u00e0 affluer au pays il y a 500 ans.Ces deux groupes ont produit un m\u00e9tissage, tant culturel que racial, qui se refl\u00e8te dans les visages et les modes de vie de la grande majorit\u00e9 des Mexicains. Tout visiteur se rendra compte lors de son voyage de la riche diversit\u00e9 d&rsquo;influences de l&rsquo;Am\u00e9rique ancienne, de l&rsquo;Europe et de l&rsquo;Am\u00e9rique moderne qui se fusionnent pour cr\u00e9er non seulement une authentique culture nationale, mais aussi des variantes caract\u00e9ristiques dans chacune des r\u00e9gions de ce vaste pays.<\/div>\n<div>&nbsp;<\/div>\n<div><span class=\"tourisme-chapitre\">Mexico City<\/span><\/div>\n<div>Mexico, centre du gouvernement et de la vie commerciale, financi\u00e8re, intellectuelle et artistique du pays, sait fasciner les visiteurs par ses nombreux tr\u00e9sors historiques et culturels.<\/div>\n<div>&nbsp;<\/div>\n<div><span class=\"tourisme-chapitre\">La Basse Californie<\/span><\/div>\n<div>Cette r\u00e9gion \u00e0 la population clairsem\u00e9e continue \u00e0 r\u00e9sister au peuplement et reste fort pris\u00e9e pour ses plages totalement isol\u00e9es et ces eaux cristallines. Cette destination est aujourd&rsquo;hui tr\u00e8s fr\u00e9quent\u00e9e pour la pratique de la p\u00eache et de la plong\u00e9e. Des variations de temp\u00e9rature extr\u00eame peuvent \u00eatre enregistr\u00e9es en 24 heures, c&rsquo;est la raison pour laquelle la r\u00e9gion a \u00e9chapp\u00e9 \u00e0 l&rsquo;essor \u00e9conomique observ\u00e9 ailleurs dans le pays. L&rsquo;un des attraits touristiques est la halte que font les baleines grises dans les lagunes c\u00f4ti\u00e8res, le seul lieu de reproduction connue de ces mammif\u00e8res.<\/div>\n<div>Quelques lieux de vill\u00e9giature offre l&rsquo;atmosph\u00e8re de stations baln\u00e9aires.&nbsp;<\/div>\n<div>Le long de la fronti\u00e8re, de nombreuses villes industrielles travaillent pour leur riche voisin am\u00e9ricain, telle Tijuana, avec son million d&rsquo;habitants et son extraordinaire expansion humaine de 5 % l&rsquo;an.<\/div>\n<div>&nbsp;<\/div>\n<div><a href=\"tour_operateur\" target=\"_blank\"><img loading=\"lazy\" decoding=\"async\" class=\" size-full wp-image-41\" alt=\"\" class=\"touroperateur\" src=\"http:\/\/abc-latina.com\/wp-content\/uploads\/2010\/04\/timbre_to.gif\" width=\"125\" height=\"90\" \/><\/a><span class=\"tourisme-chapitre\">Le Nord du Mexique<\/span><\/div>\n<div>Le Nord, un des espaces les moins peupl\u00e9s du Mexique, poss\u00e8de un caract\u00e8re bien particulier. Cette grande r\u00e9gion aride avec ses d\u00e9serts, ses plaines et ses montagnes sauvages reste marqu\u00e9e par une atmosph\u00e8re isol\u00e9e, comme hors du temps.<\/div>\n<div>Il ne faut manquer ses grands canyons qui n&rsquo;ont rien \u00e0 envier \u00e0 leurs semblables plus r\u00e9put\u00e9s des Etats-Unis.<\/div>\n<div>Le train qui relie Chihuahua \u00e0 Los Mochis est une formidable invitation \u00e0 la d\u00e9couverte tout en douceur de la montagne.<\/div>\n<div>Sur l&rsquo;oc\u00e9an Pacifique Mazatlan stations baln\u00e9aires de renom est c\u00e9l\u00e8bre pour ses plages, sa p\u00eache aux gros et son carnaval r\u00e9put\u00e9 pour \u00eatre l&rsquo;un des meilleurs au monde. D&rsquo;autres stations baln\u00e9aires comme Sayulita ou Bahia Kino, au climat si plaisant, attirent les touristes sur leurs plages immacul\u00e9es.<\/div>\n<div>&nbsp;<\/div>\n<div><span class=\"tourisme-chapitre\">Le centre colonial<\/span><\/div>\n<div>Riche de cit\u00e9s coloniales, parmi lesquels, Guadalajara, deuxi\u00e8me ville du pays qui est aussi l&rsquo;une des plus riches en vestiges coloniaux. Taxco qui offre l&rsquo;image romantique de l&rsquo;ancienne Espagne avec ses rues pav\u00e9es et ses toits aux tuiles rouges. La ville de Puebla qui avec ses nombreuses \u00e9glises est appel\u00e9 &quot; la robe du Mexique &quot;.<\/div>\n<div>La ville de Tequila produit l&rsquo;alcool du m\u00eame nom \u00e0 partir de agave dont les champs pars\u00e8ment le paysage.<\/div>\n<div>Le centre du Mexique, sur la c\u00f4te Pacifique, regroupe quelques-unes des stations baln\u00e9aires les plus c\u00e9l\u00e8bres, parmi lesquelles : Puerto Vallarta, Manzanillo et bien s\u00fbr Acapulco et sa grandiose baie.<\/div>\n<div>&nbsp;<\/div>\n<div><span class=\"tourisme-chapitre\">Le sud du Mexique<\/span><\/div>\n<div><span class=\"tourisme-chapitre\"><img loading=\"lazy\" decoding=\"async\" class=\" alignright size-full wp-image-344\" src=\"http:\/\/abc-latina.com\/wp-content\/uploads\/2010\/06\/san-juan-chamula.jpg\" alt=\"\" width=\"220\" vspace=\"9\" hspace=\"15\" height=\"220\" align=\"right\" srcset=\"https:\/\/abc-latina.com\/wp-content\/uploads\/2010\/06\/san-juan-chamula.jpg 250w, https:\/\/abc-latina.com\/wp-content\/uploads\/2010\/06\/san-juan-chamula-150x150.jpg 150w\" sizes=\"auto, (max-width: 220px) 100vw, 220px\" \/><\/span>Vaste r\u00e9gion montagneuse encore sauvage, le sud du Mexique a de quoi combler l&rsquo;amateur d&rsquo;histoire. Il compte d&rsquo;impressionnantes ruines am\u00e9rindiennes, ces peuplades qui les premi\u00e8res habit\u00e8rent le territoire, ainsi que des villes coloniales comme Oaxaca. Cette r\u00e9gion peut \u00eatre \u00e0 elle seule le but d&rsquo;un voyage au Mexique.<\/div>\n<div>&nbsp;<\/div>\n<div><span class=\"tourisme-chapitre\">Le Yucatan<\/span><\/div>\n<div>Ce territoire dont les c\u00f4tes sont baign\u00e9es par le golfe du Mexique et la mer des Antilles. M\u00e9rida est la capitale de l&rsquo;\u00c9tat du Yucat\u00e1n et la plus grande ville de toute la presqu&rsquo;\u00eele.<\/div>\n<div>La r\u00e9gion est tr\u00e8s riche en sites arch\u00e9ologiques, les ruines les plus importantes se trouvent \u00e0 Chichen Itza.<\/div>\n<div>L&rsquo;immense station de Cancun est situ\u00e9e de fa\u00e7on id\u00e9ale sur une \u00eele dans les eaux claires et chaude de la mer des Cara\u00efbes.<\/div>\n<div>&nbsp;<\/div>\n<h3>Les sites mexicains class\u00e9s au patrimoine de l&rsquo;UNESCO:<\/h3>\n<div>Sian Ka&rsquo;an &#8211; 1987<\/div>\n<div>Cit\u00e9 pr\u00e9hispanique et parc national de Palenque &#8211; 1987<\/div>\n<div>Centre historique de Mexico et Xochimilco &#8211; 1987<\/div>\n<div>Cit\u00e9 pr\u00e9hispanique de Teotihuacan &#8211; 1987<\/div>\n<div>Centre historique de Oaxaca et Zone arch\u00e9ologique de Monte Alban &#8211; 1987<\/div>\n<div>Centre historique de Puebla &#8211; 1987<\/div>\n<div>Ville historique de Guanajuato et mines adjacentes &#8211; 1988<\/div>\n<div>Ville pr\u00e9hispanique de Chichen &#8211; Itza &#8211; 1988<\/div>\n<div>Centre historique de Morelia &#8211; 1991<\/div>\n<div>El Tajin, cit\u00e9 pr\u00e9hispanique &#8211; 1992<\/div>\n<div>Sanctuaire de baleines d&rsquo;El Vizcaino &#8211; 1993<\/div>\n<div>Centre historique de Zacatecas &#8211; 1993<\/div>\n<div>Peintures rupestres de la Sierra de San Francisco &#8211; 1993<\/div>\n<div>Premiers monast\u00e8res du XVIe si\u00e8cle sur les versants du Popocatepetl &#8211; 1994<\/div>\n<div>Ville pr\u00e9colombienne d&rsquo;Uxmal &#8211; 1996&nbsp;<\/div>\n<div>Zone de monuments historiques de Quer\u00e9taro &#8211; 1996&nbsp;<\/div>\n<div>Hospice Caba\u00f1as, Guadalajara &#8211; 1997<\/div>\n<div>Zone arch\u00e9ologique de Paquim\u00e9, Casas Grandes &#8211; 1998<\/div>\n<div>Zone de monuments historiques de Tlacotalpan &#8211; 1998<\/div>\n<div>Ville historique fortifi\u00e9e de Campeche &#8211; 1999<\/div>\n<div>Zone de monuments arch\u00e9ologiques de Xochicalco &#8211; 1999<\/div>\n<div>Ancienne cit\u00e9 maya de Calakmul, Campeche &#8211; 2002<\/div>\n<div>Missions franciscaines de la Sierra Gorda de Quer\u00e9taro &#8211; 2003<\/div>\n<div>Maison-atelier de Luis Barrag\u00e1n &#8211; 2004<\/div>\n<div>\u00celes et aires prot\u00e9g\u00e9es du golfe de Californie &#8211; 2005<br \/>Paysage d&rsquo;agaves et anciennes installations industrielles de Tequila &#8211; 2006<br \/>Campus central de la cit\u00e9 universitaire de l&rsquo;Universidad Nacional Aut\u00f3noma de M\u00e9xico (UNAM) &#8211; 2007<br \/>Ville prot\u00e9g\u00e9e de San Miguel et sanctuaire de J\u00e9sus de Nazareth de Atotonilco &#8211; 2008<br \/>Camino Real de Tierra Adentro &#8211; 2010<br \/>Grottes pr\u00e9historiques de Yagul et Mitla au centre de la vall\u00e9e d&rsquo;Oaxaca &#8211; 2010<\/div>\n<div>&nbsp;<\/div>\n<h3>Tourisme sportif au Mexique:&nbsp;<\/h3>\n<div><a href=\"https:\/\/www.abc-latina.com\/mexique\/tourisme\/surf\">Surf au Mexique<\/a><\/div>\n<div><a href=\"https:\/\/www.abc-latina.com\/mexique\/tourisme\/plongee\">Plong\u00e9e sous-marine au Mexique<\/a><br \/><a href=\"https:\/\/www.abc-latina.com\/mexique\/tourisme\/peche_sportive\">P\u00eache sportive au Mexique<\/a><br \/><a href=\"https:\/\/www.abc-latina.com\/mexique\/tourisme\/sports_nautiques\">Voile et nautisme au Mexique<\/a><br \/><a href=\"https:\/\/www.abc-latina.com\/mexique\/tourisme\/escalade\">Escalade au Mexique<\/a><br \/><a href=\"https:\/\/www.abc-latina.com\/mexique\/tourisme\/golf\">Golf au Mexique<\/a><\/div>\n<div>&nbsp;<a href=\"http:\/\/voyage.abc-latina.com\/voyage_mexique\/mexique.php\" target=\"_blank\"><span class=\"sejour-circuit\"><br \/><\/span><\/a><\/div>\n<h3>Pr\u00e9parez votre voyage au Mexique :<\/h3>\n<div><a href=\"https:\/\/www.abc-latina.com\/mexique\/agence_de_voyages\">Agences de voyage g\u00e9n\u00e9ralistes et discounteurs<\/a><\/div>\n<div><a href=\"https:\/\/www.abc-latina.com\/mexique\/tour_operateur\">Tours Op\u00e9rateurs sp\u00e9cialistes du Mexique<\/a><\/div>\n<div><a href=\"https:\/\/www.abc-latina.com\/to\/reservation_billet_avion\" target=\"_blank\">R\u00e9servez votre billet d&rsquo;avion<\/a><\/div>\n<div><a href=\"https:\/\/www.abc-latina.com\/mexique\/hotels\">R\u00e9servez votre h\u00f4tel au Mexique<\/a>&nbsp;<\/div>\n<div><a href=\"https:\/\/www.abc-latina.com\/to\/location_de_voiture_mexique\" target=\"_blank\">Location de voiture<\/a><\/div>\n<p>&nbsp;<\/p>\n","protected":false},"excerpt":{"rendered":"<p>&nbsp; Le Mexique est un pays qui fascine les visiteurs. Des influences culturelles tir\u00e9es de civilisations autochtones plusieurs fois mill\u00e9naires [&hellip;]<\/p>\n","protected":false},"author":3,"featured_media":1208,"parent":2308,"menu_order":0,"comment_status":"closed","ping_status":"closed","template":"","meta":{"site-sidebar-layout":"default","site-content-layout":"","ast-site-content-layout":"default","site-content-style":"default","site-sidebar-style":"default","ast-global-header-display":"","ast-banner-title-visibility":"","ast-main-header-display":"","ast-hfb-above-header-display":"","ast-hfb-below-header-display":"","ast-hfb-mobile-header-display":"","site-post-title":"","ast-breadcrumbs-content":"","ast-featured-img":"","footer-sml-layout":"","ast-disable-related-posts":"","theme-transparent-header-meta":"","adv-header-id-meta":"","stick-header-meta":"","header-above-stick-meta":"","header-main-stick-meta":"","header-below-stick-meta":"","astra-migrate-meta-layouts":"default","ast-page-background-enabled":"default","ast-page-background-meta":{"desktop":{"background-color":"var(--ast-global-color-5)","background-image":"","background-repeat":"repeat","background-position":"center center","background-size":"auto","background-attachment":"scroll","background-type":"","background-media":"","overlay-type":"","overlay-color":"","overlay-opacity":"","overlay-gradient":""},"tablet":{"background-color":"","background-image":"","background-repeat":"repeat","background-position":"center center","background-size":"auto","background-attachment":"scroll","background-type":"","background-media":"","overlay-type":"","overlay-color":"","overlay-opacity":"","overlay-gradient":""},"mobile":{"background-color":"","background-image":"","background-repeat":"repeat","background-position":"center center","background-size":"auto","background-attachment":"scroll","background-type":"","background-media":"","overlay-type":"","overlay-color":"","overlay-opacity":"","overlay-gradient":""}},"ast-content-background-meta":{"desktop":{"background-color":"var(--ast-global-color-4)","background-image":"","background-repeat":"repeat","background-position":"center center","background-size":"auto","background-attachment":"scroll","background-type":"","background-media":"","overlay-type":"","overlay-color":"","overlay-opacity":"","overlay-gradient":""},"tablet":{"background-color":"var(--ast-global-color-4)","background-image":"","background-repeat":"repeat","background-position":"center center","background-size":"auto","background-attachment":"scroll","background-type":"","background-media":"","overlay-type":"","overlay-color":"","overlay-opacity":"","overlay-gradient":""},"mobile":{"background-color":"var(--ast-global-color-4)","background-image":"","background-repeat":"repeat","background-position":"center center","background-size":"auto","background-attachment":"scroll","background-type":"","background-media":"","overlay-type":"","overlay-color":"","overlay-opacity":"","overlay-gradient":""}},"footnotes":""},"class_list":["post-1209","page","type-page","status-publish","has-post-thumbnail","hentry"],"yoast_head":"<!-- This site is optimized with the Yoast SEO plugin v27.5 - https:\/\/yoast.com\/product\/yoast-seo-wordpress\/ -->\n<title>TOURISME &amp; VOYAGE au MEXIQUE - Abc-latina<\/title>\n<meta name=\"description\" content=\"Voyage et tourisme au Mexique, Le Mexique vu sous l&#039;angle touristique.\" \/>\n<meta name=\"robots\" content=\"index, follow, max-snippet:-1, max-image-preview:large, max-video-preview:-1\" \/>\n<link rel=\"canonical\" href=\"https:\/\/abc-latina.com\/mexique\/tourisme\/\" \/>\n<meta property=\"og:locale\" content=\"fr_FR\" \/>\n<meta property=\"og:type\" content=\"article\" \/>\n<meta property=\"og:title\" content=\"TOURISME &amp; VOYAGE au MEXIQUE - Abc-latina\" \/>\n<meta property=\"og:description\" content=\"Voyage et tourisme au Mexique, Le Mexique vu sous l&#039;angle touristique.\" \/>\n<meta property=\"og:url\" content=\"https:\/\/abc-latina.com\/mexique\/tourisme\/\" \/>\n<meta property=\"og:site_name\" content=\"Abc-latina\" \/>\n<meta property=\"article:modified_time\" content=\"2026-04-30T16:25:09+00:00\" \/>\n<meta property=\"og:image\" content=\"https:\/\/abc-latina.com\/wp-content\/uploads\/2010\/06\/043-tourisme-au-mexique.jpg\" \/>\n\t<meta property=\"og:image:width\" content=\"700\" \/>\n\t<meta property=\"og:image:height\" content=\"395\" \/>\n\t<meta property=\"og:image:type\" content=\"image\/jpeg\" \/>\n<meta name=\"twitter:card\" content=\"summary_large_image\" \/>\n<meta name=\"twitter:label1\" content=\"Dur\u00e9e de lecture estim\u00e9e\" \/>\n\t<meta name=\"twitter:data1\" content=\"5 minutes\" \/>\n<script type=\"application\/ld+json\" class=\"yoast-schema-graph\">{\"@context\":\"https:\\\/\\\/schema.org\",\"@graph\":[{\"@type\":\"WebPage\",\"@id\":\"https:\\\/\\\/abc-latina.com\\\/mexique\\\/tourisme\\\/\",\"url\":\"https:\\\/\\\/abc-latina.com\\\/mexique\\\/tourisme\\\/\",\"name\":\"TOURISME & VOYAGE au MEXIQUE - Abc-latina\",\"isPartOf\":{\"@id\":\"https:\\\/\\\/abc-latina.com\\\/#website\"},\"primaryImageOfPage\":{\"@id\":\"https:\\\/\\\/abc-latina.com\\\/mexique\\\/tourisme\\\/#primaryimage\"},\"image\":{\"@id\":\"https:\\\/\\\/abc-latina.com\\\/mexique\\\/tourisme\\\/#primaryimage\"},\"thumbnailUrl\":\"https:\\\/\\\/abc-latina.com\\\/wp-content\\\/uploads\\\/2010\\\/06\\\/043-tourisme-au-mexique.jpg\",\"datePublished\":\"2010-06-14T20:22:35+00:00\",\"dateModified\":\"2026-04-30T16:25:09+00:00\",\"description\":\"Voyage et tourisme au Mexique, Le Mexique vu sous l'angle touristique.\",\"breadcrumb\":{\"@id\":\"https:\\\/\\\/abc-latina.com\\\/mexique\\\/tourisme\\\/#breadcrumb\"},\"inLanguage\":\"fr-FR\",\"potentialAction\":[{\"@type\":\"ReadAction\",\"target\":[\"https:\\\/\\\/abc-latina.com\\\/mexique\\\/tourisme\\\/\"]}]},{\"@type\":\"ImageObject\",\"inLanguage\":\"fr-FR\",\"@id\":\"https:\\\/\\\/abc-latina.com\\\/mexique\\\/tourisme\\\/#primaryimage\",\"url\":\"https:\\\/\\\/abc-latina.com\\\/wp-content\\\/uploads\\\/2010\\\/06\\\/043-tourisme-au-mexique.jpg\",\"contentUrl\":\"https:\\\/\\\/abc-latina.com\\\/wp-content\\\/uploads\\\/2010\\\/06\\\/043-tourisme-au-mexique.jpg\",\"width\":700,\"height\":395,\"caption\":\"TOURISME &amp; VOYAGE AU MEXIQUE\"},{\"@type\":\"BreadcrumbList\",\"@id\":\"https:\\\/\\\/abc-latina.com\\\/mexique\\\/tourisme\\\/#breadcrumb\",\"itemListElement\":[{\"@type\":\"ListItem\",\"position\":1,\"name\":\"Accueil\",\"item\":\"https:\\\/\\\/abc-latina.com\\\/\"},{\"@type\":\"ListItem\",\"position\":2,\"name\":\"TOURISME &#038; VOYAGE au MEXIQUE\"}]},{\"@type\":\"WebSite\",\"@id\":\"https:\\\/\\\/abc-latina.com\\\/#website\",\"url\":\"https:\\\/\\\/abc-latina.com\\\/\",\"name\":\"Abc-latina\",\"description\":\"\",\"publisher\":{\"@id\":\"https:\\\/\\\/abc-latina.com\\\/#organization\"},\"potentialAction\":[{\"@type\":\"SearchAction\",\"target\":{\"@type\":\"EntryPoint\",\"urlTemplate\":\"https:\\\/\\\/abc-latina.com\\\/?s={search_term_string}\"},\"query-input\":{\"@type\":\"PropertyValueSpecification\",\"valueRequired\":true,\"valueName\":\"search_term_string\"}}],\"inLanguage\":\"fr-FR\"},{\"@type\":\"Organization\",\"@id\":\"https:\\\/\\\/abc-latina.com\\\/#organization\",\"name\":\"Abc-latina\",\"url\":\"https:\\\/\\\/abc-latina.com\\\/\",\"logo\":{\"@type\":\"ImageObject\",\"inLanguage\":\"fr-FR\",\"@id\":\"https:\\\/\\\/abc-latina.com\\\/#\\\/schema\\\/logo\\\/image\\\/\",\"url\":\"https:\\\/\\\/abc-latina.com\\\/wp-content\\\/uploads\\\/2026\\\/05\\\/cropped-logo.gif\",\"contentUrl\":\"https:\\\/\\\/abc-latina.com\\\/wp-content\\\/uploads\\\/2026\\\/05\\\/cropped-logo.gif\",\"width\":89,\"height\":84,\"caption\":\"Abc-latina\"},\"image\":{\"@id\":\"https:\\\/\\\/abc-latina.com\\\/#\\\/schema\\\/logo\\\/image\\\/\"}}]}<\/script>\n<!-- \/ Yoast SEO plugin. -->","yoast_head_json":{"title":"TOURISME & VOYAGE au MEXIQUE - Abc-latina","description":"Voyage et tourisme au Mexique, Le Mexique vu sous l'angle touristique.","robots":{"index":"index","follow":"follow","max-snippet":"max-snippet:-1","max-image-preview":"max-image-preview:large","max-video-preview":"max-video-preview:-1"},"canonical":"https:\/\/abc-latina.com\/mexique\/tourisme\/","og_locale":"fr_FR","og_type":"article","og_title":"TOURISME & VOYAGE au MEXIQUE - Abc-latina","og_description":"Voyage et tourisme au Mexique, Le Mexique vu sous l'angle touristique.","og_url":"https:\/\/abc-latina.com\/mexique\/tourisme\/","og_site_name":"Abc-latina","article_modified_time":"2026-04-30T16:25:09+00:00","og_image":[{"width":700,"height":395,"url":"https:\/\/abc-latina.com\/wp-content\/uploads\/2010\/06\/043-tourisme-au-mexique.jpg","type":"image\/jpeg"}],"twitter_card":"summary_large_image","twitter_misc":{"Dur\u00e9e de lecture estim\u00e9e":"5 minutes"},"schema":{"@context":"https:\/\/schema.org","@graph":[{"@type":"WebPage","@id":"https:\/\/abc-latina.com\/mexique\/tourisme\/","url":"https:\/\/abc-latina.com\/mexique\/tourisme\/","name":"TOURISME & VOYAGE au MEXIQUE - Abc-latina","isPartOf":{"@id":"https:\/\/abc-latina.com\/#website"},"primaryImageOfPage":{"@id":"https:\/\/abc-latina.com\/mexique\/tourisme\/#primaryimage"},"image":{"@id":"https:\/\/abc-latina.com\/mexique\/tourisme\/#primaryimage"},"thumbnailUrl":"https:\/\/abc-latina.com\/wp-content\/uploads\/2010\/06\/043-tourisme-au-mexique.jpg","datePublished":"2010-06-14T20:22:35+00:00","dateModified":"2026-04-30T16:25:09+00:00","description":"Voyage et tourisme au Mexique, Le Mexique vu sous l'angle touristique.","breadcrumb":{"@id":"https:\/\/abc-latina.com\/mexique\/tourisme\/#breadcrumb"},"inLanguage":"fr-FR","potentialAction":[{"@type":"ReadAction","target":["https:\/\/abc-latina.com\/mexique\/tourisme\/"]}]},{"@type":"ImageObject","inLanguage":"fr-FR","@id":"https:\/\/abc-latina.com\/mexique\/tourisme\/#primaryimage","url":"https:\/\/abc-latina.com\/wp-content\/uploads\/2010\/06\/043-tourisme-au-mexique.jpg","contentUrl":"https:\/\/abc-latina.com\/wp-content\/uploads\/2010\/06\/043-tourisme-au-mexique.jpg","width":700,"height":395,"caption":"TOURISME &amp; VOYAGE AU MEXIQUE"},{"@type":"BreadcrumbList","@id":"https:\/\/abc-latina.com\/mexique\/tourisme\/#breadcrumb","itemListElement":[{"@type":"ListItem","position":1,"name":"Accueil","item":"https:\/\/abc-latina.com\/"},{"@type":"ListItem","position":2,"name":"TOURISME &#038; VOYAGE au MEXIQUE"}]},{"@type":"WebSite","@id":"https:\/\/abc-latina.com\/#website","url":"https:\/\/abc-latina.com\/","name":"Abc-latina","description":"","publisher":{"@id":"https:\/\/abc-latina.com\/#organization"},"potentialAction":[{"@type":"SearchAction","target":{"@type":"EntryPoint","urlTemplate":"https:\/\/abc-latina.com\/?s={search_term_string}"},"query-input":{"@type":"PropertyValueSpecification","valueRequired":true,"valueName":"search_term_string"}}],"inLanguage":"fr-FR"},{"@type":"Organization","@id":"https:\/\/abc-latina.com\/#organization","name":"Abc-latina","url":"https:\/\/abc-latina.com\/","logo":{"@type":"ImageObject","inLanguage":"fr-FR","@id":"https:\/\/abc-latina.com\/#\/schema\/logo\/image\/","url":"https:\/\/abc-latina.com\/wp-content\/uploads\/2026\/05\/cropped-logo.gif","contentUrl":"https:\/\/abc-latina.com\/wp-content\/uploads\/2026\/05\/cropped-logo.gif","width":89,"height":84,"caption":"Abc-latina"},"image":{"@id":"https:\/\/abc-latina.com\/#\/schema\/logo\/image\/"}}]}},"_links":{"self":[{"href":"https:\/\/abc-latina.com\/wp-json\/wp\/v2\/pages\/1209","targetHints":{"allow":["GET"]}}],"collection":[{"href":"https:\/\/abc-latina.com\/wp-json\/wp\/v2\/pages"}],"about":[{"href":"https:\/\/abc-latina.com\/wp-json\/wp\/v2\/types\/page"}],"author":[{"embeddable":true,"href":"https:\/\/abc-latina.com\/wp-json\/wp\/v2\/users\/3"}],"replies":[{"embeddable":true,"href":"https:\/\/abc-latina.com\/wp-json\/wp\/v2\/comments?post=1209"}],"version-history":[{"count":1,"href":"https:\/\/abc-latina.com\/wp-json\/wp\/v2\/pages\/1209\/revisions"}],"predecessor-version":[{"id":3560,"href":"https:\/\/abc-latina.com\/wp-json\/wp\/v2\/pages\/1209\/revisions\/3560"}],"up":[{"embeddable":true,"href":"https:\/\/abc-latina.com\/wp-json\/wp\/v2\/pages\/2308"}],"wp:featuredmedia":[{"embeddable":true,"href":"https:\/\/abc-latina.com\/wp-json\/wp\/v2\/media\/1208"}],"wp:attachment":[{"href":"https:\/\/abc-latina.com\/wp-json\/wp\/v2\/media?parent=1209"}],"curies":[{"name":"wp","href":"https:\/\/api.w.org\/{rel}","templated":true}]}}