{"id":1219,"date":"2010-06-14T23:26:11","date_gmt":"2010-06-14T21:26:11","guid":{"rendered":"http:\/\/abc-latina.com\/infoprat-htm-4\/"},"modified":"2026-04-30T18:25:08","modified_gmt":"2026-04-30T16:25:08","slug":"infoprat","status":"publish","type":"page","link":"https:\/\/abc-latina.com\/mexique\/infoprat\/","title":{"rendered":"INFORMATIONS PRATIQUES"},"content":{"rendered":"<h3>PASSEPORT &#8211; VISA pour le Mexique&nbsp;<\/h3>\n<div>Pas de visa pour les ressortissants de la C.E.E et du Canada.<\/div>\n<div>Un passeport en cours de validit\u00e9 est exig\u00e9 (sauf pour les Canadiens, mais il est pr\u00e9ferable d&rsquo;en poss\u00e9der un).<\/div>\n<div><a target=\"_blank\" href=\"https:\/\/www.abc-latina.com\/mexique\/ambassade\">Les adresses des ambassades mexicaines<\/a><\/div>\n<div>SECURITE: <a target=\"_blank\" href=\"http:\/\/www.diplomatie.gouv.fr\/fr\/conseils-aux-voyageurs_909\/pays_12191\/mexique_12292\/indexl\">les conseils aux voyageurs du Minist\u00e8re des affaires \u00e9trang\u00e8res.<\/a><\/div>\n<div>&nbsp;<\/div>\n<h3>SANTE&nbsp;<\/h3>\n<div>Les conditions sanitaires changent souvent et s&rsquo;il est une chose avec laquelle on ne doit pas jouer, c&rsquo;est bien notre sant\u00e9. Aussi nous vous conseillons vivement de lire les&nbsp;<\/div>\n<div><a target=\"_blank\" href=\"https:\/\/www.abc-latina.com\/sites\/sante\/mexique\">Les recommandations de l&rsquo;Institut Pasteur<\/a><\/div>\n<div>&nbsp;<\/div>\n<h3>CLIMAT au Mexique&nbsp;<\/h3>\n<div>Dans un pays si grand et \u00e0 la g\u00e9ographie si diversifi\u00e9e la temperature diff\u00e9re sensiblement que vous soyez \u00e0 2000m ou dans la baie d&rsquo;Acapulco, par exemple.<\/div>\n<div>Pr\u00e9voyez un lainage le soir dans les r\u00e9gions montagneuses. La saison pluvieuse s&rsquo;\u00e9tale plus ou moins entre les mois de juin \u00e0 septembre, il fera donc humide (vous l&rsquo;aurez compris) mais aussi tr\u00e8s chaud. Avis \u00e0 ceux qui ne supporte pas !<\/div>\n<div>Bref vous pourrez visiter le Mexique tout au long de l&rsquo;ann\u00e9e, \u00e0 vous de choisir &#8230;<\/div>\n<div>Si vous voyagez en bus, attention \u00e0 la clim pratiquement toujours r\u00e9gl\u00e9e trop froide (chaud et froid).<\/div>\n<div><a href=\"https:\/\/www.abc-latina.com\/mexique\/meteo\">La m\u00e9t\u00e9o<\/a><\/div>\n<div>&nbsp;<\/div>\n<h3>ARGENT&nbsp;<\/h3>\n<div>La monnaie nationale est le Peso (1,50 peso = 1,00 FF environ).<\/div>\n<div>De nombreux \u00e9tablissements, ainsi que les particuliers acceptent le paiement en dollars pour les transactions courantes. Retirer de l&rsquo;argent avec les cartes de cr\u00e9dit internationales ne pose aucun probl\u00e8me.&nbsp;<\/div>\n<div><a target=\"_blank\" href=\"http:\/\/www.xe.com\/ucc\/fr\/\">Le change<\/a><\/div>\n<div>Remarque: Un pourboire de 10% est toujours le bienvenu.&nbsp;<\/div>\n<div>&nbsp;<\/div>\n<h3>DECALAGE HORAIRE &nbsp;<\/h3>\n<div>Sud, centre et Est de Mexico: GMT &#8211; 6 (heure standard centrale). (GMT &#8211; 5 \u00e0 partir du dernier dimanche du mois d&rsquo;avril jusqu&rsquo;au dernier samedi du mois d&rsquo;octobre).&nbsp;<\/div>\n<div>Nayarit, Sonora, Sinaloa et Basse Californie Sud: GMT &#8211; 7 (heure de la r\u00e9gion montagneuse). (GMT &#8211; 6 \u00e0 partir du dernier dimanche du mois d&rsquo;avril jusqu&rsquo;au dernier samedi du mois d&rsquo;octobre).<\/div>\n<div>Basse Californie du Nord: GMT &#8211; 8 (heure du Pacifique). GMT &#8211; 7 \u00e0 partir du dernier dimanche du mois d&rsquo;avril jusqu&rsquo;au dernier samedi du mois d&rsquo;octobre).&nbsp;<\/div>\n<div>Actuellement, \u00e0&nbsp;Mexico il est:<\/div>\n<div>&nbsp;<\/div>\n<h3>TRANSPORT&nbsp;<\/h3>\n<div>En bus, en voiture, en avion selon votre budget et la dur\u00e9e de votre s\u00e9jour.&nbsp;<\/div>\n<div>En bus : Les compagnies de transport disposent de cars modernes (souvent climatis\u00e9e), les prix sont tr\u00e8s bas. Le r\u00e9seau des autocars m\u00e9xicains est tr\u00e8s dense et va pratiquement partout.<\/div>\n<div>En Avion : Les vols int\u00e9rieurs constituent une solution pratique et rapide, pour ceux qui ont peu de temps pour visiter le pays.<\/div>\n<div>&#8211; La compagnie AeroMexico<\/div>\n<div>&#8211; Mexicana de aviacion<\/div>\n<div><a target=\"_blank\" href=\"https:\/\/www.abc-latina.com\/to\/reservation_billet_avion\">Comparez 10 millions d&rsquo;offres en moins de 20 secondes simultan\u00e9ment chez tous les voyagistes<\/a><\/div>\n<div>En voiture :On peut facilement louer ue voiture. Les prix varient d&rsquo;un endroit \u00e0 l&rsquo;autre, et sont relativement chers.<\/div>\n<div>Sur le route les contr\u00f4les policiers sont assez nombreux.<\/div>\n<div><a target=\"_blank\" href=\"https:\/\/www.abc-latina.com\/to\/location_de_voiture_mexique\">Location de voitures : le meilleur prix en comparant 50 agences<\/a><\/div>\n<div>Auto-stop : Vous attendrez longtemps sur le bord de la route, mais surtout c&rsquo;est dangeureux !<\/div>\n<div>&nbsp;<\/div>\n<h3>JOURS FERIES &nbsp;<\/h3>\n<div><a target=\"_blank\" href=\"tour_operateur\"><img loading=\"lazy\" decoding=\"async\" class=\" size-full wp-image-41\" src=\"http:\/\/abc-latina.com\/wp-content\/uploads\/2010\/04\/timbre_to.gif\" class=\"touroperateur\" alt=\"\" width=\"125\" height=\"90\" \/><\/a>1er Janvier &#8211; Jour de l&rsquo;an&nbsp;<\/div>\n<div>05 F\u00e9vrier &#8211; Jour de la constitution&nbsp;<\/div>\n<div>21 Mars &#8211; Anniversaire de Benito Juarez&nbsp;<\/div>\n<div>28 Mars &#8211; Jeudi Saint&nbsp;<\/div>\n<div>29 Mars &#8211; Vendredi Saint&nbsp;<\/div>\n<div>01 Mai &#8211; F\u00eate du travail&nbsp;<\/div>\n<div>05 Mai &#8211; Baitaille de Puebla contre les Fran\u00e7ais&nbsp;<\/div>\n<div>16 Septembre &#8211; F\u00eate Nationale&nbsp;<\/div>\n<div>12 Octobre &#8211; D\u00e9couverte de l&rsquo;Am\u00e9rique&nbsp;<\/div>\n<div>02 Novembre &#8211; F\u00eate des morts&nbsp;<\/div>\n<div>20 Novembre &#8211; F\u00eate de la R\u00e9volution&nbsp;<\/div>\n<div>12 D\u00e9cembre &#8211; F\u00eate de la vierge de Guadeloupe&nbsp;<\/div>\n<div>25 D\u00e9cembre &#8211; Noel&nbsp;<\/div>\n<div>&nbsp;<\/div>\n<h3>LANGUE&nbsp;<\/h3>\n<div>L&rsquo;Espagnol est la langue officielle.<\/div>\n<div>&nbsp;<\/div>\n<h3>ACHATS&nbsp;<\/h3>\n<div>Les meilleurs march\u00e9s et zones commerciales sont dans la ville de Mexico, Cuernavaca, Taxco, San Miguel de Allende, Acapulco, Guadalajara, Oaxaca, M\u00e9rida et Campeche.<\/div>\n<div>O n peut acheter beaucoup de produits d&rsquo;artisanat de bonne qualit\u00e9 comme l&rsquo;argent taill\u00e9, les couvertures et manteaux cousus \u00e0 la main, les sculptures en bois, les v\u00eatements de peau et en cuir, les sculptures en pierre semi-pr\u00e9cieuses ou obsidiennes, les hamacs, les objets de d\u00e9coration en bois et les v\u00eatements en coton comme les guayaberas.&nbsp;<\/div>\n<div>&nbsp;<\/div>\n<h3>TELEPHONE &#8211; INTERNET&nbsp;<\/h3>\n<div>Le r\u00e9seau t\u00e9l\u00e9phonique est de bonne qualit\u00e9.&nbsp;<\/div>\n<div>Pour Internet, de nombreux cybercaf\u00e9s proposent leurs services.<\/div>\n<div>Pour appeler du Mexique vers la France: 00 + 33 + num\u00e9ro \u00e0 9 chiffres (sans le 0)<\/div>\n<div>Pour appeler de la France vers le Mexique: 00 + 52 + indicatif de la ville + num\u00e9ro&nbsp;<a target=\"_blank\" href=\"http:\/\/voyage.abc-latina.com\/voyage_mexique\/mexique.php\"><span class=\"sejour-circuit\"><br \/><\/span><\/a><\/div>\n","protected":false},"excerpt":{"rendered":"<p>PASSEPORT &#8211; VISA pour le Mexique&nbsp; Pas de visa pour les ressortissants de la C.E.E et du Canada. Un passeport [&hellip;]<\/p>\n","protected":false},"author":3,"featured_media":41,"parent":2308,"menu_order":0,"comment_status":"closed","ping_status":"closed","template":"","meta":{"site-sidebar-layout":"default","site-content-layout":"","ast-site-content-layout":"default","site-content-style":"default","site-sidebar-style":"default","ast-global-header-display":"","ast-banner-title-visibility":"","ast-main-header-display":"","ast-hfb-above-header-display":"","ast-hfb-below-header-display":"","ast-hfb-mobile-header-display":"","site-post-title":"","ast-breadcrumbs-content":"","ast-featured-img":"","footer-sml-layout":"","ast-disable-related-posts":"","theme-transparent-header-meta":"","adv-header-id-meta":"","stick-header-meta":"","header-above-stick-meta":"","header-main-stick-meta":"","header-below-stick-meta":"","astra-migrate-meta-layouts":"default","ast-page-background-enabled":"default","ast-page-background-meta":{"desktop":{"background-color":"var(--ast-global-color-5)","background-image":"","background-repeat":"repeat","background-position":"center center","background-size":"auto","background-attachment":"scroll","background-type":"","background-media":"","overlay-type":"","overlay-color":"","overlay-opacity":"","overlay-gradient":""},"tablet":{"background-color":"","background-image":"","background-repeat":"repeat","background-position":"center center","background-size":"auto","background-attachment":"scroll","background-type":"","background-media":"","overlay-type":"","overlay-color":"","overlay-opacity":"","overlay-gradient":""},"mobile":{"background-color":"","background-image":"","background-repeat":"repeat","background-position":"center center","background-size":"auto","background-attachment":"scroll","background-type":"","background-media":"","overlay-type":"","overlay-color":"","overlay-opacity":"","overlay-gradient":""}},"ast-content-background-meta":{"desktop":{"background-color":"var(--ast-global-color-4)","background-image":"","background-repeat":"repeat","background-position":"center center","background-size":"auto","background-attachment":"scroll","background-type":"","background-media":"","overlay-type":"","overlay-color":"","overlay-opacity":"","overlay-gradient":""},"tablet":{"background-color":"var(--ast-global-color-4)","background-image":"","background-repeat":"repeat","background-position":"center center","background-size":"auto","background-attachment":"scroll","background-type":"","background-media":"","overlay-type":"","overlay-color":"","overlay-opacity":"","overlay-gradient":""},"mobile":{"background-color":"var(--ast-global-color-4)","background-image":"","background-repeat":"repeat","background-position":"center center","background-size":"auto","background-attachment":"scroll","background-type":"","background-media":"","overlay-type":"","overlay-color":"","overlay-opacity":"","overlay-gradient":""}},"footnotes":""},"class_list":["post-1219","page","type-page","status-publish","has-post-thumbnail","hentry"],"yoast_head":"<!-- This site is optimized with the Yoast SEO plugin v27.5 - https:\/\/yoast.com\/product\/yoast-seo-wordpress\/ -->\n<title>INFORMATIONS PRATIQUES - Abc-latina<\/title>\n<meta name=\"description\" content=\"Les informations pratiques pour voyager au Mexique.\" \/>\n<meta name=\"robots\" content=\"index, follow, max-snippet:-1, max-image-preview:large, max-video-preview:-1\" \/>\n<link rel=\"canonical\" href=\"https:\/\/abc-latina.com\/mexique\/infoprat\/\" \/>\n<meta property=\"og:locale\" content=\"fr_FR\" \/>\n<meta property=\"og:type\" content=\"article\" \/>\n<meta property=\"og:title\" content=\"INFORMATIONS PRATIQUES - Abc-latina\" \/>\n<meta property=\"og:description\" content=\"Les informations pratiques pour voyager au Mexique.\" \/>\n<meta property=\"og:url\" content=\"https:\/\/abc-latina.com\/mexique\/infoprat\/\" \/>\n<meta property=\"og:site_name\" content=\"Abc-latina\" \/>\n<meta property=\"article:modified_time\" content=\"2026-04-30T16:25:08+00:00\" \/>\n<meta property=\"og:image\" content=\"https:\/\/abc-latina.com\/wp-content\/uploads\/2010\/04\/timbre_to.gif\" \/>\n\t<meta property=\"og:image:width\" content=\"125\" \/>\n\t<meta property=\"og:image:height\" content=\"90\" \/>\n\t<meta property=\"og:image:type\" content=\"image\/gif\" \/>\n<meta name=\"twitter:card\" content=\"summary_large_image\" \/>\n<meta name=\"twitter:label1\" content=\"Dur\u00e9e de lecture estim\u00e9e\" \/>\n\t<meta name=\"twitter:data1\" content=\"4 minutes\" \/>\n<script type=\"application\/ld+json\" class=\"yoast-schema-graph\">{\"@context\":\"https:\\\/\\\/schema.org\",\"@graph\":[{\"@type\":\"WebPage\",\"@id\":\"https:\\\/\\\/abc-latina.com\\\/mexique\\\/infoprat\\\/\",\"url\":\"https:\\\/\\\/abc-latina.com\\\/mexique\\\/infoprat\\\/\",\"name\":\"INFORMATIONS PRATIQUES - Abc-latina\",\"isPartOf\":{\"@id\":\"https:\\\/\\\/abc-latina.com\\\/#website\"},\"primaryImageOfPage\":{\"@id\":\"https:\\\/\\\/abc-latina.com\\\/mexique\\\/infoprat\\\/#primaryimage\"},\"image\":{\"@id\":\"https:\\\/\\\/abc-latina.com\\\/mexique\\\/infoprat\\\/#primaryimage\"},\"thumbnailUrl\":\"https:\\\/\\\/abc-latina.com\\\/wp-content\\\/uploads\\\/2010\\\/04\\\/timbre_to.gif\",\"datePublished\":\"2010-06-14T21:26:11+00:00\",\"dateModified\":\"2026-04-30T16:25:08+00:00\",\"description\":\"Les informations pratiques pour voyager au Mexique.\",\"breadcrumb\":{\"@id\":\"https:\\\/\\\/abc-latina.com\\\/mexique\\\/infoprat\\\/#breadcrumb\"},\"inLanguage\":\"fr-FR\",\"potentialAction\":[{\"@type\":\"ReadAction\",\"target\":[\"https:\\\/\\\/abc-latina.com\\\/mexique\\\/infoprat\\\/\"]}]},{\"@type\":\"ImageObject\",\"inLanguage\":\"fr-FR\",\"@id\":\"https:\\\/\\\/abc-latina.com\\\/mexique\\\/infoprat\\\/#primaryimage\",\"url\":\"https:\\\/\\\/abc-latina.com\\\/wp-content\\\/uploads\\\/2010\\\/04\\\/timbre_to.gif\",\"contentUrl\":\"https:\\\/\\\/abc-latina.com\\\/wp-content\\\/uploads\\\/2010\\\/04\\\/timbre_to.gif\",\"width\":125,\"height\":90},{\"@type\":\"BreadcrumbList\",\"@id\":\"https:\\\/\\\/abc-latina.com\\\/mexique\\\/infoprat\\\/#breadcrumb\",\"itemListElement\":[{\"@type\":\"ListItem\",\"position\":1,\"name\":\"Accueil\",\"item\":\"https:\\\/\\\/abc-latina.com\\\/\"},{\"@type\":\"ListItem\",\"position\":2,\"name\":\"INFORMATIONS PRATIQUES\"}]},{\"@type\":\"WebSite\",\"@id\":\"https:\\\/\\\/abc-latina.com\\\/#website\",\"url\":\"https:\\\/\\\/abc-latina.com\\\/\",\"name\":\"Abc-latina\",\"description\":\"\",\"publisher\":{\"@id\":\"https:\\\/\\\/abc-latina.com\\\/#organization\"},\"potentialAction\":[{\"@type\":\"SearchAction\",\"target\":{\"@type\":\"EntryPoint\",\"urlTemplate\":\"https:\\\/\\\/abc-latina.com\\\/?s={search_term_string}\"},\"query-input\":{\"@type\":\"PropertyValueSpecification\",\"valueRequired\":true,\"valueName\":\"search_term_string\"}}],\"inLanguage\":\"fr-FR\"},{\"@type\":\"Organization\",\"@id\":\"https:\\\/\\\/abc-latina.com\\\/#organization\",\"name\":\"Abc-latina\",\"url\":\"https:\\\/\\\/abc-latina.com\\\/\",\"logo\":{\"@type\":\"ImageObject\",\"inLanguage\":\"fr-FR\",\"@id\":\"https:\\\/\\\/abc-latina.com\\\/#\\\/schema\\\/logo\\\/image\\\/\",\"url\":\"https:\\\/\\\/abc-latina.com\\\/wp-content\\\/uploads\\\/2026\\\/05\\\/cropped-logo.gif\",\"contentUrl\":\"https:\\\/\\\/abc-latina.com\\\/wp-content\\\/uploads\\\/2026\\\/05\\\/cropped-logo.gif\",\"width\":89,\"height\":84,\"caption\":\"Abc-latina\"},\"image\":{\"@id\":\"https:\\\/\\\/abc-latina.com\\\/#\\\/schema\\\/logo\\\/image\\\/\"}}]}<\/script>\n<!-- \/ Yoast SEO plugin. -->","yoast_head_json":{"title":"INFORMATIONS PRATIQUES - Abc-latina","description":"Les informations pratiques pour voyager au Mexique.","robots":{"index":"index","follow":"follow","max-snippet":"max-snippet:-1","max-image-preview":"max-image-preview:large","max-video-preview":"max-video-preview:-1"},"canonical":"https:\/\/abc-latina.com\/mexique\/infoprat\/","og_locale":"fr_FR","og_type":"article","og_title":"INFORMATIONS PRATIQUES - Abc-latina","og_description":"Les informations pratiques pour voyager au Mexique.","og_url":"https:\/\/abc-latina.com\/mexique\/infoprat\/","og_site_name":"Abc-latina","article_modified_time":"2026-04-30T16:25:08+00:00","og_image":[{"width":125,"height":90,"url":"https:\/\/abc-latina.com\/wp-content\/uploads\/2010\/04\/timbre_to.gif","type":"image\/gif"}],"twitter_card":"summary_large_image","twitter_misc":{"Dur\u00e9e de lecture estim\u00e9e":"4 minutes"},"schema":{"@context":"https:\/\/schema.org","@graph":[{"@type":"WebPage","@id":"https:\/\/abc-latina.com\/mexique\/infoprat\/","url":"https:\/\/abc-latina.com\/mexique\/infoprat\/","name":"INFORMATIONS PRATIQUES - Abc-latina","isPartOf":{"@id":"https:\/\/abc-latina.com\/#website"},"primaryImageOfPage":{"@id":"https:\/\/abc-latina.com\/mexique\/infoprat\/#primaryimage"},"image":{"@id":"https:\/\/abc-latina.com\/mexique\/infoprat\/#primaryimage"},"thumbnailUrl":"https:\/\/abc-latina.com\/wp-content\/uploads\/2010\/04\/timbre_to.gif","datePublished":"2010-06-14T21:26:11+00:00","dateModified":"2026-04-30T16:25:08+00:00","description":"Les informations pratiques pour voyager au Mexique.","breadcrumb":{"@id":"https:\/\/abc-latina.com\/mexique\/infoprat\/#breadcrumb"},"inLanguage":"fr-FR","potentialAction":[{"@type":"ReadAction","target":["https:\/\/abc-latina.com\/mexique\/infoprat\/"]}]},{"@type":"ImageObject","inLanguage":"fr-FR","@id":"https:\/\/abc-latina.com\/mexique\/infoprat\/#primaryimage","url":"https:\/\/abc-latina.com\/wp-content\/uploads\/2010\/04\/timbre_to.gif","contentUrl":"https:\/\/abc-latina.com\/wp-content\/uploads\/2010\/04\/timbre_to.gif","width":125,"height":90},{"@type":"BreadcrumbList","@id":"https:\/\/abc-latina.com\/mexique\/infoprat\/#breadcrumb","itemListElement":[{"@type":"ListItem","position":1,"name":"Accueil","item":"https:\/\/abc-latina.com\/"},{"@type":"ListItem","position":2,"name":"INFORMATIONS PRATIQUES"}]},{"@type":"WebSite","@id":"https:\/\/abc-latina.com\/#website","url":"https:\/\/abc-latina.com\/","name":"Abc-latina","description":"","publisher":{"@id":"https:\/\/abc-latina.com\/#organization"},"potentialAction":[{"@type":"SearchAction","target":{"@type":"EntryPoint","urlTemplate":"https:\/\/abc-latina.com\/?s={search_term_string}"},"query-input":{"@type":"PropertyValueSpecification","valueRequired":true,"valueName":"search_term_string"}}],"inLanguage":"fr-FR"},{"@type":"Organization","@id":"https:\/\/abc-latina.com\/#organization","name":"Abc-latina","url":"https:\/\/abc-latina.com\/","logo":{"@type":"ImageObject","inLanguage":"fr-FR","@id":"https:\/\/abc-latina.com\/#\/schema\/logo\/image\/","url":"https:\/\/abc-latina.com\/wp-content\/uploads\/2026\/05\/cropped-logo.gif","contentUrl":"https:\/\/abc-latina.com\/wp-content\/uploads\/2026\/05\/cropped-logo.gif","width":89,"height":84,"caption":"Abc-latina"},"image":{"@id":"https:\/\/abc-latina.com\/#\/schema\/logo\/image\/"}}]}},"_links":{"self":[{"href":"https:\/\/abc-latina.com\/wp-json\/wp\/v2\/pages\/1219","targetHints":{"allow":["GET"]}}],"collection":[{"href":"https:\/\/abc-latina.com\/wp-json\/wp\/v2\/pages"}],"about":[{"href":"https:\/\/abc-latina.com\/wp-json\/wp\/v2\/types\/page"}],"author":[{"embeddable":true,"href":"https:\/\/abc-latina.com\/wp-json\/wp\/v2\/users\/3"}],"replies":[{"embeddable":true,"href":"https:\/\/abc-latina.com\/wp-json\/wp\/v2\/comments?post=1219"}],"version-history":[{"count":1,"href":"https:\/\/abc-latina.com\/wp-json\/wp\/v2\/pages\/1219\/revisions"}],"predecessor-version":[{"id":3543,"href":"https:\/\/abc-latina.com\/wp-json\/wp\/v2\/pages\/1219\/revisions\/3543"}],"up":[{"embeddable":true,"href":"https:\/\/abc-latina.com\/wp-json\/wp\/v2\/pages\/2308"}],"wp:featuredmedia":[{"embeddable":true,"href":"https:\/\/abc-latina.com\/wp-json\/wp\/v2\/media\/41"}],"wp:attachment":[{"href":"https:\/\/abc-latina.com\/wp-json\/wp\/v2\/media?parent=1219"}],"curies":[{"name":"wp","href":"https:\/\/api.w.org\/{rel}","templated":true}]}}