{"id":1236,"date":"2010-06-14T23:50:48","date_gmt":"2010-06-14T21:50:48","guid":{"rendered":"http:\/\/abc-latina.com\/meteo-htm-5\/"},"modified":"2026-04-30T18:25:08","modified_gmt":"2026-04-30T16:25:08","slug":"meteo","status":"publish","type":"page","link":"https:\/\/abc-latina.com\/mexique\/meteo\/","title":{"rendered":"METEO &#8211; MEXIQUE"},"content":{"rendered":"<p><img loading=\"lazy\" decoding=\"async\" class=\" size-full wp-image-1139\" src=\"http:\/\/abc-latina.com\/wp-content\/uploads\/2010\/06\/050-meteo-au-mexique.jpg\" title=\"METEO AU MEXIQUE\" alt=\"METEO AU MEXIQUE\" width=\"480\" height=\"250\" srcset=\"https:\/\/abc-latina.com\/wp-content\/uploads\/2010\/06\/050-meteo-au-mexique.jpg 960w, https:\/\/abc-latina.com\/wp-content\/uploads\/2010\/06\/050-meteo-au-mexique-300x156.jpg 300w, https:\/\/abc-latina.com\/wp-content\/uploads\/2010\/06\/050-meteo-au-mexique-768x400.jpg 768w\" sizes=\"auto, (max-width: 480px) 100vw, 480px\" \/><\/p>\n<p>&nbsp;<\/p>\n<p><iframe loading=\"lazy\" scrolling=\"no\" src=\"http:\/\/www.tutiempo.net\/asociados\/TTscroll\/DataScroll.php?pais=MX\" width=\"480\" height=\"34\" frameborder=\"0\"><\/iframe><\/p>\n<table style=\"border-collapse: collapse; \" width=\"400\" cellpadding=\"0\" border=\"0\">\n<tbody>\n<tr>\n<td height=\"18\" bgcolor=\"#4D5B77\"><font size=\"2\" face=\"Verdana\"><b><font color=\"#FFFFFF\">&nbsp;::<\/font><\/b>&nbsp;<a href=\"http:\/\/www.tutiempo.net\/\" style=\"text-decoration: none; \" target=\"_blank\"><span style=\"text-decoration: none; \"><font color=\"#C7CEDC\">El Tiempo<\/font><\/span><\/a><b>&nbsp;<font color=\"#FFFFFF\">::<\/font>&nbsp;<\/b><a href=\"http:\/\/www.tutiempo.net\/tiempo\/Mexico\/MXl\" style=\"text-decoration: none; \" target=\"_blank\" title=\"El Tiempo M\u00e9xico\"><span style=\"text-decoration: none; \"><font color=\"#C7CEDC\">M\u00e9xico<\/font><\/span><\/a><\/font><\/td>\n<\/tr>\n<tr>\n<td style=\"border-top-width: 1px; border-right-width: 1px; border-bottom-width: 1px; border-left-width: 1px; border-top-style: solid; border-right-style: solid; border-bottom-style: solid; border-left-style: solid; border-top-color: rgb(87, 104, 136); border-right-color: rgb(87, 104, 136); border-bottom-color: rgb(87, 104, 136); border-left-color: rgb(87, 104, 136); \"><iframe loading=\"lazy\" marginheight=\"0\" marginwidth=\"0\" noresize=\"noresize\" scrolling=\"no\" src=\"http:\/\/www.tutiempo.net\/asociados\/Flash\/Mapa.php?pais=MX&amp;ancho=398&amp;alto=231&amp;mostrar=1,0,1,1&amp;tema=1\" width=\"398\" height=\"231\" frameborder=\"0\"><\/iframe><ilayer clip=\"0,0,398,231\" height=\"231\" width=\"398\"><layer src=\"http:\/\/www.tutiempo.net\/asociados\/Flash\/Mapa.php?pais=MX&amp;ancho=398&amp;alto=231&amp;mostrar=1,0,1,1&amp;tema=1\"><\/layer><\/ilayer><\/td>\n<\/tr>\n<\/tbody>\n<\/table>\n<p>&nbsp;<\/p>\n<p style=\"text-align: center; \"><iframe loading=\"lazy\" hspace=\"0\" marginheight=\"0\" scrolling=\"NO\" src=\"http:\/\/www.tutiempo.net\/asociados\/contenido\/localizaciones.php?pais_tutiempo=MX&amp;icao=MMMX\" vspace=\"0\" width=\"500\" height=\"500\" frameborder=\"0\"><\/iframe><\/p>\n","protected":false},"excerpt":{"rendered":"<p>&nbsp; &nbsp;::&nbsp;El Tiempo&nbsp;::&nbsp;M\u00e9xico &nbsp;<\/p>\n","protected":false},"author":3,"featured_media":1139,"parent":2308,"menu_order":0,"comment_status":"closed","ping_status":"closed","template":"","meta":{"site-sidebar-layout":"default","site-content-layout":"","ast-site-content-layout":"default","site-content-style":"default","site-sidebar-style":"default","ast-global-header-display":"","ast-banner-title-visibility":"","ast-main-header-display":"","ast-hfb-above-header-display":"","ast-hfb-below-header-display":"","ast-hfb-mobile-header-display":"","site-post-title":"","ast-breadcrumbs-content":"","ast-featured-img":"","footer-sml-layout":"","ast-disable-related-posts":"","theme-transparent-header-meta":"","adv-header-id-meta":"","stick-header-meta":"","header-above-stick-meta":"","header-main-stick-meta":"","header-below-stick-meta":"","astra-migrate-meta-layouts":"default","ast-page-background-enabled":"default","ast-page-background-meta":{"desktop":{"background-color":"var(--ast-global-color-5)","background-image":"","background-repeat":"repeat","background-position":"center center","background-size":"auto","background-attachment":"scroll","background-type":"","background-media":"","overlay-type":"","overlay-color":"","overlay-opacity":"","overlay-gradient":""},"tablet":{"background-color":"","background-image":"","background-repeat":"repeat","background-position":"center center","background-size":"auto","background-attachment":"scroll","background-type":"","background-media":"","overlay-type":"","overlay-color":"","overlay-opacity":"","overlay-gradient":""},"mobile":{"background-color":"","background-image":"","background-repeat":"repeat","background-position":"center center","background-size":"auto","background-attachment":"scroll","background-type":"","background-media":"","overlay-type":"","overlay-color":"","overlay-opacity":"","overlay-gradient":""}},"ast-content-background-meta":{"desktop":{"background-color":"var(--ast-global-color-4)","background-image":"","background-repeat":"repeat","background-position":"center center","background-size":"auto","background-attachment":"scroll","background-type":"","background-media":"","overlay-type":"","overlay-color":"","overlay-opacity":"","overlay-gradient":""},"tablet":{"background-color":"var(--ast-global-color-4)","background-image":"","background-repeat":"repeat","background-position":"center center","background-size":"auto","background-attachment":"scroll","background-type":"","background-media":"","overlay-type":"","overlay-color":"","overlay-opacity":"","overlay-gradient":""},"mobile":{"background-color":"var(--ast-global-color-4)","background-image":"","background-repeat":"repeat","background-position":"center center","background-size":"auto","background-attachment":"scroll","background-type":"","background-media":"","overlay-type":"","overlay-color":"","overlay-opacity":"","overlay-gradient":""}},"footnotes":""},"class_list":["post-1236","page","type-page","status-publish","has-post-thumbnail","hentry"],"yoast_head":"<!-- This site is optimized with the Yoast SEO plugin v27.5 - https:\/\/yoast.com\/product\/yoast-seo-wordpress\/ -->\n<title>METEO - MEXIQUE - Abc-latina<\/title>\n<meta name=\"description\" content=\"La METEO au mexique, pr\u00e9vision m\u00e9t\u00e9o sur 5 jours.\" \/>\n<meta name=\"robots\" content=\"index, follow, max-snippet:-1, max-image-preview:large, max-video-preview:-1\" \/>\n<link rel=\"canonical\" href=\"https:\/\/abc-latina.com\/mexique\/meteo\/\" \/>\n<meta property=\"og:locale\" content=\"fr_FR\" \/>\n<meta property=\"og:type\" content=\"article\" \/>\n<meta property=\"og:title\" content=\"METEO - MEXIQUE - Abc-latina\" \/>\n<meta property=\"og:description\" content=\"La METEO au mexique, pr\u00e9vision m\u00e9t\u00e9o sur 5 jours.\" \/>\n<meta property=\"og:url\" content=\"https:\/\/abc-latina.com\/mexique\/meteo\/\" \/>\n<meta property=\"og:site_name\" content=\"Abc-latina\" \/>\n<meta property=\"article:modified_time\" content=\"2026-04-30T16:25:08+00:00\" \/>\n<meta property=\"og:image\" content=\"https:\/\/abc-latina.com\/wp-content\/uploads\/2010\/06\/050-meteo-au-mexique.jpg\" \/>\n\t<meta property=\"og:image:width\" content=\"960\" \/>\n\t<meta property=\"og:image:height\" content=\"500\" \/>\n\t<meta property=\"og:image:type\" content=\"image\/jpeg\" \/>\n<meta name=\"twitter:card\" content=\"summary_large_image\" \/>\n<script type=\"application\/ld+json\" class=\"yoast-schema-graph\">{\"@context\":\"https:\\\/\\\/schema.org\",\"@graph\":[{\"@type\":\"WebPage\",\"@id\":\"https:\\\/\\\/abc-latina.com\\\/mexique\\\/meteo\\\/\",\"url\":\"https:\\\/\\\/abc-latina.com\\\/mexique\\\/meteo\\\/\",\"name\":\"METEO - MEXIQUE - Abc-latina\",\"isPartOf\":{\"@id\":\"https:\\\/\\\/abc-latina.com\\\/#website\"},\"primaryImageOfPage\":{\"@id\":\"https:\\\/\\\/abc-latina.com\\\/mexique\\\/meteo\\\/#primaryimage\"},\"image\":{\"@id\":\"https:\\\/\\\/abc-latina.com\\\/mexique\\\/meteo\\\/#primaryimage\"},\"thumbnailUrl\":\"https:\\\/\\\/abc-latina.com\\\/wp-content\\\/uploads\\\/2010\\\/06\\\/050-meteo-au-mexique.jpg\",\"datePublished\":\"2010-06-14T21:50:48+00:00\",\"dateModified\":\"2026-04-30T16:25:08+00:00\",\"description\":\"La METEO au mexique, pr\u00e9vision m\u00e9t\u00e9o sur 5 jours.\",\"breadcrumb\":{\"@id\":\"https:\\\/\\\/abc-latina.com\\\/mexique\\\/meteo\\\/#breadcrumb\"},\"inLanguage\":\"fr-FR\",\"potentialAction\":[{\"@type\":\"ReadAction\",\"target\":[\"https:\\\/\\\/abc-latina.com\\\/mexique\\\/meteo\\\/\"]}]},{\"@type\":\"ImageObject\",\"inLanguage\":\"fr-FR\",\"@id\":\"https:\\\/\\\/abc-latina.com\\\/mexique\\\/meteo\\\/#primaryimage\",\"url\":\"https:\\\/\\\/abc-latina.com\\\/wp-content\\\/uploads\\\/2010\\\/06\\\/050-meteo-au-mexique.jpg\",\"contentUrl\":\"https:\\\/\\\/abc-latina.com\\\/wp-content\\\/uploads\\\/2010\\\/06\\\/050-meteo-au-mexique.jpg\",\"width\":960,\"height\":500},{\"@type\":\"BreadcrumbList\",\"@id\":\"https:\\\/\\\/abc-latina.com\\\/mexique\\\/meteo\\\/#breadcrumb\",\"itemListElement\":[{\"@type\":\"ListItem\",\"position\":1,\"name\":\"Accueil\",\"item\":\"https:\\\/\\\/abc-latina.com\\\/\"},{\"@type\":\"ListItem\",\"position\":2,\"name\":\"METEO &#8211; MEXIQUE\"}]},{\"@type\":\"WebSite\",\"@id\":\"https:\\\/\\\/abc-latina.com\\\/#website\",\"url\":\"https:\\\/\\\/abc-latina.com\\\/\",\"name\":\"Abc-latina\",\"description\":\"\",\"publisher\":{\"@id\":\"https:\\\/\\\/abc-latina.com\\\/#organization\"},\"potentialAction\":[{\"@type\":\"SearchAction\",\"target\":{\"@type\":\"EntryPoint\",\"urlTemplate\":\"https:\\\/\\\/abc-latina.com\\\/?s={search_term_string}\"},\"query-input\":{\"@type\":\"PropertyValueSpecification\",\"valueRequired\":true,\"valueName\":\"search_term_string\"}}],\"inLanguage\":\"fr-FR\"},{\"@type\":\"Organization\",\"@id\":\"https:\\\/\\\/abc-latina.com\\\/#organization\",\"name\":\"Abc-latina\",\"url\":\"https:\\\/\\\/abc-latina.com\\\/\",\"logo\":{\"@type\":\"ImageObject\",\"inLanguage\":\"fr-FR\",\"@id\":\"https:\\\/\\\/abc-latina.com\\\/#\\\/schema\\\/logo\\\/image\\\/\",\"url\":\"https:\\\/\\\/abc-latina.com\\\/wp-content\\\/uploads\\\/2026\\\/05\\\/cropped-logo.gif\",\"contentUrl\":\"https:\\\/\\\/abc-latina.com\\\/wp-content\\\/uploads\\\/2026\\\/05\\\/cropped-logo.gif\",\"width\":89,\"height\":84,\"caption\":\"Abc-latina\"},\"image\":{\"@id\":\"https:\\\/\\\/abc-latina.com\\\/#\\\/schema\\\/logo\\\/image\\\/\"}}]}<\/script>\n<!-- \/ Yoast SEO plugin. -->","yoast_head_json":{"title":"METEO - MEXIQUE - Abc-latina","description":"La METEO au mexique, pr\u00e9vision m\u00e9t\u00e9o sur 5 jours.","robots":{"index":"index","follow":"follow","max-snippet":"max-snippet:-1","max-image-preview":"max-image-preview:large","max-video-preview":"max-video-preview:-1"},"canonical":"https:\/\/abc-latina.com\/mexique\/meteo\/","og_locale":"fr_FR","og_type":"article","og_title":"METEO - MEXIQUE - Abc-latina","og_description":"La METEO au mexique, pr\u00e9vision m\u00e9t\u00e9o sur 5 jours.","og_url":"https:\/\/abc-latina.com\/mexique\/meteo\/","og_site_name":"Abc-latina","article_modified_time":"2026-04-30T16:25:08+00:00","og_image":[{"width":960,"height":500,"url":"https:\/\/abc-latina.com\/wp-content\/uploads\/2010\/06\/050-meteo-au-mexique.jpg","type":"image\/jpeg"}],"twitter_card":"summary_large_image","schema":{"@context":"https:\/\/schema.org","@graph":[{"@type":"WebPage","@id":"https:\/\/abc-latina.com\/mexique\/meteo\/","url":"https:\/\/abc-latina.com\/mexique\/meteo\/","name":"METEO - MEXIQUE - Abc-latina","isPartOf":{"@id":"https:\/\/abc-latina.com\/#website"},"primaryImageOfPage":{"@id":"https:\/\/abc-latina.com\/mexique\/meteo\/#primaryimage"},"image":{"@id":"https:\/\/abc-latina.com\/mexique\/meteo\/#primaryimage"},"thumbnailUrl":"https:\/\/abc-latina.com\/wp-content\/uploads\/2010\/06\/050-meteo-au-mexique.jpg","datePublished":"2010-06-14T21:50:48+00:00","dateModified":"2026-04-30T16:25:08+00:00","description":"La METEO au mexique, pr\u00e9vision m\u00e9t\u00e9o sur 5 jours.","breadcrumb":{"@id":"https:\/\/abc-latina.com\/mexique\/meteo\/#breadcrumb"},"inLanguage":"fr-FR","potentialAction":[{"@type":"ReadAction","target":["https:\/\/abc-latina.com\/mexique\/meteo\/"]}]},{"@type":"ImageObject","inLanguage":"fr-FR","@id":"https:\/\/abc-latina.com\/mexique\/meteo\/#primaryimage","url":"https:\/\/abc-latina.com\/wp-content\/uploads\/2010\/06\/050-meteo-au-mexique.jpg","contentUrl":"https:\/\/abc-latina.com\/wp-content\/uploads\/2010\/06\/050-meteo-au-mexique.jpg","width":960,"height":500},{"@type":"BreadcrumbList","@id":"https:\/\/abc-latina.com\/mexique\/meteo\/#breadcrumb","itemListElement":[{"@type":"ListItem","position":1,"name":"Accueil","item":"https:\/\/abc-latina.com\/"},{"@type":"ListItem","position":2,"name":"METEO &#8211; MEXIQUE"}]},{"@type":"WebSite","@id":"https:\/\/abc-latina.com\/#website","url":"https:\/\/abc-latina.com\/","name":"Abc-latina","description":"","publisher":{"@id":"https:\/\/abc-latina.com\/#organization"},"potentialAction":[{"@type":"SearchAction","target":{"@type":"EntryPoint","urlTemplate":"https:\/\/abc-latina.com\/?s={search_term_string}"},"query-input":{"@type":"PropertyValueSpecification","valueRequired":true,"valueName":"search_term_string"}}],"inLanguage":"fr-FR"},{"@type":"Organization","@id":"https:\/\/abc-latina.com\/#organization","name":"Abc-latina","url":"https:\/\/abc-latina.com\/","logo":{"@type":"ImageObject","inLanguage":"fr-FR","@id":"https:\/\/abc-latina.com\/#\/schema\/logo\/image\/","url":"https:\/\/abc-latina.com\/wp-content\/uploads\/2026\/05\/cropped-logo.gif","contentUrl":"https:\/\/abc-latina.com\/wp-content\/uploads\/2026\/05\/cropped-logo.gif","width":89,"height":84,"caption":"Abc-latina"},"image":{"@id":"https:\/\/abc-latina.com\/#\/schema\/logo\/image\/"}}]}},"_links":{"self":[{"href":"https:\/\/abc-latina.com\/wp-json\/wp\/v2\/pages\/1236","targetHints":{"allow":["GET"]}}],"collection":[{"href":"https:\/\/abc-latina.com\/wp-json\/wp\/v2\/pages"}],"about":[{"href":"https:\/\/abc-latina.com\/wp-json\/wp\/v2\/types\/page"}],"author":[{"embeddable":true,"href":"https:\/\/abc-latina.com\/wp-json\/wp\/v2\/users\/3"}],"replies":[{"embeddable":true,"href":"https:\/\/abc-latina.com\/wp-json\/wp\/v2\/comments?post=1236"}],"version-history":[{"count":1,"href":"https:\/\/abc-latina.com\/wp-json\/wp\/v2\/pages\/1236\/revisions"}],"predecessor-version":[{"id":3544,"href":"https:\/\/abc-latina.com\/wp-json\/wp\/v2\/pages\/1236\/revisions\/3544"}],"up":[{"embeddable":true,"href":"https:\/\/abc-latina.com\/wp-json\/wp\/v2\/pages\/2308"}],"wp:featuredmedia":[{"embeddable":true,"href":"https:\/\/abc-latina.com\/wp-json\/wp\/v2\/media\/1139"}],"wp:attachment":[{"href":"https:\/\/abc-latina.com\/wp-json\/wp\/v2\/media?parent=1236"}],"curies":[{"name":"wp","href":"https:\/\/api.w.org\/{rel}","templated":true}]}}