{"id":1246,"date":"2010-06-15T01:06:15","date_gmt":"2010-06-14T23:06:15","guid":{"rendered":"http:\/\/abc-latina.com\/cuisine-htm-3\/"},"modified":"2026-04-30T18:25:07","modified_gmt":"2026-04-30T16:25:07","slug":"cuisine","status":"publish","type":"page","link":"https:\/\/abc-latina.com\/?page_id=1246","title":{"rendered":"La CUISINE MEXICAINE"},"content":{"rendered":"<div><span class=\"geo-info\"><img loading=\"lazy\" decoding=\"async\" class=\" size-full wp-image-1244\" src=\"http:\/\/abc-latina.com\/wp-content\/uploads\/2010\/06\/041-cuisine-du-mexique.jpg\" title=\"LA CUISINE DU MEXIQUE\" alt=\"La CUISINE MEXICAINE\" width=\"480\" height=\"320\" srcset=\"https:\/\/abc-latina.com\/wp-content\/uploads\/2010\/06\/041-cuisine-du-mexique.jpg 700w, https:\/\/abc-latina.com\/wp-content\/uploads\/2010\/06\/041-cuisine-du-mexique-300x200.jpg 300w\" sizes=\"auto, (max-width: 480px) 100vw, 480px\" \/><\/span><\/div>\n<div>&nbsp;<\/div>\n<div><span class=\"geo-info\">La cuisine mexicaine<\/span> est d\u00e9licieuse, tr\u00e8s vari\u00e9e et absolument originale.&nbsp;<\/div>\n<div>Le guacamole est la sauce nationale et est \u00e9labor\u00e9e avec des avocats, tomates, oignons et coriandre. Cette sauce est utilis\u00e9e pour accompagner un grand nombre de plats de viande qui se d\u00e9gustent en tacos: la viande et la sauce sont enroul\u00e9es dans une tortilla qui est un pain de ma\u00efs fin.&nbsp;<\/div>\n<div><span class=\"geo-info\"><img loading=\"lazy\" decoding=\"async\" class=\" alignright size-full wp-image-1245\" title=\"CUISINE MEXICAINE\" src=\"http:\/\/abc-latina.com\/wp-content\/uploads\/2010\/06\/cuisine-mexique.jpg\" alt=\"\" width=\"220\" vspace=\"9\" hspace=\"15\" height=\"220\" align=\"right\" srcset=\"https:\/\/abc-latina.com\/wp-content\/uploads\/2010\/06\/cuisine-mexique.jpg 220w, https:\/\/abc-latina.com\/wp-content\/uploads\/2010\/06\/cuisine-mexique-150x150.jpg 150w\" sizes=\"auto, (max-width: 220px) 100vw, 220px\" \/><\/span>Les tacos peuvent \u00eatre pr\u00e9par\u00e9s de plusieurs fa\u00e7ons, parmi les plus populaires il y a les tacos al pastor qui sont pr\u00e9par\u00e9s avec de la viande de mouton piquante. Il y a aussi les enchiladas, tamales, quesadillas et les sincronizadas.&nbsp;<\/div>\n<div>Au Mexique il y a beaucoup de fruits tropicaux et dans les march\u00e9s on peut boire des jus de fruits exotiques pr\u00e9par\u00e9s devant le client. Les mangues, papayes, ananas, sapotes et les figues sont tr\u00e8s appr\u00e9ci\u00e9s.&nbsp;<\/div>\n<div>&nbsp;<\/div>\n<div><span class=\"geo-info\">Les boissons:&nbsp;<\/span><\/div>\n<div>Au Mexique il y a des lois qui interdisent la consommation d&rsquo;alcool aux mineurs et pendant les jours de f\u00eates.&nbsp;<\/div>\n<div>Les boisons alcoolis\u00e9es d&rsquo;importation sont assez ch\u00e8res et il est donc conseill\u00e9 de go\u00fbter les boissons locales. La boisson nationale est la <a href=\"https:\/\/www.abc-latina.com\/mexique\/div\/tequila.htm\">tequila<\/a> qui est extraite de la plante d&rsquo;agave. Elle peut \u00eatre blanche ou de couleur dor\u00e9e. La tequila se boit pure en une gorg\u00e9e en prenant une rondelle de citron et un peu de sel. Si au contraire on la boit m\u00e9lang\u00e9e, on peut choisir beaucoup de possibilit\u00e9s comme les margaritas ou les cucarachas.&nbsp;<\/div>\n<div>La liqueur de caf\u00e9 Kahl\u00faa est \u00e9galement tr\u00e8s appr\u00e9ci\u00e9e.<\/div>\n<div>Le Mexique est le deuxi\u00e8me producteur mondial de bi\u00e8re et a des bi\u00e8res douces tr\u00e8s bien \u00e9labor\u00e9es comme la Coronita, Negra Modelo, Moztezuma et Doble Equis.<\/div>\n<div>&nbsp;<\/div>\n<div><a target=\"_blank\" href=\"http:\/\/www.restos-latinos.com\/mexique\/\">Les restaurants mexicains en France<\/a> &nbsp; <a target=\"_blank\" href=\"http:\/\/www.restos-latinos.com\/mexique\/restaurant_mexicain_en_belgique.php\">en Belgique<\/a> &nbsp; <a target=\"_blank\" href=\"http:\/\/www.restos-latinos.com\/mexique\/restaurant_mexicain_en_suisse.phphttp:\/\/www.restos-latinos.chttp:\/\/www.restos-latinos.com\/mexique\/restaurant_mexicain_en_suisse.phpom\/mexique\/restaurant_mexicain_en_suisse.php\">en Suisse<\/a> &nbsp; <a target=\"_blank\" href=\"http:\/\/www.restos-latinos.com\/mexique\/canada.htm\">et au Canada<\/a><\/div>\n<div><a target=\"_blank\" href=\"https:\/\/www.abc-latina.com\/mexique\/div\/tequila.htm\">La Tequila<\/a><\/div>\n<div><a target=\"_blank\" href=\"https:\/\/www.abc-latina.com\/mexique\/div\/mezcal.htm\">Le Mezcal<\/a><\/div>\n","protected":false},"excerpt":{"rendered":"<p>&nbsp; La cuisine mexicaine est d\u00e9licieuse, tr\u00e8s vari\u00e9e et absolument originale.&nbsp; Le guacamole est la sauce nationale et est \u00e9labor\u00e9e [&hellip;]<\/p>\n","protected":false},"author":3,"featured_media":1244,"parent":2308,"menu_order":0,"comment_status":"closed","ping_status":"closed","template":"","meta":{"site-sidebar-layout":"default","site-content-layout":"","ast-site-content-layout":"default","site-content-style":"default","site-sidebar-style":"default","ast-global-header-display":"","ast-banner-title-visibility":"","ast-main-header-display":"","ast-hfb-above-header-display":"","ast-hfb-below-header-display":"","ast-hfb-mobile-header-display":"","site-post-title":"","ast-breadcrumbs-content":"","ast-featured-img":"","footer-sml-layout":"","ast-disable-related-posts":"","theme-transparent-header-meta":"","adv-header-id-meta":"","stick-header-meta":"","header-above-stick-meta":"","header-main-stick-meta":"","header-below-stick-meta":"","astra-migrate-meta-layouts":"default","ast-page-background-enabled":"default","ast-page-background-meta":{"desktop":{"background-color":"var(--ast-global-color-5)","background-image":"","background-repeat":"repeat","background-position":"center center","background-size":"auto","background-attachment":"scroll","background-type":"","background-media":"","overlay-type":"","overlay-color":"","overlay-opacity":"","overlay-gradient":""},"tablet":{"background-color":"","background-image":"","background-repeat":"repeat","background-position":"center center","background-size":"auto","background-attachment":"scroll","background-type":"","background-media":"","overlay-type":"","overlay-color":"","overlay-opacity":"","overlay-gradient":""},"mobile":{"background-color":"","background-image":"","background-repeat":"repeat","background-position":"center center","background-size":"auto","background-attachment":"scroll","background-type":"","background-media":"","overlay-type":"","overlay-color":"","overlay-opacity":"","overlay-gradient":""}},"ast-content-background-meta":{"desktop":{"background-color":"var(--ast-global-color-4)","background-image":"","background-repeat":"repeat","background-position":"center center","background-size":"auto","background-attachment":"scroll","background-type":"","background-media":"","overlay-type":"","overlay-color":"","overlay-opacity":"","overlay-gradient":""},"tablet":{"background-color":"var(--ast-global-color-4)","background-image":"","background-repeat":"repeat","background-position":"center center","background-size":"auto","background-attachment":"scroll","background-type":"","background-media":"","overlay-type":"","overlay-color":"","overlay-opacity":"","overlay-gradient":""},"mobile":{"background-color":"var(--ast-global-color-4)","background-image":"","background-repeat":"repeat","background-position":"center center","background-size":"auto","background-attachment":"scroll","background-type":"","background-media":"","overlay-type":"","overlay-color":"","overlay-opacity":"","overlay-gradient":""}},"footnotes":""},"class_list":["post-1246","page","type-page","status-publish","has-post-thumbnail","hentry"],"yoast_head":"<!-- This site is optimized with the Yoast SEO plugin v27.5 - https:\/\/yoast.com\/product\/yoast-seo-wordpress\/ -->\n<title>La CUISINE MEXICAINE - Abc-latina<\/title>\n<meta name=\"description\" content=\"La cuisine Mexicaine et les restaurants mexicains en France.\" \/>\n<meta name=\"robots\" content=\"noindex, follow\" \/>\n<meta property=\"og:locale\" content=\"fr_FR\" \/>\n<meta property=\"og:type\" content=\"article\" \/>\n<meta property=\"og:title\" content=\"La CUISINE MEXICAINE - Abc-latina\" \/>\n<meta property=\"og:description\" content=\"La cuisine Mexicaine et les restaurants mexicains en France.\" \/>\n<meta property=\"og:url\" content=\"https:\/\/abc-latina.com\/?page_id=1246\" \/>\n<meta property=\"og:site_name\" content=\"Abc-latina\" \/>\n<meta property=\"article:modified_time\" content=\"2026-04-30T16:25:07+00:00\" \/>\n<meta property=\"og:image\" content=\"https:\/\/abc-latina.com\/wp-content\/uploads\/2010\/06\/041-cuisine-du-mexique.jpg\" \/>\n\t<meta property=\"og:image:width\" content=\"700\" \/>\n\t<meta property=\"og:image:height\" content=\"467\" \/>\n\t<meta property=\"og:image:type\" content=\"image\/jpeg\" \/>\n<meta name=\"twitter:card\" content=\"summary_large_image\" \/>\n<meta name=\"twitter:label1\" content=\"Dur\u00e9e de lecture estim\u00e9e\" \/>\n\t<meta name=\"twitter:data1\" content=\"2 minutes\" \/>\n<script type=\"application\/ld+json\" class=\"yoast-schema-graph\">{\"@context\":\"https:\\\/\\\/schema.org\",\"@graph\":[{\"@type\":\"WebPage\",\"@id\":\"https:\\\/\\\/abc-latina.com\\\/?page_id=1246\",\"url\":\"https:\\\/\\\/abc-latina.com\\\/?page_id=1246\",\"name\":\"La CUISINE MEXICAINE - Abc-latina\",\"isPartOf\":{\"@id\":\"https:\\\/\\\/abc-latina.com\\\/#website\"},\"primaryImageOfPage\":{\"@id\":\"https:\\\/\\\/abc-latina.com\\\/?page_id=1246#primaryimage\"},\"image\":{\"@id\":\"https:\\\/\\\/abc-latina.com\\\/?page_id=1246#primaryimage\"},\"thumbnailUrl\":\"https:\\\/\\\/abc-latina.com\\\/wp-content\\\/uploads\\\/2010\\\/06\\\/041-cuisine-du-mexique.jpg\",\"datePublished\":\"2010-06-14T23:06:15+00:00\",\"dateModified\":\"2026-04-30T16:25:07+00:00\",\"description\":\"La cuisine Mexicaine et les restaurants mexicains en France.\",\"breadcrumb\":{\"@id\":\"https:\\\/\\\/abc-latina.com\\\/?page_id=1246#breadcrumb\"},\"inLanguage\":\"fr-FR\",\"potentialAction\":[{\"@type\":\"ReadAction\",\"target\":[\"https:\\\/\\\/abc-latina.com\\\/?page_id=1246\"]}]},{\"@type\":\"ImageObject\",\"inLanguage\":\"fr-FR\",\"@id\":\"https:\\\/\\\/abc-latina.com\\\/?page_id=1246#primaryimage\",\"url\":\"https:\\\/\\\/abc-latina.com\\\/wp-content\\\/uploads\\\/2010\\\/06\\\/041-cuisine-du-mexique.jpg\",\"contentUrl\":\"https:\\\/\\\/abc-latina.com\\\/wp-content\\\/uploads\\\/2010\\\/06\\\/041-cuisine-du-mexique.jpg\",\"width\":700,\"height\":467,\"caption\":\"LA CUISINE DU MEXIQUE\"},{\"@type\":\"BreadcrumbList\",\"@id\":\"https:\\\/\\\/abc-latina.com\\\/?page_id=1246#breadcrumb\",\"itemListElement\":[{\"@type\":\"ListItem\",\"position\":1,\"name\":\"Accueil\",\"item\":\"https:\\\/\\\/abc-latina.com\\\/\"},{\"@type\":\"ListItem\",\"position\":2,\"name\":\"La CUISINE MEXICAINE\"}]},{\"@type\":\"WebSite\",\"@id\":\"https:\\\/\\\/abc-latina.com\\\/#website\",\"url\":\"https:\\\/\\\/abc-latina.com\\\/\",\"name\":\"Abc-latina\",\"description\":\"\",\"publisher\":{\"@id\":\"https:\\\/\\\/abc-latina.com\\\/#organization\"},\"potentialAction\":[{\"@type\":\"SearchAction\",\"target\":{\"@type\":\"EntryPoint\",\"urlTemplate\":\"https:\\\/\\\/abc-latina.com\\\/?s={search_term_string}\"},\"query-input\":{\"@type\":\"PropertyValueSpecification\",\"valueRequired\":true,\"valueName\":\"search_term_string\"}}],\"inLanguage\":\"fr-FR\"},{\"@type\":\"Organization\",\"@id\":\"https:\\\/\\\/abc-latina.com\\\/#organization\",\"name\":\"Abc-latina\",\"url\":\"https:\\\/\\\/abc-latina.com\\\/\",\"logo\":{\"@type\":\"ImageObject\",\"inLanguage\":\"fr-FR\",\"@id\":\"https:\\\/\\\/abc-latina.com\\\/#\\\/schema\\\/logo\\\/image\\\/\",\"url\":\"https:\\\/\\\/abc-latina.com\\\/wp-content\\\/uploads\\\/2026\\\/05\\\/cropped-logo.gif\",\"contentUrl\":\"https:\\\/\\\/abc-latina.com\\\/wp-content\\\/uploads\\\/2026\\\/05\\\/cropped-logo.gif\",\"width\":89,\"height\":84,\"caption\":\"Abc-latina\"},\"image\":{\"@id\":\"https:\\\/\\\/abc-latina.com\\\/#\\\/schema\\\/logo\\\/image\\\/\"}}]}<\/script>\n<!-- \/ Yoast SEO plugin. -->","yoast_head_json":{"title":"La CUISINE MEXICAINE - Abc-latina","description":"La cuisine Mexicaine et les restaurants mexicains en France.","robots":{"index":"noindex","follow":"follow"},"og_locale":"fr_FR","og_type":"article","og_title":"La CUISINE MEXICAINE - Abc-latina","og_description":"La cuisine Mexicaine et les restaurants mexicains en France.","og_url":"https:\/\/abc-latina.com\/?page_id=1246","og_site_name":"Abc-latina","article_modified_time":"2026-04-30T16:25:07+00:00","og_image":[{"width":700,"height":467,"url":"https:\/\/abc-latina.com\/wp-content\/uploads\/2010\/06\/041-cuisine-du-mexique.jpg","type":"image\/jpeg"}],"twitter_card":"summary_large_image","twitter_misc":{"Dur\u00e9e de lecture estim\u00e9e":"2 minutes"},"schema":{"@context":"https:\/\/schema.org","@graph":[{"@type":"WebPage","@id":"https:\/\/abc-latina.com\/?page_id=1246","url":"https:\/\/abc-latina.com\/?page_id=1246","name":"La CUISINE MEXICAINE - Abc-latina","isPartOf":{"@id":"https:\/\/abc-latina.com\/#website"},"primaryImageOfPage":{"@id":"https:\/\/abc-latina.com\/?page_id=1246#primaryimage"},"image":{"@id":"https:\/\/abc-latina.com\/?page_id=1246#primaryimage"},"thumbnailUrl":"https:\/\/abc-latina.com\/wp-content\/uploads\/2010\/06\/041-cuisine-du-mexique.jpg","datePublished":"2010-06-14T23:06:15+00:00","dateModified":"2026-04-30T16:25:07+00:00","description":"La cuisine Mexicaine et les restaurants mexicains en France.","breadcrumb":{"@id":"https:\/\/abc-latina.com\/?page_id=1246#breadcrumb"},"inLanguage":"fr-FR","potentialAction":[{"@type":"ReadAction","target":["https:\/\/abc-latina.com\/?page_id=1246"]}]},{"@type":"ImageObject","inLanguage":"fr-FR","@id":"https:\/\/abc-latina.com\/?page_id=1246#primaryimage","url":"https:\/\/abc-latina.com\/wp-content\/uploads\/2010\/06\/041-cuisine-du-mexique.jpg","contentUrl":"https:\/\/abc-latina.com\/wp-content\/uploads\/2010\/06\/041-cuisine-du-mexique.jpg","width":700,"height":467,"caption":"LA CUISINE DU MEXIQUE"},{"@type":"BreadcrumbList","@id":"https:\/\/abc-latina.com\/?page_id=1246#breadcrumb","itemListElement":[{"@type":"ListItem","position":1,"name":"Accueil","item":"https:\/\/abc-latina.com\/"},{"@type":"ListItem","position":2,"name":"La CUISINE MEXICAINE"}]},{"@type":"WebSite","@id":"https:\/\/abc-latina.com\/#website","url":"https:\/\/abc-latina.com\/","name":"Abc-latina","description":"","publisher":{"@id":"https:\/\/abc-latina.com\/#organization"},"potentialAction":[{"@type":"SearchAction","target":{"@type":"EntryPoint","urlTemplate":"https:\/\/abc-latina.com\/?s={search_term_string}"},"query-input":{"@type":"PropertyValueSpecification","valueRequired":true,"valueName":"search_term_string"}}],"inLanguage":"fr-FR"},{"@type":"Organization","@id":"https:\/\/abc-latina.com\/#organization","name":"Abc-latina","url":"https:\/\/abc-latina.com\/","logo":{"@type":"ImageObject","inLanguage":"fr-FR","@id":"https:\/\/abc-latina.com\/#\/schema\/logo\/image\/","url":"https:\/\/abc-latina.com\/wp-content\/uploads\/2026\/05\/cropped-logo.gif","contentUrl":"https:\/\/abc-latina.com\/wp-content\/uploads\/2026\/05\/cropped-logo.gif","width":89,"height":84,"caption":"Abc-latina"},"image":{"@id":"https:\/\/abc-latina.com\/#\/schema\/logo\/image\/"}}]}},"_links":{"self":[{"href":"https:\/\/abc-latina.com\/index.php?rest_route=\/wp\/v2\/pages\/1246","targetHints":{"allow":["GET"]}}],"collection":[{"href":"https:\/\/abc-latina.com\/index.php?rest_route=\/wp\/v2\/pages"}],"about":[{"href":"https:\/\/abc-latina.com\/index.php?rest_route=\/wp\/v2\/types\/page"}],"author":[{"embeddable":true,"href":"https:\/\/abc-latina.com\/index.php?rest_route=\/wp\/v2\/users\/3"}],"replies":[{"embeddable":true,"href":"https:\/\/abc-latina.com\/index.php?rest_route=%2Fwp%2Fv2%2Fcomments&post=1246"}],"version-history":[{"count":1,"href":"https:\/\/abc-latina.com\/index.php?rest_route=\/wp\/v2\/pages\/1246\/revisions"}],"predecessor-version":[{"id":3533,"href":"https:\/\/abc-latina.com\/index.php?rest_route=\/wp\/v2\/pages\/1246\/revisions\/3533"}],"up":[{"embeddable":true,"href":"https:\/\/abc-latina.com\/index.php?rest_route=\/wp\/v2\/pages\/2308"}],"wp:featuredmedia":[{"embeddable":true,"href":"https:\/\/abc-latina.com\/index.php?rest_route=\/wp\/v2\/media\/1244"}],"wp:attachment":[{"href":"https:\/\/abc-latina.com\/index.php?rest_route=%2Fwp%2Fv2%2Fmedia&parent=1246"}],"curies":[{"name":"wp","href":"https:\/\/api.w.org\/{rel}","templated":true}]}}