{"id":1269,"date":"2010-06-15T02:21:45","date_gmt":"2010-06-15T00:21:45","guid":{"rendered":"http:\/\/abc-latina.com\/tourisme-htm-6\/"},"modified":"2026-04-30T18:24:59","modified_gmt":"2026-04-30T16:24:59","slug":"tourisme","status":"publish","type":"page","link":"https:\/\/abc-latina.com\/?page_id=1269","title":{"rendered":"TOURISME &#038; VOYAGE en COLOMBIE"},"content":{"rendered":"<div><span class=\"tourisme-chapitre\"><img loading=\"lazy\" decoding=\"async\" class=\" size-full wp-image-1268\" src=\"http:\/\/abc-latina.com\/wp-content\/uploads\/2010\/06\/010-tourisme-en-colombie.jpg\" title=\"TOURISME EN COLOMBIE\" alt=\"TOURISME EN COLOMBIE\" width=\"480\" height=\"250\" srcset=\"https:\/\/abc-latina.com\/wp-content\/uploads\/2010\/06\/010-tourisme-en-colombie.jpg 700w, https:\/\/abc-latina.com\/wp-content\/uploads\/2010\/06\/010-tourisme-en-colombie-300x156.jpg 300w\" sizes=\"auto, (max-width: 480px) 100vw, 480px\" \/><\/span><\/div>\n<div>&nbsp;<\/div>\n<div><span class=\"tourisme-chapitre\">BOGOT\u00c1&nbsp;<\/span><\/div>\n<div>La capitale et la plus grande ville de Colombie est situ\u00e9e pratiquement au centre du pays \u00e0 une altitude de 2600 m. Bogot\u00e1 allie un m\u00e9lange de tradition colombienne et d&rsquo;influences coloniales espagnoles. De nombreux monuments historiques ont \u00e9t\u00e9 pr\u00e9serv\u00e9s, comme le Capitol Municipal Palace et la cath\u00e9drale sur la grand place, la Plaza Bolivar. Bogot\u00e1 abrite \u00e9galement le Mus\u00e9e de l&rsquo;Or, avec sa collection unique de plus de 100 000 objets d&rsquo;art pr\u00e9-colombiens. A environ 50 km au sud de Bogot\u00e1 se trouve Zipaquir\u00e1, une r\u00e9gion connue pour ses nombreuses mines de sel, dont l&rsquo;une abrite la c\u00e9l\u00e8bre Cath\u00e9drale de Sel (pouvant contenir 8.400 personnes). Guatavita, \u00e0 deux heures d&rsquo;autocar de Bogot\u00e1, est r\u00e9put\u00e9e pour sa Laguna de Guatavita, le centre rituel et le lac sacr\u00e9 des Indiens Muiscas.<\/div>\n<div>&nbsp;<\/div>\n<div><span class=\"tourisme-chapitre\">MEDELL\u00cdN&nbsp;<\/span><\/div>\n<div>La deuxi\u00e8me ville de Colombie, comptant plus de 1,5 million d&rsquo;habitants, se dresse \u00e0 1300 m au-dessus du niveau de la mer dans une \u00e9troite vall\u00e9e de la cordill\u00e8re centrale. Elle est principalement industrielle, et le centre du commerce du caf\u00e9 et des textiles. La r\u00e9gion est r\u00e9put\u00e9e violente en raison de la guerre entre le Gouvernement et les barons de la drogue.<\/div>\n<div>&nbsp;<\/div>\n<div><span class=\"tourisme-chapitre\">CALI&nbsp;<\/span><\/div>\n<div>Le centre de la principale r\u00e9gion productrice de sucre du pays, o\u00f9 se marient technologie moderne et tradition coloniale. La r\u00e9gion est riche en gisements de charbon et de m\u00e9taux pr\u00e9cieux.<\/div>\n<div>&nbsp;<\/div>\n<div><span class=\"tourisme-chapitre\">BARRANQUILLA&nbsp;<\/span><\/div>\n<div><a target=\"_blank\" href=\"tour_operateur.htm\"><img loading=\"lazy\" decoding=\"async\" class=\" size-full wp-image-41\" src=\"http:\/\/abc-latina.com\/wp-content\/uploads\/2010\/04\/timbre_to.gif\" class=\"touroperateur\" alt=\"\" width=\"125\" height=\"90\" \/><\/a>Port tr\u00e8s actif et quatri\u00e8me ville colombienne, Barranquilla est situ\u00e9e \u00e0 l&#8217;embouchure de la Magdalena. C&rsquo;est l&rsquo;un des principaux centres commerciaux du pays. Elle abrite un march\u00e9 haut en couleurs dans le quartier appel\u00e9 Zona Negra sur un canal secondaire de la Magdalena.<\/div>\n<div>&nbsp;<\/div>\n<div><span class=\"tourisme-chapitre\">La C\u00d4TE CARA\u00cfBE&nbsp;<\/span><\/div>\n<div>Les principaux complexes touristiques de la c\u00f4te cara\u00efbe colombienne de 1600 km de long se trouvent \u00e0 proximit\u00e9 de Santa Marta, l&rsquo;une des premi\u00e8res grandes villes fond\u00e9es par les Espagnols en Am\u00e9rique du Sud. <a href=\"https:\/\/www.abc-latina.com\/colombie\/photos\/photos_cartagena.php\"><img loading=\"lazy\" decoding=\"async\" class=\" alignright size-full wp-image-233\" style=\"margin: 5px 22px; float: right;\" src=\"http:\/\/abc-latina.com\/wp-content\/uploads\/2010\/06\/cartagena.jpg\" alt=\"\" width=\"174\" height=\"301\" \/><\/a>Ses h\u00f4tels modernes, ses plages de sable blanc et sa proximit\u00e9 des stations baln\u00e9aires \u00e0 la mode font aujourd&rsquo;hui de cette r\u00e9gion une destination populaire pour les visiteurs souhaitant explorer la c\u00f4te. Le Parc National de Tayrona, \u00e0 quelque 35 km au sud de Santa Marta, est l&rsquo;un des parcs les plus visit\u00e9s du pays. Il est notamment r\u00e9put\u00e9 pour ses baies encaiss\u00e9es, bord\u00e9es de cocotiers, et ses magnifiques plages et nombreux r\u00e9cifs coralliens. Cartagena, ancienne ville fortifi\u00e9e \u00e9rig\u00e9e sur la c\u00f4te nord, vaut \u00e9galement le d\u00e9tour, notamment pour sa Vieille Ville des plus fascinantes. L&rsquo;infrastructure touristique a \u00e9t\u00e9 consid\u00e9rablement d\u00e9velopp\u00e9e ces derni\u00e8res ann\u00e9es, particuli\u00e8rement \u00e0 El Laguita, une presqu&rsquo;\u00eele en L, comptant aujourd&rsquo;hui de nombreux h\u00f4tels et restaurants de luxe. A quelque 35 km \u00e0 l&rsquo;ouest se trouvent les Islas del Rosario, un archipel de pr\u00e8s de 25 \u00eelots coralliens aujourd&rsquo;hui class\u00e9 parc national. De nombreuses croisi\u00e8res et visites guid\u00e9es sont propos\u00e9es et peuvent \u00eatre r\u00e9serv\u00e9es \u00e0 Cartagena. Facilement accessibles au d\u00e9part de Cartagena, en avion ou en bateau, les \u00eeles de San Andr\u00e9s et de Providencia se situent \u00e0 500 km environ au nord de la c\u00f4te colombienne. San Andr\u00e9s \u00e9tait autrefois le rep\u00e8re du flibustier anglais, le Capitaine Henry Morgan, le &lsquo;fl\u00e9au des Cara\u00efbes&rsquo;. Les \u00eeles sont en zone franche et par cons\u00e9quent tr\u00e8s visit\u00e9es, mais vous trouverez encore quelques coins sauvages. Parmi les visites guid\u00e9es les plus pris\u00e9es figurent les excursions en bateau \u00e0 Johnny Cay et l&rsquo;Aquarium.<\/div>\n<div>&nbsp;<\/div>\n<div><span class=\"tourisme-chapitre\">Le BASSIN AMAZONIEN&nbsp;<\/span><\/div>\n<div>Pr\u00e8s d&rsquo;un tiers du territoire colombien est occup\u00e9 par le Bassin Amazonien, et sa dense for\u00eat tropicale au sud-est. Cette r\u00e9gion ne compte aucune route et est habit\u00e9e principalement par les Indiens. La destination la plus populaire des touristes souhaitant explorer cette partie du pays est Leticia, une petite ville \u00e0 l&rsquo;infrastructure touristique bien d\u00e9velopp\u00e9e, construite sur les berges de l&rsquo;Amazone, \u00e0 proximit\u00e9 de la fronti\u00e8re br\u00e9silienne et p\u00e9ruvienne.<\/div>\n<div>&nbsp;<\/div>\n<div><img loading=\"lazy\" decoding=\"async\" class=\" size-full wp-image-46\" src=\"http:\/\/abc-latina.com\/wp-content\/uploads\/2010\/04\/pages-associes.gif\" alt=\"\" width=\"120\" height=\"10\" \/><br \/><a href=\"https:\/\/www.abc-latina.com\/colombie\/photos.htm\">Photos de Colombie<\/a>&nbsp;<br \/><a href=\"https:\/\/www.abc-latina.com\/colombie\/video\/\">Vid\u00e9os de Colombie<\/a>&nbsp;<br \/><a target=\"_blank\" href=\"https:\/\/www.abc-latina.com\/amerique_latine\/tourisme.htm\">Tourisme en Am\u00e9rique latine<\/a><\/div>\n<div>&nbsp;<\/div>\n<h3>Les sites colombiens class\u00e9s au patrimoine de l&rsquo;UNESCO:<\/h3>\n<div>Port, forteresses et ensemble monumental de Carthag\u00e8ne &#8211; 1984&nbsp;<\/div>\n<div>Parc national de Los Katios &#8211; 1994&nbsp;<\/div>\n<div>Centre historique de Santa Cruz de Mompox &#8211; 1995&nbsp;<\/div>\n<div>Parc arch\u00e9ologique national de Tierradentro &#8211; 1995&nbsp;<\/div>\n<div>Parc arch\u00e9ologique de San Agust\u00edn &#8211; 1995&nbsp;<\/div>\n<div>Sanctuaire de faune et de flore de Malpelo &#8211; 2006<br \/>Paysage culturel du caf\u00e9 de la Colombie &#8211; 2011<a target=\"_blank\" href=\"http:\/\/voyage.abc-latina.com\/voyage_colombie\/colombie.php\"><span class=\"sejour-circuit\"><br \/><\/span><\/a><\/div>\n<h3>Pr\u00e9parez votre voyage en Colombie:<\/h3>\n<div><a href=\"https:\/\/www.abc-latina.com\/colombie\/agence_de_voyages.htm\">Agences de voyage g\u00e9n\u00e9ralistes et discounteurs<\/a><\/div>\n<div><a href=\"https:\/\/www.abc-latina.com\/colombie\/tour_operateur.htm\">Tours Op\u00e9rateurs sp\u00e9cialistes de la Colombie<\/a><\/div>\n<div><a target=\"_blank\" href=\"https:\/\/www.abc-latina.com\/to\/reservation_billet_avion.htm\">R\u00e9servez votre billet d&rsquo;avion<\/a><\/div>\n<div><a href=\"https:\/\/www.abc-latina.com\/colombie\/hotels.htm\">R\u00e9servez votre h\u00f4tel en Colombie<\/a>&nbsp;<\/div>\n<div><a target=\"_blank\" href=\"https:\/\/www.abc-latina.com\/to\/location_de_voiture_colombie.htm\">Location de voiture<\/a><\/div>\n<p>&nbsp;<\/p>\n","protected":false},"excerpt":{"rendered":"<p>&nbsp; BOGOT\u00c1&nbsp; La capitale et la plus grande ville de Colombie est situ\u00e9e pratiquement au centre du pays \u00e0 une [&hellip;]<\/p>\n","protected":false},"author":3,"featured_media":1268,"parent":2299,"menu_order":0,"comment_status":"closed","ping_status":"closed","template":"","meta":{"site-sidebar-layout":"default","site-content-layout":"","ast-site-content-layout":"default","site-content-style":"default","site-sidebar-style":"default","ast-global-header-display":"","ast-banner-title-visibility":"","ast-main-header-display":"","ast-hfb-above-header-display":"","ast-hfb-below-header-display":"","ast-hfb-mobile-header-display":"","site-post-title":"","ast-breadcrumbs-content":"","ast-featured-img":"","footer-sml-layout":"","ast-disable-related-posts":"","theme-transparent-header-meta":"","adv-header-id-meta":"","stick-header-meta":"","header-above-stick-meta":"","header-main-stick-meta":"","header-below-stick-meta":"","astra-migrate-meta-layouts":"default","ast-page-background-enabled":"default","ast-page-background-meta":{"desktop":{"background-color":"var(--ast-global-color-5)","background-image":"","background-repeat":"repeat","background-position":"center center","background-size":"auto","background-attachment":"scroll","background-type":"","background-media":"","overlay-type":"","overlay-color":"","overlay-opacity":"","overlay-gradient":""},"tablet":{"background-color":"","background-image":"","background-repeat":"repeat","background-position":"center center","background-size":"auto","background-attachment":"scroll","background-type":"","background-media":"","overlay-type":"","overlay-color":"","overlay-opacity":"","overlay-gradient":""},"mobile":{"background-color":"","background-image":"","background-repeat":"repeat","background-position":"center center","background-size":"auto","background-attachment":"scroll","background-type":"","background-media":"","overlay-type":"","overlay-color":"","overlay-opacity":"","overlay-gradient":""}},"ast-content-background-meta":{"desktop":{"background-color":"var(--ast-global-color-4)","background-image":"","background-repeat":"repeat","background-position":"center center","background-size":"auto","background-attachment":"scroll","background-type":"","background-media":"","overlay-type":"","overlay-color":"","overlay-opacity":"","overlay-gradient":""},"tablet":{"background-color":"var(--ast-global-color-4)","background-image":"","background-repeat":"repeat","background-position":"center center","background-size":"auto","background-attachment":"scroll","background-type":"","background-media":"","overlay-type":"","overlay-color":"","overlay-opacity":"","overlay-gradient":""},"mobile":{"background-color":"var(--ast-global-color-4)","background-image":"","background-repeat":"repeat","background-position":"center center","background-size":"auto","background-attachment":"scroll","background-type":"","background-media":"","overlay-type":"","overlay-color":"","overlay-opacity":"","overlay-gradient":""}},"footnotes":""},"class_list":["post-1269","page","type-page","status-publish","has-post-thumbnail","hentry"],"yoast_head":"<!-- This site is optimized with the Yoast SEO plugin v27.5 - https:\/\/yoast.com\/product\/yoast-seo-wordpress\/ -->\n<title>TOURISME &amp; VOYAGE en COLOMBIE - Abc-latina<\/title>\n<meta name=\"description\" content=\"Tourisme en Colombie. Voyage virtuel en Colombie.\" \/>\n<meta name=\"robots\" content=\"noindex, follow\" \/>\n<meta property=\"og:locale\" content=\"fr_FR\" \/>\n<meta property=\"og:type\" content=\"article\" \/>\n<meta property=\"og:title\" content=\"TOURISME &amp; VOYAGE en COLOMBIE - Abc-latina\" \/>\n<meta property=\"og:description\" content=\"Tourisme en Colombie. Voyage virtuel en Colombie.\" \/>\n<meta property=\"og:url\" content=\"https:\/\/abc-latina.com\/?page_id=1269\" \/>\n<meta property=\"og:site_name\" content=\"Abc-latina\" \/>\n<meta property=\"article:modified_time\" content=\"2026-04-30T16:24:59+00:00\" \/>\n<meta property=\"og:image\" content=\"https:\/\/abc-latina.com\/wp-content\/uploads\/2010\/06\/010-tourisme-en-colombie.jpg\" \/>\n\t<meta property=\"og:image:width\" content=\"700\" \/>\n\t<meta property=\"og:image:height\" content=\"365\" \/>\n\t<meta property=\"og:image:type\" content=\"image\/jpeg\" \/>\n<meta name=\"twitter:card\" content=\"summary_large_image\" \/>\n<meta name=\"twitter:label1\" content=\"Dur\u00e9e de lecture estim\u00e9e\" \/>\n\t<meta name=\"twitter:data1\" content=\"4 minutes\" \/>\n<script type=\"application\/ld+json\" class=\"yoast-schema-graph\">{\"@context\":\"https:\\\/\\\/schema.org\",\"@graph\":[{\"@type\":\"WebPage\",\"@id\":\"https:\\\/\\\/abc-latina.com\\\/?page_id=1269\",\"url\":\"https:\\\/\\\/abc-latina.com\\\/?page_id=1269\",\"name\":\"TOURISME & VOYAGE en COLOMBIE - Abc-latina\",\"isPartOf\":{\"@id\":\"https:\\\/\\\/abc-latina.com\\\/#website\"},\"primaryImageOfPage\":{\"@id\":\"https:\\\/\\\/abc-latina.com\\\/?page_id=1269#primaryimage\"},\"image\":{\"@id\":\"https:\\\/\\\/abc-latina.com\\\/?page_id=1269#primaryimage\"},\"thumbnailUrl\":\"https:\\\/\\\/abc-latina.com\\\/wp-content\\\/uploads\\\/2010\\\/06\\\/010-tourisme-en-colombie.jpg\",\"datePublished\":\"2010-06-15T00:21:45+00:00\",\"dateModified\":\"2026-04-30T16:24:59+00:00\",\"description\":\"Tourisme en Colombie. Voyage virtuel en Colombie.\",\"breadcrumb\":{\"@id\":\"https:\\\/\\\/abc-latina.com\\\/?page_id=1269#breadcrumb\"},\"inLanguage\":\"fr-FR\",\"potentialAction\":[{\"@type\":\"ReadAction\",\"target\":[\"https:\\\/\\\/abc-latina.com\\\/?page_id=1269\"]}]},{\"@type\":\"ImageObject\",\"inLanguage\":\"fr-FR\",\"@id\":\"https:\\\/\\\/abc-latina.com\\\/?page_id=1269#primaryimage\",\"url\":\"https:\\\/\\\/abc-latina.com\\\/wp-content\\\/uploads\\\/2010\\\/06\\\/010-tourisme-en-colombie.jpg\",\"contentUrl\":\"https:\\\/\\\/abc-latina.com\\\/wp-content\\\/uploads\\\/2010\\\/06\\\/010-tourisme-en-colombie.jpg\",\"width\":700,\"height\":365,\"caption\":\"TOURISME EN COLOMBIE\"},{\"@type\":\"BreadcrumbList\",\"@id\":\"https:\\\/\\\/abc-latina.com\\\/?page_id=1269#breadcrumb\",\"itemListElement\":[{\"@type\":\"ListItem\",\"position\":1,\"name\":\"Accueil\",\"item\":\"https:\\\/\\\/abc-latina.com\\\/\"},{\"@type\":\"ListItem\",\"position\":2,\"name\":\"TOURISME &#038; VOYAGE en COLOMBIE\"}]},{\"@type\":\"WebSite\",\"@id\":\"https:\\\/\\\/abc-latina.com\\\/#website\",\"url\":\"https:\\\/\\\/abc-latina.com\\\/\",\"name\":\"Abc-latina\",\"description\":\"\",\"publisher\":{\"@id\":\"https:\\\/\\\/abc-latina.com\\\/#organization\"},\"potentialAction\":[{\"@type\":\"SearchAction\",\"target\":{\"@type\":\"EntryPoint\",\"urlTemplate\":\"https:\\\/\\\/abc-latina.com\\\/?s={search_term_string}\"},\"query-input\":{\"@type\":\"PropertyValueSpecification\",\"valueRequired\":true,\"valueName\":\"search_term_string\"}}],\"inLanguage\":\"fr-FR\"},{\"@type\":\"Organization\",\"@id\":\"https:\\\/\\\/abc-latina.com\\\/#organization\",\"name\":\"Abc-latina\",\"url\":\"https:\\\/\\\/abc-latina.com\\\/\",\"logo\":{\"@type\":\"ImageObject\",\"inLanguage\":\"fr-FR\",\"@id\":\"https:\\\/\\\/abc-latina.com\\\/#\\\/schema\\\/logo\\\/image\\\/\",\"url\":\"https:\\\/\\\/abc-latina.com\\\/wp-content\\\/uploads\\\/2026\\\/05\\\/cropped-logo.gif\",\"contentUrl\":\"https:\\\/\\\/abc-latina.com\\\/wp-content\\\/uploads\\\/2026\\\/05\\\/cropped-logo.gif\",\"width\":89,\"height\":84,\"caption\":\"Abc-latina\"},\"image\":{\"@id\":\"https:\\\/\\\/abc-latina.com\\\/#\\\/schema\\\/logo\\\/image\\\/\"}}]}<\/script>\n<!-- \/ Yoast SEO plugin. -->","yoast_head_json":{"title":"TOURISME & VOYAGE en COLOMBIE - Abc-latina","description":"Tourisme en Colombie. Voyage virtuel en Colombie.","robots":{"index":"noindex","follow":"follow"},"og_locale":"fr_FR","og_type":"article","og_title":"TOURISME & VOYAGE en COLOMBIE - Abc-latina","og_description":"Tourisme en Colombie. Voyage virtuel en Colombie.","og_url":"https:\/\/abc-latina.com\/?page_id=1269","og_site_name":"Abc-latina","article_modified_time":"2026-04-30T16:24:59+00:00","og_image":[{"width":700,"height":365,"url":"https:\/\/abc-latina.com\/wp-content\/uploads\/2010\/06\/010-tourisme-en-colombie.jpg","type":"image\/jpeg"}],"twitter_card":"summary_large_image","twitter_misc":{"Dur\u00e9e de lecture estim\u00e9e":"4 minutes"},"schema":{"@context":"https:\/\/schema.org","@graph":[{"@type":"WebPage","@id":"https:\/\/abc-latina.com\/?page_id=1269","url":"https:\/\/abc-latina.com\/?page_id=1269","name":"TOURISME & VOYAGE en COLOMBIE - Abc-latina","isPartOf":{"@id":"https:\/\/abc-latina.com\/#website"},"primaryImageOfPage":{"@id":"https:\/\/abc-latina.com\/?page_id=1269#primaryimage"},"image":{"@id":"https:\/\/abc-latina.com\/?page_id=1269#primaryimage"},"thumbnailUrl":"https:\/\/abc-latina.com\/wp-content\/uploads\/2010\/06\/010-tourisme-en-colombie.jpg","datePublished":"2010-06-15T00:21:45+00:00","dateModified":"2026-04-30T16:24:59+00:00","description":"Tourisme en Colombie. Voyage virtuel en Colombie.","breadcrumb":{"@id":"https:\/\/abc-latina.com\/?page_id=1269#breadcrumb"},"inLanguage":"fr-FR","potentialAction":[{"@type":"ReadAction","target":["https:\/\/abc-latina.com\/?page_id=1269"]}]},{"@type":"ImageObject","inLanguage":"fr-FR","@id":"https:\/\/abc-latina.com\/?page_id=1269#primaryimage","url":"https:\/\/abc-latina.com\/wp-content\/uploads\/2010\/06\/010-tourisme-en-colombie.jpg","contentUrl":"https:\/\/abc-latina.com\/wp-content\/uploads\/2010\/06\/010-tourisme-en-colombie.jpg","width":700,"height":365,"caption":"TOURISME EN COLOMBIE"},{"@type":"BreadcrumbList","@id":"https:\/\/abc-latina.com\/?page_id=1269#breadcrumb","itemListElement":[{"@type":"ListItem","position":1,"name":"Accueil","item":"https:\/\/abc-latina.com\/"},{"@type":"ListItem","position":2,"name":"TOURISME &#038; VOYAGE en COLOMBIE"}]},{"@type":"WebSite","@id":"https:\/\/abc-latina.com\/#website","url":"https:\/\/abc-latina.com\/","name":"Abc-latina","description":"","publisher":{"@id":"https:\/\/abc-latina.com\/#organization"},"potentialAction":[{"@type":"SearchAction","target":{"@type":"EntryPoint","urlTemplate":"https:\/\/abc-latina.com\/?s={search_term_string}"},"query-input":{"@type":"PropertyValueSpecification","valueRequired":true,"valueName":"search_term_string"}}],"inLanguage":"fr-FR"},{"@type":"Organization","@id":"https:\/\/abc-latina.com\/#organization","name":"Abc-latina","url":"https:\/\/abc-latina.com\/","logo":{"@type":"ImageObject","inLanguage":"fr-FR","@id":"https:\/\/abc-latina.com\/#\/schema\/logo\/image\/","url":"https:\/\/abc-latina.com\/wp-content\/uploads\/2026\/05\/cropped-logo.gif","contentUrl":"https:\/\/abc-latina.com\/wp-content\/uploads\/2026\/05\/cropped-logo.gif","width":89,"height":84,"caption":"Abc-latina"},"image":{"@id":"https:\/\/abc-latina.com\/#\/schema\/logo\/image\/"}}]}},"_links":{"self":[{"href":"https:\/\/abc-latina.com\/index.php?rest_route=\/wp\/v2\/pages\/1269","targetHints":{"allow":["GET"]}}],"collection":[{"href":"https:\/\/abc-latina.com\/index.php?rest_route=\/wp\/v2\/pages"}],"about":[{"href":"https:\/\/abc-latina.com\/index.php?rest_route=\/wp\/v2\/types\/page"}],"author":[{"embeddable":true,"href":"https:\/\/abc-latina.com\/index.php?rest_route=\/wp\/v2\/users\/3"}],"replies":[{"embeddable":true,"href":"https:\/\/abc-latina.com\/index.php?rest_route=%2Fwp%2Fv2%2Fcomments&post=1269"}],"version-history":[{"count":1,"href":"https:\/\/abc-latina.com\/index.php?rest_route=\/wp\/v2\/pages\/1269\/revisions"}],"predecessor-version":[{"id":3363,"href":"https:\/\/abc-latina.com\/index.php?rest_route=\/wp\/v2\/pages\/1269\/revisions\/3363"}],"up":[{"embeddable":true,"href":"https:\/\/abc-latina.com\/index.php?rest_route=\/wp\/v2\/pages\/2299"}],"wp:featuredmedia":[{"embeddable":true,"href":"https:\/\/abc-latina.com\/index.php?rest_route=\/wp\/v2\/media\/1268"}],"wp:attachment":[{"href":"https:\/\/abc-latina.com\/index.php?rest_route=%2Fwp%2Fv2%2Fmedia&parent=1269"}],"curies":[{"name":"wp","href":"https:\/\/api.w.org\/{rel}","templated":true}]}}