{"id":1292,"date":"2010-06-15T05:49:29","date_gmt":"2010-06-15T03:49:29","guid":{"rendered":"http:\/\/abc-latina.com\/farc-php\/"},"modified":"2026-04-30T18:24:58","modified_gmt":"2026-04-30T16:24:58","slug":"farc","status":"publish","type":"page","link":"https:\/\/abc-latina.com\/colombie\/farc\/","title":{"rendered":"Les FARC"},"content":{"rendered":"<div>Des montagnes de Colombie, o\u00f9 il vit dans la clandestinit\u00e9 depuis un demi-si\u00e8cle, Manuel Marulanda Velez r\u00eave-t-il de <a href=\"https:\/\/www.abc-latina.com\/colombie\/bogota\">Bogota<\/a>, lui qui, \u00e0 76 ans, n&rsquo;a jamais mis les pieds dans la capitale de son propre pays? La derni\u00e8re fois que le gu\u00e9rillero s&rsquo;est rendu dans une ville, c&rsquo;\u00e9tait il y a plus de trente ans, \u00e0 Neiva, une pr\u00e9fecture de 300 000 \u00e2mes.&nbsp;<\/p>\n<div>Toute sa vie, le chef des Forces arm\u00e9es r\u00e9volutionnaires de Colombie (Farc) &#8211; qui tient \u00e0 sa merci la Franco-Colombienne <a target=\"_blank\" href=\"https:\/\/www.abc-latina.com\/personnalites\/ingrid_betancourt\">Ingrid Betancourt<\/a> et sa collaboratrice Clara Rojas, depuis le 23 f\u00e9vrier 2002, ainsi que pr\u00e8s de 2 000 autres otages &#8211; a v\u00e9cu loin des centres urbains, cach\u00e9 dans des villages d\u00e9sh\u00e9rit\u00e9s et des hameaux coup\u00e9s du monde. Au c\u0153ur de cette Colombie rurale, o\u00f9 les paysans se l\u00e8vent au chant du coq, voyagent \u00e0 dos de mule et traitent leurs enfants en adultes avant que ceux-ci atteignent l&rsquo;\u00e2ge de 10 ans.<\/div>\n<div>C&rsquo;est l\u00e0, au d\u00e9but des ann\u00e9es 1950, que Pedro Antonio Marin (son vrai nom), alias &laquo;Tirofijo&raquo; (&laquo;Tir pr\u00e9cis&raquo;, son premier surnom), fonde une milice paysanne d&rsquo;autod\u00e9fense comme le pays en compte tant. C&rsquo;est l&rsquo;\u00e9poque de la Violencia (1948-1953), cette guerre civile d&rsquo;une sauvagerie inou\u00efe durant laquelle la police, inf\u00e9od\u00e9e au Parti conservateur, pers\u00e9cute les paysans soup\u00e7onn\u00e9s d&rsquo;accointances avec le Parti lib\u00e9ral. La Colombie sombre dans l&rsquo;anarchie. Le bilan est sanglant: 300 000 morts. Certaines milices d&rsquo;autod\u00e9fense se livrent au bandolerismo (le banditisme). Pas celle de Tirofijo. Influenc\u00e9 par le marxisme-l\u00e9ninisme du Parti communiste colombien et par la r\u00e9volution cubaine, le jeune agriculteur cr\u00e9e, avec une cinquantaine d&rsquo;autres paysans et leurs familles, les Forces arm\u00e9es r\u00e9volutionnaires de Colombie (Farc). Nous sommes en 1964.<\/div>\n<div>Initialement, les Farc se d\u00e9veloppent lentement et se financent gr\u00e2ce \u00e0 un &laquo;imp\u00f4t r\u00e9volutionnaire&raquo;, la vacuna (&laquo;vaccin&raquo;), pr\u00e9lev\u00e9 sur les \u00e9leveurs de b\u00e9tail. En 1980, la gu\u00e9rilla marxiste compte 3 500 combattants d\u00e9ploy\u00e9s sur neuf fronts. Avec le boom de la coca\u00efne d\u00fb aux narcotrafiquants, qui s&rsquo;implantent dans les territoires contr\u00f4l\u00e9s par la gu\u00e9rilla, s&rsquo;ouvrent de nouvelles perspectives. Les Farc l\u00e8vent un nouvel imp\u00f4t, le gramaje (&laquo;grammage&raquo;), calcul\u00e9 sur la production de poudre blanche. Dans les ann\u00e9es 1990, la gu\u00e9rilla s&rsquo;implique directement dans le trafic. Celui-ci constitue aujourd&rsquo;hui sa premi\u00e8re source de financement, avant les enl\u00e8vements contre ran\u00e7on et tous les &laquo;imp\u00f4ts r\u00e9volutionnaires&raquo;. Fortes d&rsquo;un budget quotidien estim\u00e9 \u00e0 1 million de dollars, les Farc mobilisent, sur 60 fronts diff\u00e9rents, une arm\u00e9e de 15 000 hommes&hellip; dont 90% sont originaires du monde rural.&nbsp;<\/div>\n<div>&laquo;Par leur extraction paysanne, les Farc s&rsquo;apparentent \u00e0 l&rsquo;arm\u00e9e de Pancho Villa sous la r\u00e9volution mexicaine, mais en beaucoup mieux structur\u00e9e, remarque l&rsquo;analyste Alfredo Rangel, expert en histoire des gu\u00e9rillas, dont les ouvrages constituent, disent des t\u00e9moins, la litt\u00e9rature de chevet de Manuel Marulanda. Cette origine rurale est l&rsquo;une des singularit\u00e9s des Farc. Presque partout ailleurs, les mouvements r\u00e9volutionnaires latino-am\u00e9ricains furent dirig\u00e9s par des leaders charismatiques, issus de la classe moyenne urbaine: voyez Che Guevara et Fidel Castro \u00e0 Cuba, les Montoneros en Argentine ou le sous-commandant Marcos au Mexique.&raquo;<\/div>\n<div>Ce n&rsquo;est pas un hasard si Manuel Marulanda, pourtant aur\u00e9ol\u00e9 du mythe de &laquo;plus vieux gu\u00e9rillero du monde&raquo;, n&rsquo;a jamais s\u00e9duit les intellectuels latinos et encore moins la gauche europ\u00e9enne. Sans b\u00e9ret ni cigare, mais droit dans ses bottes en caoutchouc et \u00e9ternellement &laquo;v\u00eatu&raquo; d&rsquo;une serviette \u00e9ponge jet\u00e9e sur l&rsquo;\u00e9paule, le &laquo;camarade Marulanda&raquo; ne poss\u00e8de pas, il est vrai, la panoplie parfaite du petit gu\u00e9rillero romantique. M\u00eame les Colombiens h\u00e9sitent \u00e0 consid\u00e9rer comme l&rsquo;un des leurs ce hors-la-loi taiseux sur lequel p\u00e8sent 113 chefs d&rsquo;inculpation &#8211; pour homicides, extorsion, kidnapping, assassinat, attentat \u00e0 la bombe et on en passe. Il ne partage avec eux aucun des centres d&rsquo;int\u00e9r\u00eat si pr\u00e9sents dans la culture populaire colombienne: religion, musique, humour, sport, go\u00fbt du folklore.<\/div>\n<div>Parmi la troupe des Farc, en revanche, le madr\u00e9 Marulanda suscite respect et admiration. Sa trajectoire et sa modestie sont l\u00e9gendaires. Sa &laquo;malice indig\u00e8ne&raquo;, aussi &#8211; ce trait de caract\u00e8re si typiquement andin, qui consiste \u00e0 jouer le na\u00eff pour mieux tromper l&rsquo;autre. Car derri\u00e8re son air bonasse se cache un redoutable animal politique, donn\u00e9 17 fois pour mort par les services de renseignement &#8211; la derni\u00e8re fois, en 2006 &#8211; et toujours ressuscit\u00e9. A l&rsquo;instar de Fidel Castro, qui a surv\u00e9cu \u00e0 dix chefs d&rsquo;Etat am\u00e9ricains, Marulanda a d\u00e9fi\u00e9 une dizaine de pr\u00e9sidents colombiens, qui, tous, sans exception, s&rsquo;\u00e9taient jur\u00e9 de le capturer. Quoique impopulaire &#8211; seuls 3% de ses compatriotes ont une image positive des Farc &#8211; le vieux gu\u00e9rillero est devenu un personnage incontournable de la sc\u00e8ne politique.<\/div>\n<div>Les d\u00e9serteurs sont syst\u00e9matiquement fusill\u00e9s<\/div>\n<div>Longtemps sous-estim\u00e9 &#8211; peut-\u00eatre parce que, comme le dit un commandant des Farc, &laquo;les gens ont du mal \u00e0 imaginer qu&rsquo;un paysan puisse \u00eatre un id\u00e9ologue&raquo; &#8211; Manuel Marulanda a pourtant tir\u00e9 de sa longue exp\u00e9rience une doctrine. Elle tient en peu de mots: la fin justifie les moyens. &laquo;Si Marulanda s&rsquo;aper\u00e7oit que kidnapper des \u00e9trangers ou pactiser avec les trafiquants de drogue est politiquement ou militairement rentable, analyse Alfredo Rangel, alors, aucun probl\u00e8me: ce pragmatique absolu n&rsquo;a aucun \u00e9tat d&rsquo;\u00e2me.&raquo;<\/div>\n<div>C&rsquo;est peu dire que Manuel Marulanda a mis au point une machine de guerre impitoyable. &laquo;Du point de vue de l&rsquo;efficacit\u00e9 militaire, poursuit Rangel, les Farc se comparent seulement \u00e0 la gu\u00e9rilla salvadorienne du Front Farabundo Marti de lib\u00e9ration nationale (FMLN), qui, dans l&rsquo;Am\u00e9rique centrale en feu, tenait t\u00eate \u00e0 Ronald Reagan sans vaciller.&raquo; A partir du milieu des ann\u00e9es 1990, l&rsquo;arm\u00e9e rebelle passe \u00e0 la guerre de position. Les Farc d\u00e9montrent qu&rsquo;elles sont capables de concentrer jusqu&rsquo;\u00e0 1 200 hommes afin de s&#8217;emparer d&rsquo;une position ennemie!<\/div>\n<div>Sur le terrain, la combativit\u00e9, le professionnalisme et la r\u00e9sistance des gu\u00e9rilleros font merveille. Ancien garde du corps du redoutable chef de guerre &laquo;Roma\u00f1a&raquo;, le franc-tireur &laquo;Coco&raquo;, 32 ans, en sait quelque chose, lui qui a combattu des centaines de fois au sein d&rsquo;une unit\u00e9 d&rsquo;\u00e9lite rebelle avant de perdre un poumon et de d\u00e9serter, apr\u00e8s onze ans de bons et loyaux services. &laquo;A une \u00e9poque, on allait au feu tous les trois jours, se souvient ce jeune homme blagueur, dont le regard fi\u00e9vreux est encore habit\u00e9 par la mort. Il nous est arriv\u00e9 de marcher six mois de suite \u00e0 travers les Andes pour pr\u00e9parer une offensive. Chez les Farc, \u00eatre fatigu\u00e9, se plaindre ou contester un ordre est strictement prohib\u00e9.&raquo;<\/div>\n<div>Ce n&rsquo;est pas, loin de l\u00e0, la seule interdiction en vigueur dans cette organisation de type stalinien, o\u00f9 r\u00e8gne une discipline de fer. Mal nettoyer son fusil, s&rsquo;endormir pendant la garde, d\u00e9nigrer un camarade, critiquer un sup\u00e9rieur, ne pas ex\u00e9cuter une mission, voler du sucre, boire de l&rsquo;alcool, fumer en cachette, ne pas prendre la parole lors des discussions politiques ou encore s&rsquo;attarder volontairement dans la rivi\u00e8re \u00e0 l&rsquo;heure de la toilette sont quelques-unes des innombrables fautes passibles du conseil de discipline. Pr\u00e9sid\u00e9 par le chef d&rsquo;unit\u00e9, celui-ci poss\u00e8de toute latitude pour prononcer des punitions s\u00e9v\u00e8res: faire 10, 50 ou 100 corv\u00e9es de bois, creuser 15 m\u00e8tres de tranch\u00e9es, creuser 5 trous de 80 centim\u00e8tres sur 80, semer 1 hectare de manioc, ramasser 20 kilos de ma\u00efs, rendre leur brillant \u00e0 cinq marmites, porter le fusil-mitrailleur pendant quinze jours ou encore faire son autocritique en public.<\/div>\n<div>La vie priv\u00e9e est, elle aussi, strictement r\u00e9glement\u00e9e. Les relations sexuelles entre gu\u00e9rilleros sont soumises \u00e0 l&rsquo;approbation de la hi\u00e9rarchie et doivent donner lieu \u00e0 une visite m\u00e9dicale pr\u00e9alable aupr\u00e8s de l&rsquo;infirmi\u00e8re qui se trouve dans chaque unit\u00e9 de 26 combattants. Pour les femmes &#8211; pr\u00e8s de 40% de l&rsquo;effectif des Farc &#8211; flirter avec des civils est strictement ill\u00e9gal, tout comme le fait de tomber enceinte. &laquo;J&rsquo;allais avoir 15 ans lorsque je me suis volontairement engag\u00e9e dans la gu\u00e9rilla, raconte Johanna, aujourd&rsquo;hui \u00e2g\u00e9e de 26 ans. Tr\u00e8s vite, j&rsquo;attendais un enfant. Ils m&rsquo;ont dit que je devais interrompre ma grossesse. J&rsquo;ai d&rsquo;abord refus\u00e9, mais ils m&rsquo;ont dit qu&rsquo;ils seraient alors oblig\u00e9s de me fusiller. Finalement, j&rsquo;ai absorb\u00e9 les pilules abortives fournies par leurs soins et j&rsquo;ai pass\u00e9 dix ann\u00e9es chez les Farc, en tant qu&rsquo;infirmi\u00e8re. L&rsquo;ann\u00e9e derni\u00e8re, j&rsquo;ai pris la d\u00e9cision de d\u00e9serter. Peu apr\u00e8s mon d\u00e9part, ils ont assassin\u00e9, en punition, mon p\u00e8re et ma s\u0153ur.&raquo; Quant aux d\u00e9serteurs rattrap\u00e9s avant d&rsquo;avoir atteint la ville, ils sont syst\u00e9matiquement fusill\u00e9s au peloton d&rsquo;ex\u00e9cution&hellip; apr\u00e8s avoir re\u00e7u l&rsquo;ordre de creuse leur propre tombe.<\/div>\n<div>Au sein des Farc, \u00eatre &laquo;d\u00e9moralis\u00e9&raquo; est un danger tout aussi mortel. &laquo;Afin de limiter le risque que les \u00e9l\u00e9ments d\u00e9motiv\u00e9s passent \u00e0 l&rsquo;ennemi, les gu\u00e9rilleros jug\u00e9s peu fiables sont envoy\u00e9s en premi\u00e8re ligne afin de remplir des missions impossibles qui s&rsquo;apparentent \u00e0 des op\u00e9rations suicides&raquo;, t\u00e9moigne un autre d\u00e9serteur, sans savoir que, \u00e0 l&rsquo;autre bout du monde, cette technique de purge \u00e9tait \u00e9galement mise en pratique par les Khmers rouges, au Cambodge.<\/div>\n<div>Cinq fois moins d&rsquo;attaques de la gu\u00e9rilla<\/div>\n<div>Par leur organisation \u00e9minemment bureaucratique, les Farc puisent \u00e9galement dans la tradition sovi\u00e9tique. Instance supr\u00eame de la gu\u00e9rilla, le &laquo;secr\u00e9tariat&raquo; fiche ainsi syst\u00e9matiquement les combattants dans une base de donn\u00e9es. L&rsquo;Express a pu consulter le disque dur de l&rsquo;ordinateur portable saisi par l&rsquo;arm\u00e9e sur le chef du 58e Front de gu\u00e9rilla. Il contient les &laquo;fiches de vie&raquo; de ses 195 soldats. Outre l&rsquo;\u00e9tat civil, y figurent la date de recrutement, le nom de l&rsquo;agent recruteur, des donn\u00e9es familiales, les faits d&rsquo;armes, les blessures. La rubrique &laquo;comportement&raquo; r\u00e9capitule l&rsquo;historique des fautes commises, ainsi que les sanctions aff\u00e9rentes par le conseil de discipline ad hoc. Enfin, le degr\u00e9 de motivation du combattant est soigneusement consign\u00e9. Au moment de sa saisie au combat, le disque dur du 58e Front des Farc fournissait les indications statistiques suivantes: 19 d\u00e9serteurs, 31 femmes, 29 morts au combat, 3 fusill\u00e9s, 15 &laquo;desmoralizados&raquo;.<\/div>\n<div>A l&rsquo;apog\u00e9e de sa puissance, voil\u00e0 cinq ans, l&rsquo;arm\u00e9e des Farc se trouve aujourd&rsquo;hui, et depuis l&rsquo;av\u00e8nement, en 2002, du pr\u00e9sident de droite, Alvaro Uribe, sur la d\u00e9fensive. En augmentant l&rsquo;effectif de l&rsquo;arm\u00e9e r\u00e9guli\u00e8re et celui de la police militaire, pass\u00e9s, au total, de 200 000 \u00e0 300 000 hommes, le chef de l&rsquo;Etat a enclench\u00e9 une strat\u00e9gie de riposte militaire contre la gu\u00e9rilla, dont la pr\u00e9sence mena\u00e7ante se faisait sentir jusqu&rsquo;aux abords de la capitale. Parall\u00e8lement, un programme de d\u00e9mobilisation des forces paramilitaires tente, pour la premi\u00e8re fois depuis vingt ans, de limiter la prolif\u00e9ration de ces suppl\u00e9tifs de l&rsquo;arm\u00e9e r\u00e9guli\u00e8re qui agissaient en dehors de tout cadre l\u00e9gal et massacraient all\u00e8grement des civils, sans \u00eatre inqui\u00e9t\u00e9s.<\/div>\n<div>La situation s&rsquo;est am\u00e9lior\u00e9e. Dans ce pays impr\u00e9gn\u00e9 par la &laquo;culture de la violence&raquo;, le taux d&rsquo;homicides est \u00e0 son niveau le plus bas depuis vingt-cinq ans. Le nombre d&rsquo;enl\u00e8vements est pass\u00e9 de 2 800 par an (en 2002) \u00e0 687. Les attaques de la gu\u00e9rilla contre des civils sont cinq fois moins nombreuses qu&rsquo;il y a cinq ans. Les violations des droits de l&rsquo;homme commises par la force publique sont en diminution. Les principaux axes routiers, sur lesquels la gu\u00e9rilla proc\u00e9dait \u00e0 des op\u00e9rations de kidnapping &#8211; les pescas milagrosas (&laquo;p\u00eaches miraculeuses&raquo;) &#8211; ont \u00e9t\u00e9 s\u00e9curis\u00e9s. Alvaro Uribe, 44 ans, a triomphalement \u00e9t\u00e9 r\u00e9\u00e9lu, en mai 2006. Anticipant le succ\u00e8s de celui qu&rsquo;il nomme &laquo;le fasciste agenouill\u00e9 devant les gringos&raquo;, le porte-parole des Farc, Raul Reyes, avait pr\u00e9venu: &laquo;Aussi longtemps qu&rsquo;Uribe sera au pouvoir, il n&rsquo;y aura pas d&rsquo;accord d&rsquo;\u00e9change humanitaire.&raquo;<\/div>\n<div>Pour Ingrid Betancourt et ses cod\u00e9tenus, cette d\u00e9claration \u00e9quivaut \u00e0 une rallonge de peine d&rsquo;au moins trois ann\u00e9es dans la moiteur de la chaleur tropicale.<\/div>\n<div>Source: www.lexpress.fr<\/div>\n<\/div>\n","protected":false},"excerpt":{"rendered":"<p>Des montagnes de Colombie, o\u00f9 il vit dans la clandestinit\u00e9 depuis un demi-si\u00e8cle, Manuel Marulanda Velez r\u00eave-t-il de Bogota, lui [&hellip;]<\/p>\n","protected":false},"author":3,"featured_media":0,"parent":2299,"menu_order":0,"comment_status":"closed","ping_status":"closed","template":"","meta":{"site-sidebar-layout":"default","site-content-layout":"","ast-site-content-layout":"default","site-content-style":"default","site-sidebar-style":"default","ast-global-header-display":"","ast-banner-title-visibility":"","ast-main-header-display":"","ast-hfb-above-header-display":"","ast-hfb-below-header-display":"","ast-hfb-mobile-header-display":"","site-post-title":"","ast-breadcrumbs-content":"","ast-featured-img":"","footer-sml-layout":"","ast-disable-related-posts":"","theme-transparent-header-meta":"","adv-header-id-meta":"","stick-header-meta":"","header-above-stick-meta":"","header-main-stick-meta":"","header-below-stick-meta":"","astra-migrate-meta-layouts":"default","ast-page-background-enabled":"default","ast-page-background-meta":{"desktop":{"background-color":"var(--ast-global-color-5)","background-image":"","background-repeat":"repeat","background-position":"center center","background-size":"auto","background-attachment":"scroll","background-type":"","background-media":"","overlay-type":"","overlay-color":"","overlay-opacity":"","overlay-gradient":""},"tablet":{"background-color":"","background-image":"","background-repeat":"repeat","background-position":"center center","background-size":"auto","background-attachment":"scroll","background-type":"","background-media":"","overlay-type":"","overlay-color":"","overlay-opacity":"","overlay-gradient":""},"mobile":{"background-color":"","background-image":"","background-repeat":"repeat","background-position":"center center","background-size":"auto","background-attachment":"scroll","background-type":"","background-media":"","overlay-type":"","overlay-color":"","overlay-opacity":"","overlay-gradient":""}},"ast-content-background-meta":{"desktop":{"background-color":"var(--ast-global-color-4)","background-image":"","background-repeat":"repeat","background-position":"center center","background-size":"auto","background-attachment":"scroll","background-type":"","background-media":"","overlay-type":"","overlay-color":"","overlay-opacity":"","overlay-gradient":""},"tablet":{"background-color":"var(--ast-global-color-4)","background-image":"","background-repeat":"repeat","background-position":"center center","background-size":"auto","background-attachment":"scroll","background-type":"","background-media":"","overlay-type":"","overlay-color":"","overlay-opacity":"","overlay-gradient":""},"mobile":{"background-color":"var(--ast-global-color-4)","background-image":"","background-repeat":"repeat","background-position":"center center","background-size":"auto","background-attachment":"scroll","background-type":"","background-media":"","overlay-type":"","overlay-color":"","overlay-opacity":"","overlay-gradient":""}},"footnotes":""},"class_list":["post-1292","page","type-page","status-publish","hentry"],"yoast_head":"<!-- This site is optimized with the Yoast SEO plugin v27.5 - https:\/\/yoast.com\/product\/yoast-seo-wordpress\/ -->\n<title>Les FARC - Abc-latina<\/title>\n<meta name=\"description\" content=\"Les FARC : Forces arm\u00e9es r\u00e9volutionnaires de Colombie.\" \/>\n<meta name=\"robots\" content=\"index, follow, max-snippet:-1, max-image-preview:large, max-video-preview:-1\" \/>\n<link rel=\"canonical\" href=\"https:\/\/abc-latina.com\/colombie\/farc\/\" \/>\n<meta property=\"og:locale\" content=\"fr_FR\" \/>\n<meta property=\"og:type\" content=\"article\" \/>\n<meta property=\"og:title\" content=\"Les FARC - Abc-latina\" \/>\n<meta property=\"og:description\" content=\"Les FARC : Forces arm\u00e9es r\u00e9volutionnaires de Colombie.\" \/>\n<meta property=\"og:url\" content=\"https:\/\/abc-latina.com\/colombie\/farc\/\" \/>\n<meta property=\"og:site_name\" content=\"Abc-latina\" \/>\n<meta property=\"article:modified_time\" content=\"2026-04-30T16:24:58+00:00\" \/>\n<meta name=\"twitter:card\" content=\"summary_large_image\" \/>\n<meta name=\"twitter:label1\" content=\"Dur\u00e9e de lecture estim\u00e9e\" \/>\n\t<meta name=\"twitter:data1\" content=\"11 minutes\" \/>\n<script type=\"application\/ld+json\" class=\"yoast-schema-graph\">{\"@context\":\"https:\\\/\\\/schema.org\",\"@graph\":[{\"@type\":\"WebPage\",\"@id\":\"https:\\\/\\\/abc-latina.com\\\/colombie\\\/farc\\\/\",\"url\":\"https:\\\/\\\/abc-latina.com\\\/colombie\\\/farc\\\/\",\"name\":\"Les FARC - Abc-latina\",\"isPartOf\":{\"@id\":\"https:\\\/\\\/abc-latina.com\\\/#website\"},\"datePublished\":\"2010-06-15T03:49:29+00:00\",\"dateModified\":\"2026-04-30T16:24:58+00:00\",\"description\":\"Les FARC : Forces arm\u00e9es r\u00e9volutionnaires de Colombie.\",\"breadcrumb\":{\"@id\":\"https:\\\/\\\/abc-latina.com\\\/colombie\\\/farc\\\/#breadcrumb\"},\"inLanguage\":\"fr-FR\",\"potentialAction\":[{\"@type\":\"ReadAction\",\"target\":[\"https:\\\/\\\/abc-latina.com\\\/colombie\\\/farc\\\/\"]}]},{\"@type\":\"BreadcrumbList\",\"@id\":\"https:\\\/\\\/abc-latina.com\\\/colombie\\\/farc\\\/#breadcrumb\",\"itemListElement\":[{\"@type\":\"ListItem\",\"position\":1,\"name\":\"Accueil\",\"item\":\"https:\\\/\\\/abc-latina.com\\\/\"},{\"@type\":\"ListItem\",\"position\":2,\"name\":\"Les FARC\"}]},{\"@type\":\"WebSite\",\"@id\":\"https:\\\/\\\/abc-latina.com\\\/#website\",\"url\":\"https:\\\/\\\/abc-latina.com\\\/\",\"name\":\"Abc-latina\",\"description\":\"\",\"publisher\":{\"@id\":\"https:\\\/\\\/abc-latina.com\\\/#organization\"},\"potentialAction\":[{\"@type\":\"SearchAction\",\"target\":{\"@type\":\"EntryPoint\",\"urlTemplate\":\"https:\\\/\\\/abc-latina.com\\\/?s={search_term_string}\"},\"query-input\":{\"@type\":\"PropertyValueSpecification\",\"valueRequired\":true,\"valueName\":\"search_term_string\"}}],\"inLanguage\":\"fr-FR\"},{\"@type\":\"Organization\",\"@id\":\"https:\\\/\\\/abc-latina.com\\\/#organization\",\"name\":\"Abc-latina\",\"url\":\"https:\\\/\\\/abc-latina.com\\\/\",\"logo\":{\"@type\":\"ImageObject\",\"inLanguage\":\"fr-FR\",\"@id\":\"https:\\\/\\\/abc-latina.com\\\/#\\\/schema\\\/logo\\\/image\\\/\",\"url\":\"https:\\\/\\\/abc-latina.com\\\/wp-content\\\/uploads\\\/2026\\\/05\\\/cropped-logo.gif\",\"contentUrl\":\"https:\\\/\\\/abc-latina.com\\\/wp-content\\\/uploads\\\/2026\\\/05\\\/cropped-logo.gif\",\"width\":89,\"height\":84,\"caption\":\"Abc-latina\"},\"image\":{\"@id\":\"https:\\\/\\\/abc-latina.com\\\/#\\\/schema\\\/logo\\\/image\\\/\"}}]}<\/script>\n<!-- \/ Yoast SEO plugin. -->","yoast_head_json":{"title":"Les FARC - Abc-latina","description":"Les FARC : Forces arm\u00e9es r\u00e9volutionnaires de Colombie.","robots":{"index":"index","follow":"follow","max-snippet":"max-snippet:-1","max-image-preview":"max-image-preview:large","max-video-preview":"max-video-preview:-1"},"canonical":"https:\/\/abc-latina.com\/colombie\/farc\/","og_locale":"fr_FR","og_type":"article","og_title":"Les FARC - Abc-latina","og_description":"Les FARC : Forces arm\u00e9es r\u00e9volutionnaires de Colombie.","og_url":"https:\/\/abc-latina.com\/colombie\/farc\/","og_site_name":"Abc-latina","article_modified_time":"2026-04-30T16:24:58+00:00","twitter_card":"summary_large_image","twitter_misc":{"Dur\u00e9e de lecture estim\u00e9e":"11 minutes"},"schema":{"@context":"https:\/\/schema.org","@graph":[{"@type":"WebPage","@id":"https:\/\/abc-latina.com\/colombie\/farc\/","url":"https:\/\/abc-latina.com\/colombie\/farc\/","name":"Les FARC - Abc-latina","isPartOf":{"@id":"https:\/\/abc-latina.com\/#website"},"datePublished":"2010-06-15T03:49:29+00:00","dateModified":"2026-04-30T16:24:58+00:00","description":"Les FARC : Forces arm\u00e9es r\u00e9volutionnaires de Colombie.","breadcrumb":{"@id":"https:\/\/abc-latina.com\/colombie\/farc\/#breadcrumb"},"inLanguage":"fr-FR","potentialAction":[{"@type":"ReadAction","target":["https:\/\/abc-latina.com\/colombie\/farc\/"]}]},{"@type":"BreadcrumbList","@id":"https:\/\/abc-latina.com\/colombie\/farc\/#breadcrumb","itemListElement":[{"@type":"ListItem","position":1,"name":"Accueil","item":"https:\/\/abc-latina.com\/"},{"@type":"ListItem","position":2,"name":"Les FARC"}]},{"@type":"WebSite","@id":"https:\/\/abc-latina.com\/#website","url":"https:\/\/abc-latina.com\/","name":"Abc-latina","description":"","publisher":{"@id":"https:\/\/abc-latina.com\/#organization"},"potentialAction":[{"@type":"SearchAction","target":{"@type":"EntryPoint","urlTemplate":"https:\/\/abc-latina.com\/?s={search_term_string}"},"query-input":{"@type":"PropertyValueSpecification","valueRequired":true,"valueName":"search_term_string"}}],"inLanguage":"fr-FR"},{"@type":"Organization","@id":"https:\/\/abc-latina.com\/#organization","name":"Abc-latina","url":"https:\/\/abc-latina.com\/","logo":{"@type":"ImageObject","inLanguage":"fr-FR","@id":"https:\/\/abc-latina.com\/#\/schema\/logo\/image\/","url":"https:\/\/abc-latina.com\/wp-content\/uploads\/2026\/05\/cropped-logo.gif","contentUrl":"https:\/\/abc-latina.com\/wp-content\/uploads\/2026\/05\/cropped-logo.gif","width":89,"height":84,"caption":"Abc-latina"},"image":{"@id":"https:\/\/abc-latina.com\/#\/schema\/logo\/image\/"}}]}},"_links":{"self":[{"href":"https:\/\/abc-latina.com\/wp-json\/wp\/v2\/pages\/1292","targetHints":{"allow":["GET"]}}],"collection":[{"href":"https:\/\/abc-latina.com\/wp-json\/wp\/v2\/pages"}],"about":[{"href":"https:\/\/abc-latina.com\/wp-json\/wp\/v2\/types\/page"}],"author":[{"embeddable":true,"href":"https:\/\/abc-latina.com\/wp-json\/wp\/v2\/users\/3"}],"replies":[{"embeddable":true,"href":"https:\/\/abc-latina.com\/wp-json\/wp\/v2\/comments?post=1292"}],"version-history":[{"count":1,"href":"https:\/\/abc-latina.com\/wp-json\/wp\/v2\/pages\/1292\/revisions"}],"predecessor-version":[{"id":3341,"href":"https:\/\/abc-latina.com\/wp-json\/wp\/v2\/pages\/1292\/revisions\/3341"}],"up":[{"embeddable":true,"href":"https:\/\/abc-latina.com\/wp-json\/wp\/v2\/pages\/2299"}],"wp:attachment":[{"href":"https:\/\/abc-latina.com\/wp-json\/wp\/v2\/media?parent=1292"}],"curies":[{"name":"wp","href":"https:\/\/api.w.org\/{rel}","templated":true}]}}