{"id":1293,"date":"2010-06-15T05:51:29","date_gmt":"2010-06-15T03:51:29","guid":{"rendered":"http:\/\/abc-latina.com\/faune_flore_colombienne-php\/"},"modified":"2026-04-30T18:24:58","modified_gmt":"2026-04-30T16:24:58","slug":"faune_flore_colombienne","status":"publish","type":"page","link":"https:\/\/abc-latina.com\/?page_id=1293","title":{"rendered":"La FAUNE &#038; la FLORE"},"content":{"rendered":"<div>La <span class=\"tourisme-chapitre\">faune et la flore<\/span> sont d&rsquo;une richesse insoup\u00e7onn\u00e9e. La <span class=\"tourisme-chapitre\">Colombie<\/span> a cr\u00e9e 42 parcs nationaux, r\u00e9serves et zones prot\u00e9g\u00e9es qui se repartissent en 2 r\u00e9serves naturelles, 33 parcs, 6 sanctuaires de faune et de flore, une zone unique &lsquo;area unica), pour une superficie totale de 9 millions d&rsquo;hectares, soit pr\u00e8s de 9% du territoire. Le plus vaste des parcs, celui de la Sierra Nevada de Santa Marta couvre 383.000 hectares. 15 % du biotope de toute la plan\u00e8te s&rsquo;y trouvent concentr\u00e9s, soit (entre autres) 49.000 esp\u00e8ces v\u00e9g\u00e9tales diff\u00e9rentes, dont pr\u00e8s de 20.000 sont end\u00e9miques. Parmi ces derni\u00e8res, citons la palma de cera, le plus haut palmier du monde qui atteint 60 m de hauteur. Il est l&rsquo;arbre national. Le pays est en outre extr\u00eamement riche en vari\u00e9t\u00e9s d&rsquo;orchid\u00e9es (plus de 3.000) dont la plus connu est la cattleya devenue fleur nationale. Les terres de paramos, \u00e0 plus de 3.000 m, et leur flore tout \u00e0 fait particuli\u00e8re sont essentiellement concentr\u00e9es en Colombie, \u00e0 hauteur de 57%. Dans le pays on d\u00e9nombre 3.000 esp\u00e8ces de vert\u00e9br\u00e9s, 1.754 esp\u00e8ces diff\u00e9rentes d&rsquo;avifaune, 358 mammif\u00e8res. 15% des primates recens\u00e9s sur la plan\u00e8te vivent en Colombie, 18% des oiseaux. Dans le rio Magdalena on a r\u00e9pertori\u00e9es 258 esp\u00e8ces aquatiques pour 150 dans le Cauca. Sur un hectare de for\u00eat on a recens\u00e9 1.500 vari\u00e9t\u00e9s de plantes florales et 750 arbres diff\u00e9rents, 450 esp\u00e8ces d&rsquo;oiseaux, 150 de papillons, 100 de reptiles et 60 d&rsquo;amphibiens, ainsi que 8.000 insectes diff\u00e9rents.<\/div>\n<div>&nbsp;<\/div>\n<div>\n<div><a target=\"_blank\" href=\"https:\/\/www.abc-latina.com\/amerique_latine\/flore-faune\/\">La Faune et la flore en Am\u00e9rique latine&nbsp;<\/a><\/div>\n<div><a href=\"https:\/\/www.abc-latina.com\/colombie\/geo.htm\">La g\u00e9ographie de la Colombie&nbsp;<\/a><\/div>\n<\/div>\n","protected":false},"excerpt":{"rendered":"<p>La faune et la flore sont d&rsquo;une richesse insoup\u00e7onn\u00e9e. La Colombie a cr\u00e9e 42 parcs nationaux, r\u00e9serves et zones prot\u00e9g\u00e9es [&hellip;]<\/p>\n","protected":false},"author":3,"featured_media":0,"parent":2299,"menu_order":0,"comment_status":"closed","ping_status":"closed","template":"","meta":{"site-sidebar-layout":"default","site-content-layout":"","ast-site-content-layout":"default","site-content-style":"default","site-sidebar-style":"default","ast-global-header-display":"","ast-banner-title-visibility":"","ast-main-header-display":"","ast-hfb-above-header-display":"","ast-hfb-below-header-display":"","ast-hfb-mobile-header-display":"","site-post-title":"","ast-breadcrumbs-content":"","ast-featured-img":"","footer-sml-layout":"","ast-disable-related-posts":"","theme-transparent-header-meta":"","adv-header-id-meta":"","stick-header-meta":"","header-above-stick-meta":"","header-main-stick-meta":"","header-below-stick-meta":"","astra-migrate-meta-layouts":"default","ast-page-background-enabled":"default","ast-page-background-meta":{"desktop":{"background-color":"var(--ast-global-color-5)","background-image":"","background-repeat":"repeat","background-position":"center center","background-size":"auto","background-attachment":"scroll","background-type":"","background-media":"","overlay-type":"","overlay-color":"","overlay-opacity":"","overlay-gradient":""},"tablet":{"background-color":"","background-image":"","background-repeat":"repeat","background-position":"center center","background-size":"auto","background-attachment":"scroll","background-type":"","background-media":"","overlay-type":"","overlay-color":"","overlay-opacity":"","overlay-gradient":""},"mobile":{"background-color":"","background-image":"","background-repeat":"repeat","background-position":"center center","background-size":"auto","background-attachment":"scroll","background-type":"","background-media":"","overlay-type":"","overlay-color":"","overlay-opacity":"","overlay-gradient":""}},"ast-content-background-meta":{"desktop":{"background-color":"var(--ast-global-color-4)","background-image":"","background-repeat":"repeat","background-position":"center center","background-size":"auto","background-attachment":"scroll","background-type":"","background-media":"","overlay-type":"","overlay-color":"","overlay-opacity":"","overlay-gradient":""},"tablet":{"background-color":"var(--ast-global-color-4)","background-image":"","background-repeat":"repeat","background-position":"center center","background-size":"auto","background-attachment":"scroll","background-type":"","background-media":"","overlay-type":"","overlay-color":"","overlay-opacity":"","overlay-gradient":""},"mobile":{"background-color":"var(--ast-global-color-4)","background-image":"","background-repeat":"repeat","background-position":"center center","background-size":"auto","background-attachment":"scroll","background-type":"","background-media":"","overlay-type":"","overlay-color":"","overlay-opacity":"","overlay-gradient":""}},"footnotes":""},"class_list":["post-1293","page","type-page","status-publish","hentry"],"yoast_head":"<!-- This site is optimized with the Yoast SEO plugin v27.5 - https:\/\/yoast.com\/product\/yoast-seo-wordpress\/ -->\n<title>La FAUNE &amp; la FLORE - Abc-latina<\/title>\n<meta name=\"description\" content=\"Colombie : Faune et flore.\" \/>\n<meta name=\"robots\" content=\"noindex, follow\" \/>\n<meta property=\"og:locale\" content=\"fr_FR\" \/>\n<meta property=\"og:type\" content=\"article\" \/>\n<meta property=\"og:title\" content=\"La FAUNE &amp; la FLORE - Abc-latina\" \/>\n<meta property=\"og:description\" content=\"Colombie : Faune et flore.\" \/>\n<meta property=\"og:url\" content=\"https:\/\/abc-latina.com\/?page_id=1293\" \/>\n<meta property=\"og:site_name\" content=\"Abc-latina\" \/>\n<meta property=\"article:modified_time\" content=\"2026-04-30T16:24:58+00:00\" \/>\n<meta name=\"twitter:card\" content=\"summary_large_image\" \/>\n<meta name=\"twitter:label1\" content=\"Dur\u00e9e de lecture estim\u00e9e\" \/>\n\t<meta name=\"twitter:data1\" content=\"1 minute\" \/>\n<script type=\"application\/ld+json\" class=\"yoast-schema-graph\">{\"@context\":\"https:\\\/\\\/schema.org\",\"@graph\":[{\"@type\":\"WebPage\",\"@id\":\"https:\\\/\\\/abc-latina.com\\\/?page_id=1293\",\"url\":\"https:\\\/\\\/abc-latina.com\\\/?page_id=1293\",\"name\":\"La FAUNE & la FLORE - Abc-latina\",\"isPartOf\":{\"@id\":\"https:\\\/\\\/abc-latina.com\\\/#website\"},\"datePublished\":\"2010-06-15T03:51:29+00:00\",\"dateModified\":\"2026-04-30T16:24:58+00:00\",\"description\":\"Colombie : Faune et flore.\",\"breadcrumb\":{\"@id\":\"https:\\\/\\\/abc-latina.com\\\/?page_id=1293#breadcrumb\"},\"inLanguage\":\"fr-FR\",\"potentialAction\":[{\"@type\":\"ReadAction\",\"target\":[\"https:\\\/\\\/abc-latina.com\\\/?page_id=1293\"]}]},{\"@type\":\"BreadcrumbList\",\"@id\":\"https:\\\/\\\/abc-latina.com\\\/?page_id=1293#breadcrumb\",\"itemListElement\":[{\"@type\":\"ListItem\",\"position\":1,\"name\":\"Accueil\",\"item\":\"https:\\\/\\\/abc-latina.com\\\/\"},{\"@type\":\"ListItem\",\"position\":2,\"name\":\"La FAUNE &#038; la FLORE\"}]},{\"@type\":\"WebSite\",\"@id\":\"https:\\\/\\\/abc-latina.com\\\/#website\",\"url\":\"https:\\\/\\\/abc-latina.com\\\/\",\"name\":\"Abc-latina\",\"description\":\"\",\"publisher\":{\"@id\":\"https:\\\/\\\/abc-latina.com\\\/#organization\"},\"potentialAction\":[{\"@type\":\"SearchAction\",\"target\":{\"@type\":\"EntryPoint\",\"urlTemplate\":\"https:\\\/\\\/abc-latina.com\\\/?s={search_term_string}\"},\"query-input\":{\"@type\":\"PropertyValueSpecification\",\"valueRequired\":true,\"valueName\":\"search_term_string\"}}],\"inLanguage\":\"fr-FR\"},{\"@type\":\"Organization\",\"@id\":\"https:\\\/\\\/abc-latina.com\\\/#organization\",\"name\":\"Abc-latina\",\"url\":\"https:\\\/\\\/abc-latina.com\\\/\",\"logo\":{\"@type\":\"ImageObject\",\"inLanguage\":\"fr-FR\",\"@id\":\"https:\\\/\\\/abc-latina.com\\\/#\\\/schema\\\/logo\\\/image\\\/\",\"url\":\"https:\\\/\\\/abc-latina.com\\\/wp-content\\\/uploads\\\/2026\\\/05\\\/cropped-logo.gif\",\"contentUrl\":\"https:\\\/\\\/abc-latina.com\\\/wp-content\\\/uploads\\\/2026\\\/05\\\/cropped-logo.gif\",\"width\":89,\"height\":84,\"caption\":\"Abc-latina\"},\"image\":{\"@id\":\"https:\\\/\\\/abc-latina.com\\\/#\\\/schema\\\/logo\\\/image\\\/\"}}]}<\/script>\n<!-- \/ Yoast SEO plugin. -->","yoast_head_json":{"title":"La FAUNE & la FLORE - Abc-latina","description":"Colombie : Faune et flore.","robots":{"index":"noindex","follow":"follow"},"og_locale":"fr_FR","og_type":"article","og_title":"La FAUNE & la FLORE - Abc-latina","og_description":"Colombie : Faune et flore.","og_url":"https:\/\/abc-latina.com\/?page_id=1293","og_site_name":"Abc-latina","article_modified_time":"2026-04-30T16:24:58+00:00","twitter_card":"summary_large_image","twitter_misc":{"Dur\u00e9e de lecture estim\u00e9e":"1 minute"},"schema":{"@context":"https:\/\/schema.org","@graph":[{"@type":"WebPage","@id":"https:\/\/abc-latina.com\/?page_id=1293","url":"https:\/\/abc-latina.com\/?page_id=1293","name":"La FAUNE & la FLORE - Abc-latina","isPartOf":{"@id":"https:\/\/abc-latina.com\/#website"},"datePublished":"2010-06-15T03:51:29+00:00","dateModified":"2026-04-30T16:24:58+00:00","description":"Colombie : Faune et flore.","breadcrumb":{"@id":"https:\/\/abc-latina.com\/?page_id=1293#breadcrumb"},"inLanguage":"fr-FR","potentialAction":[{"@type":"ReadAction","target":["https:\/\/abc-latina.com\/?page_id=1293"]}]},{"@type":"BreadcrumbList","@id":"https:\/\/abc-latina.com\/?page_id=1293#breadcrumb","itemListElement":[{"@type":"ListItem","position":1,"name":"Accueil","item":"https:\/\/abc-latina.com\/"},{"@type":"ListItem","position":2,"name":"La FAUNE &#038; la FLORE"}]},{"@type":"WebSite","@id":"https:\/\/abc-latina.com\/#website","url":"https:\/\/abc-latina.com\/","name":"Abc-latina","description":"","publisher":{"@id":"https:\/\/abc-latina.com\/#organization"},"potentialAction":[{"@type":"SearchAction","target":{"@type":"EntryPoint","urlTemplate":"https:\/\/abc-latina.com\/?s={search_term_string}"},"query-input":{"@type":"PropertyValueSpecification","valueRequired":true,"valueName":"search_term_string"}}],"inLanguage":"fr-FR"},{"@type":"Organization","@id":"https:\/\/abc-latina.com\/#organization","name":"Abc-latina","url":"https:\/\/abc-latina.com\/","logo":{"@type":"ImageObject","inLanguage":"fr-FR","@id":"https:\/\/abc-latina.com\/#\/schema\/logo\/image\/","url":"https:\/\/abc-latina.com\/wp-content\/uploads\/2026\/05\/cropped-logo.gif","contentUrl":"https:\/\/abc-latina.com\/wp-content\/uploads\/2026\/05\/cropped-logo.gif","width":89,"height":84,"caption":"Abc-latina"},"image":{"@id":"https:\/\/abc-latina.com\/#\/schema\/logo\/image\/"}}]}},"_links":{"self":[{"href":"https:\/\/abc-latina.com\/index.php?rest_route=\/wp\/v2\/pages\/1293","targetHints":{"allow":["GET"]}}],"collection":[{"href":"https:\/\/abc-latina.com\/index.php?rest_route=\/wp\/v2\/pages"}],"about":[{"href":"https:\/\/abc-latina.com\/index.php?rest_route=\/wp\/v2\/types\/page"}],"author":[{"embeddable":true,"href":"https:\/\/abc-latina.com\/index.php?rest_route=\/wp\/v2\/users\/3"}],"replies":[{"embeddable":true,"href":"https:\/\/abc-latina.com\/index.php?rest_route=%2Fwp%2Fv2%2Fcomments&post=1293"}],"version-history":[{"count":1,"href":"https:\/\/abc-latina.com\/index.php?rest_route=\/wp\/v2\/pages\/1293\/revisions"}],"predecessor-version":[{"id":3342,"href":"https:\/\/abc-latina.com\/index.php?rest_route=\/wp\/v2\/pages\/1293\/revisions\/3342"}],"up":[{"embeddable":true,"href":"https:\/\/abc-latina.com\/index.php?rest_route=\/wp\/v2\/pages\/2299"}],"wp:attachment":[{"href":"https:\/\/abc-latina.com\/index.php?rest_route=%2Fwp%2Fv2%2Fmedia&parent=1293"}],"curies":[{"name":"wp","href":"https:\/\/api.w.org\/{rel}","templated":true}]}}