{"id":1300,"date":"2010-06-16T05:03:43","date_gmt":"2010-06-16T03:03:43","guid":{"rendered":"http:\/\/abc-latina.com\/histoire-htm-7\/"},"modified":"2026-04-30T18:25:00","modified_gmt":"2026-04-30T16:25:00","slug":"histoire","status":"publish","type":"page","link":"https:\/\/abc-latina.com\/costarica\/histoire\/","title":{"rendered":"HISTOIRE &#8211; COSTA RICA"},"content":{"rendered":"<h2 style=\"text-align: center;\">Les principales dates de l&rsquo;histoire du Costa Rica<\/h2>\n<div>&nbsp;&nbsp;<\/div>\n<ul>\n<li><span class=\"histoire-date\">18 sept 1502<\/span> &nbsp;<br \/> <a href=\"https:\/\/www.abc-latina.com\/personnalites\/christophe_colomb\" target=\"_blank\">Christophe Colomb<\/a> d\u00e9barque au Costa Rica entre l&rsquo;\u00eele Uvita et l&rsquo;\u00eele de Puerto Limon.<\/li>\n<li><span class=\"histoire-date\">1509<\/span> &nbsp;<br \/> Le Territoire du Costa Rica est rattach\u00e9 \u00e0 la Castilla del Oro implant\u00e9e au Panama.&nbsp;<\/li>\n<li><span class=\"histoire-date\">1519-1920 <\/span>&nbsp;<br \/> Les premiers espagnols s&rsquo;installent dans le golfe de Nicoya.<br \/> Les indiens Chorotegas et Huetares r\u00e9sistent \u00e0 l&rsquo;envahisseur espagnol.<\/li>\n<li><span class=\"histoire-date\">1524 <\/span><br \/> Fondation de la ville de Bruselas dans la p\u00e9ninsule de Nicoya par Francisco Fernandez de Cordoba.<\/li>\n<li><span class=\"histoire-date\">1525<\/span> &nbsp;<br \/> La r\u00e9sistance indienne est endigu\u00e9e par Juan de Cavallon.<\/li>\n<li><span class=\"histoire-date\">1526 <\/span>&nbsp;<br \/> Cr\u00e9ation de la ville et capitale <a href=\"https:\/\/www.abc-latina.com\/costarica\/voyages\/cartago\">Cartago<\/a>, San Jos\u00e9 lui succ\u00e9dera en 1823.<\/li>\n<li><span class=\"histoire-date\">1570<\/span> &nbsp;<br \/> La province du Costa Rica est cr\u00e9\u00e9e, elle est int\u00e9gr\u00e9e \u00e0 la Capitainerie g\u00e9n\u00e9rale du Guatemala (qui couvre l&rsquo;actuelle Am\u00e9rique centrale).<\/li>\n<li><span class=\"histoire-date\">1600-1690<\/span> &nbsp;<br \/> Peuplement de la Vall\u00e9e Centrale.<\/li>\n<li><span class=\"histoire-date\">1706<\/span> &nbsp;<br \/> Cr\u00e9ation de la ville de Cubujuqui (actuelle Heredia).<\/li>\n<li><span class=\"histoire-date\">1737<\/span> &nbsp;<br \/> Cr\u00e9ation de Villa Nueva de la Boca del Monte (future San Jos\u00e9).<\/li>\n<li><span class=\"histoire-date\">1782<\/span> &nbsp;<br \/> Cr\u00e9ation de Villa Hermosa (actuelle Alajuela).<\/li>\n<li><span class=\"histoire-date\">15 sept 1821<\/span> &nbsp;<br \/> Le Costa Rica acc\u00e8de \u00e0 l&rsquo;ind\u00e9pendance.<\/li>\n<li><span class=\"histoire-date\">1823 <\/span>&nbsp;<br \/> Formation de l&rsquo;\u00e9tat r\u00e9publicain du Costa Rica, <a href=\"https:\/\/www.abc-latina.com\/costarica\/voyages\/san_jose\">San Jos\u00e9<\/a> devient la capitale du pays.<br \/> Le Costa Rica adh\u00e8re \u00e0 la f\u00e9d\u00e9ration des provinces unies d&rsquo;Am\u00e9rique centrale.<\/li>\n<li><span class=\"histoire-date\">1824 <\/span><br \/> Juan Mora Fernandez devient le premier chef d&rsquo;\u00e9tat du Costa Rica.<br \/> Abolition de l&rsquo;esclavage.<\/li>\n<li><span class=\"histoire-date\">1828<\/span> &nbsp;<br \/> La r\u00e9gion ind\u00e9pendante de Nicoya est annex\u00e9e au Costa Rica suite \u00e0 un r\u00e9f\u00e9rendum.<\/li>\n<li><span class=\"histoire-date\">1838 <\/span><br \/> Le Costa Rica quitte la F\u00e9d\u00e9ration des provinces unies d&rsquo;Am\u00e9rique centrale.<\/li>\n<li><span class=\"histoire-date\">1848<\/span><br \/> Proclamation et r\u00e9affirmation de l&rsquo;ind\u00e9pendance du Costa Rica. Jos\u00e9 Maria devient pr\u00e9sident de la r\u00e9publique.<\/li>\n<li><span class=\"histoire-date\">1856<\/span><br \/> La r\u00e9publique du Nicaragua domin\u00e9e par l&rsquo;Am\u00e9ricain William Walker menace le Costa Rica qui d\u00e9cide d&rsquo;organiser, avec d&rsquo;autres pays, des &quot; milices &quot; pour lib\u00e9rer le Nicaragua. Un an plus tard le Nicaragua sera lib\u00e9r\u00e9.<\/li>\n<li><span class=\"histoire-date\">1882<\/span><br \/> Abolition de la peine de mort.&nbsp;<\/li>\n<li><span class=\"histoire-date\">1883 <\/span><br \/> La dur\u00e9e journali\u00e8re du temps de travail est r\u00e9duite \u00e0 8 heures.<\/li>\n<li><span class=\"histoire-date\">1940 <\/span><br \/> Le Costa Rica d\u00e9clare la guerre \u00e0 l&rsquo;Allemagne, Il est le premier \u00e9tat d&rsquo;Am\u00e9rique \u00e0 la faire. Les r\u00e9sidants allemands doivent quitter le pays.<\/li>\n<li><span class=\"histoire-date\">1941<\/span><br \/> Loi sur les garanties sociales : maladie, maternit\u00e9, retraite, invalidit\u00e9, etc.<br \/> Le droit de vote est accord\u00e9 aux femmes.<\/li>\n<li><span class=\"histoire-date\">1943<\/span><br \/> Promulgation du Code du travail.<\/li>\n<li><span class=\"histoire-date\">1949<\/span><br \/> La nouvelle constitution abolie l&rsquo;arm\u00e9e.<br \/> Les banques sont nationalis\u00e9es.<\/li>\n<li><span class=\"histoire-date\">1963<\/span><br \/> Le volcan Irazu entre en \u00e9ruption de cendres, cela va durer deux ans.<\/li>\n<li><span class=\"histoire-date\">1979 <\/span><br \/> Suite \u00e0 l&rsquo;arriv\u00e9e au pouvoir des sandinistes au Nicaragua, 300.000 nicaraguayens fuient et \u00e9migrent au Costa Rica (soit plus de 10% de la population du Costa Rica)<\/li>\n<li><span class=\"histoire-date\">1983<\/span><br \/> Visite du pape Jean-Paul ll.<br \/> L&rsquo;astronaute d&rsquo;origine costaricienne, Franklin Cheng Diaz voyage dans l&rsquo;espace.<br \/> Proclamation de la neutralit\u00e9 perp\u00e9tuelle, active et non arm\u00e9e du Costa Rica.<\/li>\n<li><span class=\"histoire-date\">1986 <\/span><br \/> <a href=\"https:\/\/www.abc-latina.com\/personnalites\/oscar_arias_sanchez\" target=\"_blank\">Oscar Arias Sanchez<\/a> devient pr\u00e9sident de la r\u00e9publique.<\/li>\n<li><span class=\"histoire-date\">1987<\/span><br \/> Le pr\u00e9sident Oscar Arias Sanchez re\u00e7oit le Prix Nobel de la Paix pour son plan de Paix en Am\u00e9rique centrale.<\/li>\n<li><span class=\"histoire-date\">1989<\/span><br \/> C\u00e9l\u00e9brations du &quot;Centenaire de la d\u00e9mocratie costaricienne&quot;.<\/li>\n<li><span class=\"histoire-date\">1995<\/span><br \/> Mouvements sociaux et grogne populaire. Augmentation de la criminalit\u00e9 et baisse du nombre de touristes.<\/li>\n<li><span class=\"histoire-date\">1998<\/span><br \/> Election de Miguel Angel Rodriguez qui prend les mesures n\u00e9cessaires au redressement du pays. Ces mesures redonnent l&rsquo;optimisme, l&rsquo;\u00e9conomie et le tourisme en profitent.<\/li>\n<\/ul>\n","protected":false},"excerpt":{"rendered":"<p>Les principales dates de l&rsquo;histoire du Costa Rica &nbsp;&nbsp; 18 sept 1502 &nbsp; Christophe Colomb d\u00e9barque au Costa Rica entre [&hellip;]<\/p>\n","protected":false},"author":3,"featured_media":0,"parent":2300,"menu_order":0,"comment_status":"closed","ping_status":"closed","template":"","meta":{"site-sidebar-layout":"default","site-content-layout":"","ast-site-content-layout":"default","site-content-style":"default","site-sidebar-style":"default","ast-global-header-display":"","ast-banner-title-visibility":"","ast-main-header-display":"","ast-hfb-above-header-display":"","ast-hfb-below-header-display":"","ast-hfb-mobile-header-display":"","site-post-title":"","ast-breadcrumbs-content":"","ast-featured-img":"","footer-sml-layout":"","ast-disable-related-posts":"","theme-transparent-header-meta":"","adv-header-id-meta":"","stick-header-meta":"","header-above-stick-meta":"","header-main-stick-meta":"","header-below-stick-meta":"","astra-migrate-meta-layouts":"default","ast-page-background-enabled":"default","ast-page-background-meta":{"desktop":{"background-color":"var(--ast-global-color-5)","background-image":"","background-repeat":"repeat","background-position":"center center","background-size":"auto","background-attachment":"scroll","background-type":"","background-media":"","overlay-type":"","overlay-color":"","overlay-opacity":"","overlay-gradient":""},"tablet":{"background-color":"","background-image":"","background-repeat":"repeat","background-position":"center center","background-size":"auto","background-attachment":"scroll","background-type":"","background-media":"","overlay-type":"","overlay-color":"","overlay-opacity":"","overlay-gradient":""},"mobile":{"background-color":"","background-image":"","background-repeat":"repeat","background-position":"center center","background-size":"auto","background-attachment":"scroll","background-type":"","background-media":"","overlay-type":"","overlay-color":"","overlay-opacity":"","overlay-gradient":""}},"ast-content-background-meta":{"desktop":{"background-color":"var(--ast-global-color-4)","background-image":"","background-repeat":"repeat","background-position":"center center","background-size":"auto","background-attachment":"scroll","background-type":"","background-media":"","overlay-type":"","overlay-color":"","overlay-opacity":"","overlay-gradient":""},"tablet":{"background-color":"var(--ast-global-color-4)","background-image":"","background-repeat":"repeat","background-position":"center center","background-size":"auto","background-attachment":"scroll","background-type":"","background-media":"","overlay-type":"","overlay-color":"","overlay-opacity":"","overlay-gradient":""},"mobile":{"background-color":"var(--ast-global-color-4)","background-image":"","background-repeat":"repeat","background-position":"center center","background-size":"auto","background-attachment":"scroll","background-type":"","background-media":"","overlay-type":"","overlay-color":"","overlay-opacity":"","overlay-gradient":""}},"footnotes":""},"class_list":["post-1300","page","type-page","status-publish","hentry"],"yoast_head":"<!-- This site is optimized with the Yoast SEO plugin v27.5 - https:\/\/yoast.com\/product\/yoast-seo-wordpress\/ -->\n<title>HISTOIRE - COSTA RICA - Abc-latina<\/title>\n<meta name=\"description\" content=\"Les faits historiques du Costa Rica.\" \/>\n<meta name=\"robots\" content=\"index, follow, max-snippet:-1, max-image-preview:large, max-video-preview:-1\" \/>\n<link rel=\"canonical\" href=\"https:\/\/abc-latina.com\/costarica\/histoire\/\" \/>\n<meta property=\"og:locale\" content=\"fr_FR\" \/>\n<meta property=\"og:type\" content=\"article\" \/>\n<meta property=\"og:title\" content=\"HISTOIRE - COSTA RICA - Abc-latina\" \/>\n<meta property=\"og:description\" content=\"Les faits historiques du Costa Rica.\" \/>\n<meta property=\"og:url\" content=\"https:\/\/abc-latina.com\/costarica\/histoire\/\" \/>\n<meta property=\"og:site_name\" content=\"Abc-latina\" \/>\n<meta property=\"article:modified_time\" content=\"2026-04-30T16:25:00+00:00\" \/>\n<meta name=\"twitter:card\" content=\"summary_large_image\" \/>\n<meta name=\"twitter:label1\" content=\"Dur\u00e9e de lecture estim\u00e9e\" \/>\n\t<meta name=\"twitter:data1\" content=\"3 minutes\" \/>\n<script type=\"application\/ld+json\" class=\"yoast-schema-graph\">{\"@context\":\"https:\\\/\\\/schema.org\",\"@graph\":[{\"@type\":\"WebPage\",\"@id\":\"https:\\\/\\\/abc-latina.com\\\/costarica\\\/histoire\\\/\",\"url\":\"https:\\\/\\\/abc-latina.com\\\/costarica\\\/histoire\\\/\",\"name\":\"HISTOIRE - COSTA RICA - Abc-latina\",\"isPartOf\":{\"@id\":\"https:\\\/\\\/abc-latina.com\\\/#website\"},\"datePublished\":\"2010-06-16T03:03:43+00:00\",\"dateModified\":\"2026-04-30T16:25:00+00:00\",\"description\":\"Les faits historiques du Costa Rica.\",\"breadcrumb\":{\"@id\":\"https:\\\/\\\/abc-latina.com\\\/costarica\\\/histoire\\\/#breadcrumb\"},\"inLanguage\":\"fr-FR\",\"potentialAction\":[{\"@type\":\"ReadAction\",\"target\":[\"https:\\\/\\\/abc-latina.com\\\/costarica\\\/histoire\\\/\"]}]},{\"@type\":\"BreadcrumbList\",\"@id\":\"https:\\\/\\\/abc-latina.com\\\/costarica\\\/histoire\\\/#breadcrumb\",\"itemListElement\":[{\"@type\":\"ListItem\",\"position\":1,\"name\":\"Accueil\",\"item\":\"https:\\\/\\\/abc-latina.com\\\/\"},{\"@type\":\"ListItem\",\"position\":2,\"name\":\"HISTOIRE &#8211; COSTA RICA\"}]},{\"@type\":\"WebSite\",\"@id\":\"https:\\\/\\\/abc-latina.com\\\/#website\",\"url\":\"https:\\\/\\\/abc-latina.com\\\/\",\"name\":\"Abc-latina\",\"description\":\"\",\"publisher\":{\"@id\":\"https:\\\/\\\/abc-latina.com\\\/#organization\"},\"potentialAction\":[{\"@type\":\"SearchAction\",\"target\":{\"@type\":\"EntryPoint\",\"urlTemplate\":\"https:\\\/\\\/abc-latina.com\\\/?s={search_term_string}\"},\"query-input\":{\"@type\":\"PropertyValueSpecification\",\"valueRequired\":true,\"valueName\":\"search_term_string\"}}],\"inLanguage\":\"fr-FR\"},{\"@type\":\"Organization\",\"@id\":\"https:\\\/\\\/abc-latina.com\\\/#organization\",\"name\":\"Abc-latina\",\"url\":\"https:\\\/\\\/abc-latina.com\\\/\",\"logo\":{\"@type\":\"ImageObject\",\"inLanguage\":\"fr-FR\",\"@id\":\"https:\\\/\\\/abc-latina.com\\\/#\\\/schema\\\/logo\\\/image\\\/\",\"url\":\"https:\\\/\\\/abc-latina.com\\\/wp-content\\\/uploads\\\/2026\\\/05\\\/cropped-logo.gif\",\"contentUrl\":\"https:\\\/\\\/abc-latina.com\\\/wp-content\\\/uploads\\\/2026\\\/05\\\/cropped-logo.gif\",\"width\":89,\"height\":84,\"caption\":\"Abc-latina\"},\"image\":{\"@id\":\"https:\\\/\\\/abc-latina.com\\\/#\\\/schema\\\/logo\\\/image\\\/\"}}]}<\/script>\n<!-- \/ Yoast SEO plugin. -->","yoast_head_json":{"title":"HISTOIRE - COSTA RICA - Abc-latina","description":"Les faits historiques du Costa Rica.","robots":{"index":"index","follow":"follow","max-snippet":"max-snippet:-1","max-image-preview":"max-image-preview:large","max-video-preview":"max-video-preview:-1"},"canonical":"https:\/\/abc-latina.com\/costarica\/histoire\/","og_locale":"fr_FR","og_type":"article","og_title":"HISTOIRE - COSTA RICA - Abc-latina","og_description":"Les faits historiques du Costa Rica.","og_url":"https:\/\/abc-latina.com\/costarica\/histoire\/","og_site_name":"Abc-latina","article_modified_time":"2026-04-30T16:25:00+00:00","twitter_card":"summary_large_image","twitter_misc":{"Dur\u00e9e de lecture estim\u00e9e":"3 minutes"},"schema":{"@context":"https:\/\/schema.org","@graph":[{"@type":"WebPage","@id":"https:\/\/abc-latina.com\/costarica\/histoire\/","url":"https:\/\/abc-latina.com\/costarica\/histoire\/","name":"HISTOIRE - COSTA RICA - Abc-latina","isPartOf":{"@id":"https:\/\/abc-latina.com\/#website"},"datePublished":"2010-06-16T03:03:43+00:00","dateModified":"2026-04-30T16:25:00+00:00","description":"Les faits historiques du Costa Rica.","breadcrumb":{"@id":"https:\/\/abc-latina.com\/costarica\/histoire\/#breadcrumb"},"inLanguage":"fr-FR","potentialAction":[{"@type":"ReadAction","target":["https:\/\/abc-latina.com\/costarica\/histoire\/"]}]},{"@type":"BreadcrumbList","@id":"https:\/\/abc-latina.com\/costarica\/histoire\/#breadcrumb","itemListElement":[{"@type":"ListItem","position":1,"name":"Accueil","item":"https:\/\/abc-latina.com\/"},{"@type":"ListItem","position":2,"name":"HISTOIRE &#8211; COSTA RICA"}]},{"@type":"WebSite","@id":"https:\/\/abc-latina.com\/#website","url":"https:\/\/abc-latina.com\/","name":"Abc-latina","description":"","publisher":{"@id":"https:\/\/abc-latina.com\/#organization"},"potentialAction":[{"@type":"SearchAction","target":{"@type":"EntryPoint","urlTemplate":"https:\/\/abc-latina.com\/?s={search_term_string}"},"query-input":{"@type":"PropertyValueSpecification","valueRequired":true,"valueName":"search_term_string"}}],"inLanguage":"fr-FR"},{"@type":"Organization","@id":"https:\/\/abc-latina.com\/#organization","name":"Abc-latina","url":"https:\/\/abc-latina.com\/","logo":{"@type":"ImageObject","inLanguage":"fr-FR","@id":"https:\/\/abc-latina.com\/#\/schema\/logo\/image\/","url":"https:\/\/abc-latina.com\/wp-content\/uploads\/2026\/05\/cropped-logo.gif","contentUrl":"https:\/\/abc-latina.com\/wp-content\/uploads\/2026\/05\/cropped-logo.gif","width":89,"height":84,"caption":"Abc-latina"},"image":{"@id":"https:\/\/abc-latina.com\/#\/schema\/logo\/image\/"}}]}},"_links":{"self":[{"href":"https:\/\/abc-latina.com\/wp-json\/wp\/v2\/pages\/1300","targetHints":{"allow":["GET"]}}],"collection":[{"href":"https:\/\/abc-latina.com\/wp-json\/wp\/v2\/pages"}],"about":[{"href":"https:\/\/abc-latina.com\/wp-json\/wp\/v2\/types\/page"}],"author":[{"embeddable":true,"href":"https:\/\/abc-latina.com\/wp-json\/wp\/v2\/users\/3"}],"replies":[{"embeddable":true,"href":"https:\/\/abc-latina.com\/wp-json\/wp\/v2\/comments?post=1300"}],"version-history":[{"count":1,"href":"https:\/\/abc-latina.com\/wp-json\/wp\/v2\/pages\/1300\/revisions"}],"predecessor-version":[{"id":3377,"href":"https:\/\/abc-latina.com\/wp-json\/wp\/v2\/pages\/1300\/revisions\/3377"}],"up":[{"embeddable":true,"href":"https:\/\/abc-latina.com\/wp-json\/wp\/v2\/pages\/2300"}],"wp:attachment":[{"href":"https:\/\/abc-latina.com\/wp-json\/wp\/v2\/media?parent=1300"}],"curies":[{"name":"wp","href":"https:\/\/api.w.org\/{rel}","templated":true}]}}