{"id":1333,"date":"2010-06-17T00:26:14","date_gmt":"2010-06-16T22:26:14","guid":{"rendered":"http:\/\/abc-latina.com\/histoire-htm-8\/"},"modified":"2026-04-30T18:25:02","modified_gmt":"2026-04-30T16:25:02","slug":"histoire","status":"publish","type":"page","link":"https:\/\/abc-latina.com\/cuba\/histoire\/","title":{"rendered":"HISTOIRE &#8211; CUBA"},"content":{"rendered":"<h2 style=\"text-align: center;\">Les principales dates de l&rsquo;histoire cubaine&nbsp;<\/h2>\n<div>&nbsp;<\/div>\n<div>L&rsquo;\u00eele de Cuba a \u00e9t\u00e9 &laquo; d\u00e9couverte &raquo; lors du premier voyage de Christophe Colomb en 1492.<\/div>\n<div>&nbsp;<\/div>\n<div>De 1492 \u00e0 1898, Cuba a \u00e9t\u00e9 une possession espagnole.<\/div>\n<div>&nbsp;<\/div>\n<div>Il y eut deux guerres d&rsquo;ind\u00e9pendance, la premi\u00e8re de 1868 \u00e0 1878 \u00e9choua, la deuxi\u00e8me (\u00e0 partir de 1895) s&rsquo;acheva par l&rsquo;entr\u00e9e en guerre des \u00c9tats-Unis contre l&rsquo;Espagne en 1898. Jos\u00e9 Mart\u00ed est l&rsquo;un des h\u00e9ros les plus connu de cette seconde guerre.<\/div>\n<div>&nbsp;<\/div>\n<div>Le 15 f\u00e9vrier 1898, un vaisseau de la marine am\u00e9ricaine qui se trouvait dans le port de La Havane, explosa dans des circontances encore non \u00e9claircies. Les \u00c9tats-Unis d\u00e9cid\u00e8rent d&rsquo;intervenir dans le conflit et d&rsquo;attaquer les Espagnols \u00e0 Cuba, \u00e0 ce moment, les r\u00e9volutionnaires Cubains \u00e9taient proche de la victoire. L&rsquo;Espagne avait envoy\u00e9 un million d&rsquo;hommes, mais seuls 200 000 retourn\u00e8rent en Europe (d\u00e9c\u00e8s par maladie, morts au combats, conditions de vie meilleure \u00e0 Cuba, etc). Les troupes am\u00e9ricaines occup\u00e8rent ainsi l&rsquo;\u00eele entre 1898 et 1902. Le Trait\u00e9 de Paris mettra fin au conflit : l&rsquo;Espagne c\u00e8de Cuba, Porto Rico, Guam et les Philippines aux \u00c9tats-Unis.<\/div>\n<div>&nbsp;<\/div>\n<div>Quatre ans plus tard, le 20 mai 1902, les Am\u00e9ricains accord\u00e8rent l&rsquo;ind\u00e9pendance \u00e0 Cuba. Toutefois, ils firent ins\u00e9rer l&rsquo;amendement Platt dans la constititution. Cette disposition permettait aux soldats am\u00e9ricains d&rsquo;intervenir \u00e0 Cuba, chaque fois qu&rsquo;ils le jugeaient n\u00e9c\u00e9ssaire pour la stabilit\u00e9 de l&rsquo;\u00eele.<\/div>\n<div>&nbsp;<\/div>\n<div>Cuba continuera depuis \u00e0 \u00eatre sous la d\u00e9pendance de Washington jusqu&rsquo;\u00e0 la r\u00e9volution de Castro, et les dictateurs recevront \u00e0 plusieurs reprises le soutien des \u00c9tats-Unis. Les troupes am\u00e9ricaines quitteront l&rsquo;\u00eele le 28 janvier 1909, mais les Am\u00e9ricains garderont le contr\u00f4le de Guantanamo (toujours occup\u00e9e par les \u00c9tats-Unis en 2003).<\/div>\n<div>&nbsp;<\/div>\n<div>En 1933 une r\u00e9volution \u00e9clata, Ram\u00f3n Grau San Mart\u00edn devint pr\u00e9sident pendant quelques temps. Le sergent Fulgencio Batista qui avait particip\u00e9 au coup d&rsquo;\u00c9tat de 1933 devint officiellement, apr\u00e8s un certain temps le chef de l&rsquo;\u00c9tat. Il remporta les \u00e9lections de 1940, que de nombreuses personnes consid\u00e8r\u00e9rent comme truqu\u00e9es. Ram\u00f3n Grau San Mart\u00edn gagna les \u00e9lections pr\u00e9sidentielles de 1944.<\/div>\n<div>&nbsp;<\/div>\n<div>Carlos Prio Socarras fut \u00e9lu pr\u00e9sident, en 1948.<\/div>\n<div>&nbsp;<\/div>\n<div>Le 10 mars 1952, Fulgencio Batista mena un nouveau coup d&rsquo;\u00e9tat. Il se proclama pr\u00e9sident et suspendit la constitution. Son mandat fut renouvel\u00e9 en 1954 au terme d&rsquo;\u00e9lections truqu\u00e9es. Il renfor\u00e7a sa dictature.<\/div>\n<div>&nbsp;<\/div>\n<div>En 1959, Fidel Castro mena une r\u00e9volution et parvint \u00e0 \u00e9liminer le dictateur Fulgencio Batista. Depuis 1959, Castro reste \u00e0 la t\u00eate de l&rsquo;\u00e9tat (2003).<\/div>\n<div>&nbsp;<\/div>\n<div>Entre le 17 et le 21 avril 1961, 1500 cubains r\u00e9fugi\u00e9s aux \u00c9tats-Unis, entra\u00een\u00e9s et pay\u00e9s par la CIA tent\u00e8rent d&rsquo;envahir l&rsquo;\u00eele sans succ\u00e8s en d\u00e9barquant \u00e0 la Baie des cochons.<\/div>\n<div>&nbsp;<\/div>\n<div>Depuis 1962, Cuba est sous embargo des USA (2003).<\/div>\n","protected":false},"excerpt":{"rendered":"<p>Les principales dates de l&rsquo;histoire cubaine&nbsp; &nbsp; L&rsquo;\u00eele de Cuba a \u00e9t\u00e9 &laquo; d\u00e9couverte &raquo; lors du premier voyage de [&hellip;]<\/p>\n","protected":false},"author":3,"featured_media":0,"parent":2302,"menu_order":0,"comment_status":"closed","ping_status":"closed","template":"","meta":{"site-sidebar-layout":"default","site-content-layout":"","ast-site-content-layout":"default","site-content-style":"default","site-sidebar-style":"default","ast-global-header-display":"","ast-banner-title-visibility":"","ast-main-header-display":"","ast-hfb-above-header-display":"","ast-hfb-below-header-display":"","ast-hfb-mobile-header-display":"","site-post-title":"","ast-breadcrumbs-content":"","ast-featured-img":"","footer-sml-layout":"","ast-disable-related-posts":"","theme-transparent-header-meta":"","adv-header-id-meta":"","stick-header-meta":"","header-above-stick-meta":"","header-main-stick-meta":"","header-below-stick-meta":"","astra-migrate-meta-layouts":"default","ast-page-background-enabled":"default","ast-page-background-meta":{"desktop":{"background-color":"var(--ast-global-color-5)","background-image":"","background-repeat":"repeat","background-position":"center center","background-size":"auto","background-attachment":"scroll","background-type":"","background-media":"","overlay-type":"","overlay-color":"","overlay-opacity":"","overlay-gradient":""},"tablet":{"background-color":"","background-image":"","background-repeat":"repeat","background-position":"center center","background-size":"auto","background-attachment":"scroll","background-type":"","background-media":"","overlay-type":"","overlay-color":"","overlay-opacity":"","overlay-gradient":""},"mobile":{"background-color":"","background-image":"","background-repeat":"repeat","background-position":"center center","background-size":"auto","background-attachment":"scroll","background-type":"","background-media":"","overlay-type":"","overlay-color":"","overlay-opacity":"","overlay-gradient":""}},"ast-content-background-meta":{"desktop":{"background-color":"var(--ast-global-color-4)","background-image":"","background-repeat":"repeat","background-position":"center center","background-size":"auto","background-attachment":"scroll","background-type":"","background-media":"","overlay-type":"","overlay-color":"","overlay-opacity":"","overlay-gradient":""},"tablet":{"background-color":"var(--ast-global-color-4)","background-image":"","background-repeat":"repeat","background-position":"center center","background-size":"auto","background-attachment":"scroll","background-type":"","background-media":"","overlay-type":"","overlay-color":"","overlay-opacity":"","overlay-gradient":""},"mobile":{"background-color":"var(--ast-global-color-4)","background-image":"","background-repeat":"repeat","background-position":"center center","background-size":"auto","background-attachment":"scroll","background-type":"","background-media":"","overlay-type":"","overlay-color":"","overlay-opacity":"","overlay-gradient":""}},"footnotes":""},"class_list":["post-1333","page","type-page","status-publish","hentry"],"yoast_head":"<!-- This site is optimized with the Yoast SEO plugin v27.5 - https:\/\/yoast.com\/product\/yoast-seo-wordpress\/ -->\n<title>HISTOIRE - CUBA - Abc-latina<\/title>\n<meta name=\"description\" content=\"Les principales dates de l&#039;histoire cubaine.\" \/>\n<meta name=\"robots\" content=\"index, follow, max-snippet:-1, max-image-preview:large, max-video-preview:-1\" \/>\n<link rel=\"canonical\" href=\"https:\/\/abc-latina.com\/cuba\/histoire\/\" \/>\n<meta property=\"og:locale\" content=\"fr_FR\" \/>\n<meta property=\"og:type\" content=\"article\" \/>\n<meta property=\"og:title\" content=\"HISTOIRE - CUBA - Abc-latina\" \/>\n<meta property=\"og:description\" content=\"Les principales dates de l&#039;histoire cubaine.\" \/>\n<meta property=\"og:url\" content=\"https:\/\/abc-latina.com\/cuba\/histoire\/\" \/>\n<meta property=\"og:site_name\" content=\"Abc-latina\" \/>\n<meta property=\"article:modified_time\" content=\"2026-04-30T16:25:02+00:00\" \/>\n<meta name=\"twitter:card\" content=\"summary_large_image\" \/>\n<meta name=\"twitter:label1\" content=\"Dur\u00e9e de lecture estim\u00e9e\" \/>\n\t<meta name=\"twitter:data1\" content=\"2 minutes\" \/>\n<script type=\"application\/ld+json\" class=\"yoast-schema-graph\">{\"@context\":\"https:\\\/\\\/schema.org\",\"@graph\":[{\"@type\":\"WebPage\",\"@id\":\"https:\\\/\\\/abc-latina.com\\\/cuba\\\/histoire\\\/\",\"url\":\"https:\\\/\\\/abc-latina.com\\\/cuba\\\/histoire\\\/\",\"name\":\"HISTOIRE - CUBA - Abc-latina\",\"isPartOf\":{\"@id\":\"https:\\\/\\\/abc-latina.com\\\/#website\"},\"datePublished\":\"2010-06-16T22:26:14+00:00\",\"dateModified\":\"2026-04-30T16:25:02+00:00\",\"description\":\"Les principales dates de l'histoire cubaine.\",\"breadcrumb\":{\"@id\":\"https:\\\/\\\/abc-latina.com\\\/cuba\\\/histoire\\\/#breadcrumb\"},\"inLanguage\":\"fr-FR\",\"potentialAction\":[{\"@type\":\"ReadAction\",\"target\":[\"https:\\\/\\\/abc-latina.com\\\/cuba\\\/histoire\\\/\"]}]},{\"@type\":\"BreadcrumbList\",\"@id\":\"https:\\\/\\\/abc-latina.com\\\/cuba\\\/histoire\\\/#breadcrumb\",\"itemListElement\":[{\"@type\":\"ListItem\",\"position\":1,\"name\":\"Accueil\",\"item\":\"https:\\\/\\\/abc-latina.com\\\/\"},{\"@type\":\"ListItem\",\"position\":2,\"name\":\"HISTOIRE &#8211; CUBA\"}]},{\"@type\":\"WebSite\",\"@id\":\"https:\\\/\\\/abc-latina.com\\\/#website\",\"url\":\"https:\\\/\\\/abc-latina.com\\\/\",\"name\":\"Abc-latina\",\"description\":\"\",\"publisher\":{\"@id\":\"https:\\\/\\\/abc-latina.com\\\/#organization\"},\"potentialAction\":[{\"@type\":\"SearchAction\",\"target\":{\"@type\":\"EntryPoint\",\"urlTemplate\":\"https:\\\/\\\/abc-latina.com\\\/?s={search_term_string}\"},\"query-input\":{\"@type\":\"PropertyValueSpecification\",\"valueRequired\":true,\"valueName\":\"search_term_string\"}}],\"inLanguage\":\"fr-FR\"},{\"@type\":\"Organization\",\"@id\":\"https:\\\/\\\/abc-latina.com\\\/#organization\",\"name\":\"Abc-latina\",\"url\":\"https:\\\/\\\/abc-latina.com\\\/\",\"logo\":{\"@type\":\"ImageObject\",\"inLanguage\":\"fr-FR\",\"@id\":\"https:\\\/\\\/abc-latina.com\\\/#\\\/schema\\\/logo\\\/image\\\/\",\"url\":\"https:\\\/\\\/abc-latina.com\\\/wp-content\\\/uploads\\\/2026\\\/05\\\/cropped-logo.gif\",\"contentUrl\":\"https:\\\/\\\/abc-latina.com\\\/wp-content\\\/uploads\\\/2026\\\/05\\\/cropped-logo.gif\",\"width\":89,\"height\":84,\"caption\":\"Abc-latina\"},\"image\":{\"@id\":\"https:\\\/\\\/abc-latina.com\\\/#\\\/schema\\\/logo\\\/image\\\/\"}}]}<\/script>\n<!-- \/ Yoast SEO plugin. -->","yoast_head_json":{"title":"HISTOIRE - CUBA - Abc-latina","description":"Les principales dates de l'histoire cubaine.","robots":{"index":"index","follow":"follow","max-snippet":"max-snippet:-1","max-image-preview":"max-image-preview:large","max-video-preview":"max-video-preview:-1"},"canonical":"https:\/\/abc-latina.com\/cuba\/histoire\/","og_locale":"fr_FR","og_type":"article","og_title":"HISTOIRE - CUBA - Abc-latina","og_description":"Les principales dates de l'histoire cubaine.","og_url":"https:\/\/abc-latina.com\/cuba\/histoire\/","og_site_name":"Abc-latina","article_modified_time":"2026-04-30T16:25:02+00:00","twitter_card":"summary_large_image","twitter_misc":{"Dur\u00e9e de lecture estim\u00e9e":"2 minutes"},"schema":{"@context":"https:\/\/schema.org","@graph":[{"@type":"WebPage","@id":"https:\/\/abc-latina.com\/cuba\/histoire\/","url":"https:\/\/abc-latina.com\/cuba\/histoire\/","name":"HISTOIRE - CUBA - Abc-latina","isPartOf":{"@id":"https:\/\/abc-latina.com\/#website"},"datePublished":"2010-06-16T22:26:14+00:00","dateModified":"2026-04-30T16:25:02+00:00","description":"Les principales dates de l'histoire cubaine.","breadcrumb":{"@id":"https:\/\/abc-latina.com\/cuba\/histoire\/#breadcrumb"},"inLanguage":"fr-FR","potentialAction":[{"@type":"ReadAction","target":["https:\/\/abc-latina.com\/cuba\/histoire\/"]}]},{"@type":"BreadcrumbList","@id":"https:\/\/abc-latina.com\/cuba\/histoire\/#breadcrumb","itemListElement":[{"@type":"ListItem","position":1,"name":"Accueil","item":"https:\/\/abc-latina.com\/"},{"@type":"ListItem","position":2,"name":"HISTOIRE &#8211; CUBA"}]},{"@type":"WebSite","@id":"https:\/\/abc-latina.com\/#website","url":"https:\/\/abc-latina.com\/","name":"Abc-latina","description":"","publisher":{"@id":"https:\/\/abc-latina.com\/#organization"},"potentialAction":[{"@type":"SearchAction","target":{"@type":"EntryPoint","urlTemplate":"https:\/\/abc-latina.com\/?s={search_term_string}"},"query-input":{"@type":"PropertyValueSpecification","valueRequired":true,"valueName":"search_term_string"}}],"inLanguage":"fr-FR"},{"@type":"Organization","@id":"https:\/\/abc-latina.com\/#organization","name":"Abc-latina","url":"https:\/\/abc-latina.com\/","logo":{"@type":"ImageObject","inLanguage":"fr-FR","@id":"https:\/\/abc-latina.com\/#\/schema\/logo\/image\/","url":"https:\/\/abc-latina.com\/wp-content\/uploads\/2026\/05\/cropped-logo.gif","contentUrl":"https:\/\/abc-latina.com\/wp-content\/uploads\/2026\/05\/cropped-logo.gif","width":89,"height":84,"caption":"Abc-latina"},"image":{"@id":"https:\/\/abc-latina.com\/#\/schema\/logo\/image\/"}}]}},"_links":{"self":[{"href":"https:\/\/abc-latina.com\/wp-json\/wp\/v2\/pages\/1333","targetHints":{"allow":["GET"]}}],"collection":[{"href":"https:\/\/abc-latina.com\/wp-json\/wp\/v2\/pages"}],"about":[{"href":"https:\/\/abc-latina.com\/wp-json\/wp\/v2\/types\/page"}],"author":[{"embeddable":true,"href":"https:\/\/abc-latina.com\/wp-json\/wp\/v2\/users\/3"}],"replies":[{"embeddable":true,"href":"https:\/\/abc-latina.com\/wp-json\/wp\/v2\/comments?post=1333"}],"version-history":[{"count":1,"href":"https:\/\/abc-latina.com\/wp-json\/wp\/v2\/pages\/1333\/revisions"}],"predecessor-version":[{"id":3414,"href":"https:\/\/abc-latina.com\/wp-json\/wp\/v2\/pages\/1333\/revisions\/3414"}],"up":[{"embeddable":true,"href":"https:\/\/abc-latina.com\/wp-json\/wp\/v2\/pages\/2302"}],"wp:attachment":[{"href":"https:\/\/abc-latina.com\/wp-json\/wp\/v2\/media?parent=1333"}],"curies":[{"name":"wp","href":"https:\/\/api.w.org\/{rel}","templated":true}]}}