{"id":1398,"date":"2010-07-17T01:09:27","date_gmt":"2010-07-16T23:09:27","guid":{"rendered":"http:\/\/abc-latina.com\/tourisme-htm-10\/"},"modified":"2026-04-30T18:25:04","modified_gmt":"2026-04-30T16:25:04","slug":"tourisme","status":"publish","type":"page","link":"https:\/\/abc-latina.com\/equateur\/tourisme\/","title":{"rendered":"TOURISME &#038; VOYAGE en EQUATEUR"},"content":{"rendered":"<p><a href=\"https:\/\/www.abc-latina.com\/equateur\/photos\"><img loading=\"lazy\" decoding=\"async\" class=\" alignright size-full wp-image-1397\" style=\"margin: 5px 22px; float: right;\" src=\"http:\/\/abc-latina.com\/wp-content\/uploads\/2010\/07\/personne.jpg\" alt=\"\" width=\"142\" height=\"325\" srcset=\"https:\/\/abc-latina.com\/wp-content\/uploads\/2010\/07\/personne.jpg 142w, https:\/\/abc-latina.com\/wp-content\/uploads\/2010\/07\/personne-131x300.jpg 131w\" sizes=\"auto, (max-width: 142px) 100vw, 142px\" \/><\/a>Pays d&rsquo;une grande diversit\u00e9 g\u00e9ographique, l&rsquo;<span class=\"tourisme-chapitre\">Equateur<\/span>, petit pays coinc\u00e9 entre la Colombie et le P\u00e9rou, poss\u00e8de des paysages grandioses, o\u00f9 les volcans \u00e9lev\u00e9s, camp\u00e9s le long de deux cordill\u00e8res forment l&rsquo;\u00e9pine dorsale du pays. Parmi eux le plus connu est le Cotopaxi qui avec ses 5.897 m\u00e8tres est le volcan le plus haut du monde en activit\u00e9.<\/p>\n<div>Les superbes villes coloniales de Quito (la capitale) et de Cuenca, t\u00e9moignent de l&rsquo;\u00e8re de la colonisation espagnole.<\/div>\n<div>Une immense for\u00eat luxuriante qui couvre la myst\u00e9rieuse Amazonie et semble s&rsquo;\u00e9tendre \u00e0 l&rsquo;infini.<\/div>\n<div>De nombreux et pittoresques petits villages am\u00e9rindiens qui, perch\u00e9s dans la cordill\u00e8re des Andes, semblent s&rsquo;\u00eatre fig\u00e9s dans une autre \u00e9poque, et o\u00f9 la culture et les traditions continuent de vivre gr\u00e2ce \u00e0 ses chaleureux habitants et \u00e0 ses march\u00e9s pittoresques comme, par exemple, celui d&rsquo;Otavalo.<\/div>\n<div>Et, bien s\u00fbr, le magnifique monde insulaire des \u00eeles Gal\u00e1pagos, riches d&rsquo;une faune et d&rsquo;une flore unique.<\/div>\n<div>Laissez vous guider et visitez pour l&rsquo;instant de fa\u00e7on virtuelle l&rsquo;Equateur, avant d&rsquo;y entreprendre un prochain voyage &hellip;<\/div>\n<div>&nbsp;<\/div>\n<h3><a target=\"_blank\" href=\"tour_operateur\"><img loading=\"lazy\" decoding=\"async\" class=\" size-full wp-image-41\" src=\"http:\/\/abc-latina.com\/wp-content\/uploads\/2010\/04\/timbre_to.gif\" class=\"touroperateur\" alt=\"\" width=\"125\" height=\"90\" \/><\/a>Les sites equatoriens class\u00e9s au patrimoine de l&rsquo;UNESCO:<\/h3>\n<div>Iles Galapagos &#8211; 1978 &#8211; 2001<\/div>\n<div>Ville de Quito &#8211; 1978<\/div>\n<div>Parc national Sangay &#8211; 1983<\/div>\n<div>Centre historique de Santa Ana de los R\u00edos de Cuenca &#8211; 1999<a target=\"_blank\" href=\"http:\/\/voyage.abc-latina.com\/voyage_equateur\/equateur.php\"><span class=\"sejour-circuit\"><br \/><\/span><\/a><\/div>\n<p>&nbsp;<\/p>\n<h3>Pr\u00e9parez votre voyage en Equateur:<\/h3>\n<div><a href=\"https:\/\/www.abc-latina.com\/equateur\/agence_de_voyages\">Agences de voyage g\u00e9n\u00e9ralistes et discounteurs<\/a><\/div>\n<div><a href=\"https:\/\/www.abc-latina.com\/equateur\/tour_operateur\">Tours Op\u00e9rateurs sp\u00e9cialistes de l&rsquo;Equateur<\/a><\/div>\n<div><a target=\"_blank\" href=\"https:\/\/www.abc-latina.com\/to\/reservation_billet_avion\">R\u00e9servez votre billet d&rsquo;avion<\/a><\/div>\n<div><a href=\"https:\/\/www.abc-latina.com\/equateur\/hotels\">R\u00e9servez votre h\u00f4tel en Equateur<\/a>&nbsp;<\/div>\n<div><a target=\"_blank\" href=\"https:\/\/www.abc-latina.com\/to\/location_de_voiture_equateur\">Location de voiture<\/a><\/div>\n<p>&nbsp;<\/p>\n<h2><strong>EQUATEUR &hellip; A SAVOIR<\/strong><\/h2>\n<p>C&rsquo;est en 1910 que fut ouverte entre Quito et Guayaquil, la premi\u00e8re ligne ferroviaire d&rsquo;Equateur. Le train r\u00e9duisit \u00e0 deux jours le temps de voyage alors qu&rsquo;auparavant il fallait neuf jours pour couvrir la distance en suivant les sentiers muletiers. Le train s&rsquo;est fray\u00e9 une voie dans &laquo; l&rsquo;avenue des volcans &raquo; entre Quito et Riobamba et d&rsquo;Otavalo \u00e0 Ibarra.<br \/>Mais le parcours le plus impressionnant est celui qui conduit d&rsquo;Ibarra \u00e0 San Lorenzo, en empruntant la seule voie reliant ces deux mondes physiquement et culturellement distincts que sont la Sierra et les terres c\u00f4ti\u00e8res.<br \/>&nbsp;<\/p>\n","protected":false},"excerpt":{"rendered":"<p>Pays d&rsquo;une grande diversit\u00e9 g\u00e9ographique, l&rsquo;Equateur, petit pays coinc\u00e9 entre la Colombie et le P\u00e9rou, poss\u00e8de des paysages grandioses, o\u00f9 [&hellip;]<\/p>\n","protected":false},"author":3,"featured_media":1397,"parent":2303,"menu_order":0,"comment_status":"closed","ping_status":"closed","template":"","meta":{"site-sidebar-layout":"default","site-content-layout":"","ast-site-content-layout":"default","site-content-style":"default","site-sidebar-style":"default","ast-global-header-display":"","ast-banner-title-visibility":"","ast-main-header-display":"","ast-hfb-above-header-display":"","ast-hfb-below-header-display":"","ast-hfb-mobile-header-display":"","site-post-title":"","ast-breadcrumbs-content":"","ast-featured-img":"","footer-sml-layout":"","ast-disable-related-posts":"","theme-transparent-header-meta":"","adv-header-id-meta":"","stick-header-meta":"","header-above-stick-meta":"","header-main-stick-meta":"","header-below-stick-meta":"","astra-migrate-meta-layouts":"default","ast-page-background-enabled":"default","ast-page-background-meta":{"desktop":{"background-color":"var(--ast-global-color-5)","background-image":"","background-repeat":"repeat","background-position":"center center","background-size":"auto","background-attachment":"scroll","background-type":"","background-media":"","overlay-type":"","overlay-color":"","overlay-opacity":"","overlay-gradient":""},"tablet":{"background-color":"","background-image":"","background-repeat":"repeat","background-position":"center center","background-size":"auto","background-attachment":"scroll","background-type":"","background-media":"","overlay-type":"","overlay-color":"","overlay-opacity":"","overlay-gradient":""},"mobile":{"background-color":"","background-image":"","background-repeat":"repeat","background-position":"center center","background-size":"auto","background-attachment":"scroll","background-type":"","background-media":"","overlay-type":"","overlay-color":"","overlay-opacity":"","overlay-gradient":""}},"ast-content-background-meta":{"desktop":{"background-color":"var(--ast-global-color-4)","background-image":"","background-repeat":"repeat","background-position":"center center","background-size":"auto","background-attachment":"scroll","background-type":"","background-media":"","overlay-type":"","overlay-color":"","overlay-opacity":"","overlay-gradient":""},"tablet":{"background-color":"var(--ast-global-color-4)","background-image":"","background-repeat":"repeat","background-position":"center center","background-size":"auto","background-attachment":"scroll","background-type":"","background-media":"","overlay-type":"","overlay-color":"","overlay-opacity":"","overlay-gradient":""},"mobile":{"background-color":"var(--ast-global-color-4)","background-image":"","background-repeat":"repeat","background-position":"center center","background-size":"auto","background-attachment":"scroll","background-type":"","background-media":"","overlay-type":"","overlay-color":"","overlay-opacity":"","overlay-gradient":""}},"footnotes":""},"class_list":["post-1398","page","type-page","status-publish","has-post-thumbnail","hentry"],"yoast_head":"<!-- This site is optimized with the Yoast SEO plugin v27.5 - https:\/\/yoast.com\/product\/yoast-seo-wordpress\/ -->\n<title>TOURISME &amp; VOYAGE en EQUATEUR - Abc-latina<\/title>\n<meta name=\"description\" content=\"Voyage et tourisme en Equateur. Pr\u00e9parez votre voyage en Equateur.\" \/>\n<meta name=\"robots\" content=\"index, follow, max-snippet:-1, max-image-preview:large, max-video-preview:-1\" \/>\n<link rel=\"canonical\" href=\"https:\/\/abc-latina.com\/equateur\/tourisme\/\" \/>\n<meta property=\"og:locale\" content=\"fr_FR\" \/>\n<meta property=\"og:type\" content=\"article\" \/>\n<meta property=\"og:title\" content=\"TOURISME &amp; VOYAGE en EQUATEUR - Abc-latina\" \/>\n<meta property=\"og:description\" content=\"Voyage et tourisme en Equateur. Pr\u00e9parez votre voyage en Equateur.\" \/>\n<meta property=\"og:url\" content=\"https:\/\/abc-latina.com\/equateur\/tourisme\/\" \/>\n<meta property=\"og:site_name\" content=\"Abc-latina\" \/>\n<meta property=\"article:modified_time\" content=\"2026-04-30T16:25:04+00:00\" \/>\n<meta property=\"og:image\" content=\"https:\/\/abc-latina.com\/wp-content\/uploads\/2010\/07\/personne.jpg\" \/>\n\t<meta property=\"og:image:width\" content=\"142\" \/>\n\t<meta property=\"og:image:height\" content=\"325\" \/>\n\t<meta property=\"og:image:type\" content=\"image\/jpeg\" \/>\n<meta name=\"twitter:card\" content=\"summary_large_image\" \/>\n<meta name=\"twitter:label1\" content=\"Dur\u00e9e de lecture estim\u00e9e\" \/>\n\t<meta name=\"twitter:data1\" content=\"2 minutes\" \/>\n<script type=\"application\/ld+json\" class=\"yoast-schema-graph\">{\"@context\":\"https:\\\/\\\/schema.org\",\"@graph\":[{\"@type\":\"WebPage\",\"@id\":\"https:\\\/\\\/abc-latina.com\\\/equateur\\\/tourisme\\\/\",\"url\":\"https:\\\/\\\/abc-latina.com\\\/equateur\\\/tourisme\\\/\",\"name\":\"TOURISME & VOYAGE en EQUATEUR - Abc-latina\",\"isPartOf\":{\"@id\":\"https:\\\/\\\/abc-latina.com\\\/#website\"},\"primaryImageOfPage\":{\"@id\":\"https:\\\/\\\/abc-latina.com\\\/equateur\\\/tourisme\\\/#primaryimage\"},\"image\":{\"@id\":\"https:\\\/\\\/abc-latina.com\\\/equateur\\\/tourisme\\\/#primaryimage\"},\"thumbnailUrl\":\"https:\\\/\\\/abc-latina.com\\\/wp-content\\\/uploads\\\/2010\\\/07\\\/personne.jpg\",\"datePublished\":\"2010-07-16T23:09:27+00:00\",\"dateModified\":\"2026-04-30T16:25:04+00:00\",\"description\":\"Voyage et tourisme en Equateur. Pr\u00e9parez votre voyage en Equateur.\",\"breadcrumb\":{\"@id\":\"https:\\\/\\\/abc-latina.com\\\/equateur\\\/tourisme\\\/#breadcrumb\"},\"inLanguage\":\"fr-FR\",\"potentialAction\":[{\"@type\":\"ReadAction\",\"target\":[\"https:\\\/\\\/abc-latina.com\\\/equateur\\\/tourisme\\\/\"]}]},{\"@type\":\"ImageObject\",\"inLanguage\":\"fr-FR\",\"@id\":\"https:\\\/\\\/abc-latina.com\\\/equateur\\\/tourisme\\\/#primaryimage\",\"url\":\"https:\\\/\\\/abc-latina.com\\\/wp-content\\\/uploads\\\/2010\\\/07\\\/personne.jpg\",\"contentUrl\":\"https:\\\/\\\/abc-latina.com\\\/wp-content\\\/uploads\\\/2010\\\/07\\\/personne.jpg\",\"width\":142,\"height\":325},{\"@type\":\"BreadcrumbList\",\"@id\":\"https:\\\/\\\/abc-latina.com\\\/equateur\\\/tourisme\\\/#breadcrumb\",\"itemListElement\":[{\"@type\":\"ListItem\",\"position\":1,\"name\":\"Accueil\",\"item\":\"https:\\\/\\\/abc-latina.com\\\/\"},{\"@type\":\"ListItem\",\"position\":2,\"name\":\"TOURISME &#038; VOYAGE en EQUATEUR\"}]},{\"@type\":\"WebSite\",\"@id\":\"https:\\\/\\\/abc-latina.com\\\/#website\",\"url\":\"https:\\\/\\\/abc-latina.com\\\/\",\"name\":\"Abc-latina\",\"description\":\"\",\"publisher\":{\"@id\":\"https:\\\/\\\/abc-latina.com\\\/#organization\"},\"potentialAction\":[{\"@type\":\"SearchAction\",\"target\":{\"@type\":\"EntryPoint\",\"urlTemplate\":\"https:\\\/\\\/abc-latina.com\\\/?s={search_term_string}\"},\"query-input\":{\"@type\":\"PropertyValueSpecification\",\"valueRequired\":true,\"valueName\":\"search_term_string\"}}],\"inLanguage\":\"fr-FR\"},{\"@type\":\"Organization\",\"@id\":\"https:\\\/\\\/abc-latina.com\\\/#organization\",\"name\":\"Abc-latina\",\"url\":\"https:\\\/\\\/abc-latina.com\\\/\",\"logo\":{\"@type\":\"ImageObject\",\"inLanguage\":\"fr-FR\",\"@id\":\"https:\\\/\\\/abc-latina.com\\\/#\\\/schema\\\/logo\\\/image\\\/\",\"url\":\"https:\\\/\\\/abc-latina.com\\\/wp-content\\\/uploads\\\/2026\\\/05\\\/cropped-logo.gif\",\"contentUrl\":\"https:\\\/\\\/abc-latina.com\\\/wp-content\\\/uploads\\\/2026\\\/05\\\/cropped-logo.gif\",\"width\":89,\"height\":84,\"caption\":\"Abc-latina\"},\"image\":{\"@id\":\"https:\\\/\\\/abc-latina.com\\\/#\\\/schema\\\/logo\\\/image\\\/\"}}]}<\/script>\n<!-- \/ Yoast SEO plugin. -->","yoast_head_json":{"title":"TOURISME & VOYAGE en EQUATEUR - Abc-latina","description":"Voyage et tourisme en Equateur. Pr\u00e9parez votre voyage en Equateur.","robots":{"index":"index","follow":"follow","max-snippet":"max-snippet:-1","max-image-preview":"max-image-preview:large","max-video-preview":"max-video-preview:-1"},"canonical":"https:\/\/abc-latina.com\/equateur\/tourisme\/","og_locale":"fr_FR","og_type":"article","og_title":"TOURISME & VOYAGE en EQUATEUR - Abc-latina","og_description":"Voyage et tourisme en Equateur. Pr\u00e9parez votre voyage en Equateur.","og_url":"https:\/\/abc-latina.com\/equateur\/tourisme\/","og_site_name":"Abc-latina","article_modified_time":"2026-04-30T16:25:04+00:00","og_image":[{"width":142,"height":325,"url":"https:\/\/abc-latina.com\/wp-content\/uploads\/2010\/07\/personne.jpg","type":"image\/jpeg"}],"twitter_card":"summary_large_image","twitter_misc":{"Dur\u00e9e de lecture estim\u00e9e":"2 minutes"},"schema":{"@context":"https:\/\/schema.org","@graph":[{"@type":"WebPage","@id":"https:\/\/abc-latina.com\/equateur\/tourisme\/","url":"https:\/\/abc-latina.com\/equateur\/tourisme\/","name":"TOURISME & VOYAGE en EQUATEUR - Abc-latina","isPartOf":{"@id":"https:\/\/abc-latina.com\/#website"},"primaryImageOfPage":{"@id":"https:\/\/abc-latina.com\/equateur\/tourisme\/#primaryimage"},"image":{"@id":"https:\/\/abc-latina.com\/equateur\/tourisme\/#primaryimage"},"thumbnailUrl":"https:\/\/abc-latina.com\/wp-content\/uploads\/2010\/07\/personne.jpg","datePublished":"2010-07-16T23:09:27+00:00","dateModified":"2026-04-30T16:25:04+00:00","description":"Voyage et tourisme en Equateur. Pr\u00e9parez votre voyage en Equateur.","breadcrumb":{"@id":"https:\/\/abc-latina.com\/equateur\/tourisme\/#breadcrumb"},"inLanguage":"fr-FR","potentialAction":[{"@type":"ReadAction","target":["https:\/\/abc-latina.com\/equateur\/tourisme\/"]}]},{"@type":"ImageObject","inLanguage":"fr-FR","@id":"https:\/\/abc-latina.com\/equateur\/tourisme\/#primaryimage","url":"https:\/\/abc-latina.com\/wp-content\/uploads\/2010\/07\/personne.jpg","contentUrl":"https:\/\/abc-latina.com\/wp-content\/uploads\/2010\/07\/personne.jpg","width":142,"height":325},{"@type":"BreadcrumbList","@id":"https:\/\/abc-latina.com\/equateur\/tourisme\/#breadcrumb","itemListElement":[{"@type":"ListItem","position":1,"name":"Accueil","item":"https:\/\/abc-latina.com\/"},{"@type":"ListItem","position":2,"name":"TOURISME &#038; VOYAGE en EQUATEUR"}]},{"@type":"WebSite","@id":"https:\/\/abc-latina.com\/#website","url":"https:\/\/abc-latina.com\/","name":"Abc-latina","description":"","publisher":{"@id":"https:\/\/abc-latina.com\/#organization"},"potentialAction":[{"@type":"SearchAction","target":{"@type":"EntryPoint","urlTemplate":"https:\/\/abc-latina.com\/?s={search_term_string}"},"query-input":{"@type":"PropertyValueSpecification","valueRequired":true,"valueName":"search_term_string"}}],"inLanguage":"fr-FR"},{"@type":"Organization","@id":"https:\/\/abc-latina.com\/#organization","name":"Abc-latina","url":"https:\/\/abc-latina.com\/","logo":{"@type":"ImageObject","inLanguage":"fr-FR","@id":"https:\/\/abc-latina.com\/#\/schema\/logo\/image\/","url":"https:\/\/abc-latina.com\/wp-content\/uploads\/2026\/05\/cropped-logo.gif","contentUrl":"https:\/\/abc-latina.com\/wp-content\/uploads\/2026\/05\/cropped-logo.gif","width":89,"height":84,"caption":"Abc-latina"},"image":{"@id":"https:\/\/abc-latina.com\/#\/schema\/logo\/image\/"}}]}},"_links":{"self":[{"href":"https:\/\/abc-latina.com\/wp-json\/wp\/v2\/pages\/1398","targetHints":{"allow":["GET"]}}],"collection":[{"href":"https:\/\/abc-latina.com\/wp-json\/wp\/v2\/pages"}],"about":[{"href":"https:\/\/abc-latina.com\/wp-json\/wp\/v2\/types\/page"}],"author":[{"embeddable":true,"href":"https:\/\/abc-latina.com\/wp-json\/wp\/v2\/users\/3"}],"replies":[{"embeddable":true,"href":"https:\/\/abc-latina.com\/wp-json\/wp\/v2\/comments?post=1398"}],"version-history":[{"count":1,"href":"https:\/\/abc-latina.com\/wp-json\/wp\/v2\/pages\/1398\/revisions"}],"predecessor-version":[{"id":3455,"href":"https:\/\/abc-latina.com\/wp-json\/wp\/v2\/pages\/1398\/revisions\/3455"}],"up":[{"embeddable":true,"href":"https:\/\/abc-latina.com\/wp-json\/wp\/v2\/pages\/2303"}],"wp:featuredmedia":[{"embeddable":true,"href":"https:\/\/abc-latina.com\/wp-json\/wp\/v2\/media\/1397"}],"wp:attachment":[{"href":"https:\/\/abc-latina.com\/wp-json\/wp\/v2\/media?parent=1398"}],"curies":[{"name":"wp","href":"https:\/\/api.w.org\/{rel}","templated":true}]}}