{"id":1402,"date":"2010-07-17T01:41:03","date_gmt":"2010-07-16T23:41:03","guid":{"rendered":"http:\/\/abc-latina.com\/infoprat-htm-10\/"},"modified":"2026-04-30T18:25:05","modified_gmt":"2026-04-30T16:25:05","slug":"infoprat","status":"publish","type":"page","link":"https:\/\/abc-latina.com\/guatemala\/infoprat\/","title":{"rendered":"INFORMATIONS PRATIQUES"},"content":{"rendered":"<h3>PASSEPORT &#8211; VISA pour le Guatemala&nbsp;<\/h3>\n<div>\n<div>Les Fran\u00e7ais n&rsquo;ont pas besoin de visa pour les s\u00e9jours n&rsquo;exc\u00e9dant pas trois mois<\/div>\n<div><a target=\"_blank\" href=\"https:\/\/www.abc-latina.com\/guatemala\/ambassade\">Les adresses des ambassades guatemalt\u00e8ques<\/a><\/div>\n<div>SECURITE: <a target=\"_blank\" href=\"http:\/\/www.diplomatie.gouv.fr\/fr\/conseils-aux-voyageurs_909\/pays_12191\/guatemala_12254\/indexl\">les conseils aux voyageurs<\/a> du minist\u00e8re des affaires \u00e9trang\u00e8res.&nbsp;<\/div>\n<h3>SANTE&nbsp;<\/h3>\n<div>Aucune vaccination particuli\u00e8re n&rsquo;est obligatoire pour l&rsquo;entr\u00e9e au Guatemala; mais si l&rsquo;on d\u00e9sire voyager dans l&rsquo;int\u00e9rieur du pays, il est recommand\u00e9 d&rsquo;\u00eatre vaccin\u00e9 contre la fi\u00e8vre jaune et l&rsquo;h\u00e9patite. Par ailleurs, un traitement anti-palud\u00e9en est conseill\u00e9 si un s\u00e9jour en zone tropicale est pr\u00e9vu.&nbsp;<\/div>\n<div><a target=\"_blank\" href=\"https:\/\/www.abc-latina.com\/sites\/sante\/guatemala\">Les recommandations de l&rsquo;Institut Pasteur<\/a><\/div>\n<h3>CLIMAT au Guatemala&nbsp;<\/h3>\n<div>Sa position et son relief lui assurent une grande vari\u00e9t\u00e9 de climats.<\/div>\n<div>On ne distingue que deux saisons: la saison des pluies (de mai \u00e0 octobre) et la saison s\u00e8che, l&rsquo;\u00e9t\u00e9 (d&rsquo;octobre \u00e0 mai).<\/div>\n<div>Concernant les temp\u00e9ratures qui sont d\u00e9termin\u00e9es en fonction de l&rsquo;altitude:<\/div>\n<div>Les plaines c\u00f4ti\u00e8res (au niveau de la mer) sont chaudes et la temp\u00e9rature ne descend que rarement sous les 25&deg;C.<\/div>\n<div>Les villes de Guatemala ou d&rsquo;Antigua, \u00e0 1.500m d&rsquo;altitude, ont un climat doux (16 \u00e0 20&deg;C)<\/div>\n<div><a href=\"https:\/\/www.abc-latina.com\/guatemala\/meteo\">La m\u00e9t\u00e9o<\/a><\/div>\n<h3>ARGENT&nbsp;<\/h3>\n<div>La monnaie nationale est le Quetzal (1 Quetzal = 0,15 Euros environ). De nombreux \u00e9tablissements, ainsi que les particuliers acceptent le paiement en dollars pour les transactions courantes.Retirer de l&rsquo;argent avec les cartes de cr\u00e9dit internationales ne pose aucun probl\u00e8me.<\/div>\n<div><a target=\"_blank\" href=\"http:\/\/www.xe.com\/ucc\/fr\/\">Le change<\/a><\/div>\n<h3>DECALAGE HORAIRE &nbsp;<\/h3>\n<div>Par rapport \u00e0 la France: moins 8 heures en \u00e9t\u00e9 &#8211; moins 7 heures en hiver<\/div>\n<div>Soit quand il est midi au Guat\u00e9mala:<\/div>\n<div>il est 20 heures en France en \u00e9t\u00e9 et 19 heures en hiver.&nbsp;<\/div>\n<h3>TRANSPORT&nbsp;<\/h3>\n<div>En bus, en avion, en voiture selon votre budget et la dur\u00e9e de votre s\u00e9jour.<\/div>\n<div>En bus : on trouve deux grandes cat\u00e9gories d&rsquo;autobus :&nbsp;<\/div>\n<div>Les camionetas, ces vieux bus scolaires bond\u00e9s o\u00f9 r\u00e8gne l&rsquo;inconfort, vous plongeront au coeur du quotidien guat\u00e9malt\u00e8que.&nbsp;<\/div>\n<div>Les Pullman (bus de 1er classe) pour les longues distances, o\u00f9 le service est plus rapide, le confort incomparable et le prix tout \u00e0 fait abordable.&nbsp;<\/div>\n<div>Pour sortir du Guatemala, plusieurs compagnies de transport guat\u00e9malt\u00e8que assurent des liaisons quotidiennes avec les villes frontali\u00e8res du Mexique du Belize du Honduras et de Salvator.<\/div>\n<div>En Avion : Les distances entre les villes ne sont jamais suffisamment importantes pour se d\u00e9placer en avion. Le seul vol int\u00e9rieur int\u00e9ressant est celui qui relie Ciudad Guatemala et Flores (Tikal) o\u00f9 45 minutes de vol pourront vous \u00e9viter 12 heures minimums de trajet par une route difficile.<\/div>\n<div>Avant de quitter le Guatemala vous devrez vous acquitter d&rsquo;une taxe de 20 dollars.<\/div>\n<div><a target=\"_blank\" href=\"https:\/\/www.abc-latina.com\/to\/reservation_billet_avion\">Comparez 10 millions d&rsquo;offres en moins de 20 secondes simultan\u00e9ment chez tous les voyagistes<\/a><\/div>\n<div>En voiture : Les agences de location de voitures n&rsquo;autorisent qu&rsquo;exceptionnellement le passage de fronti\u00e8res. Il vous sera donc tr\u00e8s difficile de parcourir l&rsquo;Am\u00e9rique centrale au volant d&rsquo;un m\u00eame v\u00e9hicule, sauf si vous appartient.<\/div>\n<div>Vous devez avoir 25 ans minimums pour louer un v\u00e9hicule.&nbsp;<\/div>\n<div><a target=\"_blank\" href=\"https:\/\/www.abc-latina.com\/to\/location_voiture\">Location de voitures : le meilleur prix en comparant 50 agences<\/a><\/div>\n<div>En bateau : Il existe trois liaisons maritimes hebdomadaires entre Punta Gorda (Belize) et Puerto Barrios.<\/div>\n<div>Auto-stop : A \u00e9viter pour des questions de s\u00e9curit\u00e9.<\/div>\n<div><a target=\"_blank\" href=\"https:\/\/www.abc-latina.com\/guatemala\/distances\">Les distances entre les villes du Guatemala<\/a><\/div>\n<h3>JOURS FERIES &nbsp;<\/h3>\n<div><a target=\"_blank\" href=\"tour_operateur\"><img loading=\"lazy\" decoding=\"async\" class=\" size-full wp-image-41\" src=\"http:\/\/abc-latina.com\/wp-content\/uploads\/2010\/04\/timbre_to.gif\" class=\"touroperateur\" alt=\"\" width=\"125\" height=\"90\" \/><\/a>1er Janvier &#8211; Jour de l&rsquo;an&nbsp;<\/div>\n<div>28 Mars &#8211; Jeudi Saint&nbsp;<\/div>\n<div>29 Mars &nbsp;&#8211; Vendredi Saint&nbsp;<\/div>\n<div>1 Mai &#8211; F\u00eate du travail&nbsp;<\/div>\n<div>30 Juin &#8211; F\u00eate de l&rsquo;Arm\u00e9e&nbsp;<\/div>\n<div>15 Ao\u00fbt &nbsp;&#8211; Assomption&nbsp;<\/div>\n<div>15 Septembre &nbsp;&#8211; Jour de l&rsquo;ind\u00e9pendance&nbsp;<\/div>\n<div>20 Octobre &nbsp;&#8211; F\u00eate de la R\u00e9volution&nbsp;<\/div>\n<div>1 Novembre &nbsp;&#8211; Toussaint&nbsp;<\/div>\n<div>24 D\u00e9cembre &nbsp;&#8211; R\u00e9veillon de Noel&nbsp;<\/div>\n<div>25 D\u00e9cembre &#8211; Noel&nbsp;<\/div>\n<div>31 D\u00e9cembre &#8211; R\u00e9veillon de jour de l&rsquo;An&nbsp;<\/div>\n<h3>LANGUES&nbsp;<\/h3>\n<div>L&rsquo;Espagnol est la langue officiel<\/div>\n<div>23 langues Am\u00e9rindiennes sont aussi parl\u00e9es.&nbsp;<\/div>\n<h3>ACHATS&nbsp;<\/h3>\n<div>Les meilleurs achats sont les textiles, l&rsquo;artisanat, la bijouterie, les sculptures en jade et les articles en cuir, c\u00e9ramique et en osier. Pour acqu\u00e9rir des produits locaux le mieux est de visiter les march\u00e9s o\u00f9 il faut marchander. Il y a beaucoup d&rsquo;endroits o\u00f9 l&rsquo;on peut acheter des c\u00e9ramiques \u00e0 un tr\u00e8s bon prix; parmi eux il y a Villa de Chinautla, San Luis Jilotepeque et Rabinal. Cob\u00e1n est l&rsquo;endroit le moins cher pour acheter de la vaisselle en argent. Le March\u00e9 Central de la ville de Guatemala et le March\u00e9 de l&rsquo;artisanat proposent une grande vari\u00e9t\u00e9 de produits faits \u00e0 la main et qui combinent des styles modernes et traditionnels.&nbsp;<\/div>\n<h3>TELEPHONE &#8211; INTERNET&nbsp;<\/h3>\n<div>Le r\u00e9seau t\u00e9l\u00e9phonique est de relativement bonne qualit\u00e9.&nbsp;<\/div>\n<div>Pour Internet, de nombreux cybercaf\u00e9s proposent leurs services.<\/div>\n<div>Pour appeler du Guatemala vers la France: 00 + 33 + num\u00e9ro \u00e0 9 chiffres (sans le 0)<\/div>\n<div>Pour appeler de la France vers le Guatemala: 00 + 502 + num\u00e9ro \u00e0 7 chiffres<\/div>\n<\/div>\n","protected":false},"excerpt":{"rendered":"<p>PASSEPORT &#8211; VISA pour le Guatemala&nbsp; Les Fran\u00e7ais n&rsquo;ont pas besoin de visa pour les s\u00e9jours n&rsquo;exc\u00e9dant pas trois mois [&hellip;]<\/p>\n","protected":false},"author":3,"featured_media":41,"parent":2305,"menu_order":0,"comment_status":"closed","ping_status":"closed","template":"","meta":{"site-sidebar-layout":"default","site-content-layout":"","ast-site-content-layout":"default","site-content-style":"default","site-sidebar-style":"default","ast-global-header-display":"","ast-banner-title-visibility":"","ast-main-header-display":"","ast-hfb-above-header-display":"","ast-hfb-below-header-display":"","ast-hfb-mobile-header-display":"","site-post-title":"","ast-breadcrumbs-content":"","ast-featured-img":"","footer-sml-layout":"","ast-disable-related-posts":"","theme-transparent-header-meta":"","adv-header-id-meta":"","stick-header-meta":"","header-above-stick-meta":"","header-main-stick-meta":"","header-below-stick-meta":"","astra-migrate-meta-layouts":"default","ast-page-background-enabled":"default","ast-page-background-meta":{"desktop":{"background-color":"var(--ast-global-color-5)","background-image":"","background-repeat":"repeat","background-position":"center center","background-size":"auto","background-attachment":"scroll","background-type":"","background-media":"","overlay-type":"","overlay-color":"","overlay-opacity":"","overlay-gradient":""},"tablet":{"background-color":"","background-image":"","background-repeat":"repeat","background-position":"center center","background-size":"auto","background-attachment":"scroll","background-type":"","background-media":"","overlay-type":"","overlay-color":"","overlay-opacity":"","overlay-gradient":""},"mobile":{"background-color":"","background-image":"","background-repeat":"repeat","background-position":"center center","background-size":"auto","background-attachment":"scroll","background-type":"","background-media":"","overlay-type":"","overlay-color":"","overlay-opacity":"","overlay-gradient":""}},"ast-content-background-meta":{"desktop":{"background-color":"var(--ast-global-color-4)","background-image":"","background-repeat":"repeat","background-position":"center center","background-size":"auto","background-attachment":"scroll","background-type":"","background-media":"","overlay-type":"","overlay-color":"","overlay-opacity":"","overlay-gradient":""},"tablet":{"background-color":"var(--ast-global-color-4)","background-image":"","background-repeat":"repeat","background-position":"center center","background-size":"auto","background-attachment":"scroll","background-type":"","background-media":"","overlay-type":"","overlay-color":"","overlay-opacity":"","overlay-gradient":""},"mobile":{"background-color":"var(--ast-global-color-4)","background-image":"","background-repeat":"repeat","background-position":"center center","background-size":"auto","background-attachment":"scroll","background-type":"","background-media":"","overlay-type":"","overlay-color":"","overlay-opacity":"","overlay-gradient":""}},"footnotes":""},"class_list":["post-1402","page","type-page","status-publish","has-post-thumbnail","hentry"],"yoast_head":"<!-- This site is optimized with the Yoast SEO plugin v27.5 - https:\/\/yoast.com\/product\/yoast-seo-wordpress\/ -->\n<title>INFORMATIONS PRATIQUES - Abc-latina<\/title>\n<meta name=\"description\" content=\"Les conseils et informations pratiques pour voyager au Guatemala.\" \/>\n<meta name=\"robots\" content=\"index, follow, max-snippet:-1, max-image-preview:large, max-video-preview:-1\" \/>\n<link rel=\"canonical\" href=\"https:\/\/abc-latina.com\/guatemala\/infoprat\/\" \/>\n<meta property=\"og:locale\" content=\"fr_FR\" \/>\n<meta property=\"og:type\" content=\"article\" \/>\n<meta property=\"og:title\" content=\"INFORMATIONS PRATIQUES - Abc-latina\" \/>\n<meta property=\"og:description\" content=\"Les conseils et informations pratiques pour voyager au Guatemala.\" \/>\n<meta property=\"og:url\" content=\"https:\/\/abc-latina.com\/guatemala\/infoprat\/\" \/>\n<meta property=\"og:site_name\" content=\"Abc-latina\" \/>\n<meta property=\"article:modified_time\" content=\"2026-04-30T16:25:05+00:00\" \/>\n<meta property=\"og:image\" content=\"https:\/\/abc-latina.com\/wp-content\/uploads\/2010\/04\/timbre_to.gif\" \/>\n\t<meta property=\"og:image:width\" content=\"125\" \/>\n\t<meta property=\"og:image:height\" content=\"90\" \/>\n\t<meta property=\"og:image:type\" content=\"image\/gif\" \/>\n<meta name=\"twitter:card\" content=\"summary_large_image\" \/>\n<meta name=\"twitter:label1\" content=\"Dur\u00e9e de lecture estim\u00e9e\" \/>\n\t<meta name=\"twitter:data1\" content=\"4 minutes\" \/>\n<script type=\"application\/ld+json\" class=\"yoast-schema-graph\">{\"@context\":\"https:\\\/\\\/schema.org\",\"@graph\":[{\"@type\":\"WebPage\",\"@id\":\"https:\\\/\\\/abc-latina.com\\\/guatemala\\\/infoprat\\\/\",\"url\":\"https:\\\/\\\/abc-latina.com\\\/guatemala\\\/infoprat\\\/\",\"name\":\"INFORMATIONS PRATIQUES - Abc-latina\",\"isPartOf\":{\"@id\":\"https:\\\/\\\/abc-latina.com\\\/#website\"},\"primaryImageOfPage\":{\"@id\":\"https:\\\/\\\/abc-latina.com\\\/guatemala\\\/infoprat\\\/#primaryimage\"},\"image\":{\"@id\":\"https:\\\/\\\/abc-latina.com\\\/guatemala\\\/infoprat\\\/#primaryimage\"},\"thumbnailUrl\":\"https:\\\/\\\/abc-latina.com\\\/wp-content\\\/uploads\\\/2010\\\/04\\\/timbre_to.gif\",\"datePublished\":\"2010-07-16T23:41:03+00:00\",\"dateModified\":\"2026-04-30T16:25:05+00:00\",\"description\":\"Les conseils et informations pratiques pour voyager au Guatemala.\",\"breadcrumb\":{\"@id\":\"https:\\\/\\\/abc-latina.com\\\/guatemala\\\/infoprat\\\/#breadcrumb\"},\"inLanguage\":\"fr-FR\",\"potentialAction\":[{\"@type\":\"ReadAction\",\"target\":[\"https:\\\/\\\/abc-latina.com\\\/guatemala\\\/infoprat\\\/\"]}]},{\"@type\":\"ImageObject\",\"inLanguage\":\"fr-FR\",\"@id\":\"https:\\\/\\\/abc-latina.com\\\/guatemala\\\/infoprat\\\/#primaryimage\",\"url\":\"https:\\\/\\\/abc-latina.com\\\/wp-content\\\/uploads\\\/2010\\\/04\\\/timbre_to.gif\",\"contentUrl\":\"https:\\\/\\\/abc-latina.com\\\/wp-content\\\/uploads\\\/2010\\\/04\\\/timbre_to.gif\",\"width\":125,\"height\":90},{\"@type\":\"BreadcrumbList\",\"@id\":\"https:\\\/\\\/abc-latina.com\\\/guatemala\\\/infoprat\\\/#breadcrumb\",\"itemListElement\":[{\"@type\":\"ListItem\",\"position\":1,\"name\":\"Accueil\",\"item\":\"https:\\\/\\\/abc-latina.com\\\/\"},{\"@type\":\"ListItem\",\"position\":2,\"name\":\"INFORMATIONS PRATIQUES\"}]},{\"@type\":\"WebSite\",\"@id\":\"https:\\\/\\\/abc-latina.com\\\/#website\",\"url\":\"https:\\\/\\\/abc-latina.com\\\/\",\"name\":\"Abc-latina\",\"description\":\"\",\"publisher\":{\"@id\":\"https:\\\/\\\/abc-latina.com\\\/#organization\"},\"potentialAction\":[{\"@type\":\"SearchAction\",\"target\":{\"@type\":\"EntryPoint\",\"urlTemplate\":\"https:\\\/\\\/abc-latina.com\\\/?s={search_term_string}\"},\"query-input\":{\"@type\":\"PropertyValueSpecification\",\"valueRequired\":true,\"valueName\":\"search_term_string\"}}],\"inLanguage\":\"fr-FR\"},{\"@type\":\"Organization\",\"@id\":\"https:\\\/\\\/abc-latina.com\\\/#organization\",\"name\":\"Abc-latina\",\"url\":\"https:\\\/\\\/abc-latina.com\\\/\",\"logo\":{\"@type\":\"ImageObject\",\"inLanguage\":\"fr-FR\",\"@id\":\"https:\\\/\\\/abc-latina.com\\\/#\\\/schema\\\/logo\\\/image\\\/\",\"url\":\"https:\\\/\\\/abc-latina.com\\\/wp-content\\\/uploads\\\/2026\\\/05\\\/cropped-logo.gif\",\"contentUrl\":\"https:\\\/\\\/abc-latina.com\\\/wp-content\\\/uploads\\\/2026\\\/05\\\/cropped-logo.gif\",\"width\":89,\"height\":84,\"caption\":\"Abc-latina\"},\"image\":{\"@id\":\"https:\\\/\\\/abc-latina.com\\\/#\\\/schema\\\/logo\\\/image\\\/\"}}]}<\/script>\n<!-- \/ Yoast SEO plugin. -->","yoast_head_json":{"title":"INFORMATIONS PRATIQUES - Abc-latina","description":"Les conseils et informations pratiques pour voyager au Guatemala.","robots":{"index":"index","follow":"follow","max-snippet":"max-snippet:-1","max-image-preview":"max-image-preview:large","max-video-preview":"max-video-preview:-1"},"canonical":"https:\/\/abc-latina.com\/guatemala\/infoprat\/","og_locale":"fr_FR","og_type":"article","og_title":"INFORMATIONS PRATIQUES - Abc-latina","og_description":"Les conseils et informations pratiques pour voyager au Guatemala.","og_url":"https:\/\/abc-latina.com\/guatemala\/infoprat\/","og_site_name":"Abc-latina","article_modified_time":"2026-04-30T16:25:05+00:00","og_image":[{"width":125,"height":90,"url":"https:\/\/abc-latina.com\/wp-content\/uploads\/2010\/04\/timbre_to.gif","type":"image\/gif"}],"twitter_card":"summary_large_image","twitter_misc":{"Dur\u00e9e de lecture estim\u00e9e":"4 minutes"},"schema":{"@context":"https:\/\/schema.org","@graph":[{"@type":"WebPage","@id":"https:\/\/abc-latina.com\/guatemala\/infoprat\/","url":"https:\/\/abc-latina.com\/guatemala\/infoprat\/","name":"INFORMATIONS PRATIQUES - Abc-latina","isPartOf":{"@id":"https:\/\/abc-latina.com\/#website"},"primaryImageOfPage":{"@id":"https:\/\/abc-latina.com\/guatemala\/infoprat\/#primaryimage"},"image":{"@id":"https:\/\/abc-latina.com\/guatemala\/infoprat\/#primaryimage"},"thumbnailUrl":"https:\/\/abc-latina.com\/wp-content\/uploads\/2010\/04\/timbre_to.gif","datePublished":"2010-07-16T23:41:03+00:00","dateModified":"2026-04-30T16:25:05+00:00","description":"Les conseils et informations pratiques pour voyager au Guatemala.","breadcrumb":{"@id":"https:\/\/abc-latina.com\/guatemala\/infoprat\/#breadcrumb"},"inLanguage":"fr-FR","potentialAction":[{"@type":"ReadAction","target":["https:\/\/abc-latina.com\/guatemala\/infoprat\/"]}]},{"@type":"ImageObject","inLanguage":"fr-FR","@id":"https:\/\/abc-latina.com\/guatemala\/infoprat\/#primaryimage","url":"https:\/\/abc-latina.com\/wp-content\/uploads\/2010\/04\/timbre_to.gif","contentUrl":"https:\/\/abc-latina.com\/wp-content\/uploads\/2010\/04\/timbre_to.gif","width":125,"height":90},{"@type":"BreadcrumbList","@id":"https:\/\/abc-latina.com\/guatemala\/infoprat\/#breadcrumb","itemListElement":[{"@type":"ListItem","position":1,"name":"Accueil","item":"https:\/\/abc-latina.com\/"},{"@type":"ListItem","position":2,"name":"INFORMATIONS PRATIQUES"}]},{"@type":"WebSite","@id":"https:\/\/abc-latina.com\/#website","url":"https:\/\/abc-latina.com\/","name":"Abc-latina","description":"","publisher":{"@id":"https:\/\/abc-latina.com\/#organization"},"potentialAction":[{"@type":"SearchAction","target":{"@type":"EntryPoint","urlTemplate":"https:\/\/abc-latina.com\/?s={search_term_string}"},"query-input":{"@type":"PropertyValueSpecification","valueRequired":true,"valueName":"search_term_string"}}],"inLanguage":"fr-FR"},{"@type":"Organization","@id":"https:\/\/abc-latina.com\/#organization","name":"Abc-latina","url":"https:\/\/abc-latina.com\/","logo":{"@type":"ImageObject","inLanguage":"fr-FR","@id":"https:\/\/abc-latina.com\/#\/schema\/logo\/image\/","url":"https:\/\/abc-latina.com\/wp-content\/uploads\/2026\/05\/cropped-logo.gif","contentUrl":"https:\/\/abc-latina.com\/wp-content\/uploads\/2026\/05\/cropped-logo.gif","width":89,"height":84,"caption":"Abc-latina"},"image":{"@id":"https:\/\/abc-latina.com\/#\/schema\/logo\/image\/"}}]}},"_links":{"self":[{"href":"https:\/\/abc-latina.com\/wp-json\/wp\/v2\/pages\/1402","targetHints":{"allow":["GET"]}}],"collection":[{"href":"https:\/\/abc-latina.com\/wp-json\/wp\/v2\/pages"}],"about":[{"href":"https:\/\/abc-latina.com\/wp-json\/wp\/v2\/types\/page"}],"author":[{"embeddable":true,"href":"https:\/\/abc-latina.com\/wp-json\/wp\/v2\/users\/3"}],"replies":[{"embeddable":true,"href":"https:\/\/abc-latina.com\/wp-json\/wp\/v2\/comments?post=1402"}],"version-history":[{"count":1,"href":"https:\/\/abc-latina.com\/wp-json\/wp\/v2\/pages\/1402\/revisions"}],"predecessor-version":[{"id":3475,"href":"https:\/\/abc-latina.com\/wp-json\/wp\/v2\/pages\/1402\/revisions\/3475"}],"up":[{"embeddable":true,"href":"https:\/\/abc-latina.com\/wp-json\/wp\/v2\/pages\/2305"}],"wp:featuredmedia":[{"embeddable":true,"href":"https:\/\/abc-latina.com\/wp-json\/wp\/v2\/media\/41"}],"wp:attachment":[{"href":"https:\/\/abc-latina.com\/wp-json\/wp\/v2\/media?parent=1402"}],"curies":[{"name":"wp","href":"https:\/\/api.w.org\/{rel}","templated":true}]}}