{"id":1438,"date":"2010-07-17T02:54:16","date_gmt":"2010-07-17T00:54:16","guid":{"rendered":"http:\/\/abc-latina.com\/economie-htm-14\/"},"modified":"2026-04-30T18:25:11","modified_gmt":"2026-04-30T16:25:11","slug":"economie","status":"publish","type":"page","link":"https:\/\/abc-latina.com\/panama\/economie\/","title":{"rendered":"ECONOMIE &#8211; PANAMA"},"content":{"rendered":"<div>Jusqu&rsquo;\u00e0 la crise politique de la fin des ann\u00e9es 80, le Panama a eu une \u00e9conomie assez prosp\u00e8re bas\u00e9e sur l&rsquo;agriculture, l&rsquo;industrie l\u00e9g\u00e8re, le secteur des services et les rendements du canal de Panama. La moiti\u00e9 de la superficie du pays est consacr\u00e9e \u00e0 l&rsquo;agriculture. Les principales cultures qui servent \u00e0 l&rsquo;exportation sont: la canne \u00e0 sucre, le caf\u00e9 et la banane. Il y a aussi de grandes r\u00e9coltes de riz, de ma\u00efs et de haricots pour la consommation du pays. Le secteur de l&rsquo;\u00e9levage est \u00e9galement en train de se d\u00e9velopper rapidement. Le Panama a de grandes r\u00e9serves d&rsquo;acajou, en plus des r\u00e9serves de p\u00eache surtout des crevettes. Les principales industries sont celles de la transformation des aliments, de la confection de v\u00eatements, du papier et des mat\u00e9riaux de constructions. Le Panama exporte du p\u00e9trole raffin\u00e9. Les autres points forts de l&rsquo;\u00e9conomie sont les zones de libre commerce autour du canal, surtout celle de Col\u00f3n, et les facilit\u00e9s pour fouiller les bateaux qui ont de faux drapeaux panam\u00e9ens. Les revenus gr\u00e2ce au transit dans le canal, les revenus obtenus gr\u00e2ce au tourisme et les b\u00e9n\u00e9fices produits par la Banque Secr\u00e8te Panam\u00e9enne, compl\u00e8tent le panorama \u00e9conomique du pays. Le Gouvernement a commenc\u00e9 au d\u00e9but des ann\u00e9es 90 un processus de rationalisation de l&rsquo;\u00e9conomie qui inclut la privatisation des anciennes entreprises publiques et la r\u00e9duction des d\u00e9penses publiques au niveau de la s\u00e9curit\u00e9 sociale. Le Panama est membre de la Banque Interam\u00e9ricaine de D\u00e9veloppement et ses principaux partenaires commerciaux sont les Etats-Unis, le Japon, l&rsquo;Espagne, le Costa Rica et l&rsquo;Allemagne.&nbsp;<\/div>\n<div>&nbsp;<\/div>\n<div><span class=\"eco-indic\">INDICATEURS ECONOMIQUES<\/span><\/div>\n<div>&nbsp;<\/div>\n<div>PIB ( 2007) : 19 Mds USD&nbsp;<\/div>\n<div>PIB par habitant (2007) : 5,600 USD&nbsp;<\/div>\n<div>Taux de croissance (2007) : 9 %&nbsp;<\/div>\n<div>Taux de ch\u00f4mage (2007) : 7,3 %&nbsp;<\/div>\n<div>Taux d&rsquo;inflation (2007) : 5,3 %&nbsp;<\/div>\n<div>&nbsp;<\/div>\n<div><span class=\"eco-indic2\">Part des principaux secteurs d&rsquo;activit\u00e9s dans le PIB :<\/span><\/div>\n<div>&#8211; secteur agricole : 6 %&nbsp;<\/div>\n<div>&#8211; secteur industriel : 16 %&nbsp;<\/div>\n<div>&#8211; secteur des services : 78 %&nbsp;<\/div>\n<div>&nbsp;<\/div>\n<div><span class=\"eco-indic2\">Principaux partenaires commerciaux:<\/span><\/div>\n<div>Etats-Unis, le Japon, l&rsquo;Espagne, le Costa Rica et l&rsquo;Allemagne.&nbsp;<\/div>\n<div>Exportations de la France vers Panama (2007) : 130 M&euro;&nbsp;<\/div>\n<div>Importations fran\u00e7aises du Panama(2007) : 20 M&euro;&nbsp;<\/div>\n<div>&nbsp;<\/div>\n<div><span class=\"eco-indic\">DIVERS&nbsp;<\/span><\/div>\n<div>T\u00e9l\u00e9phoner au Panama<\/div>\n<div>R\u00e9servez votre billet d&rsquo;avion pour le Panama<\/div>\n<div>R\u00e9servez votre voiture&nbsp;<\/div>\n","protected":false},"excerpt":{"rendered":"<p>Jusqu&rsquo;\u00e0 la crise politique de la fin des ann\u00e9es 80, le Panama a eu une \u00e9conomie assez prosp\u00e8re bas\u00e9e sur [&hellip;]<\/p>\n","protected":false},"author":3,"featured_media":0,"parent":2312,"menu_order":0,"comment_status":"closed","ping_status":"closed","template":"","meta":{"site-sidebar-layout":"default","site-content-layout":"","ast-site-content-layout":"default","site-content-style":"default","site-sidebar-style":"default","ast-global-header-display":"","ast-banner-title-visibility":"","ast-main-header-display":"","ast-hfb-above-header-display":"","ast-hfb-below-header-display":"","ast-hfb-mobile-header-display":"","site-post-title":"","ast-breadcrumbs-content":"","ast-featured-img":"","footer-sml-layout":"","ast-disable-related-posts":"","theme-transparent-header-meta":"","adv-header-id-meta":"","stick-header-meta":"","header-above-stick-meta":"","header-main-stick-meta":"","header-below-stick-meta":"","astra-migrate-meta-layouts":"default","ast-page-background-enabled":"default","ast-page-background-meta":{"desktop":{"background-color":"var(--ast-global-color-5)","background-image":"","background-repeat":"repeat","background-position":"center center","background-size":"auto","background-attachment":"scroll","background-type":"","background-media":"","overlay-type":"","overlay-color":"","overlay-opacity":"","overlay-gradient":""},"tablet":{"background-color":"","background-image":"","background-repeat":"repeat","background-position":"center center","background-size":"auto","background-attachment":"scroll","background-type":"","background-media":"","overlay-type":"","overlay-color":"","overlay-opacity":"","overlay-gradient":""},"mobile":{"background-color":"","background-image":"","background-repeat":"repeat","background-position":"center center","background-size":"auto","background-attachment":"scroll","background-type":"","background-media":"","overlay-type":"","overlay-color":"","overlay-opacity":"","overlay-gradient":""}},"ast-content-background-meta":{"desktop":{"background-color":"var(--ast-global-color-4)","background-image":"","background-repeat":"repeat","background-position":"center center","background-size":"auto","background-attachment":"scroll","background-type":"","background-media":"","overlay-type":"","overlay-color":"","overlay-opacity":"","overlay-gradient":""},"tablet":{"background-color":"var(--ast-global-color-4)","background-image":"","background-repeat":"repeat","background-position":"center center","background-size":"auto","background-attachment":"scroll","background-type":"","background-media":"","overlay-type":"","overlay-color":"","overlay-opacity":"","overlay-gradient":""},"mobile":{"background-color":"var(--ast-global-color-4)","background-image":"","background-repeat":"repeat","background-position":"center center","background-size":"auto","background-attachment":"scroll","background-type":"","background-media":"","overlay-type":"","overlay-color":"","overlay-opacity":"","overlay-gradient":""}},"footnotes":""},"class_list":["post-1438","page","type-page","status-publish","hentry"],"yoast_head":"<!-- This site is optimized with the Yoast SEO plugin v27.5 - https:\/\/yoast.com\/product\/yoast-seo-wordpress\/ -->\n<title>ECONOMIE - PANAMA - Abc-latina<\/title>\n<meta name=\"description\" content=\"L&#039;\u00e9conomie du Panama.\" \/>\n<meta name=\"robots\" content=\"index, follow, max-snippet:-1, max-image-preview:large, max-video-preview:-1\" \/>\n<link rel=\"canonical\" href=\"https:\/\/abc-latina.com\/panama\/economie\/\" \/>\n<meta property=\"og:locale\" content=\"fr_FR\" \/>\n<meta property=\"og:type\" content=\"article\" \/>\n<meta property=\"og:title\" content=\"ECONOMIE - PANAMA - Abc-latina\" \/>\n<meta property=\"og:description\" content=\"L&#039;\u00e9conomie du Panama.\" \/>\n<meta property=\"og:url\" content=\"https:\/\/abc-latina.com\/panama\/economie\/\" \/>\n<meta property=\"og:site_name\" content=\"Abc-latina\" \/>\n<meta property=\"article:modified_time\" content=\"2026-04-30T16:25:11+00:00\" \/>\n<meta name=\"twitter:card\" content=\"summary_large_image\" \/>\n<meta name=\"twitter:label1\" content=\"Dur\u00e9e de lecture estim\u00e9e\" \/>\n\t<meta name=\"twitter:data1\" content=\"2 minutes\" \/>\n<script type=\"application\/ld+json\" class=\"yoast-schema-graph\">{\"@context\":\"https:\\\/\\\/schema.org\",\"@graph\":[{\"@type\":\"WebPage\",\"@id\":\"https:\\\/\\\/abc-latina.com\\\/panama\\\/economie\\\/\",\"url\":\"https:\\\/\\\/abc-latina.com\\\/panama\\\/economie\\\/\",\"name\":\"ECONOMIE - PANAMA - Abc-latina\",\"isPartOf\":{\"@id\":\"https:\\\/\\\/abc-latina.com\\\/#website\"},\"datePublished\":\"2010-07-17T00:54:16+00:00\",\"dateModified\":\"2026-04-30T16:25:11+00:00\",\"description\":\"L'\u00e9conomie du Panama.\",\"breadcrumb\":{\"@id\":\"https:\\\/\\\/abc-latina.com\\\/panama\\\/economie\\\/#breadcrumb\"},\"inLanguage\":\"fr-FR\",\"potentialAction\":[{\"@type\":\"ReadAction\",\"target\":[\"https:\\\/\\\/abc-latina.com\\\/panama\\\/economie\\\/\"]}]},{\"@type\":\"BreadcrumbList\",\"@id\":\"https:\\\/\\\/abc-latina.com\\\/panama\\\/economie\\\/#breadcrumb\",\"itemListElement\":[{\"@type\":\"ListItem\",\"position\":1,\"name\":\"Accueil\",\"item\":\"https:\\\/\\\/abc-latina.com\\\/\"},{\"@type\":\"ListItem\",\"position\":2,\"name\":\"ECONOMIE &#8211; PANAMA\"}]},{\"@type\":\"WebSite\",\"@id\":\"https:\\\/\\\/abc-latina.com\\\/#website\",\"url\":\"https:\\\/\\\/abc-latina.com\\\/\",\"name\":\"Abc-latina\",\"description\":\"\",\"publisher\":{\"@id\":\"https:\\\/\\\/abc-latina.com\\\/#organization\"},\"potentialAction\":[{\"@type\":\"SearchAction\",\"target\":{\"@type\":\"EntryPoint\",\"urlTemplate\":\"https:\\\/\\\/abc-latina.com\\\/?s={search_term_string}\"},\"query-input\":{\"@type\":\"PropertyValueSpecification\",\"valueRequired\":true,\"valueName\":\"search_term_string\"}}],\"inLanguage\":\"fr-FR\"},{\"@type\":\"Organization\",\"@id\":\"https:\\\/\\\/abc-latina.com\\\/#organization\",\"name\":\"Abc-latina\",\"url\":\"https:\\\/\\\/abc-latina.com\\\/\",\"logo\":{\"@type\":\"ImageObject\",\"inLanguage\":\"fr-FR\",\"@id\":\"https:\\\/\\\/abc-latina.com\\\/#\\\/schema\\\/logo\\\/image\\\/\",\"url\":\"https:\\\/\\\/abc-latina.com\\\/wp-content\\\/uploads\\\/2026\\\/05\\\/cropped-logo.gif\",\"contentUrl\":\"https:\\\/\\\/abc-latina.com\\\/wp-content\\\/uploads\\\/2026\\\/05\\\/cropped-logo.gif\",\"width\":89,\"height\":84,\"caption\":\"Abc-latina\"},\"image\":{\"@id\":\"https:\\\/\\\/abc-latina.com\\\/#\\\/schema\\\/logo\\\/image\\\/\"}}]}<\/script>\n<!-- \/ Yoast SEO plugin. -->","yoast_head_json":{"title":"ECONOMIE - PANAMA - Abc-latina","description":"L'\u00e9conomie du Panama.","robots":{"index":"index","follow":"follow","max-snippet":"max-snippet:-1","max-image-preview":"max-image-preview:large","max-video-preview":"max-video-preview:-1"},"canonical":"https:\/\/abc-latina.com\/panama\/economie\/","og_locale":"fr_FR","og_type":"article","og_title":"ECONOMIE - PANAMA - Abc-latina","og_description":"L'\u00e9conomie du Panama.","og_url":"https:\/\/abc-latina.com\/panama\/economie\/","og_site_name":"Abc-latina","article_modified_time":"2026-04-30T16:25:11+00:00","twitter_card":"summary_large_image","twitter_misc":{"Dur\u00e9e de lecture estim\u00e9e":"2 minutes"},"schema":{"@context":"https:\/\/schema.org","@graph":[{"@type":"WebPage","@id":"https:\/\/abc-latina.com\/panama\/economie\/","url":"https:\/\/abc-latina.com\/panama\/economie\/","name":"ECONOMIE - PANAMA - Abc-latina","isPartOf":{"@id":"https:\/\/abc-latina.com\/#website"},"datePublished":"2010-07-17T00:54:16+00:00","dateModified":"2026-04-30T16:25:11+00:00","description":"L'\u00e9conomie du Panama.","breadcrumb":{"@id":"https:\/\/abc-latina.com\/panama\/economie\/#breadcrumb"},"inLanguage":"fr-FR","potentialAction":[{"@type":"ReadAction","target":["https:\/\/abc-latina.com\/panama\/economie\/"]}]},{"@type":"BreadcrumbList","@id":"https:\/\/abc-latina.com\/panama\/economie\/#breadcrumb","itemListElement":[{"@type":"ListItem","position":1,"name":"Accueil","item":"https:\/\/abc-latina.com\/"},{"@type":"ListItem","position":2,"name":"ECONOMIE &#8211; PANAMA"}]},{"@type":"WebSite","@id":"https:\/\/abc-latina.com\/#website","url":"https:\/\/abc-latina.com\/","name":"Abc-latina","description":"","publisher":{"@id":"https:\/\/abc-latina.com\/#organization"},"potentialAction":[{"@type":"SearchAction","target":{"@type":"EntryPoint","urlTemplate":"https:\/\/abc-latina.com\/?s={search_term_string}"},"query-input":{"@type":"PropertyValueSpecification","valueRequired":true,"valueName":"search_term_string"}}],"inLanguage":"fr-FR"},{"@type":"Organization","@id":"https:\/\/abc-latina.com\/#organization","name":"Abc-latina","url":"https:\/\/abc-latina.com\/","logo":{"@type":"ImageObject","inLanguage":"fr-FR","@id":"https:\/\/abc-latina.com\/#\/schema\/logo\/image\/","url":"https:\/\/abc-latina.com\/wp-content\/uploads\/2026\/05\/cropped-logo.gif","contentUrl":"https:\/\/abc-latina.com\/wp-content\/uploads\/2026\/05\/cropped-logo.gif","width":89,"height":84,"caption":"Abc-latina"},"image":{"@id":"https:\/\/abc-latina.com\/#\/schema\/logo\/image\/"}}]}},"_links":{"self":[{"href":"https:\/\/abc-latina.com\/wp-json\/wp\/v2\/pages\/1438","targetHints":{"allow":["GET"]}}],"collection":[{"href":"https:\/\/abc-latina.com\/wp-json\/wp\/v2\/pages"}],"about":[{"href":"https:\/\/abc-latina.com\/wp-json\/wp\/v2\/types\/page"}],"author":[{"embeddable":true,"href":"https:\/\/abc-latina.com\/wp-json\/wp\/v2\/users\/3"}],"replies":[{"embeddable":true,"href":"https:\/\/abc-latina.com\/wp-json\/wp\/v2\/comments?post=1438"}],"version-history":[{"count":1,"href":"https:\/\/abc-latina.com\/wp-json\/wp\/v2\/pages\/1438\/revisions"}],"predecessor-version":[{"id":3616,"href":"https:\/\/abc-latina.com\/wp-json\/wp\/v2\/pages\/1438\/revisions\/3616"}],"up":[{"embeddable":true,"href":"https:\/\/abc-latina.com\/wp-json\/wp\/v2\/pages\/2312"}],"wp:attachment":[{"href":"https:\/\/abc-latina.com\/wp-json\/wp\/v2\/media?parent=1438"}],"curies":[{"name":"wp","href":"https:\/\/api.w.org\/{rel}","templated":true}]}}