{"id":1449,"date":"2010-07-17T04:13:38","date_gmt":"2010-07-17T02:13:38","guid":{"rendered":"http:\/\/abc-latina.com\/histoire-htm-15\/"},"modified":"2026-04-30T18:25:13","modified_gmt":"2026-04-30T16:25:13","slug":"histoire","status":"publish","type":"page","link":"https:\/\/abc-latina.com\/paraguay\/histoire\/","title":{"rendered":"HISTOIRE &#8211; PARAGUAY"},"content":{"rendered":"<h2 style=\"text-align: center;\">Les principales dates de l&rsquo;histoire du Paraguay<\/h2>\n<ul>\n<li>\n<div>&nbsp;<\/div>\n<ul>\n<li><span class=\"histoire-date\">15 ao\u00fbt 1537<\/span><br \/> La ville de <a href=\"https:\/\/www.abc-latina.com\/paraguay\/asuncion.php\" target=\"_blank\">Asuncion<\/a> est fond\u00e9e par Domingo de Irala.&nbsp;<\/li>\n<li><span class=\"histoire-date\">1609<\/span> &nbsp;<br \/> Les j\u00e9suites ouvrent leur premi\u00e8re mission au Paraguay regroupant des centaines de familles guaranies dans des villages appel\u00e9s reducciones.&nbsp;<\/li>\n<li><span class=\"histoire-date\">1630 \u00e0 1640<\/span> &nbsp;<br \/> Victimes des bandeirantes (br\u00e9siliens chasseurs d&rsquo;esclaves) bon nombre de missions sont d\u00e9truites.&nbsp;<br \/> Les j\u00e9suites obtiennent de Philippe 2 d&rsquo;Espagne le droit de constituer un Etat autonome plac\u00e9 sous l&rsquo;autorit\u00e9 directe de Madrid.&nbsp;<\/li>\n<li><span class=\"histoire-date\">1750<\/span> &nbsp;<br \/> Madrid prend ombrage de la r\u00e9ussite des missions j\u00e9suites, et pour \u00e9viter la mont\u00e9e en puissance d&rsquo;un Etat dans l&rsquo;Etat, le roi c\u00e8de une partie du territoire j\u00e9suite aux portugais.&nbsp;<br \/> Les Indiens se r\u00e9voltent, et cette guerre s&rsquo;ach\u00e8ve dans un bain de sang.&nbsp;<\/li>\n<li><span class=\"histoire-date\">1767<\/span> &nbsp; &nbsp;<br \/> Charles 3 d&rsquo;Espagne bannit les j\u00e9suites du Paraguay, les missions tombent en ruine et les Indiens retournent \u00e0 leur vie tribale.&nbsp;<\/li>\n<li><span class=\"histoire-date\">14 mai 1811<\/span><br \/> Une junte militaire conduite par Fulgencio Yegros proclame l&rsquo;ind\u00e9pendance du Paraguay.&nbsp;<br \/> L&rsquo;avocat Jos\u00e9 Gaspar Rodriguez Francia prend le pouvoir, et gouverna le pays d&rsquo;une main de fer durant 24 ann\u00e9es.&nbsp;<\/li>\n<li><span class=\"histoire-date\">1844<\/span> &nbsp;<br \/> Carlos Antonio Lopez d\u00e9barque au pouvoir.<\/li>\n<li><span class=\"histoire-date\">1865<\/span><br \/> Inquiets par la r\u00e9ussite \u00e9conomique du Paraguay, l&rsquo;Argentine, l&rsquo;Uruguay et le Br\u00e9sil signent la <a href=\"https:\/\/www.abc-latina.com\/histoire\/guerre-triple-alliance.php\" target=\"_blank\">Triple Alliance<\/a> pour tenter d&rsquo;abattre cette petite nation.&nbsp;<\/li>\n<li><span class=\"histoire-date\">1867<\/span><br \/> Terrible \u00e9pid\u00e9mies de chol\u00e9ra.&nbsp;<\/li>\n<li><span class=\"histoire-date\">1870<\/span><br \/> Fin de la guerre \u00e0 la bataille de l&rsquo;Aquidaban, le pays est an\u00e9anti. Plus de la moiti\u00e9 des 525 000 paraguayens sont morts, et il reste \u00e0 peine 29 000 hommes adultes. Le Paraguay est reconstruit par les femmes, qui se r\u00e9signent \u00e0 la polygamie.<\/li>\n<li><span class=\"histoire-date\">Entre 1870 et 1932<\/span><br \/> Le pays change trente-deux fois de pr\u00e9sident, 6 sont victimes coup d&rsquo;\u00e9tat et 2 sont assassin\u00e9s.&nbsp;<\/li>\n<li><span class=\"histoire-date\">1932 \u00e0 1935<\/span><br \/> <a href=\"https:\/\/www.abc-latina.com\/histoire\/guerre_du_chaco\" target=\"_blank\">Guerre du Chaco<\/a> entre le Paraguay et la Bolivie, \u00e0 propos d&rsquo;une r\u00e9gion aride suppos\u00e9e receler du p\u00e9trole et autres richesses mini\u00e8res. La victoire du Paraguay lui accorde 120 000 km&sup2; de territoires suppl\u00e9mentaires.<\/li>\n<li><span class=\"histoire-date\">1954 \u00e0 1989 <\/span><br \/> Le g\u00e9n\u00e9ral et dictateur <a href=\"https:\/\/www.abc-latina.com\/personnalites\/alfredo_stroessner\" target=\"_blank\">Alfredo Stroessner<\/a> conservera le pouvoir. Il s&rsquo;agit de la plus longue dictature d&rsquo;Am\u00e9rique latine.<\/li>\n<li><span class=\"histoire-date\">1989<\/span><br \/> Stroessner est renvers\u00e9 par le g\u00e9n\u00e9ral Andr\u00e9s Rodriguez, son bras droit.&nbsp;<\/li>\n<li><span class=\"histoire-date\">2008<\/span><br \/> L&rsquo;ancien \u00e9v\u00eaque <a href=\"https:\/\/www.abc-latina.com\/personnalites\/fernando_lugo\" target=\"_blank\">Fernando Lugo<\/a>, proche de la th\u00e9ologie de la lib\u00e9ration et surnomm\u00e9 &quot;l&rsquo;\u00e9v\u00eaque des pauvres&quot;, a \u00e9t\u00e9 \u00e9lu pr\u00e9sident le dimanche 20 avril, mettant fin \u00e0 61 ans d&rsquo;h\u00e9g\u00e9monie du Parti Colorado (nationaliste conservateur).<\/li>\n<\/ul>\n<\/li>\n<\/ul>\n","protected":false},"excerpt":{"rendered":"<p>Les principales dates de l&rsquo;histoire du Paraguay &nbsp; 15 ao\u00fbt 1537 La ville de Asuncion est fond\u00e9e par Domingo de [&hellip;]<\/p>\n","protected":false},"author":3,"featured_media":0,"parent":2314,"menu_order":0,"comment_status":"closed","ping_status":"closed","template":"","meta":{"site-sidebar-layout":"default","site-content-layout":"","ast-site-content-layout":"default","site-content-style":"default","site-sidebar-style":"default","ast-global-header-display":"","ast-banner-title-visibility":"","ast-main-header-display":"","ast-hfb-above-header-display":"","ast-hfb-below-header-display":"","ast-hfb-mobile-header-display":"","site-post-title":"","ast-breadcrumbs-content":"","ast-featured-img":"","footer-sml-layout":"","ast-disable-related-posts":"","theme-transparent-header-meta":"","adv-header-id-meta":"","stick-header-meta":"","header-above-stick-meta":"","header-main-stick-meta":"","header-below-stick-meta":"","astra-migrate-meta-layouts":"default","ast-page-background-enabled":"default","ast-page-background-meta":{"desktop":{"background-color":"var(--ast-global-color-5)","background-image":"","background-repeat":"repeat","background-position":"center center","background-size":"auto","background-attachment":"scroll","background-type":"","background-media":"","overlay-type":"","overlay-color":"","overlay-opacity":"","overlay-gradient":""},"tablet":{"background-color":"","background-image":"","background-repeat":"repeat","background-position":"center center","background-size":"auto","background-attachment":"scroll","background-type":"","background-media":"","overlay-type":"","overlay-color":"","overlay-opacity":"","overlay-gradient":""},"mobile":{"background-color":"","background-image":"","background-repeat":"repeat","background-position":"center center","background-size":"auto","background-attachment":"scroll","background-type":"","background-media":"","overlay-type":"","overlay-color":"","overlay-opacity":"","overlay-gradient":""}},"ast-content-background-meta":{"desktop":{"background-color":"var(--ast-global-color-4)","background-image":"","background-repeat":"repeat","background-position":"center center","background-size":"auto","background-attachment":"scroll","background-type":"","background-media":"","overlay-type":"","overlay-color":"","overlay-opacity":"","overlay-gradient":""},"tablet":{"background-color":"var(--ast-global-color-4)","background-image":"","background-repeat":"repeat","background-position":"center center","background-size":"auto","background-attachment":"scroll","background-type":"","background-media":"","overlay-type":"","overlay-color":"","overlay-opacity":"","overlay-gradient":""},"mobile":{"background-color":"var(--ast-global-color-4)","background-image":"","background-repeat":"repeat","background-position":"center center","background-size":"auto","background-attachment":"scroll","background-type":"","background-media":"","overlay-type":"","overlay-color":"","overlay-opacity":"","overlay-gradient":""}},"footnotes":""},"class_list":["post-1449","page","type-page","status-publish","hentry"],"yoast_head":"<!-- This site is optimized with the Yoast SEO plugin v27.5 - https:\/\/yoast.com\/product\/yoast-seo-wordpress\/ -->\n<title>HISTOIRE - PARAGUAY - Abc-latina<\/title>\n<meta name=\"description\" content=\"L&#039;histoire du Paraguay.\" \/>\n<meta name=\"robots\" content=\"index, follow, max-snippet:-1, max-image-preview:large, max-video-preview:-1\" \/>\n<link rel=\"canonical\" href=\"https:\/\/abc-latina.com\/paraguay\/histoire\/\" \/>\n<meta property=\"og:locale\" content=\"fr_FR\" \/>\n<meta property=\"og:type\" content=\"article\" \/>\n<meta property=\"og:title\" content=\"HISTOIRE - PARAGUAY - Abc-latina\" \/>\n<meta property=\"og:description\" content=\"L&#039;histoire du Paraguay.\" \/>\n<meta property=\"og:url\" content=\"https:\/\/abc-latina.com\/paraguay\/histoire\/\" \/>\n<meta property=\"og:site_name\" content=\"Abc-latina\" \/>\n<meta property=\"article:modified_time\" content=\"2026-04-30T16:25:13+00:00\" \/>\n<meta name=\"twitter:card\" content=\"summary_large_image\" \/>\n<meta name=\"twitter:label1\" content=\"Dur\u00e9e de lecture estim\u00e9e\" \/>\n\t<meta name=\"twitter:data1\" content=\"2 minutes\" \/>\n<script type=\"application\/ld+json\" class=\"yoast-schema-graph\">{\"@context\":\"https:\\\/\\\/schema.org\",\"@graph\":[{\"@type\":\"WebPage\",\"@id\":\"https:\\\/\\\/abc-latina.com\\\/paraguay\\\/histoire\\\/\",\"url\":\"https:\\\/\\\/abc-latina.com\\\/paraguay\\\/histoire\\\/\",\"name\":\"HISTOIRE - PARAGUAY - Abc-latina\",\"isPartOf\":{\"@id\":\"https:\\\/\\\/abc-latina.com\\\/#website\"},\"datePublished\":\"2010-07-17T02:13:38+00:00\",\"dateModified\":\"2026-04-30T16:25:13+00:00\",\"description\":\"L'histoire du Paraguay.\",\"breadcrumb\":{\"@id\":\"https:\\\/\\\/abc-latina.com\\\/paraguay\\\/histoire\\\/#breadcrumb\"},\"inLanguage\":\"fr-FR\",\"potentialAction\":[{\"@type\":\"ReadAction\",\"target\":[\"https:\\\/\\\/abc-latina.com\\\/paraguay\\\/histoire\\\/\"]}]},{\"@type\":\"BreadcrumbList\",\"@id\":\"https:\\\/\\\/abc-latina.com\\\/paraguay\\\/histoire\\\/#breadcrumb\",\"itemListElement\":[{\"@type\":\"ListItem\",\"position\":1,\"name\":\"Accueil\",\"item\":\"https:\\\/\\\/abc-latina.com\\\/\"},{\"@type\":\"ListItem\",\"position\":2,\"name\":\"HISTOIRE &#8211; PARAGUAY\"}]},{\"@type\":\"WebSite\",\"@id\":\"https:\\\/\\\/abc-latina.com\\\/#website\",\"url\":\"https:\\\/\\\/abc-latina.com\\\/\",\"name\":\"Abc-latina\",\"description\":\"\",\"publisher\":{\"@id\":\"https:\\\/\\\/abc-latina.com\\\/#organization\"},\"potentialAction\":[{\"@type\":\"SearchAction\",\"target\":{\"@type\":\"EntryPoint\",\"urlTemplate\":\"https:\\\/\\\/abc-latina.com\\\/?s={search_term_string}\"},\"query-input\":{\"@type\":\"PropertyValueSpecification\",\"valueRequired\":true,\"valueName\":\"search_term_string\"}}],\"inLanguage\":\"fr-FR\"},{\"@type\":\"Organization\",\"@id\":\"https:\\\/\\\/abc-latina.com\\\/#organization\",\"name\":\"Abc-latina\",\"url\":\"https:\\\/\\\/abc-latina.com\\\/\",\"logo\":{\"@type\":\"ImageObject\",\"inLanguage\":\"fr-FR\",\"@id\":\"https:\\\/\\\/abc-latina.com\\\/#\\\/schema\\\/logo\\\/image\\\/\",\"url\":\"https:\\\/\\\/abc-latina.com\\\/wp-content\\\/uploads\\\/2026\\\/05\\\/cropped-logo.gif\",\"contentUrl\":\"https:\\\/\\\/abc-latina.com\\\/wp-content\\\/uploads\\\/2026\\\/05\\\/cropped-logo.gif\",\"width\":89,\"height\":84,\"caption\":\"Abc-latina\"},\"image\":{\"@id\":\"https:\\\/\\\/abc-latina.com\\\/#\\\/schema\\\/logo\\\/image\\\/\"}}]}<\/script>\n<!-- \/ Yoast SEO plugin. -->","yoast_head_json":{"title":"HISTOIRE - PARAGUAY - Abc-latina","description":"L'histoire du Paraguay.","robots":{"index":"index","follow":"follow","max-snippet":"max-snippet:-1","max-image-preview":"max-image-preview:large","max-video-preview":"max-video-preview:-1"},"canonical":"https:\/\/abc-latina.com\/paraguay\/histoire\/","og_locale":"fr_FR","og_type":"article","og_title":"HISTOIRE - PARAGUAY - Abc-latina","og_description":"L'histoire du Paraguay.","og_url":"https:\/\/abc-latina.com\/paraguay\/histoire\/","og_site_name":"Abc-latina","article_modified_time":"2026-04-30T16:25:13+00:00","twitter_card":"summary_large_image","twitter_misc":{"Dur\u00e9e de lecture estim\u00e9e":"2 minutes"},"schema":{"@context":"https:\/\/schema.org","@graph":[{"@type":"WebPage","@id":"https:\/\/abc-latina.com\/paraguay\/histoire\/","url":"https:\/\/abc-latina.com\/paraguay\/histoire\/","name":"HISTOIRE - PARAGUAY - Abc-latina","isPartOf":{"@id":"https:\/\/abc-latina.com\/#website"},"datePublished":"2010-07-17T02:13:38+00:00","dateModified":"2026-04-30T16:25:13+00:00","description":"L'histoire du Paraguay.","breadcrumb":{"@id":"https:\/\/abc-latina.com\/paraguay\/histoire\/#breadcrumb"},"inLanguage":"fr-FR","potentialAction":[{"@type":"ReadAction","target":["https:\/\/abc-latina.com\/paraguay\/histoire\/"]}]},{"@type":"BreadcrumbList","@id":"https:\/\/abc-latina.com\/paraguay\/histoire\/#breadcrumb","itemListElement":[{"@type":"ListItem","position":1,"name":"Accueil","item":"https:\/\/abc-latina.com\/"},{"@type":"ListItem","position":2,"name":"HISTOIRE &#8211; PARAGUAY"}]},{"@type":"WebSite","@id":"https:\/\/abc-latina.com\/#website","url":"https:\/\/abc-latina.com\/","name":"Abc-latina","description":"","publisher":{"@id":"https:\/\/abc-latina.com\/#organization"},"potentialAction":[{"@type":"SearchAction","target":{"@type":"EntryPoint","urlTemplate":"https:\/\/abc-latina.com\/?s={search_term_string}"},"query-input":{"@type":"PropertyValueSpecification","valueRequired":true,"valueName":"search_term_string"}}],"inLanguage":"fr-FR"},{"@type":"Organization","@id":"https:\/\/abc-latina.com\/#organization","name":"Abc-latina","url":"https:\/\/abc-latina.com\/","logo":{"@type":"ImageObject","inLanguage":"fr-FR","@id":"https:\/\/abc-latina.com\/#\/schema\/logo\/image\/","url":"https:\/\/abc-latina.com\/wp-content\/uploads\/2026\/05\/cropped-logo.gif","contentUrl":"https:\/\/abc-latina.com\/wp-content\/uploads\/2026\/05\/cropped-logo.gif","width":89,"height":84,"caption":"Abc-latina"},"image":{"@id":"https:\/\/abc-latina.com\/#\/schema\/logo\/image\/"}}]}},"_links":{"self":[{"href":"https:\/\/abc-latina.com\/wp-json\/wp\/v2\/pages\/1449","targetHints":{"allow":["GET"]}}],"collection":[{"href":"https:\/\/abc-latina.com\/wp-json\/wp\/v2\/pages"}],"about":[{"href":"https:\/\/abc-latina.com\/wp-json\/wp\/v2\/types\/page"}],"author":[{"embeddable":true,"href":"https:\/\/abc-latina.com\/wp-json\/wp\/v2\/users\/3"}],"replies":[{"embeddable":true,"href":"https:\/\/abc-latina.com\/wp-json\/wp\/v2\/comments?post=1449"}],"version-history":[{"count":1,"href":"https:\/\/abc-latina.com\/wp-json\/wp\/v2\/pages\/1449\/revisions"}],"predecessor-version":[{"id":3645,"href":"https:\/\/abc-latina.com\/wp-json\/wp\/v2\/pages\/1449\/revisions\/3645"}],"up":[{"embeddable":true,"href":"https:\/\/abc-latina.com\/wp-json\/wp\/v2\/pages\/2314"}],"wp:attachment":[{"href":"https:\/\/abc-latina.com\/wp-json\/wp\/v2\/media?parent=1449"}],"curies":[{"name":"wp","href":"https:\/\/api.w.org\/{rel}","templated":true}]}}