{"id":1476,"date":"2010-07-19T18:17:02","date_gmt":"2010-07-19T16:17:02","guid":{"rendered":"http:\/\/abc-latina.com\/economie-htm-18\/"},"modified":"2026-04-30T18:25:34","modified_gmt":"2026-04-30T16:25:34","slug":"economie","status":"publish","type":"page","link":"https:\/\/abc-latina.com\/venezuela\/economie\/","title":{"rendered":"ECONOMIE &#8211; VENEZUELA"},"content":{"rendered":"<div>\n<div><img loading=\"lazy\" decoding=\"async\" class=\" alignright size-full wp-image-1387\" src=\"http:\/\/abc-latina.com\/wp-content\/uploads\/2010\/07\/economie.jpg\" title=\"ECONOMIE du VENEZUELA\" alt=\"ECONOMIE du VENEZUELA\" width=\"220\" vspace=\"9\" hspace=\"15\" height=\"220\" align=\"right\" srcset=\"https:\/\/abc-latina.com\/wp-content\/uploads\/2010\/07\/economie.jpg 220w, https:\/\/abc-latina.com\/wp-content\/uploads\/2010\/07\/economie-150x150.jpg 150w\" sizes=\"auto, (max-width: 220px) 100vw, 220px\" \/>Depuis 1920 le <span class=\"tourisme-chapitre\">p\u00e9trole<\/span> est mont\u00e9 en puissance dans l&rsquo;\u00e9conomie v\u00e9n\u00e9zu\u00e9lienne jusqu&rsquo;\u00e0 en devenir rapidement la principale composante. Pendant la plus grande partie du XX\u00e8me si\u00e8cle les dictatures v\u00e9n\u00e9zu\u00e9liennes, puis apr\u00e8s 1959 les gouvernements \u00e9lus d\u00e9mocratiquement, ont fait tr\u00e8s bon m\u00e9nage avec le p\u00e9trole. Il est de tr\u00e8s loin la premi\u00e8re ressource naturelle du pays et est exploit\u00e9 depuis 1975 par l&rsquo;entreprise nationale Petroleos de Venezuela SA (PVDSA). Membre fondateur de l&rsquo;OPEP, le pays occupe aujourd&rsquo;hui la premi\u00e8re place mondiale en r\u00e9serves devant l&rsquo;Arabie Saoudite avec pr\u00e9s de 297 milliards de barils dans le sous-sol du bassin de l&rsquo;Or\u00e9noque. Il est le neuvi\u00e8me exportateur mondial. Les hydrocarbures et le gaz, bien que ce dernier soit encore peu vendu, repr\u00e9sentent directement et indirectement 96 % de ses exportations totales et pr\u00e9s de la moitie de son PIB. Mais le p\u00e9trole v\u00e9n\u00e9zu\u00e9lien est de forte densit\u00e9, extra-lourd, ce qui le rend co\u00fbteux \u00e0 extraire et \u00e0 raffiner contrairement \u00e0 celui de l&rsquo;Arabie Saoudite par exemple.&nbsp;<\/div>\n<div>Toujours concernant le secteur \u00e9nerg\u00e9tique la fili\u00e8re hydro\u00e9lectrique a fourni 58 % de l&rsquo;\u00e9lectricit\u00e9 du pays en 2012. Le barrage de Guri, troisi\u00e8me plus grand barrage du monde, fournit a lui seul pr\u00e9s de 40 % de la production nationale. Mais la production est cependant insuffisante, les \u00e9quipements d\u00e9suets, et le pays connait de nombreuses coupures de courant.&nbsp;<\/div>\n<div>Sur le plan minier le Venezuela extrait du minerai de fer, de la bauxite, du fer, du nickel, du charbon, des m\u00e9taux pr\u00e9cieux comme l&rsquo;or et le diamant ainsi que d&rsquo;autres nombreux min\u00e9raux.<\/div>\n<div>&nbsp;<\/div>\n<div>Le pays est tr\u00e8s d\u00e9velopp\u00e9 sur le <span class=\"tourisme-chapitre\">plan industriel<\/span>. Ce secteur repr\u00e9sente 51 % du PIB: acier, aluminium, ciment, d\u00e9riv\u00e9s du p\u00e9trole, mais aussi industrie automobile gr\u00e2ce \u00e0 des firmes estrang\u00e8res comme Ford. H\u00e9las toute l&rsquo;industrie de transformation souffre d&rsquo;un recul r\u00e9gulier \u00e0 cause du manque flagrant d&rsquo;investissements et notamment de garanties juridiques. L&rsquo;\u00e9norme importance du p\u00e9trole dans l&rsquo;\u00e9conomie freine en effet consid\u00e9rablement la diversification de l&rsquo;industrie.&nbsp;<\/div>\n<div>&nbsp;<\/div>\n<div>A l&rsquo;inverse, les <span class=\"tourisme-chapitre\">services<\/span> ont connu ces derni\u00e8res ann\u00e9es un bel essor gr\u00e2ce \u00e0 la forte demande et \u00e0 des investissements significatifs, que ce soit en t\u00e9l\u00e9phonie ou en diverses technologies telles que transfert de donn\u00e9es et applications internet.&nbsp;<\/div>\n<div>&nbsp;<\/div>\n<div>Comme l&rsquo;ensemble du secteur industriel la <span class=\"tourisme-chapitre\">production agricole<\/span> a largement souffert ces derni\u00e8res d\u00e9cennies de l&rsquo;orientation \u00e9conomique essentiellement tourn\u00e9e vers le p\u00e9trole. Ce choix \u00e9conomique a maintenu la devise nationale trop forte, pendant certaines p\u00e9riodes. Le bolivar haut par rapport au dollar a contribu\u00e9 \u00e0 la non comp\u00e9titivit\u00e9 des producteurs v\u00e9n\u00e9zu\u00e9liens et au manque d&rsquo;int\u00e9r\u00eat des capitaux priv\u00e9s \u00e0 s&rsquo;investir dans le secteur agricole. Les terres sont exploit\u00e9es seulement pour un peu plus de 40 % ce qui oblige le pays \u00e0 importer environ 60 % de produits alimentaires.&nbsp;<\/div>\n<div>Le mais repr\u00e9sente plus des 2\/3 de la fili\u00e8re c\u00e9r\u00e9ali\u00e8re, suivi du riz et du sorgho. Canne \u00e0 sucre, cacao, tabac, fruits et l\u00e9gumes, ol\u00e9agineux marquent tous une r\u00e9gression depuis plusieurs ann\u00e9es. Activit\u00e9 importante du secteur agricole l&rsquo;\u00e9levage produit de la viande de b\u0153uf, de porc, des volailles. Les chiffres publics officiels sont nettement plus \u00e9lev\u00e9s que ceux du priv\u00e9, ce qui explique en partie le manque de confiance des investisseurs. P\u00eache et aquaculture en milieu marin et fluvial sont \u00e9galement d&rsquo;un fort potentiel gr\u00e2ce au nombre et la vari\u00e9t\u00e9 des poissons et fruits de mer, mais l\u00e0 encore pas suffisamment exploit\u00e9es. L&rsquo;ensemble du potentiel de la fili\u00e8re agricole tranche avec sa marginalit\u00e9 dans le PIB du pays dont elle ne repr\u00e9sente que 3,8 %.<\/div>\n<div>&nbsp;<\/div>\n<div>Risques commerciaux moyens \u00e0 \u00e9lev\u00e9s.<\/div>\n<\/div>\n<h3>INDICATEURS ECONOMIQUES DU VENEZUELA EN 2012<\/h3>\n<div>&nbsp;<\/div>\n<div>PIB : 382.4 milliards USD<br \/>PIB\/Habitant\/PPP : 12.748 USD<br \/>Taux de croissance du PIB : 1.19 %<br \/>Taux de ch\u00f4mage : 8.5 %<br \/>Taux d&rsquo;inflation officiel : 27.2 %<\/div>\n<div>&nbsp;<\/div>\n<div><span class=\"eco-indic2\">Part des principaux secteurs d&rsquo;activit\u00e9s dans le PIB<\/span> :<br \/>Secteur agricole : 3,8 %<br \/>Secteur industriel : 45,8 %<br \/>Secteur des services : 50,4 %<\/div>\n<div>&nbsp;<\/div>\n<div><span class=\"eco-indic2\">Principaux clients 2012<\/span>:<br \/>USA (40 %), Chine (28 %), Inde (8 %), Singapour (5 %), Cuba (5 %)<\/div>\n<div>&nbsp;<\/div>\n<div><span class=\"eco-indic2\">Principaux fournisseurs 2012<\/span>:<br \/>USA (32%), UE (14%), Chine (9%), Br\u00e9sil (9 %), Colombie (5%), Mexique (4.1 %)<br \/>Exportations de la France vers le Venezuela en 2012 : 503 millions USD (+ 7,1 %)<br \/>Importations fran\u00e7aises du Venezuela en 2012 : 394 millions USD (+ 6 %).<br \/>&nbsp;<\/div>\n","protected":false},"excerpt":{"rendered":"<p>Depuis 1920 le p\u00e9trole est mont\u00e9 en puissance dans l&rsquo;\u00e9conomie v\u00e9n\u00e9zu\u00e9lienne jusqu&rsquo;\u00e0 en devenir rapidement la principale composante. Pendant la [&hellip;]<\/p>\n","protected":false},"author":3,"featured_media":1387,"parent":2320,"menu_order":0,"comment_status":"closed","ping_status":"closed","template":"","meta":{"site-sidebar-layout":"default","site-content-layout":"","ast-site-content-layout":"default","site-content-style":"default","site-sidebar-style":"default","ast-global-header-display":"","ast-banner-title-visibility":"","ast-main-header-display":"","ast-hfb-above-header-display":"","ast-hfb-below-header-display":"","ast-hfb-mobile-header-display":"","site-post-title":"","ast-breadcrumbs-content":"","ast-featured-img":"","footer-sml-layout":"","ast-disable-related-posts":"","theme-transparent-header-meta":"","adv-header-id-meta":"","stick-header-meta":"","header-above-stick-meta":"","header-main-stick-meta":"","header-below-stick-meta":"","astra-migrate-meta-layouts":"default","ast-page-background-enabled":"default","ast-page-background-meta":{"desktop":{"background-color":"var(--ast-global-color-5)","background-image":"","background-repeat":"repeat","background-position":"center center","background-size":"auto","background-attachment":"scroll","background-type":"","background-media":"","overlay-type":"","overlay-color":"","overlay-opacity":"","overlay-gradient":""},"tablet":{"background-color":"","background-image":"","background-repeat":"repeat","background-position":"center center","background-size":"auto","background-attachment":"scroll","background-type":"","background-media":"","overlay-type":"","overlay-color":"","overlay-opacity":"","overlay-gradient":""},"mobile":{"background-color":"","background-image":"","background-repeat":"repeat","background-position":"center center","background-size":"auto","background-attachment":"scroll","background-type":"","background-media":"","overlay-type":"","overlay-color":"","overlay-opacity":"","overlay-gradient":""}},"ast-content-background-meta":{"desktop":{"background-color":"var(--ast-global-color-4)","background-image":"","background-repeat":"repeat","background-position":"center center","background-size":"auto","background-attachment":"scroll","background-type":"","background-media":"","overlay-type":"","overlay-color":"","overlay-opacity":"","overlay-gradient":""},"tablet":{"background-color":"var(--ast-global-color-4)","background-image":"","background-repeat":"repeat","background-position":"center center","background-size":"auto","background-attachment":"scroll","background-type":"","background-media":"","overlay-type":"","overlay-color":"","overlay-opacity":"","overlay-gradient":""},"mobile":{"background-color":"var(--ast-global-color-4)","background-image":"","background-repeat":"repeat","background-position":"center center","background-size":"auto","background-attachment":"scroll","background-type":"","background-media":"","overlay-type":"","overlay-color":"","overlay-opacity":"","overlay-gradient":""}},"footnotes":""},"class_list":["post-1476","page","type-page","status-publish","has-post-thumbnail","hentry"],"yoast_head":"<!-- This site is optimized with the Yoast SEO plugin v27.5 - https:\/\/yoast.com\/product\/yoast-seo-wordpress\/ -->\n<title>ECONOMIE - VENEZUELA - Abc-latina<\/title>\n<meta name=\"description\" content=\"L&#039;\u00e9conomie venezuelienne, le p\u00e9trole, l&#039;agriculture et l&#039;industrie.  Donn\u00e9es sur l&#039;\u00e9conomie du Venezuela.\" \/>\n<meta name=\"robots\" content=\"index, follow, max-snippet:-1, max-image-preview:large, max-video-preview:-1\" \/>\n<link rel=\"canonical\" href=\"https:\/\/abc-latina.com\/venezuela\/economie\/\" \/>\n<meta property=\"og:locale\" content=\"fr_FR\" \/>\n<meta property=\"og:type\" content=\"article\" \/>\n<meta property=\"og:title\" content=\"ECONOMIE - VENEZUELA - Abc-latina\" \/>\n<meta property=\"og:description\" content=\"L&#039;\u00e9conomie venezuelienne, le p\u00e9trole, l&#039;agriculture et l&#039;industrie.  Donn\u00e9es sur l&#039;\u00e9conomie du Venezuela.\" \/>\n<meta property=\"og:url\" content=\"https:\/\/abc-latina.com\/venezuela\/economie\/\" \/>\n<meta property=\"og:site_name\" content=\"Abc-latina\" \/>\n<meta property=\"article:modified_time\" content=\"2026-04-30T16:25:34+00:00\" \/>\n<meta property=\"og:image\" content=\"https:\/\/abc-latina.com\/wp-content\/uploads\/2010\/07\/economie.jpg\" \/>\n\t<meta property=\"og:image:width\" content=\"220\" \/>\n\t<meta property=\"og:image:height\" content=\"220\" \/>\n\t<meta property=\"og:image:type\" content=\"image\/jpeg\" \/>\n<meta name=\"twitter:card\" content=\"summary_large_image\" \/>\n<meta name=\"twitter:label1\" content=\"Dur\u00e9e de lecture estim\u00e9e\" \/>\n\t<meta name=\"twitter:data1\" content=\"4 minutes\" \/>\n<script type=\"application\/ld+json\" class=\"yoast-schema-graph\">{\"@context\":\"https:\\\/\\\/schema.org\",\"@graph\":[{\"@type\":\"WebPage\",\"@id\":\"https:\\\/\\\/abc-latina.com\\\/venezuela\\\/economie\\\/\",\"url\":\"https:\\\/\\\/abc-latina.com\\\/venezuela\\\/economie\\\/\",\"name\":\"ECONOMIE - VENEZUELA - Abc-latina\",\"isPartOf\":{\"@id\":\"https:\\\/\\\/abc-latina.com\\\/#website\"},\"primaryImageOfPage\":{\"@id\":\"https:\\\/\\\/abc-latina.com\\\/venezuela\\\/economie\\\/#primaryimage\"},\"image\":{\"@id\":\"https:\\\/\\\/abc-latina.com\\\/venezuela\\\/economie\\\/#primaryimage\"},\"thumbnailUrl\":\"https:\\\/\\\/abc-latina.com\\\/wp-content\\\/uploads\\\/2010\\\/07\\\/economie.jpg\",\"datePublished\":\"2010-07-19T16:17:02+00:00\",\"dateModified\":\"2026-04-30T16:25:34+00:00\",\"description\":\"L'\u00e9conomie venezuelienne, le p\u00e9trole, l'agriculture et l'industrie. Donn\u00e9es sur l'\u00e9conomie du Venezuela.\",\"breadcrumb\":{\"@id\":\"https:\\\/\\\/abc-latina.com\\\/venezuela\\\/economie\\\/#breadcrumb\"},\"inLanguage\":\"fr-FR\",\"potentialAction\":[{\"@type\":\"ReadAction\",\"target\":[\"https:\\\/\\\/abc-latina.com\\\/venezuela\\\/economie\\\/\"]}]},{\"@type\":\"ImageObject\",\"inLanguage\":\"fr-FR\",\"@id\":\"https:\\\/\\\/abc-latina.com\\\/venezuela\\\/economie\\\/#primaryimage\",\"url\":\"https:\\\/\\\/abc-latina.com\\\/wp-content\\\/uploads\\\/2010\\\/07\\\/economie.jpg\",\"contentUrl\":\"https:\\\/\\\/abc-latina.com\\\/wp-content\\\/uploads\\\/2010\\\/07\\\/economie.jpg\",\"width\":220,\"height\":220,\"caption\":\"ECONOMIE EQUATORIENNE\"},{\"@type\":\"BreadcrumbList\",\"@id\":\"https:\\\/\\\/abc-latina.com\\\/venezuela\\\/economie\\\/#breadcrumb\",\"itemListElement\":[{\"@type\":\"ListItem\",\"position\":1,\"name\":\"Accueil\",\"item\":\"https:\\\/\\\/abc-latina.com\\\/\"},{\"@type\":\"ListItem\",\"position\":2,\"name\":\"ECONOMIE &#8211; VENEZUELA\"}]},{\"@type\":\"WebSite\",\"@id\":\"https:\\\/\\\/abc-latina.com\\\/#website\",\"url\":\"https:\\\/\\\/abc-latina.com\\\/\",\"name\":\"Abc-latina\",\"description\":\"\",\"publisher\":{\"@id\":\"https:\\\/\\\/abc-latina.com\\\/#organization\"},\"potentialAction\":[{\"@type\":\"SearchAction\",\"target\":{\"@type\":\"EntryPoint\",\"urlTemplate\":\"https:\\\/\\\/abc-latina.com\\\/?s={search_term_string}\"},\"query-input\":{\"@type\":\"PropertyValueSpecification\",\"valueRequired\":true,\"valueName\":\"search_term_string\"}}],\"inLanguage\":\"fr-FR\"},{\"@type\":\"Organization\",\"@id\":\"https:\\\/\\\/abc-latina.com\\\/#organization\",\"name\":\"Abc-latina\",\"url\":\"https:\\\/\\\/abc-latina.com\\\/\",\"logo\":{\"@type\":\"ImageObject\",\"inLanguage\":\"fr-FR\",\"@id\":\"https:\\\/\\\/abc-latina.com\\\/#\\\/schema\\\/logo\\\/image\\\/\",\"url\":\"https:\\\/\\\/abc-latina.com\\\/wp-content\\\/uploads\\\/2026\\\/05\\\/cropped-logo.gif\",\"contentUrl\":\"https:\\\/\\\/abc-latina.com\\\/wp-content\\\/uploads\\\/2026\\\/05\\\/cropped-logo.gif\",\"width\":89,\"height\":84,\"caption\":\"Abc-latina\"},\"image\":{\"@id\":\"https:\\\/\\\/abc-latina.com\\\/#\\\/schema\\\/logo\\\/image\\\/\"}}]}<\/script>\n<!-- \/ Yoast SEO plugin. -->","yoast_head_json":{"title":"ECONOMIE - VENEZUELA - Abc-latina","description":"L'\u00e9conomie venezuelienne, le p\u00e9trole, l'agriculture et l'industrie.  Donn\u00e9es sur l'\u00e9conomie du Venezuela.","robots":{"index":"index","follow":"follow","max-snippet":"max-snippet:-1","max-image-preview":"max-image-preview:large","max-video-preview":"max-video-preview:-1"},"canonical":"https:\/\/abc-latina.com\/venezuela\/economie\/","og_locale":"fr_FR","og_type":"article","og_title":"ECONOMIE - VENEZUELA - Abc-latina","og_description":"L'\u00e9conomie venezuelienne, le p\u00e9trole, l'agriculture et l'industrie.  Donn\u00e9es sur l'\u00e9conomie du Venezuela.","og_url":"https:\/\/abc-latina.com\/venezuela\/economie\/","og_site_name":"Abc-latina","article_modified_time":"2026-04-30T16:25:34+00:00","og_image":[{"width":220,"height":220,"url":"https:\/\/abc-latina.com\/wp-content\/uploads\/2010\/07\/economie.jpg","type":"image\/jpeg"}],"twitter_card":"summary_large_image","twitter_misc":{"Dur\u00e9e de lecture estim\u00e9e":"4 minutes"},"schema":{"@context":"https:\/\/schema.org","@graph":[{"@type":"WebPage","@id":"https:\/\/abc-latina.com\/venezuela\/economie\/","url":"https:\/\/abc-latina.com\/venezuela\/economie\/","name":"ECONOMIE - VENEZUELA - Abc-latina","isPartOf":{"@id":"https:\/\/abc-latina.com\/#website"},"primaryImageOfPage":{"@id":"https:\/\/abc-latina.com\/venezuela\/economie\/#primaryimage"},"image":{"@id":"https:\/\/abc-latina.com\/venezuela\/economie\/#primaryimage"},"thumbnailUrl":"https:\/\/abc-latina.com\/wp-content\/uploads\/2010\/07\/economie.jpg","datePublished":"2010-07-19T16:17:02+00:00","dateModified":"2026-04-30T16:25:34+00:00","description":"L'\u00e9conomie venezuelienne, le p\u00e9trole, l'agriculture et l'industrie. Donn\u00e9es sur l'\u00e9conomie du Venezuela.","breadcrumb":{"@id":"https:\/\/abc-latina.com\/venezuela\/economie\/#breadcrumb"},"inLanguage":"fr-FR","potentialAction":[{"@type":"ReadAction","target":["https:\/\/abc-latina.com\/venezuela\/economie\/"]}]},{"@type":"ImageObject","inLanguage":"fr-FR","@id":"https:\/\/abc-latina.com\/venezuela\/economie\/#primaryimage","url":"https:\/\/abc-latina.com\/wp-content\/uploads\/2010\/07\/economie.jpg","contentUrl":"https:\/\/abc-latina.com\/wp-content\/uploads\/2010\/07\/economie.jpg","width":220,"height":220,"caption":"ECONOMIE EQUATORIENNE"},{"@type":"BreadcrumbList","@id":"https:\/\/abc-latina.com\/venezuela\/economie\/#breadcrumb","itemListElement":[{"@type":"ListItem","position":1,"name":"Accueil","item":"https:\/\/abc-latina.com\/"},{"@type":"ListItem","position":2,"name":"ECONOMIE &#8211; VENEZUELA"}]},{"@type":"WebSite","@id":"https:\/\/abc-latina.com\/#website","url":"https:\/\/abc-latina.com\/","name":"Abc-latina","description":"","publisher":{"@id":"https:\/\/abc-latina.com\/#organization"},"potentialAction":[{"@type":"SearchAction","target":{"@type":"EntryPoint","urlTemplate":"https:\/\/abc-latina.com\/?s={search_term_string}"},"query-input":{"@type":"PropertyValueSpecification","valueRequired":true,"valueName":"search_term_string"}}],"inLanguage":"fr-FR"},{"@type":"Organization","@id":"https:\/\/abc-latina.com\/#organization","name":"Abc-latina","url":"https:\/\/abc-latina.com\/","logo":{"@type":"ImageObject","inLanguage":"fr-FR","@id":"https:\/\/abc-latina.com\/#\/schema\/logo\/image\/","url":"https:\/\/abc-latina.com\/wp-content\/uploads\/2026\/05\/cropped-logo.gif","contentUrl":"https:\/\/abc-latina.com\/wp-content\/uploads\/2026\/05\/cropped-logo.gif","width":89,"height":84,"caption":"Abc-latina"},"image":{"@id":"https:\/\/abc-latina.com\/#\/schema\/logo\/image\/"}}]}},"_links":{"self":[{"href":"https:\/\/abc-latina.com\/wp-json\/wp\/v2\/pages\/1476","targetHints":{"allow":["GET"]}}],"collection":[{"href":"https:\/\/abc-latina.com\/wp-json\/wp\/v2\/pages"}],"about":[{"href":"https:\/\/abc-latina.com\/wp-json\/wp\/v2\/types\/page"}],"author":[{"embeddable":true,"href":"https:\/\/abc-latina.com\/wp-json\/wp\/v2\/users\/3"}],"replies":[{"embeddable":true,"href":"https:\/\/abc-latina.com\/wp-json\/wp\/v2\/comments?post=1476"}],"version-history":[{"count":1,"href":"https:\/\/abc-latina.com\/wp-json\/wp\/v2\/pages\/1476\/revisions"}],"predecessor-version":[{"id":4120,"href":"https:\/\/abc-latina.com\/wp-json\/wp\/v2\/pages\/1476\/revisions\/4120"}],"up":[{"embeddable":true,"href":"https:\/\/abc-latina.com\/wp-json\/wp\/v2\/pages\/2320"}],"wp:featuredmedia":[{"embeddable":true,"href":"https:\/\/abc-latina.com\/wp-json\/wp\/v2\/media\/1387"}],"wp:attachment":[{"href":"https:\/\/abc-latina.com\/wp-json\/wp\/v2\/media?parent=1476"}],"curies":[{"name":"wp","href":"https:\/\/api.w.org\/{rel}","templated":true}]}}