{"id":1477,"date":"2010-07-19T18:19:20","date_gmt":"2010-07-19T16:19:20","guid":{"rendered":"http:\/\/abc-latina.com\/geo-htm-17\/"},"modified":"2026-04-30T18:25:34","modified_gmt":"2026-04-30T16:25:34","slug":"geo","status":"publish","type":"page","link":"https:\/\/abc-latina.com\/?page_id=1477","title":{"rendered":"GEOGRAPHIE &#8211; VENEZUELA"},"content":{"rendered":"<div><a target=\"_blank\" href=\"https:\/\/www.abc-latina.com\/carteam.htm\"><img loading=\"lazy\" decoding=\"async\" class=\" alignright size-full wp-image-1107\" style=\"margin: 5px; float: right;\" src=\"http:\/\/abc-latina.com\/wp-content\/uploads\/2010\/06\/america_venezuela.png\" title=\"GEOGRAPHIE DU VENEZUELA\" alt=\"GEOGRAPHIE DU VENEZUELA\" width=\"118\" height=\"122\" \/><\/a>Le territoire v\u00e9n\u00e9zu\u00e9lien s&rsquo;\u00e9tend sur 912.050 km&sup2;. On divise g\u00e9n\u00e9ralement le <span class=\"tourisme-chapitre\">Venezuela<\/span> en 4 r\u00e9gions g\u00e9ographiques distinctes : le littoral, la r\u00e9gion montagneuse, les llanos et les plateaux de la Guyane v\u00e9n\u00e9zu\u00e9lienne.&nbsp;<\/div>\n<div>&nbsp;<\/div>\n<div>Le littoral donne \u00e0 l&rsquo;Est sur l&rsquo;oc\u00e9an Atlantique. Cette partie de la c\u00f4te est marqu\u00e9e par le golfe de Paria et surtout par le delta de l&rsquo;Or\u00e9noque, o\u00f9 se jettent la majeure partie des eaux du territoire v\u00e9n\u00e9zu\u00e9lien. Au nord, la c\u00f4te longe la mer des Cara\u00efbes et pr\u00e9sente un caract\u00e8re rocheux, et s&rsquo;y cachent plusieurs belles plages de sable blanc. C&rsquo;est sur cette c\u00f4te, plus pr\u00e9cis\u00e9ment sur la p\u00e9ninsule d&rsquo;Araya, que <a target=\"_blank\" href=\"https:\/\/www.abc-latina.com\/personnalites\/christophe_colomb.htm\">Christophe Colomb<\/a> d\u00e9couvrit le Venezuela en 1498, lors de son troisi\u00e8me voyage en Am\u00e9rique. Plus \u00e0 l&rsquo;ouest, la c\u00f4te se prolonge jusqu&rsquo;au golfe du Venezuela et \u00e0 l&rsquo;immense mer int\u00e9rieure qu&rsquo;est le lac Maracaibo. Au large, tout le long de ces c\u00f4tes, baignent de nombreuses \u00eeles, dont plusieurs sont habit\u00e9es.<\/div>\n<div>&nbsp;<\/div>\n<div>La r\u00e9gion montagneuse offre des paysages spectaculaires et de belles occasions pour la randonn\u00e9e p\u00e9destre. Elle s\u00e9pare les Llanos, ces vastes plaines de l&rsquo;int\u00e9rieur, du littoral et de la r\u00e9gion du lac de Macaibo. La r\u00e9gion montagneuse est d&rsquo;abord compos\u00e9e de la cordill\u00e8re de M\u00e9rida, un impressionnant prolongement des Andes qui s&rsquo;ach\u00e8ve avec le plateau de Barquisimeto. Elle se poursuit par la suite avec la cordill\u00e8re Cara\u00efbe, dont les cr\u00eates surplombent une partie du littoral. Le plus haut sommet de la cordill\u00e8re de Merida et du Venezuela, le mont Bol\u00edvar, s&rsquo;\u00e9l\u00e8ve \u00e0 plus de 5.000m.<\/div>\n<div>&nbsp;<\/div>\n<div>Les Llanos forment de grandes plaines s&rsquo;\u00e9tendant sur plus du tiers de la superficie du pays, depuis les paysages montagneux du Nord-Est jusqu&rsquo;\u00e0 la rive gauche de l&rsquo;Or\u00e9noque, o\u00f9 commence l&rsquo;immense Guyane v\u00e9n\u00e9zu\u00e9lienne. Les terres des Llanos sont irrigu\u00e9es par les affluents du fleuve et servent surtout de lieux de p\u00e2turage aux bovins, aux porcs et aux chevaux. On y exploite \u00e9galement d&rsquo;importantes mines de fer dans les r\u00e9gions du Cerro Bol\u00edvar et d&rsquo;El Pao.&nbsp;<\/div>\n<div>&nbsp;<\/div>\n<div>La Guyane v\u00e9n\u00e9zu\u00e9lienne est la plus vaste r\u00e9gion g\u00e9ographique du Venezuela. Tr\u00e8s isol\u00e9e du reste du pays et fort peu peupl\u00e9e, elle s&rsquo;\u00e9tend sur toute la partie m\u00e9ridionale du Venezuela, depuis la rive sud-est de l&rsquo;Or\u00e9noque jusqu&rsquo;\u00e0 la fronti\u00e8re du <a target=\"_blank\" href=\"https:\/\/www.abc-latina.com\/bresil\/\">Br\u00e9sil<\/a>. Ses paysages sont form\u00e9s de plateaux et de montagnes qui n&rsquo;atteignent rarement plus de 1000m de haut. Sauf dans la r\u00e9gion \u00e0 l&rsquo;extr\u00eame sud, o\u00f9 s&rsquo;ouvrent des paysages de savanes, la Guyane v\u00e9n\u00e9zu\u00e9lienne est presque compl\u00e8tement recouverte d&rsquo;une riche for\u00eat tropicale. Le gouvernement v\u00e9n\u00e9zu\u00e9lien commence \u00e0 peine \u00e0 mettre en valeur les richesses naturelles de ce territoire, o\u00f9 plusieurs tribus am\u00e9rindiennes vivent depuis fort longtemps. On y retrouve par ailleurs la plus haute cascade du monde: Salto del \u00c1ngel.<\/div>\n<div>&nbsp;<\/div>\n<div><span class=\"geo-info\">Infos g\u00e9n\u00e9rales<\/span><\/div>\n<div><span class=\"geo-info2\">Capitale:<\/span> Caracas&nbsp;<\/div>\n<div><span class=\"geo-info2\">Superficie:<\/span> 912.050 km&sup2;<\/div>\n<div>1,5 fois la France<\/div>\n<div>22 fois la Suisse<\/div>\n<div>30 fois la Belgique<\/div>\n<div>mais 11 fois plus petit que le Canada.&nbsp;<\/div>\n<div><span class=\"geo-info2\">Population:<\/span> 28,9 millions&nbsp;<\/div>\n<div>Urbaine \u00e0 86 %<\/div>\n<div>Rurale \u00e0 14 %<\/div>\n<div>Densit\u00e9 31,7 hab\/km&sup2;&nbsp;<\/div>\n<div>Indice de f\u00e9condit\u00e9: 3 enfants\/femme<\/div>\n<div>Esp\u00e9rance de vie: 76 \/ 70 ans<\/div>\n<div>Taux d&rsquo;alphab\u00e9tisation: 91 %<\/div>\n<div><span class=\"geo-info2\">Langue:<\/span> Espagnol<\/div>\n<div>&nbsp;<\/div>\n<p><a href=\"peuple.htm\">La population v\u00e9n\u00e9zu\u00e9lienne<\/a><\/p>\n","protected":false},"excerpt":{"rendered":"<p>Le territoire v\u00e9n\u00e9zu\u00e9lien s&rsquo;\u00e9tend sur 912.050 km&sup2;. On divise g\u00e9n\u00e9ralement le Venezuela en 4 r\u00e9gions g\u00e9ographiques distinctes : le littoral, [&hellip;]<\/p>\n","protected":false},"author":3,"featured_media":1107,"parent":2320,"menu_order":0,"comment_status":"closed","ping_status":"closed","template":"","meta":{"site-sidebar-layout":"default","site-content-layout":"","ast-site-content-layout":"default","site-content-style":"default","site-sidebar-style":"default","ast-global-header-display":"","ast-banner-title-visibility":"","ast-main-header-display":"","ast-hfb-above-header-display":"","ast-hfb-below-header-display":"","ast-hfb-mobile-header-display":"","site-post-title":"","ast-breadcrumbs-content":"","ast-featured-img":"","footer-sml-layout":"","ast-disable-related-posts":"","theme-transparent-header-meta":"","adv-header-id-meta":"","stick-header-meta":"","header-above-stick-meta":"","header-main-stick-meta":"","header-below-stick-meta":"","astra-migrate-meta-layouts":"default","ast-page-background-enabled":"default","ast-page-background-meta":{"desktop":{"background-color":"var(--ast-global-color-5)","background-image":"","background-repeat":"repeat","background-position":"center center","background-size":"auto","background-attachment":"scroll","background-type":"","background-media":"","overlay-type":"","overlay-color":"","overlay-opacity":"","overlay-gradient":""},"tablet":{"background-color":"","background-image":"","background-repeat":"repeat","background-position":"center center","background-size":"auto","background-attachment":"scroll","background-type":"","background-media":"","overlay-type":"","overlay-color":"","overlay-opacity":"","overlay-gradient":""},"mobile":{"background-color":"","background-image":"","background-repeat":"repeat","background-position":"center center","background-size":"auto","background-attachment":"scroll","background-type":"","background-media":"","overlay-type":"","overlay-color":"","overlay-opacity":"","overlay-gradient":""}},"ast-content-background-meta":{"desktop":{"background-color":"var(--ast-global-color-4)","background-image":"","background-repeat":"repeat","background-position":"center center","background-size":"auto","background-attachment":"scroll","background-type":"","background-media":"","overlay-type":"","overlay-color":"","overlay-opacity":"","overlay-gradient":""},"tablet":{"background-color":"var(--ast-global-color-4)","background-image":"","background-repeat":"repeat","background-position":"center center","background-size":"auto","background-attachment":"scroll","background-type":"","background-media":"","overlay-type":"","overlay-color":"","overlay-opacity":"","overlay-gradient":""},"mobile":{"background-color":"var(--ast-global-color-4)","background-image":"","background-repeat":"repeat","background-position":"center center","background-size":"auto","background-attachment":"scroll","background-type":"","background-media":"","overlay-type":"","overlay-color":"","overlay-opacity":"","overlay-gradient":""}},"footnotes":""},"class_list":["post-1477","page","type-page","status-publish","has-post-thumbnail","hentry"],"yoast_head":"<!-- This site is optimized with the Yoast SEO plugin v27.5 - https:\/\/yoast.com\/product\/yoast-seo-wordpress\/ -->\n<title>GEOGRAPHIE - VENEZUELA - Abc-latina<\/title>\n<meta name=\"description\" content=\"La g\u00e9ographie du Venezuela est particulierement int\u00e9ressante et vari\u00e9e.\" \/>\n<meta name=\"robots\" content=\"noindex, follow\" \/>\n<meta property=\"og:locale\" content=\"fr_FR\" \/>\n<meta property=\"og:type\" content=\"article\" \/>\n<meta property=\"og:title\" content=\"GEOGRAPHIE - VENEZUELA - Abc-latina\" \/>\n<meta property=\"og:description\" content=\"La g\u00e9ographie du Venezuela est particulierement int\u00e9ressante et vari\u00e9e.\" \/>\n<meta property=\"og:url\" content=\"https:\/\/abc-latina.com\/?page_id=1477\" \/>\n<meta property=\"og:site_name\" content=\"Abc-latina\" \/>\n<meta property=\"article:modified_time\" content=\"2026-04-30T16:25:34+00:00\" \/>\n<meta property=\"og:image\" content=\"https:\/\/abc-latina.com\/wp-content\/uploads\/2010\/06\/america_venezuela.png\" \/>\n\t<meta property=\"og:image:width\" content=\"118\" \/>\n\t<meta property=\"og:image:height\" content=\"122\" \/>\n\t<meta property=\"og:image:type\" content=\"image\/png\" \/>\n<meta name=\"twitter:card\" content=\"summary_large_image\" \/>\n<meta name=\"twitter:label1\" content=\"Dur\u00e9e de lecture estim\u00e9e\" \/>\n\t<meta name=\"twitter:data1\" content=\"3 minutes\" \/>\n<script type=\"application\/ld+json\" class=\"yoast-schema-graph\">{\"@context\":\"https:\\\/\\\/schema.org\",\"@graph\":[{\"@type\":\"WebPage\",\"@id\":\"https:\\\/\\\/abc-latina.com\\\/?page_id=1477\",\"url\":\"https:\\\/\\\/abc-latina.com\\\/?page_id=1477\",\"name\":\"GEOGRAPHIE - VENEZUELA - Abc-latina\",\"isPartOf\":{\"@id\":\"https:\\\/\\\/abc-latina.com\\\/#website\"},\"primaryImageOfPage\":{\"@id\":\"https:\\\/\\\/abc-latina.com\\\/?page_id=1477#primaryimage\"},\"image\":{\"@id\":\"https:\\\/\\\/abc-latina.com\\\/?page_id=1477#primaryimage\"},\"thumbnailUrl\":\"https:\\\/\\\/abc-latina.com\\\/wp-content\\\/uploads\\\/2010\\\/06\\\/america_venezuela.png\",\"datePublished\":\"2010-07-19T16:19:20+00:00\",\"dateModified\":\"2026-04-30T16:25:34+00:00\",\"description\":\"La g\u00e9ographie du Venezuela est particulierement int\u00e9ressante et vari\u00e9e.\",\"breadcrumb\":{\"@id\":\"https:\\\/\\\/abc-latina.com\\\/?page_id=1477#breadcrumb\"},\"inLanguage\":\"fr-FR\",\"potentialAction\":[{\"@type\":\"ReadAction\",\"target\":[\"https:\\\/\\\/abc-latina.com\\\/?page_id=1477\"]}]},{\"@type\":\"ImageObject\",\"inLanguage\":\"fr-FR\",\"@id\":\"https:\\\/\\\/abc-latina.com\\\/?page_id=1477#primaryimage\",\"url\":\"https:\\\/\\\/abc-latina.com\\\/wp-content\\\/uploads\\\/2010\\\/06\\\/america_venezuela.png\",\"contentUrl\":\"https:\\\/\\\/abc-latina.com\\\/wp-content\\\/uploads\\\/2010\\\/06\\\/america_venezuela.png\",\"width\":118,\"height\":122},{\"@type\":\"BreadcrumbList\",\"@id\":\"https:\\\/\\\/abc-latina.com\\\/?page_id=1477#breadcrumb\",\"itemListElement\":[{\"@type\":\"ListItem\",\"position\":1,\"name\":\"Accueil\",\"item\":\"https:\\\/\\\/abc-latina.com\\\/\"},{\"@type\":\"ListItem\",\"position\":2,\"name\":\"GEOGRAPHIE &#8211; VENEZUELA\"}]},{\"@type\":\"WebSite\",\"@id\":\"https:\\\/\\\/abc-latina.com\\\/#website\",\"url\":\"https:\\\/\\\/abc-latina.com\\\/\",\"name\":\"Abc-latina\",\"description\":\"\",\"publisher\":{\"@id\":\"https:\\\/\\\/abc-latina.com\\\/#organization\"},\"potentialAction\":[{\"@type\":\"SearchAction\",\"target\":{\"@type\":\"EntryPoint\",\"urlTemplate\":\"https:\\\/\\\/abc-latina.com\\\/?s={search_term_string}\"},\"query-input\":{\"@type\":\"PropertyValueSpecification\",\"valueRequired\":true,\"valueName\":\"search_term_string\"}}],\"inLanguage\":\"fr-FR\"},{\"@type\":\"Organization\",\"@id\":\"https:\\\/\\\/abc-latina.com\\\/#organization\",\"name\":\"Abc-latina\",\"url\":\"https:\\\/\\\/abc-latina.com\\\/\",\"logo\":{\"@type\":\"ImageObject\",\"inLanguage\":\"fr-FR\",\"@id\":\"https:\\\/\\\/abc-latina.com\\\/#\\\/schema\\\/logo\\\/image\\\/\",\"url\":\"https:\\\/\\\/abc-latina.com\\\/wp-content\\\/uploads\\\/2026\\\/05\\\/cropped-logo.gif\",\"contentUrl\":\"https:\\\/\\\/abc-latina.com\\\/wp-content\\\/uploads\\\/2026\\\/05\\\/cropped-logo.gif\",\"width\":89,\"height\":84,\"caption\":\"Abc-latina\"},\"image\":{\"@id\":\"https:\\\/\\\/abc-latina.com\\\/#\\\/schema\\\/logo\\\/image\\\/\"}}]}<\/script>\n<!-- \/ Yoast SEO plugin. -->","yoast_head_json":{"title":"GEOGRAPHIE - VENEZUELA - Abc-latina","description":"La g\u00e9ographie du Venezuela est particulierement int\u00e9ressante et vari\u00e9e.","robots":{"index":"noindex","follow":"follow"},"og_locale":"fr_FR","og_type":"article","og_title":"GEOGRAPHIE - VENEZUELA - Abc-latina","og_description":"La g\u00e9ographie du Venezuela est particulierement int\u00e9ressante et vari\u00e9e.","og_url":"https:\/\/abc-latina.com\/?page_id=1477","og_site_name":"Abc-latina","article_modified_time":"2026-04-30T16:25:34+00:00","og_image":[{"width":118,"height":122,"url":"https:\/\/abc-latina.com\/wp-content\/uploads\/2010\/06\/america_venezuela.png","type":"image\/png"}],"twitter_card":"summary_large_image","twitter_misc":{"Dur\u00e9e de lecture estim\u00e9e":"3 minutes"},"schema":{"@context":"https:\/\/schema.org","@graph":[{"@type":"WebPage","@id":"https:\/\/abc-latina.com\/?page_id=1477","url":"https:\/\/abc-latina.com\/?page_id=1477","name":"GEOGRAPHIE - VENEZUELA - Abc-latina","isPartOf":{"@id":"https:\/\/abc-latina.com\/#website"},"primaryImageOfPage":{"@id":"https:\/\/abc-latina.com\/?page_id=1477#primaryimage"},"image":{"@id":"https:\/\/abc-latina.com\/?page_id=1477#primaryimage"},"thumbnailUrl":"https:\/\/abc-latina.com\/wp-content\/uploads\/2010\/06\/america_venezuela.png","datePublished":"2010-07-19T16:19:20+00:00","dateModified":"2026-04-30T16:25:34+00:00","description":"La g\u00e9ographie du Venezuela est particulierement int\u00e9ressante et vari\u00e9e.","breadcrumb":{"@id":"https:\/\/abc-latina.com\/?page_id=1477#breadcrumb"},"inLanguage":"fr-FR","potentialAction":[{"@type":"ReadAction","target":["https:\/\/abc-latina.com\/?page_id=1477"]}]},{"@type":"ImageObject","inLanguage":"fr-FR","@id":"https:\/\/abc-latina.com\/?page_id=1477#primaryimage","url":"https:\/\/abc-latina.com\/wp-content\/uploads\/2010\/06\/america_venezuela.png","contentUrl":"https:\/\/abc-latina.com\/wp-content\/uploads\/2010\/06\/america_venezuela.png","width":118,"height":122},{"@type":"BreadcrumbList","@id":"https:\/\/abc-latina.com\/?page_id=1477#breadcrumb","itemListElement":[{"@type":"ListItem","position":1,"name":"Accueil","item":"https:\/\/abc-latina.com\/"},{"@type":"ListItem","position":2,"name":"GEOGRAPHIE &#8211; VENEZUELA"}]},{"@type":"WebSite","@id":"https:\/\/abc-latina.com\/#website","url":"https:\/\/abc-latina.com\/","name":"Abc-latina","description":"","publisher":{"@id":"https:\/\/abc-latina.com\/#organization"},"potentialAction":[{"@type":"SearchAction","target":{"@type":"EntryPoint","urlTemplate":"https:\/\/abc-latina.com\/?s={search_term_string}"},"query-input":{"@type":"PropertyValueSpecification","valueRequired":true,"valueName":"search_term_string"}}],"inLanguage":"fr-FR"},{"@type":"Organization","@id":"https:\/\/abc-latina.com\/#organization","name":"Abc-latina","url":"https:\/\/abc-latina.com\/","logo":{"@type":"ImageObject","inLanguage":"fr-FR","@id":"https:\/\/abc-latina.com\/#\/schema\/logo\/image\/","url":"https:\/\/abc-latina.com\/wp-content\/uploads\/2026\/05\/cropped-logo.gif","contentUrl":"https:\/\/abc-latina.com\/wp-content\/uploads\/2026\/05\/cropped-logo.gif","width":89,"height":84,"caption":"Abc-latina"},"image":{"@id":"https:\/\/abc-latina.com\/#\/schema\/logo\/image\/"}}]}},"_links":{"self":[{"href":"https:\/\/abc-latina.com\/index.php?rest_route=\/wp\/v2\/pages\/1477","targetHints":{"allow":["GET"]}}],"collection":[{"href":"https:\/\/abc-latina.com\/index.php?rest_route=\/wp\/v2\/pages"}],"about":[{"href":"https:\/\/abc-latina.com\/index.php?rest_route=\/wp\/v2\/types\/page"}],"author":[{"embeddable":true,"href":"https:\/\/abc-latina.com\/index.php?rest_route=\/wp\/v2\/users\/3"}],"replies":[{"embeddable":true,"href":"https:\/\/abc-latina.com\/index.php?rest_route=%2Fwp%2Fv2%2Fcomments&post=1477"}],"version-history":[{"count":1,"href":"https:\/\/abc-latina.com\/index.php?rest_route=\/wp\/v2\/pages\/1477\/revisions"}],"predecessor-version":[{"id":4125,"href":"https:\/\/abc-latina.com\/index.php?rest_route=\/wp\/v2\/pages\/1477\/revisions\/4125"}],"up":[{"embeddable":true,"href":"https:\/\/abc-latina.com\/index.php?rest_route=\/wp\/v2\/pages\/2320"}],"wp:featuredmedia":[{"embeddable":true,"href":"https:\/\/abc-latina.com\/index.php?rest_route=\/wp\/v2\/media\/1107"}],"wp:attachment":[{"href":"https:\/\/abc-latina.com\/index.php?rest_route=%2Fwp%2Fv2%2Fmedia&parent=1477"}],"curies":[{"name":"wp","href":"https:\/\/api.w.org\/{rel}","templated":true}]}}