{"id":1544,"date":"2010-07-20T01:02:25","date_gmt":"2010-07-19T23:02:25","guid":{"rendered":"http:\/\/abc-latina.com\/histoire-htm-19\/"},"modified":"2026-04-30T18:24:47","modified_gmt":"2026-04-30T16:24:47","slug":"histoire","status":"publish","type":"page","link":"https:\/\/abc-latina.com\/belize\/histoire\/","title":{"rendered":"HISTOIRE &#8211; BELIZE"},"content":{"rendered":"<h2 style=\"text-align: center;\">Les principales dates de l&rsquo;histoire du Belize<\/h2>\n<ul>\n<li><span class=\"histoire-date\">600 \u00e0 900<\/span>&nbsp;<br \/> Apog\u00e9es des <a href=\"http:\/\/www.abc-latina.com\/civilisations\/maya\" target=\"_blank\">Mayas<\/a>.&nbsp;<\/li>\n<li><span class=\"histoire-date\">1660<\/span>&nbsp;<br \/> Bartholomew Sharpe, pirate anglais, prend le Belize pour base. Il fait conna\u00eetre le bois de camp\u00eache \u00e0 l&rsquo;<a href=\"http:\/\/www.europa-planet.com\/angleterre\/\" target=\"_blank\">Angleterre<\/a>.&nbsp;<\/li>\n<li><span class=\"histoire-date\">1720<\/span>&nbsp;<br \/>\n<h2 style=\"text-align: center;\">Les principales dates de l&rsquo;histoire du Belize<\/h2>\n<ul>\n<li><span class=\"histoire-date\">600 \u00e0 900<\/span>&nbsp;<br \/> Apog\u00e9es des <a href=\"https:\/\/www.abc-latina.com\/civilisations\/maya\" target=\"_blank\">Mayas<\/a>.&nbsp;<\/li>\n<li><span class=\"histoire-date\">1660<\/span>&nbsp;<br \/> Bartholomew Sharpe, pirate anglais, prend le Belize pour base. Il fait conna\u00eetre le bois de camp\u00eache \u00e0 l&rsquo;<a href=\"http:\/\/www.europa-planet.com\/angleterre\/\" target=\"_blank\">Angleterre<\/a>.&nbsp;<\/li>\n<li><span class=\"histoire-date\">1720<\/span>&nbsp;<br \/> D\u00e9barquements des premiers esclaves africains.&nbsp;<\/li>\n<li><span class=\"histoire-date\">1763<\/span>&nbsp;<br \/> Trait\u00e9 de Paris. L&rsquo;<a href=\"http:\/\/www.europa-planet.com\/espagne\/\" target=\"_blank\">Espagne<\/a> autorise les Anglais \u00e0 couper du bois au Belize, et \u00e0 l&rsquo;exporter, en \u00e9change de la prot\u00e9ger contre la piraterie sur les galions.&nbsp;<\/li>\n<li><span class=\"histoire-date\">1783<\/span>&nbsp;<br \/> Trait\u00e9 de Versailles. L&rsquo;Espagne agrandit les territoires autoris\u00e9s \u00e0 la coupe du bois, en \u00e9change pour les Anglais de quitter la c\u00f4te des Miskitos (<a href=\"https:\/\/www.abc-latina.com\/nicaragua\/\" target=\"_blank\">Nicaragua<\/a>).&nbsp;<\/li>\n<li><span class=\"histoire-date\">1786<\/span>&nbsp;<br \/> Convention de Londres. Le droit de couple, qui s&rsquo;\u00e9tend \u00e0 l&rsquo;acajou, descend jusqu&rsquo;\u00e0 la rivi\u00e8re Sibun, toujours en \u00e9change de protection contre la piraterie.&nbsp;<\/li>\n<li><span class=\"histoire-date\">1798<\/span>&nbsp;<br \/> Bataille de St George&rsquo;s Cay. Victoire sur les Espagnols, qui ne chercheront plus \u00e0 intervenir sur ce territoire.&nbsp;<\/li>\n<li><span class=\"histoire-date\">1802&nbsp;<\/span><br \/> D\u00e9barquement des premiers Garifunas (expuls\u00e9s de l&rsquo;\u00eele Saint-Vincent).&nbsp;<\/li>\n<li><span class=\"histoire-date\">1821<\/span>&nbsp;<br \/> Ind\u00e9pendance des pays limitrophes du Belize.&nbsp;<\/li>\n<li><span class=\"histoire-date\">1831<\/span>&nbsp;<br \/> Loi donnant aux Noirs les m\u00eames droits qu&rsquo;aux Blancs.&nbsp;<\/li>\n<li><span class=\"histoire-date\">1862<\/span> &nbsp;<br \/> Le Belize devient colonie britannique sous le nom de &quot;Honduras britannique&quot;.&nbsp;<\/li>\n<li><span class=\"histoire-date\">1931<\/span> &nbsp;<br \/> Un ouragan fait plus de 2000 morts.&nbsp;<\/li>\n<li><span class=\"histoire-date\">1954<\/span> &nbsp;<br \/> Droit de vote pour tous les adultes.&nbsp;<\/li>\n<li><span class=\"histoire-date\">1964<\/span> &nbsp;<br \/> Autonomie interne.&nbsp;<\/li>\n<li><span class=\"histoire-date\">1981<\/span> &nbsp;<br \/> Ind\u00e9pendance.&nbsp;<\/li>\n<\/ul>\n<\/li>\n<\/ul>\n","protected":false},"excerpt":{"rendered":"<p>Les principales dates de l&rsquo;histoire du Belize 600 \u00e0 900&nbsp; Apog\u00e9es des Mayas.&nbsp; 1660&nbsp; Bartholomew Sharpe, pirate anglais, prend le [&hellip;]<\/p>\n","protected":false},"author":3,"featured_media":0,"parent":2280,"menu_order":0,"comment_status":"closed","ping_status":"closed","template":"","meta":{"site-sidebar-layout":"default","site-content-layout":"","ast-site-content-layout":"default","site-content-style":"default","site-sidebar-style":"default","ast-global-header-display":"","ast-banner-title-visibility":"","ast-main-header-display":"","ast-hfb-above-header-display":"","ast-hfb-below-header-display":"","ast-hfb-mobile-header-display":"","site-post-title":"","ast-breadcrumbs-content":"","ast-featured-img":"","footer-sml-layout":"","ast-disable-related-posts":"","theme-transparent-header-meta":"","adv-header-id-meta":"","stick-header-meta":"","header-above-stick-meta":"","header-main-stick-meta":"","header-below-stick-meta":"","astra-migrate-meta-layouts":"default","ast-page-background-enabled":"default","ast-page-background-meta":{"desktop":{"background-color":"var(--ast-global-color-5)","background-image":"","background-repeat":"repeat","background-position":"center center","background-size":"auto","background-attachment":"scroll","background-type":"","background-media":"","overlay-type":"","overlay-color":"","overlay-opacity":"","overlay-gradient":""},"tablet":{"background-color":"","background-image":"","background-repeat":"repeat","background-position":"center center","background-size":"auto","background-attachment":"scroll","background-type":"","background-media":"","overlay-type":"","overlay-color":"","overlay-opacity":"","overlay-gradient":""},"mobile":{"background-color":"","background-image":"","background-repeat":"repeat","background-position":"center center","background-size":"auto","background-attachment":"scroll","background-type":"","background-media":"","overlay-type":"","overlay-color":"","overlay-opacity":"","overlay-gradient":""}},"ast-content-background-meta":{"desktop":{"background-color":"var(--ast-global-color-4)","background-image":"","background-repeat":"repeat","background-position":"center center","background-size":"auto","background-attachment":"scroll","background-type":"","background-media":"","overlay-type":"","overlay-color":"","overlay-opacity":"","overlay-gradient":""},"tablet":{"background-color":"var(--ast-global-color-4)","background-image":"","background-repeat":"repeat","background-position":"center center","background-size":"auto","background-attachment":"scroll","background-type":"","background-media":"","overlay-type":"","overlay-color":"","overlay-opacity":"","overlay-gradient":""},"mobile":{"background-color":"var(--ast-global-color-4)","background-image":"","background-repeat":"repeat","background-position":"center center","background-size":"auto","background-attachment":"scroll","background-type":"","background-media":"","overlay-type":"","overlay-color":"","overlay-opacity":"","overlay-gradient":""}},"footnotes":""},"class_list":["post-1544","page","type-page","status-publish","hentry"],"yoast_head":"<!-- This site is optimized with the Yoast SEO plugin v27.5 - https:\/\/yoast.com\/product\/yoast-seo-wordpress\/ -->\n<title>HISTOIRE - BELIZE - Abc-latina<\/title>\n<meta name=\"description\" content=\"Les faits et principales dates de l&#039;histoire du Belize.\" \/>\n<meta name=\"robots\" content=\"index, follow, max-snippet:-1, max-image-preview:large, max-video-preview:-1\" \/>\n<link rel=\"canonical\" href=\"https:\/\/abc-latina.com\/belize\/histoire\/\" \/>\n<meta property=\"og:locale\" content=\"fr_FR\" \/>\n<meta property=\"og:type\" content=\"article\" \/>\n<meta property=\"og:title\" content=\"HISTOIRE - BELIZE - Abc-latina\" \/>\n<meta property=\"og:description\" content=\"Les faits et principales dates de l&#039;histoire du Belize.\" \/>\n<meta property=\"og:url\" content=\"https:\/\/abc-latina.com\/belize\/histoire\/\" \/>\n<meta property=\"og:site_name\" content=\"Abc-latina\" \/>\n<meta property=\"article:modified_time\" content=\"2026-04-30T16:24:47+00:00\" \/>\n<meta name=\"twitter:card\" content=\"summary_large_image\" \/>\n<meta name=\"twitter:label1\" content=\"Dur\u00e9e de lecture estim\u00e9e\" \/>\n\t<meta name=\"twitter:data1\" content=\"1 minute\" \/>\n<script type=\"application\/ld+json\" class=\"yoast-schema-graph\">{\"@context\":\"https:\\\/\\\/schema.org\",\"@graph\":[{\"@type\":\"WebPage\",\"@id\":\"https:\\\/\\\/abc-latina.com\\\/belize\\\/histoire\\\/\",\"url\":\"https:\\\/\\\/abc-latina.com\\\/belize\\\/histoire\\\/\",\"name\":\"HISTOIRE - BELIZE - Abc-latina\",\"isPartOf\":{\"@id\":\"https:\\\/\\\/abc-latina.com\\\/#website\"},\"datePublished\":\"2010-07-19T23:02:25+00:00\",\"dateModified\":\"2026-04-30T16:24:47+00:00\",\"description\":\"Les faits et principales dates de l'histoire du Belize.\",\"breadcrumb\":{\"@id\":\"https:\\\/\\\/abc-latina.com\\\/belize\\\/histoire\\\/#breadcrumb\"},\"inLanguage\":\"fr-FR\",\"potentialAction\":[{\"@type\":\"ReadAction\",\"target\":[\"https:\\\/\\\/abc-latina.com\\\/belize\\\/histoire\\\/\"]}]},{\"@type\":\"BreadcrumbList\",\"@id\":\"https:\\\/\\\/abc-latina.com\\\/belize\\\/histoire\\\/#breadcrumb\",\"itemListElement\":[{\"@type\":\"ListItem\",\"position\":1,\"name\":\"Accueil\",\"item\":\"https:\\\/\\\/abc-latina.com\\\/\"},{\"@type\":\"ListItem\",\"position\":2,\"name\":\"HISTOIRE &#8211; BELIZE\"}]},{\"@type\":\"WebSite\",\"@id\":\"https:\\\/\\\/abc-latina.com\\\/#website\",\"url\":\"https:\\\/\\\/abc-latina.com\\\/\",\"name\":\"Abc-latina\",\"description\":\"\",\"publisher\":{\"@id\":\"https:\\\/\\\/abc-latina.com\\\/#organization\"},\"potentialAction\":[{\"@type\":\"SearchAction\",\"target\":{\"@type\":\"EntryPoint\",\"urlTemplate\":\"https:\\\/\\\/abc-latina.com\\\/?s={search_term_string}\"},\"query-input\":{\"@type\":\"PropertyValueSpecification\",\"valueRequired\":true,\"valueName\":\"search_term_string\"}}],\"inLanguage\":\"fr-FR\"},{\"@type\":\"Organization\",\"@id\":\"https:\\\/\\\/abc-latina.com\\\/#organization\",\"name\":\"Abc-latina\",\"url\":\"https:\\\/\\\/abc-latina.com\\\/\",\"logo\":{\"@type\":\"ImageObject\",\"inLanguage\":\"fr-FR\",\"@id\":\"https:\\\/\\\/abc-latina.com\\\/#\\\/schema\\\/logo\\\/image\\\/\",\"url\":\"https:\\\/\\\/abc-latina.com\\\/wp-content\\\/uploads\\\/2026\\\/05\\\/cropped-logo.gif\",\"contentUrl\":\"https:\\\/\\\/abc-latina.com\\\/wp-content\\\/uploads\\\/2026\\\/05\\\/cropped-logo.gif\",\"width\":89,\"height\":84,\"caption\":\"Abc-latina\"},\"image\":{\"@id\":\"https:\\\/\\\/abc-latina.com\\\/#\\\/schema\\\/logo\\\/image\\\/\"}}]}<\/script>\n<!-- \/ Yoast SEO plugin. -->","yoast_head_json":{"title":"HISTOIRE - BELIZE - Abc-latina","description":"Les faits et principales dates de l'histoire du Belize.","robots":{"index":"index","follow":"follow","max-snippet":"max-snippet:-1","max-image-preview":"max-image-preview:large","max-video-preview":"max-video-preview:-1"},"canonical":"https:\/\/abc-latina.com\/belize\/histoire\/","og_locale":"fr_FR","og_type":"article","og_title":"HISTOIRE - BELIZE - Abc-latina","og_description":"Les faits et principales dates de l'histoire du Belize.","og_url":"https:\/\/abc-latina.com\/belize\/histoire\/","og_site_name":"Abc-latina","article_modified_time":"2026-04-30T16:24:47+00:00","twitter_card":"summary_large_image","twitter_misc":{"Dur\u00e9e de lecture estim\u00e9e":"1 minute"},"schema":{"@context":"https:\/\/schema.org","@graph":[{"@type":"WebPage","@id":"https:\/\/abc-latina.com\/belize\/histoire\/","url":"https:\/\/abc-latina.com\/belize\/histoire\/","name":"HISTOIRE - BELIZE - Abc-latina","isPartOf":{"@id":"https:\/\/abc-latina.com\/#website"},"datePublished":"2010-07-19T23:02:25+00:00","dateModified":"2026-04-30T16:24:47+00:00","description":"Les faits et principales dates de l'histoire du Belize.","breadcrumb":{"@id":"https:\/\/abc-latina.com\/belize\/histoire\/#breadcrumb"},"inLanguage":"fr-FR","potentialAction":[{"@type":"ReadAction","target":["https:\/\/abc-latina.com\/belize\/histoire\/"]}]},{"@type":"BreadcrumbList","@id":"https:\/\/abc-latina.com\/belize\/histoire\/#breadcrumb","itemListElement":[{"@type":"ListItem","position":1,"name":"Accueil","item":"https:\/\/abc-latina.com\/"},{"@type":"ListItem","position":2,"name":"HISTOIRE &#8211; BELIZE"}]},{"@type":"WebSite","@id":"https:\/\/abc-latina.com\/#website","url":"https:\/\/abc-latina.com\/","name":"Abc-latina","description":"","publisher":{"@id":"https:\/\/abc-latina.com\/#organization"},"potentialAction":[{"@type":"SearchAction","target":{"@type":"EntryPoint","urlTemplate":"https:\/\/abc-latina.com\/?s={search_term_string}"},"query-input":{"@type":"PropertyValueSpecification","valueRequired":true,"valueName":"search_term_string"}}],"inLanguage":"fr-FR"},{"@type":"Organization","@id":"https:\/\/abc-latina.com\/#organization","name":"Abc-latina","url":"https:\/\/abc-latina.com\/","logo":{"@type":"ImageObject","inLanguage":"fr-FR","@id":"https:\/\/abc-latina.com\/#\/schema\/logo\/image\/","url":"https:\/\/abc-latina.com\/wp-content\/uploads\/2026\/05\/cropped-logo.gif","contentUrl":"https:\/\/abc-latina.com\/wp-content\/uploads\/2026\/05\/cropped-logo.gif","width":89,"height":84,"caption":"Abc-latina"},"image":{"@id":"https:\/\/abc-latina.com\/#\/schema\/logo\/image\/"}}]}},"_links":{"self":[{"href":"https:\/\/abc-latina.com\/wp-json\/wp\/v2\/pages\/1544","targetHints":{"allow":["GET"]}}],"collection":[{"href":"https:\/\/abc-latina.com\/wp-json\/wp\/v2\/pages"}],"about":[{"href":"https:\/\/abc-latina.com\/wp-json\/wp\/v2\/types\/page"}],"author":[{"embeddable":true,"href":"https:\/\/abc-latina.com\/wp-json\/wp\/v2\/users\/3"}],"replies":[{"embeddable":true,"href":"https:\/\/abc-latina.com\/wp-json\/wp\/v2\/comments?post=1544"}],"version-history":[{"count":1,"href":"https:\/\/abc-latina.com\/wp-json\/wp\/v2\/pages\/1544\/revisions"}],"predecessor-version":[{"id":3107,"href":"https:\/\/abc-latina.com\/wp-json\/wp\/v2\/pages\/1544\/revisions\/3107"}],"up":[{"embeddable":true,"href":"https:\/\/abc-latina.com\/wp-json\/wp\/v2\/pages\/2280"}],"wp:attachment":[{"href":"https:\/\/abc-latina.com\/wp-json\/wp\/v2\/media?parent=1544"}],"curies":[{"name":"wp","href":"https:\/\/api.w.org\/{rel}","templated":true}]}}