{"id":1642,"date":"2010-07-22T03:14:38","date_gmt":"2010-07-22T01:14:38","guid":{"rendered":"http:\/\/abc-latina.com\/population-peruvienne-php\/"},"modified":"2026-04-30T18:25:17","modified_gmt":"2026-04-30T16:25:17","slug":"population-peruvienne","status":"publish","type":"page","link":"https:\/\/abc-latina.com\/perou\/population-peruvienne\/","title":{"rendered":"POPULATION &#8211; PEROU"},"content":{"rendered":"<p><img loading=\"lazy\" decoding=\"async\" class=\" size-full wp-image-1641\" src=\"http:\/\/abc-latina.com\/wp-content\/uploads\/2010\/07\/030-le-peuple-peruvien.jpg\" title=\"LE PEUPLE PERUVIEN\" alt=\"LE PEUPLE PERUVIEN\" width=\"480\" height=\"276\" srcset=\"https:\/\/abc-latina.com\/wp-content\/uploads\/2010\/07\/030-le-peuple-peruvien.jpg 700w, https:\/\/abc-latina.com\/wp-content\/uploads\/2010\/07\/030-le-peuple-peruvien-300x173.jpg 300w\" sizes=\"auto, (max-width: 480px) 100vw, 480px\" \/><\/p>\n<div>\n<div>Le P\u00e9rou compte 27,9 millions d&rsquo;habitants, dont 8 millions vivent dans la capitale, <a href=\"https:\/\/www.abc-latina.com\/perou\/lima\">Lima<\/a>. Environ 45 % des P\u00e9ruviens sont indiens, 37 % mestizos (m\u00e9tis de Blancs et d&rsquo;indiens), 15 % d&rsquo;origine europ\u00e9enne et 3 % descendent d&rsquo;esclaves noirs ou d&rsquo;immigrants japonais et chinois.<\/div>\n<div>&nbsp;<\/div>\n<div>Les deux langues officielles sont l&rsquo;espagnol et le quechua. Selon les estimations, 92 % des P\u00e9ruviens sont catholiques, m\u00eame si la religion qu&rsquo;ils pratiquent est encore marqu\u00e9e par les cultes pr\u00e9colombiens. Le P\u00e9rou poss\u00e8de 2.000 km de c\u00f4tes, le long desquelles s&rsquo;\u00e9tend un des d\u00e9serts les plus arides du monde. Il est cependant coup\u00e9 par les rivi\u00e8res descendues des Andes, dont les vall\u00e9es irrigu\u00e9es abritent pr\u00e8s de la moiti\u00e9 de la population.&nbsp;<\/div>\n<h3>Chiffres<\/h3>\n<div>Population : 27.925.628&nbsp;<\/div>\n<div>Structure des \u00e2ges :&nbsp;<\/div>\n<div>0-14 ans : 31.5%&nbsp;<\/div>\n<div>15-64 ans : 63.3%&nbsp;<\/div>\n<div>65 ans et plus : 5.2%&nbsp;<\/div>\n<div>Age moyen : total : 24,9 ans&nbsp;<\/div>\n<div>Homme : 24.6 ans&nbsp;<\/div>\n<div>Femme : 25.2 ans&nbsp;<\/div>\n<div>Taux d&rsquo;accroissement de la population : 1.36%&nbsp;<\/div>\n<div>Taux de natalit\u00e9 : 20.87 naissances \/ 1000 habitants&nbsp;<\/div>\n<div>Taux de mortalit\u00e9 : 6.26 d\u00e9c\u00e8s \/ 1000 habitants&nbsp;<\/div>\n<div>Taux de mortalit\u00e9 infantile : total : 31.94 d\u00e9c\u00e8s \/ 1000 naissances&nbsp;<\/div>\n<div>Esp\u00e9rance de vie \u00e0 la naissance : population totale : 69.53 ans&nbsp;<\/div>\n<div>Homme : 67.7 ans&nbsp;<\/div>\n<div>Femme : 71.3 ans&nbsp;<\/div>\n<div>Taux de fertilit\u00e9 : 2.56 enfants \/ femme&nbsp;<\/div>\n<div>Population alphab\u00e9tis\u00e9e : 90.9%<\/div>\n<h3>R\u00e9partition ethnique<\/h3>\n<div>Am\u00e9rindiens 45%, Mestizos (m\u00e9tis d&rsquo;Am\u00e9rindiens et de blancs) 37%, Blancs 15%, Noirs, Japonais, Chinois et autres 3%&nbsp;<\/div>\n<div>Religions : Catholiques romains 90%, autres 10%&nbsp;<\/div>\n<div>Langues : Espagnol (langue officielle), Quechua (langue officielle), Aymara, et nombreuses langues amazoniennes.&nbsp;<\/div>\n<h3>Indice de pauvret\u00e9 au P\u00e9rou &#8211; par d\u00e9partement<\/h3>\n<div>1.\tHuancavelica (77,2%)<br \/>2.\tApur\u00edmac (70,3%)<br \/>3.\tHu\u00e1nuco (64,5%)<br \/>4.\tAyacucho (62,6%)<br \/>5.\tPuno (60,8%)<br \/>6.\tAmazonas (59,8%)<br \/>7.\tLoreto (56,0%)<br \/>8.\tCajamarca (56,0%)<br \/>9.\tPasco (55,4%)<br \/>10.\tCusco (51,1%)<br \/>11.\tSan Mart\u00edn (44,1%)<br \/>12.\tPiura (39,6%)<br \/>13.\tLa Libertad (38,9%)<br \/>14.\tJun\u00edn (34,3%)<br \/>15.\tLambayeque (31,8%)<br \/>16.\tAncash (31,5%)<br \/>17.\tUcayali (29,7%)<br \/>18.\tTumbes (22,1%)<br \/>19.\tArequipa (21,0%)<br \/>20.\tMoquegua (19,3%)<br \/>21.\tTacna (17,5%)<br \/>22.\tLima (15,3%)<br \/>23.\tIca (13,7%)<br \/>24.\tMadre de Dios (12,7%)<\/div>\n<div>&nbsp;<\/div>\n<div><a href=\"https:\/\/www.abc-latina.com\/personnalites\/\" target=\"_blank\">Les personnalit\u00e9s latino-am\u00e9ricaines<\/a><\/div>\n<div><a href=\"https:\/\/www.abc-latina.com\/perou\/distances\">Distances entres les principales villes<\/a><\/div>\n<div><a href=\"https:\/\/www.abc-latina.com\/amerique_latine\/geographie\" target=\"_blank\">La g\u00e9ographie de l&rsquo;Am\u00e9rique latine<\/a><\/div>\n<p>&nbsp;<\/p>\n<\/div>\n","protected":false},"excerpt":{"rendered":"<p>Le P\u00e9rou compte 27,9 millions d&rsquo;habitants, dont 8 millions vivent dans la capitale, Lima. Environ 45 % des P\u00e9ruviens sont [&hellip;]<\/p>\n","protected":false},"author":3,"featured_media":1641,"parent":2118,"menu_order":0,"comment_status":"closed","ping_status":"closed","template":"","meta":{"site-sidebar-layout":"default","site-content-layout":"","ast-site-content-layout":"default","site-content-style":"default","site-sidebar-style":"default","ast-global-header-display":"","ast-banner-title-visibility":"","ast-main-header-display":"","ast-hfb-above-header-display":"","ast-hfb-below-header-display":"","ast-hfb-mobile-header-display":"","site-post-title":"","ast-breadcrumbs-content":"","ast-featured-img":"","footer-sml-layout":"","ast-disable-related-posts":"","theme-transparent-header-meta":"","adv-header-id-meta":"","stick-header-meta":"","header-above-stick-meta":"","header-main-stick-meta":"","header-below-stick-meta":"","astra-migrate-meta-layouts":"default","ast-page-background-enabled":"default","ast-page-background-meta":{"desktop":{"background-color":"var(--ast-global-color-5)","background-image":"","background-repeat":"repeat","background-position":"center center","background-size":"auto","background-attachment":"scroll","background-type":"","background-media":"","overlay-type":"","overlay-color":"","overlay-opacity":"","overlay-gradient":""},"tablet":{"background-color":"","background-image":"","background-repeat":"repeat","background-position":"center center","background-size":"auto","background-attachment":"scroll","background-type":"","background-media":"","overlay-type":"","overlay-color":"","overlay-opacity":"","overlay-gradient":""},"mobile":{"background-color":"","background-image":"","background-repeat":"repeat","background-position":"center center","background-size":"auto","background-attachment":"scroll","background-type":"","background-media":"","overlay-type":"","overlay-color":"","overlay-opacity":"","overlay-gradient":""}},"ast-content-background-meta":{"desktop":{"background-color":"var(--ast-global-color-4)","background-image":"","background-repeat":"repeat","background-position":"center center","background-size":"auto","background-attachment":"scroll","background-type":"","background-media":"","overlay-type":"","overlay-color":"","overlay-opacity":"","overlay-gradient":""},"tablet":{"background-color":"var(--ast-global-color-4)","background-image":"","background-repeat":"repeat","background-position":"center center","background-size":"auto","background-attachment":"scroll","background-type":"","background-media":"","overlay-type":"","overlay-color":"","overlay-opacity":"","overlay-gradient":""},"mobile":{"background-color":"var(--ast-global-color-4)","background-image":"","background-repeat":"repeat","background-position":"center center","background-size":"auto","background-attachment":"scroll","background-type":"","background-media":"","overlay-type":"","overlay-color":"","overlay-opacity":"","overlay-gradient":""}},"footnotes":""},"class_list":["post-1642","page","type-page","status-publish","has-post-thumbnail","hentry"],"yoast_head":"<!-- This site is optimized with the Yoast SEO plugin v27.5 - https:\/\/yoast.com\/product\/yoast-seo-wordpress\/ -->\n<title>POPULATION - PEROU - Abc-latina<\/title>\n<meta name=\"description\" content=\"Le peuple p\u00e9ruvien. Chiffres et informations sur la population p\u00e9ruvienne.\" \/>\n<meta name=\"robots\" content=\"index, follow, max-snippet:-1, max-image-preview:large, max-video-preview:-1\" \/>\n<link rel=\"canonical\" href=\"https:\/\/abc-latina.com\/perou\/population-peruvienne\/\" \/>\n<meta property=\"og:locale\" content=\"fr_FR\" \/>\n<meta property=\"og:type\" content=\"article\" \/>\n<meta property=\"og:title\" content=\"POPULATION - PEROU - Abc-latina\" \/>\n<meta property=\"og:description\" content=\"Le peuple p\u00e9ruvien. Chiffres et informations sur la population p\u00e9ruvienne.\" \/>\n<meta property=\"og:url\" content=\"https:\/\/abc-latina.com\/perou\/population-peruvienne\/\" \/>\n<meta property=\"og:site_name\" content=\"Abc-latina\" \/>\n<meta property=\"article:modified_time\" content=\"2026-04-30T16:25:17+00:00\" \/>\n<meta property=\"og:image\" content=\"https:\/\/abc-latina.com\/wp-content\/uploads\/2010\/07\/030-le-peuple-peruvien.jpg\" \/>\n\t<meta property=\"og:image:width\" content=\"700\" \/>\n\t<meta property=\"og:image:height\" content=\"403\" \/>\n\t<meta property=\"og:image:type\" content=\"image\/jpeg\" \/>\n<meta name=\"twitter:card\" content=\"summary_large_image\" \/>\n<meta name=\"twitter:label1\" content=\"Dur\u00e9e de lecture estim\u00e9e\" \/>\n\t<meta name=\"twitter:data1\" content=\"2 minutes\" \/>\n<script type=\"application\/ld+json\" class=\"yoast-schema-graph\">{\"@context\":\"https:\\\/\\\/schema.org\",\"@graph\":[{\"@type\":\"WebPage\",\"@id\":\"https:\\\/\\\/abc-latina.com\\\/perou\\\/population-peruvienne\\\/\",\"url\":\"https:\\\/\\\/abc-latina.com\\\/perou\\\/population-peruvienne\\\/\",\"name\":\"POPULATION - PEROU - Abc-latina\",\"isPartOf\":{\"@id\":\"https:\\\/\\\/abc-latina.com\\\/#website\"},\"primaryImageOfPage\":{\"@id\":\"https:\\\/\\\/abc-latina.com\\\/perou\\\/population-peruvienne\\\/#primaryimage\"},\"image\":{\"@id\":\"https:\\\/\\\/abc-latina.com\\\/perou\\\/population-peruvienne\\\/#primaryimage\"},\"thumbnailUrl\":\"https:\\\/\\\/abc-latina.com\\\/wp-content\\\/uploads\\\/2010\\\/07\\\/030-le-peuple-peruvien.jpg\",\"datePublished\":\"2010-07-22T01:14:38+00:00\",\"dateModified\":\"2026-04-30T16:25:17+00:00\",\"description\":\"Le peuple p\u00e9ruvien. Chiffres et informations sur la population p\u00e9ruvienne.\",\"breadcrumb\":{\"@id\":\"https:\\\/\\\/abc-latina.com\\\/perou\\\/population-peruvienne\\\/#breadcrumb\"},\"inLanguage\":\"fr-FR\",\"potentialAction\":[{\"@type\":\"ReadAction\",\"target\":[\"https:\\\/\\\/abc-latina.com\\\/perou\\\/population-peruvienne\\\/\"]}]},{\"@type\":\"ImageObject\",\"inLanguage\":\"fr-FR\",\"@id\":\"https:\\\/\\\/abc-latina.com\\\/perou\\\/population-peruvienne\\\/#primaryimage\",\"url\":\"https:\\\/\\\/abc-latina.com\\\/wp-content\\\/uploads\\\/2010\\\/07\\\/030-le-peuple-peruvien.jpg\",\"contentUrl\":\"https:\\\/\\\/abc-latina.com\\\/wp-content\\\/uploads\\\/2010\\\/07\\\/030-le-peuple-peruvien.jpg\",\"width\":700,\"height\":403,\"caption\":\"LE PEUPLE PERUVIEN\"},{\"@type\":\"BreadcrumbList\",\"@id\":\"https:\\\/\\\/abc-latina.com\\\/perou\\\/population-peruvienne\\\/#breadcrumb\",\"itemListElement\":[{\"@type\":\"ListItem\",\"position\":1,\"name\":\"Accueil\",\"item\":\"https:\\\/\\\/abc-latina.com\\\/\"},{\"@type\":\"ListItem\",\"position\":2,\"name\":\"POPULATION &#8211; PEROU\"}]},{\"@type\":\"WebSite\",\"@id\":\"https:\\\/\\\/abc-latina.com\\\/#website\",\"url\":\"https:\\\/\\\/abc-latina.com\\\/\",\"name\":\"Abc-latina\",\"description\":\"\",\"publisher\":{\"@id\":\"https:\\\/\\\/abc-latina.com\\\/#organization\"},\"potentialAction\":[{\"@type\":\"SearchAction\",\"target\":{\"@type\":\"EntryPoint\",\"urlTemplate\":\"https:\\\/\\\/abc-latina.com\\\/?s={search_term_string}\"},\"query-input\":{\"@type\":\"PropertyValueSpecification\",\"valueRequired\":true,\"valueName\":\"search_term_string\"}}],\"inLanguage\":\"fr-FR\"},{\"@type\":\"Organization\",\"@id\":\"https:\\\/\\\/abc-latina.com\\\/#organization\",\"name\":\"Abc-latina\",\"url\":\"https:\\\/\\\/abc-latina.com\\\/\",\"logo\":{\"@type\":\"ImageObject\",\"inLanguage\":\"fr-FR\",\"@id\":\"https:\\\/\\\/abc-latina.com\\\/#\\\/schema\\\/logo\\\/image\\\/\",\"url\":\"https:\\\/\\\/abc-latina.com\\\/wp-content\\\/uploads\\\/2026\\\/05\\\/cropped-logo.gif\",\"contentUrl\":\"https:\\\/\\\/abc-latina.com\\\/wp-content\\\/uploads\\\/2026\\\/05\\\/cropped-logo.gif\",\"width\":89,\"height\":84,\"caption\":\"Abc-latina\"},\"image\":{\"@id\":\"https:\\\/\\\/abc-latina.com\\\/#\\\/schema\\\/logo\\\/image\\\/\"}}]}<\/script>\n<!-- \/ Yoast SEO plugin. -->","yoast_head_json":{"title":"POPULATION - PEROU - Abc-latina","description":"Le peuple p\u00e9ruvien. Chiffres et informations sur la population p\u00e9ruvienne.","robots":{"index":"index","follow":"follow","max-snippet":"max-snippet:-1","max-image-preview":"max-image-preview:large","max-video-preview":"max-video-preview:-1"},"canonical":"https:\/\/abc-latina.com\/perou\/population-peruvienne\/","og_locale":"fr_FR","og_type":"article","og_title":"POPULATION - PEROU - Abc-latina","og_description":"Le peuple p\u00e9ruvien. Chiffres et informations sur la population p\u00e9ruvienne.","og_url":"https:\/\/abc-latina.com\/perou\/population-peruvienne\/","og_site_name":"Abc-latina","article_modified_time":"2026-04-30T16:25:17+00:00","og_image":[{"width":700,"height":403,"url":"https:\/\/abc-latina.com\/wp-content\/uploads\/2010\/07\/030-le-peuple-peruvien.jpg","type":"image\/jpeg"}],"twitter_card":"summary_large_image","twitter_misc":{"Dur\u00e9e de lecture estim\u00e9e":"2 minutes"},"schema":{"@context":"https:\/\/schema.org","@graph":[{"@type":"WebPage","@id":"https:\/\/abc-latina.com\/perou\/population-peruvienne\/","url":"https:\/\/abc-latina.com\/perou\/population-peruvienne\/","name":"POPULATION - PEROU - Abc-latina","isPartOf":{"@id":"https:\/\/abc-latina.com\/#website"},"primaryImageOfPage":{"@id":"https:\/\/abc-latina.com\/perou\/population-peruvienne\/#primaryimage"},"image":{"@id":"https:\/\/abc-latina.com\/perou\/population-peruvienne\/#primaryimage"},"thumbnailUrl":"https:\/\/abc-latina.com\/wp-content\/uploads\/2010\/07\/030-le-peuple-peruvien.jpg","datePublished":"2010-07-22T01:14:38+00:00","dateModified":"2026-04-30T16:25:17+00:00","description":"Le peuple p\u00e9ruvien. Chiffres et informations sur la population p\u00e9ruvienne.","breadcrumb":{"@id":"https:\/\/abc-latina.com\/perou\/population-peruvienne\/#breadcrumb"},"inLanguage":"fr-FR","potentialAction":[{"@type":"ReadAction","target":["https:\/\/abc-latina.com\/perou\/population-peruvienne\/"]}]},{"@type":"ImageObject","inLanguage":"fr-FR","@id":"https:\/\/abc-latina.com\/perou\/population-peruvienne\/#primaryimage","url":"https:\/\/abc-latina.com\/wp-content\/uploads\/2010\/07\/030-le-peuple-peruvien.jpg","contentUrl":"https:\/\/abc-latina.com\/wp-content\/uploads\/2010\/07\/030-le-peuple-peruvien.jpg","width":700,"height":403,"caption":"LE PEUPLE PERUVIEN"},{"@type":"BreadcrumbList","@id":"https:\/\/abc-latina.com\/perou\/population-peruvienne\/#breadcrumb","itemListElement":[{"@type":"ListItem","position":1,"name":"Accueil","item":"https:\/\/abc-latina.com\/"},{"@type":"ListItem","position":2,"name":"POPULATION &#8211; PEROU"}]},{"@type":"WebSite","@id":"https:\/\/abc-latina.com\/#website","url":"https:\/\/abc-latina.com\/","name":"Abc-latina","description":"","publisher":{"@id":"https:\/\/abc-latina.com\/#organization"},"potentialAction":[{"@type":"SearchAction","target":{"@type":"EntryPoint","urlTemplate":"https:\/\/abc-latina.com\/?s={search_term_string}"},"query-input":{"@type":"PropertyValueSpecification","valueRequired":true,"valueName":"search_term_string"}}],"inLanguage":"fr-FR"},{"@type":"Organization","@id":"https:\/\/abc-latina.com\/#organization","name":"Abc-latina","url":"https:\/\/abc-latina.com\/","logo":{"@type":"ImageObject","inLanguage":"fr-FR","@id":"https:\/\/abc-latina.com\/#\/schema\/logo\/image\/","url":"https:\/\/abc-latina.com\/wp-content\/uploads\/2026\/05\/cropped-logo.gif","contentUrl":"https:\/\/abc-latina.com\/wp-content\/uploads\/2026\/05\/cropped-logo.gif","width":89,"height":84,"caption":"Abc-latina"},"image":{"@id":"https:\/\/abc-latina.com\/#\/schema\/logo\/image\/"}}]}},"_links":{"self":[{"href":"https:\/\/abc-latina.com\/wp-json\/wp\/v2\/pages\/1642","targetHints":{"allow":["GET"]}}],"collection":[{"href":"https:\/\/abc-latina.com\/wp-json\/wp\/v2\/pages"}],"about":[{"href":"https:\/\/abc-latina.com\/wp-json\/wp\/v2\/types\/page"}],"author":[{"embeddable":true,"href":"https:\/\/abc-latina.com\/wp-json\/wp\/v2\/users\/3"}],"replies":[{"embeddable":true,"href":"https:\/\/abc-latina.com\/wp-json\/wp\/v2\/comments?post=1642"}],"version-history":[{"count":1,"href":"https:\/\/abc-latina.com\/wp-json\/wp\/v2\/pages\/1642\/revisions"}],"predecessor-version":[{"id":3743,"href":"https:\/\/abc-latina.com\/wp-json\/wp\/v2\/pages\/1642\/revisions\/3743"}],"up":[{"embeddable":true,"href":"https:\/\/abc-latina.com\/wp-json\/wp\/v2\/pages\/2118"}],"wp:featuredmedia":[{"embeddable":true,"href":"https:\/\/abc-latina.com\/wp-json\/wp\/v2\/media\/1641"}],"wp:attachment":[{"href":"https:\/\/abc-latina.com\/wp-json\/wp\/v2\/media?parent=1642"}],"curies":[{"name":"wp","href":"https:\/\/api.w.org\/{rel}","templated":true}]}}