{"id":1658,"date":"2010-07-24T22:35:14","date_gmt":"2010-07-24T20:35:14","guid":{"rendered":"http:\/\/abc-latina.com\/4x4-htm\/"},"modified":"2026-04-30T18:25:18","modified_gmt":"2026-04-30T16:25:18","slug":"4x4","status":"publish","type":"page","link":"https:\/\/abc-latina.com\/perou\/4x4\/","title":{"rendered":"4 X 4 au PEROU"},"content":{"rendered":"<div>Si un amateur d&rsquo;aventure en<span class=\"tourisme-chapitre\"> 4&#215;4<\/span> voulait tracer un circuit off road qui contienne tous les types de terrain possible, le r\u00e9sultat serait tr\u00e8s semblable \u00e0 notre g\u00e9ographie. En effet, nous disposons de territoires extr\u00eamement vari\u00e9s \u00e9parpill\u00e9es sur un tr\u00e8s grand espace, dans lequel on peut profiter d&rsquo;immenses d\u00e9serts c\u00f4tiers avec de spectaculaires formations de sable, des dunes et des centaines de kilom\u00e8tres de plages sans des acc\u00e8s d\u00e9finis, parcourir les villages de la montagne avec ses vall\u00e9es et lagunes de r\u00eave, ou jouir de toute la sauvage beaut\u00e9 de la for\u00eat. Il est presque incroyable qu&rsquo;un seul pays puisse offrir une si grande diversit\u00e9 ; l&rsquo;aventure de parcourir son complexe r\u00e9seau de routes et chemins est in\u00e9puisable. Dans toute cette diversit\u00e9 de paysages, le dominateur commun est l&rsquo;hospitalit\u00e9 et la chaleur humaine des habitants de l&rsquo;int\u00e9rieur, qui re\u00e7oivent avec joie et affection le voyageur qui choisit de parcourir le P\u00e9rou par terre, de loin la meilleure mani\u00e8re de conna\u00eetre compl\u00e8tement cette mill\u00e9naire et passionnante terre.<\/div>\n<div>&nbsp;<\/div>\n<div><a href=\"..\/tour_operateur\" target=\"_blank\"><img loading=\"lazy\" decoding=\"async\" class=\" size-full wp-image-41\" alt=\"\" class=\"touroperateur\" src=\"http:\/\/abc-latina.com\/wp-content\/uploads\/2010\/04\/timbre_to.gif\" width=\"125\" height=\"90\" \/><\/a>En r\u00e9sum\u00e9 le P\u00e9rou est un vrai paradis pour les personnes qui aiment conduire un v\u00e9hicule tout terrain et entreprendre une grande aventure en famille en d\u00e9couvrant tout ce qu&rsquo;il y a loin des circuits touristiques conventionnels, en parcourant des kilom\u00e8tres et en r\u00e9coltant des exp\u00e9riences et des \u00e9motions inoubliables.<\/div>\n<div>La particularit\u00e9 de notre sport est l&rsquo;environnement dans lequel se d\u00e9veloppe notre activit\u00e9 : d&rsquo;\u00e9normes d\u00e9serts pleins d&rsquo;obstacles naturels, des punas \u00e0 5000 m\u00e8tres d&rsquo;altitude o\u00f9 changer un pneu est un d\u00e9fi, ou des plaines amazoniennes boueuses dans lesquelles avancer 500 m\u00e8tres repr\u00e9sente le travail de toute une journ\u00e9e. Ces spectaculaires sc\u00e8nes constituent la base du m\u00e9lange des sensations qu&rsquo;offre le off road et qui a diff\u00e9rents ingr\u00e9dients importants. Le premier ingr\u00e9dient est la paix et la sensation de bien-\u00eatre qu&rsquo;il y a \u00e0 se savoir seul et tr\u00e8s loin de l&rsquo;ambiance habituelle, avec un paysage que seul le P\u00e9rou offre, en plein contact avec la nature.<\/div>\n<div>Le deuxi\u00e8me ingr\u00e9dient est le d\u00e9fi d&rsquo;aller o\u00f9 personne ne va, braver l&rsquo;inconnu, assumer les risques et &laquo; les incommodit\u00e9s &raquo; que cela entra\u00eene et sentir que notre effort est compens\u00e9 par les sensations et l&rsquo;exp\u00e9rience v\u00e9cues pendant un voyage de ce type.<\/div>\n<div>La troisi\u00e8me sensation agr\u00e9able, parce qu&rsquo;elle n&rsquo;est pas courante dans la vie urbaine, est la solidarit\u00e9 de groupe. Le groupe est la priorit\u00e9 et l&rsquo;esprit de corps qui se forme, surtout dans les voyages qui pr\u00e9sentent une haute difficult\u00e9, fait souvent la diff\u00e9rence entre passer ou ne passer un obstacle qui demande le travail de tous. Cette sensation est une nourriture pour l&rsquo;esprit et dans les cris de joie ou les applaudissements qui \u00e9mergent du groupe apr\u00e8s avoir d\u00e9bourb\u00e9 un 4&#215;4 s&rsquo;ext\u00e9riorisent la joie et la satisfaction d&rsquo;atteindre un but gr\u00e2ce \u00e0 un travail d&rsquo;\u00e9quipe.<\/div>\n<div>D&rsquo;autre c\u00f4t\u00e9 existe la satisfaction de ma\u00eetriser la partie technique et sportive de conduire un v\u00e9hicule off road. Un long et vari\u00e9 travail d&rsquo;adaptation \u00e0 la conduite d&rsquo;un 4&#215;4, bien supervis\u00e9, est la base d&rsquo;une intime relation entre l&rsquo;homme et la machine. Lorsque cette relation se d\u00e9veloppe, l&rsquo;aventure devient amusante. Contr\u00f4ler la puissance et les acc\u00e9l\u00e9rations en conditions de basse ou absence totale d&rsquo;adh\u00e9rence, contr\u00f4ler et pr\u00e9dire au millim\u00e8tre les importants virements de poids en acc\u00e9l\u00e9rartion, en virage ou en freinage, balancer doucement et avec pr\u00e9cision 2 tonnes d&rsquo;acier sur une roche, ou s&rsquo;attaquer \u00e0 une muraille de sable en plein gaz en cinqui\u00e8me, constituent de v\u00e9ritables plaisirs pour ceux qui l&rsquo;appr\u00e9cient avec passion : c&rsquo;est le dernier et plus important ingr\u00e9dient<\/div>\n<div>&nbsp;<\/div>\n<div>La passion est une condition indispensable pour faire ce sport. C&rsquo;est n&rsquo;est pas un sport facile ; il requiert des efforts, quelques \u00e9preuves et un budget bien s\u00fbr. La passion du off road est indubitablement le combustible pour se demander &laquo; Qu&rsquo;y a-t-il plus loin ? &raquo; et relever le d\u00e9fi de d\u00e9couvrir chaque jour des recoins inexplor\u00e9s de notre immense et cher P\u00e9rou.<\/div>\n<div>&nbsp;<\/div>\n<div>Aventurismo 4&#215;4 web: <a href=\"http:\/\/www.aventurismo4x4.com\/\" target=\"_blank\">www.aventurismo4x4.com<\/a>&nbsp;<\/div>\n<div>&nbsp;<\/div>\n<div><a href=\"https:\/\/www.abc-latina.com\/perou\/tourisme\">Tourisme au P\u00e9rou<\/a><\/div>\n<h3>Pr\u00e9parez votre voyage au P\u00e9rou :<\/h3>\n<div><a href=\"https:\/\/www.abc-latina.com\/perou\/agence_de_voyages\">Agences de voyage g\u00e9n\u00e9ralistes et discounteurs<\/a><\/div>\n<div><a href=\"https:\/\/www.abc-latina.com\/perou\/tour_operateur\">Tours Op\u00e9rateurs sp\u00e9cialistes du P\u00e9rou<\/a><\/div>\n<div><a href=\"https:\/\/www.abc-latina.com\/to\/reservation_billet_avion\" target=\"_blank\">R\u00e9servez votre billet d&rsquo;avion<\/a><\/div>\n<div><a href=\"https:\/\/www.abc-latina.com\/perou\/hotels\">R\u00e9servez votre h\u00f4tel au P\u00e9rou<\/a>&nbsp;<\/div>\n<div><a href=\"https:\/\/www.abc-latina.com\/to\/location_de_voiture_perou\" target=\"_blank\">Location de voiture<\/a><\/div>\n<p>&nbsp;<\/p>\n","protected":false},"excerpt":{"rendered":"<p>Si un amateur d&rsquo;aventure en 4&#215;4 voulait tracer un circuit off road qui contienne tous les types de terrain possible, [&hellip;]<\/p>\n","protected":false},"author":3,"featured_media":41,"parent":2118,"menu_order":0,"comment_status":"closed","ping_status":"closed","template":"","meta":{"site-sidebar-layout":"default","site-content-layout":"","ast-site-content-layout":"default","site-content-style":"default","site-sidebar-style":"default","ast-global-header-display":"","ast-banner-title-visibility":"","ast-main-header-display":"","ast-hfb-above-header-display":"","ast-hfb-below-header-display":"","ast-hfb-mobile-header-display":"","site-post-title":"","ast-breadcrumbs-content":"","ast-featured-img":"","footer-sml-layout":"","ast-disable-related-posts":"","theme-transparent-header-meta":"","adv-header-id-meta":"","stick-header-meta":"","header-above-stick-meta":"","header-main-stick-meta":"","header-below-stick-meta":"","astra-migrate-meta-layouts":"default","ast-page-background-enabled":"default","ast-page-background-meta":{"desktop":{"background-color":"var(--ast-global-color-5)","background-image":"","background-repeat":"repeat","background-position":"center center","background-size":"auto","background-attachment":"scroll","background-type":"","background-media":"","overlay-type":"","overlay-color":"","overlay-opacity":"","overlay-gradient":""},"tablet":{"background-color":"","background-image":"","background-repeat":"repeat","background-position":"center center","background-size":"auto","background-attachment":"scroll","background-type":"","background-media":"","overlay-type":"","overlay-color":"","overlay-opacity":"","overlay-gradient":""},"mobile":{"background-color":"","background-image":"","background-repeat":"repeat","background-position":"center center","background-size":"auto","background-attachment":"scroll","background-type":"","background-media":"","overlay-type":"","overlay-color":"","overlay-opacity":"","overlay-gradient":""}},"ast-content-background-meta":{"desktop":{"background-color":"var(--ast-global-color-4)","background-image":"","background-repeat":"repeat","background-position":"center center","background-size":"auto","background-attachment":"scroll","background-type":"","background-media":"","overlay-type":"","overlay-color":"","overlay-opacity":"","overlay-gradient":""},"tablet":{"background-color":"var(--ast-global-color-4)","background-image":"","background-repeat":"repeat","background-position":"center center","background-size":"auto","background-attachment":"scroll","background-type":"","background-media":"","overlay-type":"","overlay-color":"","overlay-opacity":"","overlay-gradient":""},"mobile":{"background-color":"var(--ast-global-color-4)","background-image":"","background-repeat":"repeat","background-position":"center center","background-size":"auto","background-attachment":"scroll","background-type":"","background-media":"","overlay-type":"","overlay-color":"","overlay-opacity":"","overlay-gradient":""}},"footnotes":""},"class_list":["post-1658","page","type-page","status-publish","has-post-thumbnail","hentry"],"yoast_head":"<!-- This site is optimized with the Yoast SEO plugin v27.5 - https:\/\/yoast.com\/product\/yoast-seo-wordpress\/ -->\n<title>4 X 4 au PEROU - Abc-latina<\/title>\n<meta name=\"description\" content=\"Le tourisme d&#039;aventure et la pratique du vehicule tout terrain, 4x4, au P\u00e9rou.\" \/>\n<meta name=\"robots\" content=\"index, follow, max-snippet:-1, max-image-preview:large, max-video-preview:-1\" \/>\n<link rel=\"canonical\" href=\"https:\/\/abc-latina.com\/perou\/4x4\/\" \/>\n<meta property=\"og:locale\" content=\"fr_FR\" \/>\n<meta property=\"og:type\" content=\"article\" \/>\n<meta property=\"og:title\" content=\"4 X 4 au PEROU - Abc-latina\" \/>\n<meta property=\"og:description\" content=\"Le tourisme d&#039;aventure et la pratique du vehicule tout terrain, 4x4, au P\u00e9rou.\" \/>\n<meta property=\"og:url\" content=\"https:\/\/abc-latina.com\/perou\/4x4\/\" \/>\n<meta property=\"og:site_name\" content=\"Abc-latina\" \/>\n<meta property=\"article:modified_time\" content=\"2026-04-30T16:25:18+00:00\" \/>\n<meta property=\"og:image\" content=\"https:\/\/abc-latina.com\/wp-content\/uploads\/2010\/04\/timbre_to.gif\" \/>\n\t<meta property=\"og:image:width\" content=\"125\" \/>\n\t<meta property=\"og:image:height\" content=\"90\" \/>\n\t<meta property=\"og:image:type\" content=\"image\/gif\" \/>\n<meta name=\"twitter:card\" content=\"summary_large_image\" \/>\n<meta name=\"twitter:label1\" content=\"Dur\u00e9e de lecture estim\u00e9e\" \/>\n\t<meta name=\"twitter:data1\" content=\"4 minutes\" \/>\n<script type=\"application\/ld+json\" class=\"yoast-schema-graph\">{\"@context\":\"https:\\\/\\\/schema.org\",\"@graph\":[{\"@type\":\"WebPage\",\"@id\":\"https:\\\/\\\/abc-latina.com\\\/perou\\\/4x4\\\/\",\"url\":\"https:\\\/\\\/abc-latina.com\\\/perou\\\/4x4\\\/\",\"name\":\"4 X 4 au PEROU - Abc-latina\",\"isPartOf\":{\"@id\":\"https:\\\/\\\/abc-latina.com\\\/#website\"},\"primaryImageOfPage\":{\"@id\":\"https:\\\/\\\/abc-latina.com\\\/perou\\\/4x4\\\/#primaryimage\"},\"image\":{\"@id\":\"https:\\\/\\\/abc-latina.com\\\/perou\\\/4x4\\\/#primaryimage\"},\"thumbnailUrl\":\"https:\\\/\\\/abc-latina.com\\\/wp-content\\\/uploads\\\/2010\\\/04\\\/timbre_to.gif\",\"datePublished\":\"2010-07-24T20:35:14+00:00\",\"dateModified\":\"2026-04-30T16:25:18+00:00\",\"description\":\"Le tourisme d'aventure et la pratique du vehicule tout terrain, 4x4, au P\u00e9rou.\",\"breadcrumb\":{\"@id\":\"https:\\\/\\\/abc-latina.com\\\/perou\\\/4x4\\\/#breadcrumb\"},\"inLanguage\":\"fr-FR\",\"potentialAction\":[{\"@type\":\"ReadAction\",\"target\":[\"https:\\\/\\\/abc-latina.com\\\/perou\\\/4x4\\\/\"]}]},{\"@type\":\"ImageObject\",\"inLanguage\":\"fr-FR\",\"@id\":\"https:\\\/\\\/abc-latina.com\\\/perou\\\/4x4\\\/#primaryimage\",\"url\":\"https:\\\/\\\/abc-latina.com\\\/wp-content\\\/uploads\\\/2010\\\/04\\\/timbre_to.gif\",\"contentUrl\":\"https:\\\/\\\/abc-latina.com\\\/wp-content\\\/uploads\\\/2010\\\/04\\\/timbre_to.gif\",\"width\":125,\"height\":90},{\"@type\":\"BreadcrumbList\",\"@id\":\"https:\\\/\\\/abc-latina.com\\\/perou\\\/4x4\\\/#breadcrumb\",\"itemListElement\":[{\"@type\":\"ListItem\",\"position\":1,\"name\":\"Accueil\",\"item\":\"https:\\\/\\\/abc-latina.com\\\/\"},{\"@type\":\"ListItem\",\"position\":2,\"name\":\"4 X 4 au PEROU\"}]},{\"@type\":\"WebSite\",\"@id\":\"https:\\\/\\\/abc-latina.com\\\/#website\",\"url\":\"https:\\\/\\\/abc-latina.com\\\/\",\"name\":\"Abc-latina\",\"description\":\"\",\"publisher\":{\"@id\":\"https:\\\/\\\/abc-latina.com\\\/#organization\"},\"potentialAction\":[{\"@type\":\"SearchAction\",\"target\":{\"@type\":\"EntryPoint\",\"urlTemplate\":\"https:\\\/\\\/abc-latina.com\\\/?s={search_term_string}\"},\"query-input\":{\"@type\":\"PropertyValueSpecification\",\"valueRequired\":true,\"valueName\":\"search_term_string\"}}],\"inLanguage\":\"fr-FR\"},{\"@type\":\"Organization\",\"@id\":\"https:\\\/\\\/abc-latina.com\\\/#organization\",\"name\":\"Abc-latina\",\"url\":\"https:\\\/\\\/abc-latina.com\\\/\",\"logo\":{\"@type\":\"ImageObject\",\"inLanguage\":\"fr-FR\",\"@id\":\"https:\\\/\\\/abc-latina.com\\\/#\\\/schema\\\/logo\\\/image\\\/\",\"url\":\"https:\\\/\\\/abc-latina.com\\\/wp-content\\\/uploads\\\/2026\\\/05\\\/cropped-logo.gif\",\"contentUrl\":\"https:\\\/\\\/abc-latina.com\\\/wp-content\\\/uploads\\\/2026\\\/05\\\/cropped-logo.gif\",\"width\":89,\"height\":84,\"caption\":\"Abc-latina\"},\"image\":{\"@id\":\"https:\\\/\\\/abc-latina.com\\\/#\\\/schema\\\/logo\\\/image\\\/\"}}]}<\/script>\n<!-- \/ Yoast SEO plugin. -->","yoast_head_json":{"title":"4 X 4 au PEROU - Abc-latina","description":"Le tourisme d'aventure et la pratique du vehicule tout terrain, 4x4, au P\u00e9rou.","robots":{"index":"index","follow":"follow","max-snippet":"max-snippet:-1","max-image-preview":"max-image-preview:large","max-video-preview":"max-video-preview:-1"},"canonical":"https:\/\/abc-latina.com\/perou\/4x4\/","og_locale":"fr_FR","og_type":"article","og_title":"4 X 4 au PEROU - Abc-latina","og_description":"Le tourisme d'aventure et la pratique du vehicule tout terrain, 4x4, au P\u00e9rou.","og_url":"https:\/\/abc-latina.com\/perou\/4x4\/","og_site_name":"Abc-latina","article_modified_time":"2026-04-30T16:25:18+00:00","og_image":[{"width":125,"height":90,"url":"https:\/\/abc-latina.com\/wp-content\/uploads\/2010\/04\/timbre_to.gif","type":"image\/gif"}],"twitter_card":"summary_large_image","twitter_misc":{"Dur\u00e9e de lecture estim\u00e9e":"4 minutes"},"schema":{"@context":"https:\/\/schema.org","@graph":[{"@type":"WebPage","@id":"https:\/\/abc-latina.com\/perou\/4x4\/","url":"https:\/\/abc-latina.com\/perou\/4x4\/","name":"4 X 4 au PEROU - Abc-latina","isPartOf":{"@id":"https:\/\/abc-latina.com\/#website"},"primaryImageOfPage":{"@id":"https:\/\/abc-latina.com\/perou\/4x4\/#primaryimage"},"image":{"@id":"https:\/\/abc-latina.com\/perou\/4x4\/#primaryimage"},"thumbnailUrl":"https:\/\/abc-latina.com\/wp-content\/uploads\/2010\/04\/timbre_to.gif","datePublished":"2010-07-24T20:35:14+00:00","dateModified":"2026-04-30T16:25:18+00:00","description":"Le tourisme d'aventure et la pratique du vehicule tout terrain, 4x4, au P\u00e9rou.","breadcrumb":{"@id":"https:\/\/abc-latina.com\/perou\/4x4\/#breadcrumb"},"inLanguage":"fr-FR","potentialAction":[{"@type":"ReadAction","target":["https:\/\/abc-latina.com\/perou\/4x4\/"]}]},{"@type":"ImageObject","inLanguage":"fr-FR","@id":"https:\/\/abc-latina.com\/perou\/4x4\/#primaryimage","url":"https:\/\/abc-latina.com\/wp-content\/uploads\/2010\/04\/timbre_to.gif","contentUrl":"https:\/\/abc-latina.com\/wp-content\/uploads\/2010\/04\/timbre_to.gif","width":125,"height":90},{"@type":"BreadcrumbList","@id":"https:\/\/abc-latina.com\/perou\/4x4\/#breadcrumb","itemListElement":[{"@type":"ListItem","position":1,"name":"Accueil","item":"https:\/\/abc-latina.com\/"},{"@type":"ListItem","position":2,"name":"4 X 4 au PEROU"}]},{"@type":"WebSite","@id":"https:\/\/abc-latina.com\/#website","url":"https:\/\/abc-latina.com\/","name":"Abc-latina","description":"","publisher":{"@id":"https:\/\/abc-latina.com\/#organization"},"potentialAction":[{"@type":"SearchAction","target":{"@type":"EntryPoint","urlTemplate":"https:\/\/abc-latina.com\/?s={search_term_string}"},"query-input":{"@type":"PropertyValueSpecification","valueRequired":true,"valueName":"search_term_string"}}],"inLanguage":"fr-FR"},{"@type":"Organization","@id":"https:\/\/abc-latina.com\/#organization","name":"Abc-latina","url":"https:\/\/abc-latina.com\/","logo":{"@type":"ImageObject","inLanguage":"fr-FR","@id":"https:\/\/abc-latina.com\/#\/schema\/logo\/image\/","url":"https:\/\/abc-latina.com\/wp-content\/uploads\/2026\/05\/cropped-logo.gif","contentUrl":"https:\/\/abc-latina.com\/wp-content\/uploads\/2026\/05\/cropped-logo.gif","width":89,"height":84,"caption":"Abc-latina"},"image":{"@id":"https:\/\/abc-latina.com\/#\/schema\/logo\/image\/"}}]}},"_links":{"self":[{"href":"https:\/\/abc-latina.com\/wp-json\/wp\/v2\/pages\/1658","targetHints":{"allow":["GET"]}}],"collection":[{"href":"https:\/\/abc-latina.com\/wp-json\/wp\/v2\/pages"}],"about":[{"href":"https:\/\/abc-latina.com\/wp-json\/wp\/v2\/types\/page"}],"author":[{"embeddable":true,"href":"https:\/\/abc-latina.com\/wp-json\/wp\/v2\/users\/3"}],"replies":[{"embeddable":true,"href":"https:\/\/abc-latina.com\/wp-json\/wp\/v2\/comments?post=1658"}],"version-history":[{"count":1,"href":"https:\/\/abc-latina.com\/wp-json\/wp\/v2\/pages\/1658\/revisions"}],"predecessor-version":[{"id":3756,"href":"https:\/\/abc-latina.com\/wp-json\/wp\/v2\/pages\/1658\/revisions\/3756"}],"up":[{"embeddable":true,"href":"https:\/\/abc-latina.com\/wp-json\/wp\/v2\/pages\/2118"}],"wp:featuredmedia":[{"embeddable":true,"href":"https:\/\/abc-latina.com\/wp-json\/wp\/v2\/media\/41"}],"wp:attachment":[{"href":"https:\/\/abc-latina.com\/wp-json\/wp\/v2\/media?parent=1658"}],"curies":[{"name":"wp","href":"https:\/\/api.w.org\/{rel}","templated":true}]}}