{"id":1769,"date":"2010-07-28T00:02:27","date_gmt":"2010-07-27T22:02:27","guid":{"rendered":"http:\/\/abc-latina.com\/voyage_esthetique-htm\/"},"modified":"2026-04-30T18:24:43","modified_gmt":"2026-04-30T16:24:43","slug":"voyage_esthetique","status":"publish","type":"page","link":"https:\/\/abc-latina.com\/amerique_latine\/voyage_esthetique\/","title":{"rendered":"VOYAGES ESTHETIQUE en AMERIQUE LATINE"},"content":{"rendered":"<div>La chirurgie esth\u00e9tique se pratique \u00e0 moindre co\u00fbt dans plusieurs pays du monde, elle combine souvent agreement touristique et chirurgie dans une clinique priv\u00e9e d&rsquo;un pays &quot;exotique&quot;. En Am\u00e9rique latine, le Br\u00e9sil tient la corde et la comp\u00e9tence de ses chirurgiens est reconnu \u00e0 travers le monde, on voit aussi appara\u00eetre sur ce march\u00e9 un pays auquel on ne s&rsquo;attendrait pas: la Bolivie.<\/div>\n<div>&nbsp;<\/div>\n<div>Abc latina va investiguer davantage, dans les prochains mois, sur le sujet, en attendant voyez le forum o\u00f9 quelques membres sont intervenus pour donner leurs avis sur le sujet.<\/div>\n<div>&#8211; <a target=\"_blank\" href=\"https:\/\/www.abc-latina.com\/forum\/viewtopic.php?id=717\">La chirurgie esth\u00e9tique au Br\u00e9sil<\/a><\/div>\n<div>&#8211; <a target=\"_blank\" href=\"https:\/\/www.abc-latina.com\/forum\/viewtopic.php?id=2324\">La chirurgie esth\u00e9tique en Bolivie<\/a>.<\/div>\n<div>&nbsp;<\/div>\n<div>Au BRESIL:&nbsp;<\/div>\n<div>&#8211; <a target=\"_blank\" href=\"http:\/\/www.formabrasil.com\/\">www.formabrasil.com\/<\/a> (site en fran\u00e7ais)<\/div>\n<div>&nbsp;<\/div>\n<div>Un site parmi d&rsquo;autres:<\/div>\n<div>&#8211; <a target=\"_blank\" href=\"http:\/\/www.estetikatour.com\/\">www.estetikatour.com\/<\/a><\/div>\n","protected":false},"excerpt":{"rendered":"<p>La chirurgie esth\u00e9tique se pratique \u00e0 moindre co\u00fbt dans plusieurs pays du monde, elle combine souvent agreement touristique et chirurgie [&hellip;]<\/p>\n","protected":false},"author":3,"featured_media":0,"parent":2506,"menu_order":0,"comment_status":"closed","ping_status":"closed","template":"","meta":{"site-sidebar-layout":"default","site-content-layout":"","ast-site-content-layout":"default","site-content-style":"default","site-sidebar-style":"default","ast-global-header-display":"","ast-banner-title-visibility":"","ast-main-header-display":"","ast-hfb-above-header-display":"","ast-hfb-below-header-display":"","ast-hfb-mobile-header-display":"","site-post-title":"","ast-breadcrumbs-content":"","ast-featured-img":"","footer-sml-layout":"","ast-disable-related-posts":"","theme-transparent-header-meta":"","adv-header-id-meta":"","stick-header-meta":"","header-above-stick-meta":"","header-main-stick-meta":"","header-below-stick-meta":"","astra-migrate-meta-layouts":"default","ast-page-background-enabled":"default","ast-page-background-meta":{"desktop":{"background-color":"var(--ast-global-color-5)","background-image":"","background-repeat":"repeat","background-position":"center center","background-size":"auto","background-attachment":"scroll","background-type":"","background-media":"","overlay-type":"","overlay-color":"","overlay-opacity":"","overlay-gradient":""},"tablet":{"background-color":"","background-image":"","background-repeat":"repeat","background-position":"center center","background-size":"auto","background-attachment":"scroll","background-type":"","background-media":"","overlay-type":"","overlay-color":"","overlay-opacity":"","overlay-gradient":""},"mobile":{"background-color":"","background-image":"","background-repeat":"repeat","background-position":"center center","background-size":"auto","background-attachment":"scroll","background-type":"","background-media":"","overlay-type":"","overlay-color":"","overlay-opacity":"","overlay-gradient":""}},"ast-content-background-meta":{"desktop":{"background-color":"var(--ast-global-color-4)","background-image":"","background-repeat":"repeat","background-position":"center center","background-size":"auto","background-attachment":"scroll","background-type":"","background-media":"","overlay-type":"","overlay-color":"","overlay-opacity":"","overlay-gradient":""},"tablet":{"background-color":"var(--ast-global-color-4)","background-image":"","background-repeat":"repeat","background-position":"center center","background-size":"auto","background-attachment":"scroll","background-type":"","background-media":"","overlay-type":"","overlay-color":"","overlay-opacity":"","overlay-gradient":""},"mobile":{"background-color":"var(--ast-global-color-4)","background-image":"","background-repeat":"repeat","background-position":"center center","background-size":"auto","background-attachment":"scroll","background-type":"","background-media":"","overlay-type":"","overlay-color":"","overlay-opacity":"","overlay-gradient":""}},"footnotes":""},"class_list":["post-1769","page","type-page","status-publish","hentry"],"yoast_head":"<!-- This site is optimized with the Yoast SEO plugin v27.5 - https:\/\/yoast.com\/product\/yoast-seo-wordpress\/ -->\n<title>VOYAGES ESTHETIQUE en AMERIQUE LATINE - Abc-latina<\/title>\n<meta name=\"description\" content=\"Associez un voyage d&#039;aggr\u00e9ment \u00e0 un un s\u00e9jour dans une clinique de chirurgie esth\u00e9tique en Am\u00e9rique latine.\" \/>\n<meta name=\"robots\" content=\"index, follow, max-snippet:-1, max-image-preview:large, max-video-preview:-1\" \/>\n<link rel=\"canonical\" href=\"https:\/\/abc-latina.com\/amerique_latine\/voyage_esthetique\/\" \/>\n<meta property=\"og:locale\" content=\"fr_FR\" \/>\n<meta property=\"og:type\" content=\"article\" \/>\n<meta property=\"og:title\" content=\"VOYAGES ESTHETIQUE en AMERIQUE LATINE - Abc-latina\" \/>\n<meta property=\"og:description\" content=\"Associez un voyage d&#039;aggr\u00e9ment \u00e0 un un s\u00e9jour dans une clinique de chirurgie esth\u00e9tique en Am\u00e9rique latine.\" \/>\n<meta property=\"og:url\" content=\"https:\/\/abc-latina.com\/amerique_latine\/voyage_esthetique\/\" \/>\n<meta property=\"og:site_name\" content=\"Abc-latina\" \/>\n<meta property=\"article:modified_time\" content=\"2026-04-30T16:24:43+00:00\" \/>\n<meta name=\"twitter:card\" content=\"summary_large_image\" \/>\n<meta name=\"twitter:label1\" content=\"Dur\u00e9e de lecture estim\u00e9e\" \/>\n\t<meta name=\"twitter:data1\" content=\"1 minute\" \/>\n<script type=\"application\/ld+json\" class=\"yoast-schema-graph\">{\"@context\":\"https:\\\/\\\/schema.org\",\"@graph\":[{\"@type\":\"WebPage\",\"@id\":\"https:\\\/\\\/abc-latina.com\\\/amerique_latine\\\/voyage_esthetique\\\/\",\"url\":\"https:\\\/\\\/abc-latina.com\\\/amerique_latine\\\/voyage_esthetique\\\/\",\"name\":\"VOYAGES ESTHETIQUE en AMERIQUE LATINE - Abc-latina\",\"isPartOf\":{\"@id\":\"https:\\\/\\\/abc-latina.com\\\/#website\"},\"datePublished\":\"2010-07-27T22:02:27+00:00\",\"dateModified\":\"2026-04-30T16:24:43+00:00\",\"description\":\"Associez un voyage d'aggr\u00e9ment \u00e0 un un s\u00e9jour dans une clinique de chirurgie esth\u00e9tique en Am\u00e9rique latine.\",\"breadcrumb\":{\"@id\":\"https:\\\/\\\/abc-latina.com\\\/amerique_latine\\\/voyage_esthetique\\\/#breadcrumb\"},\"inLanguage\":\"fr-FR\",\"potentialAction\":[{\"@type\":\"ReadAction\",\"target\":[\"https:\\\/\\\/abc-latina.com\\\/amerique_latine\\\/voyage_esthetique\\\/\"]}]},{\"@type\":\"BreadcrumbList\",\"@id\":\"https:\\\/\\\/abc-latina.com\\\/amerique_latine\\\/voyage_esthetique\\\/#breadcrumb\",\"itemListElement\":[{\"@type\":\"ListItem\",\"position\":1,\"name\":\"Accueil\",\"item\":\"https:\\\/\\\/abc-latina.com\\\/\"},{\"@type\":\"ListItem\",\"position\":2,\"name\":\"VOYAGES ESTHETIQUE en AMERIQUE LATINE\"}]},{\"@type\":\"WebSite\",\"@id\":\"https:\\\/\\\/abc-latina.com\\\/#website\",\"url\":\"https:\\\/\\\/abc-latina.com\\\/\",\"name\":\"Abc-latina\",\"description\":\"\",\"publisher\":{\"@id\":\"https:\\\/\\\/abc-latina.com\\\/#organization\"},\"potentialAction\":[{\"@type\":\"SearchAction\",\"target\":{\"@type\":\"EntryPoint\",\"urlTemplate\":\"https:\\\/\\\/abc-latina.com\\\/?s={search_term_string}\"},\"query-input\":{\"@type\":\"PropertyValueSpecification\",\"valueRequired\":true,\"valueName\":\"search_term_string\"}}],\"inLanguage\":\"fr-FR\"},{\"@type\":\"Organization\",\"@id\":\"https:\\\/\\\/abc-latina.com\\\/#organization\",\"name\":\"Abc-latina\",\"url\":\"https:\\\/\\\/abc-latina.com\\\/\",\"logo\":{\"@type\":\"ImageObject\",\"inLanguage\":\"fr-FR\",\"@id\":\"https:\\\/\\\/abc-latina.com\\\/#\\\/schema\\\/logo\\\/image\\\/\",\"url\":\"https:\\\/\\\/abc-latina.com\\\/wp-content\\\/uploads\\\/2026\\\/05\\\/cropped-logo.gif\",\"contentUrl\":\"https:\\\/\\\/abc-latina.com\\\/wp-content\\\/uploads\\\/2026\\\/05\\\/cropped-logo.gif\",\"width\":89,\"height\":84,\"caption\":\"Abc-latina\"},\"image\":{\"@id\":\"https:\\\/\\\/abc-latina.com\\\/#\\\/schema\\\/logo\\\/image\\\/\"}}]}<\/script>\n<!-- \/ Yoast SEO plugin. -->","yoast_head_json":{"title":"VOYAGES ESTHETIQUE en AMERIQUE LATINE - Abc-latina","description":"Associez un voyage d'aggr\u00e9ment \u00e0 un un s\u00e9jour dans une clinique de chirurgie esth\u00e9tique en Am\u00e9rique latine.","robots":{"index":"index","follow":"follow","max-snippet":"max-snippet:-1","max-image-preview":"max-image-preview:large","max-video-preview":"max-video-preview:-1"},"canonical":"https:\/\/abc-latina.com\/amerique_latine\/voyage_esthetique\/","og_locale":"fr_FR","og_type":"article","og_title":"VOYAGES ESTHETIQUE en AMERIQUE LATINE - Abc-latina","og_description":"Associez un voyage d'aggr\u00e9ment \u00e0 un un s\u00e9jour dans une clinique de chirurgie esth\u00e9tique en Am\u00e9rique latine.","og_url":"https:\/\/abc-latina.com\/amerique_latine\/voyage_esthetique\/","og_site_name":"Abc-latina","article_modified_time":"2026-04-30T16:24:43+00:00","twitter_card":"summary_large_image","twitter_misc":{"Dur\u00e9e de lecture estim\u00e9e":"1 minute"},"schema":{"@context":"https:\/\/schema.org","@graph":[{"@type":"WebPage","@id":"https:\/\/abc-latina.com\/amerique_latine\/voyage_esthetique\/","url":"https:\/\/abc-latina.com\/amerique_latine\/voyage_esthetique\/","name":"VOYAGES ESTHETIQUE en AMERIQUE LATINE - Abc-latina","isPartOf":{"@id":"https:\/\/abc-latina.com\/#website"},"datePublished":"2010-07-27T22:02:27+00:00","dateModified":"2026-04-30T16:24:43+00:00","description":"Associez un voyage d'aggr\u00e9ment \u00e0 un un s\u00e9jour dans une clinique de chirurgie esth\u00e9tique en Am\u00e9rique latine.","breadcrumb":{"@id":"https:\/\/abc-latina.com\/amerique_latine\/voyage_esthetique\/#breadcrumb"},"inLanguage":"fr-FR","potentialAction":[{"@type":"ReadAction","target":["https:\/\/abc-latina.com\/amerique_latine\/voyage_esthetique\/"]}]},{"@type":"BreadcrumbList","@id":"https:\/\/abc-latina.com\/amerique_latine\/voyage_esthetique\/#breadcrumb","itemListElement":[{"@type":"ListItem","position":1,"name":"Accueil","item":"https:\/\/abc-latina.com\/"},{"@type":"ListItem","position":2,"name":"VOYAGES ESTHETIQUE en AMERIQUE LATINE"}]},{"@type":"WebSite","@id":"https:\/\/abc-latina.com\/#website","url":"https:\/\/abc-latina.com\/","name":"Abc-latina","description":"","publisher":{"@id":"https:\/\/abc-latina.com\/#organization"},"potentialAction":[{"@type":"SearchAction","target":{"@type":"EntryPoint","urlTemplate":"https:\/\/abc-latina.com\/?s={search_term_string}"},"query-input":{"@type":"PropertyValueSpecification","valueRequired":true,"valueName":"search_term_string"}}],"inLanguage":"fr-FR"},{"@type":"Organization","@id":"https:\/\/abc-latina.com\/#organization","name":"Abc-latina","url":"https:\/\/abc-latina.com\/","logo":{"@type":"ImageObject","inLanguage":"fr-FR","@id":"https:\/\/abc-latina.com\/#\/schema\/logo\/image\/","url":"https:\/\/abc-latina.com\/wp-content\/uploads\/2026\/05\/cropped-logo.gif","contentUrl":"https:\/\/abc-latina.com\/wp-content\/uploads\/2026\/05\/cropped-logo.gif","width":89,"height":84,"caption":"Abc-latina"},"image":{"@id":"https:\/\/abc-latina.com\/#\/schema\/logo\/image\/"}}]}},"_links":{"self":[{"href":"https:\/\/abc-latina.com\/wp-json\/wp\/v2\/pages\/1769","targetHints":{"allow":["GET"]}}],"collection":[{"href":"https:\/\/abc-latina.com\/wp-json\/wp\/v2\/pages"}],"about":[{"href":"https:\/\/abc-latina.com\/wp-json\/wp\/v2\/types\/page"}],"author":[{"embeddable":true,"href":"https:\/\/abc-latina.com\/wp-json\/wp\/v2\/users\/3"}],"replies":[{"embeddable":true,"href":"https:\/\/abc-latina.com\/wp-json\/wp\/v2\/comments?post=1769"}],"version-history":[{"count":1,"href":"https:\/\/abc-latina.com\/wp-json\/wp\/v2\/pages\/1769\/revisions"}],"predecessor-version":[{"id":3034,"href":"https:\/\/abc-latina.com\/wp-json\/wp\/v2\/pages\/1769\/revisions\/3034"}],"up":[{"embeddable":true,"href":"https:\/\/abc-latina.com\/wp-json\/wp\/v2\/pages\/2506"}],"wp:attachment":[{"href":"https:\/\/abc-latina.com\/wp-json\/wp\/v2\/media?parent=1769"}],"curies":[{"name":"wp","href":"https:\/\/api.w.org\/{rel}","templated":true}]}}