{"id":1801,"date":"2010-07-29T05:49:50","date_gmt":"2010-07-29T03:49:50","guid":{"rendered":"http:\/\/abc-latina.com\/faune-flore-guatemalteque-php\/"},"modified":"2026-04-30T18:25:04","modified_gmt":"2026-04-30T16:25:04","slug":"faune-flore-guatemalteque","status":"publish","type":"page","link":"https:\/\/abc-latina.com\/guatemala\/faune-flore-guatemalteque\/","title":{"rendered":"La FAUNE &#038; la FLORE au GUATEMALA"},"content":{"rendered":"<div>La<span class=\"tourisme-chapitre\"> faune et la flore<\/span> du Guatemala sont tout aussi diverses que sa g\u00e9ographie. Sur la c\u00f4te du Pacifique, vous pourrez observer de nombreuses esp\u00e8ces de tortues, particuli\u00e8rement au Biotopo Monterrico-Hawaii. Ici les tortues viennent d\u00e9poser leurs \u0153ufs \u00e0 des \u00e9poques pr\u00e9cises de l&rsquo;ann\u00e9e.<\/div>\n<div>Tout pr\u00e8s, les mangroves s&rsquo;\u00e9tendent sur les berges des rivi\u00e8res prenant leur source des hautes montagnes. Puis il suffit de monter un peu en altitude vers l&rsquo;int\u00e9rieur du pays pour pouvoir observer de nombreuses esp\u00e8ces d&rsquo;orchid\u00e9es et de champignons.<\/div>\n<div>&nbsp;<\/div>\n<div>Le quetzal, l&rsquo;oiseau mythique des Mayas, vit dans les montagnes des Hautes Terres. Cet oiseau rare, au long plumage flamboyant, peut \u00eatre observ\u00e9, avec beaucoup de patience ou de chance dans le Biotopo del Quetzal. Les grandes for\u00eats de cette r\u00e9gion sont pris\u00e9es de l&rsquo;industrie foresti\u00e8re qui s&rsquo;y est \u00e9tablie depuis le d\u00e9but du si\u00e8cle.<\/div>\n<div>Ce sont pourtant les jungles du Pet\u00e9n, tr\u00e8s fr\u00e9quent\u00e9es par les voyageurs gr\u00e2ce \u00e0 la pr\u00e9sence des <a href=\"voyages\/tikal\">ruines de Tikal<\/a>, qui fa\u00e7onneront davantage l&rsquo;imaginaire des aventuriers contemporains. A perte de vue, elles occupent presque le tiers de tout le territoire guat\u00e9malt\u00e8que. Ici les toucans, les perroquets et les colibris nichent dans les for\u00eats d&rsquo;acajous, d&rsquo;avocatiers et de ceibas, l&rsquo;arbre l\u00e9gendaire et mythique des <a href=\"https:\/\/www.abc-latina.com\/civilisations\/maya\" target=\"_blank\">Mayas<\/a>.<\/div>\n<div>Il n&rsquo;y a pas que les oiseaux qui peuplent cette \u00e9norme jungle tropicale. De multiples mammif\u00e8res, tel les singes crieurs, les ocelots, les <a href=\"https:\/\/www.abc-latina.com\/amerique_latine\/flore-faune\/puma.php\" target=\"_blank\">pumas<\/a>, les tapirs, les renards roux et bien d&rsquo;autres, ont choisi de vivre \u00e0 l&rsquo;ombre de ces grands arbres.<\/div>\n<div>&nbsp;<\/div>\n<div>La c\u00f4te cara\u00efbe du Guatemala n&rsquo;est pas en reste en ce qui concerne les richesses naturelles qu&rsquo;on y trouve. Les r\u00e9cifs de corail de ces mers paisibles sont le refuge de nombre d&rsquo;esp\u00e8ces de poissons, mais aussi de requins, de tortues et de crocodiles d&rsquo;eau sal\u00e9e. On pourra aussi y observer le lamantin.&nbsp;<\/div>\n<div>&nbsp;<\/div>\n<div><a href=\"https:\/\/www.abc-latina.com\/amerique_latine\/flore-faune\/\" target=\"_blank\">La Faune et la flore en Am\u00e9rique latine&nbsp;<\/a><\/div>\n<div><a href=\"https:\/\/www.abc-latina.com\/guatemala\/geo\">La g\u00e9ographie du Guatemala<\/a><\/div>\n","protected":false},"excerpt":{"rendered":"<p>La faune et la flore du Guatemala sont tout aussi diverses que sa g\u00e9ographie. Sur la c\u00f4te du Pacifique, vous [&hellip;]<\/p>\n","protected":false},"author":3,"featured_media":0,"parent":2305,"menu_order":0,"comment_status":"closed","ping_status":"closed","template":"","meta":{"site-sidebar-layout":"default","site-content-layout":"","ast-site-content-layout":"default","site-content-style":"default","site-sidebar-style":"default","ast-global-header-display":"","ast-banner-title-visibility":"","ast-main-header-display":"","ast-hfb-above-header-display":"","ast-hfb-below-header-display":"","ast-hfb-mobile-header-display":"","site-post-title":"","ast-breadcrumbs-content":"","ast-featured-img":"","footer-sml-layout":"","ast-disable-related-posts":"","theme-transparent-header-meta":"","adv-header-id-meta":"","stick-header-meta":"","header-above-stick-meta":"","header-main-stick-meta":"","header-below-stick-meta":"","astra-migrate-meta-layouts":"default","ast-page-background-enabled":"default","ast-page-background-meta":{"desktop":{"background-color":"var(--ast-global-color-5)","background-image":"","background-repeat":"repeat","background-position":"center center","background-size":"auto","background-attachment":"scroll","background-type":"","background-media":"","overlay-type":"","overlay-color":"","overlay-opacity":"","overlay-gradient":""},"tablet":{"background-color":"","background-image":"","background-repeat":"repeat","background-position":"center center","background-size":"auto","background-attachment":"scroll","background-type":"","background-media":"","overlay-type":"","overlay-color":"","overlay-opacity":"","overlay-gradient":""},"mobile":{"background-color":"","background-image":"","background-repeat":"repeat","background-position":"center center","background-size":"auto","background-attachment":"scroll","background-type":"","background-media":"","overlay-type":"","overlay-color":"","overlay-opacity":"","overlay-gradient":""}},"ast-content-background-meta":{"desktop":{"background-color":"var(--ast-global-color-4)","background-image":"","background-repeat":"repeat","background-position":"center center","background-size":"auto","background-attachment":"scroll","background-type":"","background-media":"","overlay-type":"","overlay-color":"","overlay-opacity":"","overlay-gradient":""},"tablet":{"background-color":"var(--ast-global-color-4)","background-image":"","background-repeat":"repeat","background-position":"center center","background-size":"auto","background-attachment":"scroll","background-type":"","background-media":"","overlay-type":"","overlay-color":"","overlay-opacity":"","overlay-gradient":""},"mobile":{"background-color":"var(--ast-global-color-4)","background-image":"","background-repeat":"repeat","background-position":"center center","background-size":"auto","background-attachment":"scroll","background-type":"","background-media":"","overlay-type":"","overlay-color":"","overlay-opacity":"","overlay-gradient":""}},"footnotes":""},"class_list":["post-1801","page","type-page","status-publish","hentry"],"yoast_head":"<!-- This site is optimized with the Yoast SEO plugin v27.5 - https:\/\/yoast.com\/product\/yoast-seo-wordpress\/ -->\n<title>La FAUNE &amp; la FLORE au GUATEMALA - Abc-latina<\/title>\n<meta name=\"description\" content=\"GUATEMALA : La flore et la faune.\" \/>\n<meta name=\"robots\" content=\"index, follow, max-snippet:-1, max-image-preview:large, max-video-preview:-1\" \/>\n<link rel=\"canonical\" href=\"https:\/\/abc-latina.com\/guatemala\/faune-flore-guatemalteque\/\" \/>\n<meta property=\"og:locale\" content=\"fr_FR\" \/>\n<meta property=\"og:type\" content=\"article\" \/>\n<meta property=\"og:title\" content=\"La FAUNE &amp; la FLORE au GUATEMALA - Abc-latina\" \/>\n<meta property=\"og:description\" content=\"GUATEMALA : La flore et la faune.\" \/>\n<meta property=\"og:url\" content=\"https:\/\/abc-latina.com\/guatemala\/faune-flore-guatemalteque\/\" \/>\n<meta property=\"og:site_name\" content=\"Abc-latina\" \/>\n<meta property=\"article:modified_time\" content=\"2026-04-30T16:25:04+00:00\" \/>\n<meta name=\"twitter:card\" content=\"summary_large_image\" \/>\n<meta name=\"twitter:label1\" content=\"Dur\u00e9e de lecture estim\u00e9e\" \/>\n\t<meta name=\"twitter:data1\" content=\"2 minutes\" \/>\n<script type=\"application\/ld+json\" class=\"yoast-schema-graph\">{\"@context\":\"https:\\\/\\\/schema.org\",\"@graph\":[{\"@type\":\"WebPage\",\"@id\":\"https:\\\/\\\/abc-latina.com\\\/guatemala\\\/faune-flore-guatemalteque\\\/\",\"url\":\"https:\\\/\\\/abc-latina.com\\\/guatemala\\\/faune-flore-guatemalteque\\\/\",\"name\":\"La FAUNE & la FLORE au GUATEMALA - Abc-latina\",\"isPartOf\":{\"@id\":\"https:\\\/\\\/abc-latina.com\\\/#website\"},\"datePublished\":\"2010-07-29T03:49:50+00:00\",\"dateModified\":\"2026-04-30T16:25:04+00:00\",\"description\":\"GUATEMALA : La flore et la faune.\",\"breadcrumb\":{\"@id\":\"https:\\\/\\\/abc-latina.com\\\/guatemala\\\/faune-flore-guatemalteque\\\/#breadcrumb\"},\"inLanguage\":\"fr-FR\",\"potentialAction\":[{\"@type\":\"ReadAction\",\"target\":[\"https:\\\/\\\/abc-latina.com\\\/guatemala\\\/faune-flore-guatemalteque\\\/\"]}]},{\"@type\":\"BreadcrumbList\",\"@id\":\"https:\\\/\\\/abc-latina.com\\\/guatemala\\\/faune-flore-guatemalteque\\\/#breadcrumb\",\"itemListElement\":[{\"@type\":\"ListItem\",\"position\":1,\"name\":\"Accueil\",\"item\":\"https:\\\/\\\/abc-latina.com\\\/\"},{\"@type\":\"ListItem\",\"position\":2,\"name\":\"La FAUNE &#038; la FLORE au GUATEMALA\"}]},{\"@type\":\"WebSite\",\"@id\":\"https:\\\/\\\/abc-latina.com\\\/#website\",\"url\":\"https:\\\/\\\/abc-latina.com\\\/\",\"name\":\"Abc-latina\",\"description\":\"\",\"publisher\":{\"@id\":\"https:\\\/\\\/abc-latina.com\\\/#organization\"},\"potentialAction\":[{\"@type\":\"SearchAction\",\"target\":{\"@type\":\"EntryPoint\",\"urlTemplate\":\"https:\\\/\\\/abc-latina.com\\\/?s={search_term_string}\"},\"query-input\":{\"@type\":\"PropertyValueSpecification\",\"valueRequired\":true,\"valueName\":\"search_term_string\"}}],\"inLanguage\":\"fr-FR\"},{\"@type\":\"Organization\",\"@id\":\"https:\\\/\\\/abc-latina.com\\\/#organization\",\"name\":\"Abc-latina\",\"url\":\"https:\\\/\\\/abc-latina.com\\\/\",\"logo\":{\"@type\":\"ImageObject\",\"inLanguage\":\"fr-FR\",\"@id\":\"https:\\\/\\\/abc-latina.com\\\/#\\\/schema\\\/logo\\\/image\\\/\",\"url\":\"https:\\\/\\\/abc-latina.com\\\/wp-content\\\/uploads\\\/2026\\\/05\\\/cropped-logo.gif\",\"contentUrl\":\"https:\\\/\\\/abc-latina.com\\\/wp-content\\\/uploads\\\/2026\\\/05\\\/cropped-logo.gif\",\"width\":89,\"height\":84,\"caption\":\"Abc-latina\"},\"image\":{\"@id\":\"https:\\\/\\\/abc-latina.com\\\/#\\\/schema\\\/logo\\\/image\\\/\"}}]}<\/script>\n<!-- \/ Yoast SEO plugin. -->","yoast_head_json":{"title":"La FAUNE & la FLORE au GUATEMALA - Abc-latina","description":"GUATEMALA : La flore et la faune.","robots":{"index":"index","follow":"follow","max-snippet":"max-snippet:-1","max-image-preview":"max-image-preview:large","max-video-preview":"max-video-preview:-1"},"canonical":"https:\/\/abc-latina.com\/guatemala\/faune-flore-guatemalteque\/","og_locale":"fr_FR","og_type":"article","og_title":"La FAUNE & la FLORE au GUATEMALA - Abc-latina","og_description":"GUATEMALA : La flore et la faune.","og_url":"https:\/\/abc-latina.com\/guatemala\/faune-flore-guatemalteque\/","og_site_name":"Abc-latina","article_modified_time":"2026-04-30T16:25:04+00:00","twitter_card":"summary_large_image","twitter_misc":{"Dur\u00e9e de lecture estim\u00e9e":"2 minutes"},"schema":{"@context":"https:\/\/schema.org","@graph":[{"@type":"WebPage","@id":"https:\/\/abc-latina.com\/guatemala\/faune-flore-guatemalteque\/","url":"https:\/\/abc-latina.com\/guatemala\/faune-flore-guatemalteque\/","name":"La FAUNE & la FLORE au GUATEMALA - Abc-latina","isPartOf":{"@id":"https:\/\/abc-latina.com\/#website"},"datePublished":"2010-07-29T03:49:50+00:00","dateModified":"2026-04-30T16:25:04+00:00","description":"GUATEMALA : La flore et la faune.","breadcrumb":{"@id":"https:\/\/abc-latina.com\/guatemala\/faune-flore-guatemalteque\/#breadcrumb"},"inLanguage":"fr-FR","potentialAction":[{"@type":"ReadAction","target":["https:\/\/abc-latina.com\/guatemala\/faune-flore-guatemalteque\/"]}]},{"@type":"BreadcrumbList","@id":"https:\/\/abc-latina.com\/guatemala\/faune-flore-guatemalteque\/#breadcrumb","itemListElement":[{"@type":"ListItem","position":1,"name":"Accueil","item":"https:\/\/abc-latina.com\/"},{"@type":"ListItem","position":2,"name":"La FAUNE &#038; la FLORE au GUATEMALA"}]},{"@type":"WebSite","@id":"https:\/\/abc-latina.com\/#website","url":"https:\/\/abc-latina.com\/","name":"Abc-latina","description":"","publisher":{"@id":"https:\/\/abc-latina.com\/#organization"},"potentialAction":[{"@type":"SearchAction","target":{"@type":"EntryPoint","urlTemplate":"https:\/\/abc-latina.com\/?s={search_term_string}"},"query-input":{"@type":"PropertyValueSpecification","valueRequired":true,"valueName":"search_term_string"}}],"inLanguage":"fr-FR"},{"@type":"Organization","@id":"https:\/\/abc-latina.com\/#organization","name":"Abc-latina","url":"https:\/\/abc-latina.com\/","logo":{"@type":"ImageObject","inLanguage":"fr-FR","@id":"https:\/\/abc-latina.com\/#\/schema\/logo\/image\/","url":"https:\/\/abc-latina.com\/wp-content\/uploads\/2026\/05\/cropped-logo.gif","contentUrl":"https:\/\/abc-latina.com\/wp-content\/uploads\/2026\/05\/cropped-logo.gif","width":89,"height":84,"caption":"Abc-latina"},"image":{"@id":"https:\/\/abc-latina.com\/#\/schema\/logo\/image\/"}}]}},"_links":{"self":[{"href":"https:\/\/abc-latina.com\/wp-json\/wp\/v2\/pages\/1801","targetHints":{"allow":["GET"]}}],"collection":[{"href":"https:\/\/abc-latina.com\/wp-json\/wp\/v2\/pages"}],"about":[{"href":"https:\/\/abc-latina.com\/wp-json\/wp\/v2\/types\/page"}],"author":[{"embeddable":true,"href":"https:\/\/abc-latina.com\/wp-json\/wp\/v2\/users\/3"}],"replies":[{"embeddable":true,"href":"https:\/\/abc-latina.com\/wp-json\/wp\/v2\/comments?post=1801"}],"version-history":[{"count":1,"href":"https:\/\/abc-latina.com\/wp-json\/wp\/v2\/pages\/1801\/revisions"}],"predecessor-version":[{"id":3471,"href":"https:\/\/abc-latina.com\/wp-json\/wp\/v2\/pages\/1801\/revisions\/3471"}],"up":[{"embeddable":true,"href":"https:\/\/abc-latina.com\/wp-json\/wp\/v2\/pages\/2305"}],"wp:attachment":[{"href":"https:\/\/abc-latina.com\/wp-json\/wp\/v2\/media?parent=1801"}],"curies":[{"name":"wp","href":"https:\/\/api.w.org\/{rel}","templated":true}]}}