{"id":1804,"date":"2010-07-29T05:59:23","date_gmt":"2010-07-29T03:59:23","guid":{"rendered":"http:\/\/abc-latina.com\/hymne-htm-10\/"},"modified":"2018-06-15T15:10:58","modified_gmt":"2018-06-15T13:10:58","slug":"hymne","status":"publish","type":"page","link":"https:\/\/abc-latina.com\/guatemala\/hymne\/","title":{"rendered":"HYMNE NATIONAL GUATEMALTEQUE"},"content":{"rendered":"<p>&nbsp;<\/p>\n<div><a href=\"https:\/\/www.abc-latina.com\/amerique_latine\/photos\/photo_drapeau_guatemala.php\" target=\"_blank\"><img loading=\"lazy\" decoding=\"async\" class=\" alignright size-full wp-image-1803\" src=\"http:\/\/abc-latina.com\/wp-content\/uploads\/2010\/07\/guatemala.gif\" style=\"margin: 9px; float: right;\" alt=\"\" width=\"110\" height=\"74\" \/><\/a>&iexcl;Guatemala feliz&#8230;! que tus aras<\/div>\n<div>no profane jam\u00e1s el verdugo;<\/div>\n<div>ni haya esclavos que laman el yugo<\/div>\n<div>ni tiranos que escupan tu faz.<\/div>\n<div>Si ma\u00f1ana tu suelo sagrado<\/div>\n<div>lo amenaza invasi\u00f3n extranjera,<\/div>\n<div>libre al viento tu hermosa bandera<\/div>\n<div>a vencer o a morir llamar\u00e1.<\/div>\n<div>Coro:<\/div>\n<div>Libre al viento tu hermosa bandera<\/div>\n<div>a vencer o a morir llamar\u00e1;<\/div>\n<div>que tu pueblo con \u00e1nima fiera<\/div>\n<div>antes muerto que esclavo ser\u00e1.<\/div>\n<div>De tus viejas y duras cadenas<\/div>\n<div>t\u00fa forjaste con mano iracunda,<\/div>\n<div>el arado que el suelo fecunda<\/div>\n<div>y la espada que salva el honor.<\/div>\n<div>Nuestros padres lucharon un d\u00eda<\/div>\n<div>encendidos en patrio ardimiento,<\/div>\n<div>y lograron sin choque sangriento<\/div>\n<div>colocarte en un trono de amor.<\/div>\n<div>Coro:<\/div>\n<div>Y lograron sin choque sangriento<\/div>\n<div>colocarte en un trono de amor,<\/div>\n<div>que de patria en en\u00e9rgico acento<\/div>\n<div>dieron vida al ideal redentor.<\/div>\n<div>Es tu ense\u00f1a pedazo de cielo<\/div>\n<div>en que prende una nube su albura,<\/div>\n<div>y &iexcl;ay! de aquel que con ciega locura<\/div>\n<div>sus colores pretenda manchar.<\/div>\n<div>Pues tus hijos valientes y altivos,<\/div>\n<div>que veneran la paz cual presea,<\/div>\n<div>nunca esquivan la ruda pelea<\/div>\n<div>si defienden su tierra y su hogar.<\/div>\n<div>Coro:<\/div>\n<div>Nunca esquivan la ruda pelea<\/div>\n<div>si defienden su tierra y su hogar,<\/div>\n<div>que es tan s\u00f3lo el honor su alma idea<\/div>\n<div>y el altar de la patria su altar.<\/div>\n<div>Recostada en el ande soberbio,<\/div>\n<div>de dos mares al ruido sonoro,<\/div>\n<div>bajo el ala de grana y de oro<\/div>\n<div>te adormeces del bello Quetzal.<\/div>\n<div>Ave indiana que vive en tu escudo,<\/div>\n<div>paladi\u00f3n que protege tu suelo;<\/div>\n<div>&iexcl;ojal\u00e1 que remonte su vuelo,<\/div>\n<div>m\u00e1s que el c\u00f3ndor y el \u00e1guila real!<\/div>\n<div>Coro:<\/div>\n<div>&iexcl;Ojal\u00e1 que remonte su vuelo,<\/div>\n<div>m\u00e1s que el c\u00f3ndor y el \u00e1guila real!<\/div>\n<div>y en sus alas levante hasta el cielo,<\/div>\n<div>GUATEMALA, tu nombre inmortal!&nbsp;<\/div>\n<div>&nbsp;<\/div>\n<div>Cr\u00e9\u00e9 en 1897par:<\/div>\n<div>Texte: Jos\u00e9 Joaqu\u00edn Palma &#8211; Modifi\u00e9 en 1934 par: Jos\u00e9 Mar\u00eda Bonilla<\/div>\n<div>Musique: Rafael \u00c1lvarez Ovalle&nbsp;<\/div>\n","protected":false},"excerpt":{"rendered":"<p>&nbsp; &iexcl;Guatemala feliz&#8230;! que tus aras no profane jam\u00e1s el verdugo; ni haya esclavos que laman el yugo ni tiranos [&hellip;]<\/p>\n","protected":false},"author":3,"featured_media":1803,"parent":2305,"menu_order":0,"comment_status":"closed","ping_status":"closed","template":"","meta":{"site-sidebar-layout":"default","site-content-layout":"","ast-site-content-layout":"default","site-content-style":"default","site-sidebar-style":"default","ast-global-header-display":"","ast-banner-title-visibility":"","ast-main-header-display":"","ast-hfb-above-header-display":"","ast-hfb-below-header-display":"","ast-hfb-mobile-header-display":"","site-post-title":"","ast-breadcrumbs-content":"","ast-featured-img":"","footer-sml-layout":"","ast-disable-related-posts":"","theme-transparent-header-meta":"","adv-header-id-meta":"","stick-header-meta":"","header-above-stick-meta":"","header-main-stick-meta":"","header-below-stick-meta":"","astra-migrate-meta-layouts":"default","ast-page-background-enabled":"default","ast-page-background-meta":{"desktop":{"background-color":"var(--ast-global-color-5)","background-image":"","background-repeat":"repeat","background-position":"center center","background-size":"auto","background-attachment":"scroll","background-type":"","background-media":"","overlay-type":"","overlay-color":"","overlay-opacity":"","overlay-gradient":""},"tablet":{"background-color":"","background-image":"","background-repeat":"repeat","background-position":"center center","background-size":"auto","background-attachment":"scroll","background-type":"","background-media":"","overlay-type":"","overlay-color":"","overlay-opacity":"","overlay-gradient":""},"mobile":{"background-color":"","background-image":"","background-repeat":"repeat","background-position":"center center","background-size":"auto","background-attachment":"scroll","background-type":"","background-media":"","overlay-type":"","overlay-color":"","overlay-opacity":"","overlay-gradient":""}},"ast-content-background-meta":{"desktop":{"background-color":"var(--ast-global-color-4)","background-image":"","background-repeat":"repeat","background-position":"center center","background-size":"auto","background-attachment":"scroll","background-type":"","background-media":"","overlay-type":"","overlay-color":"","overlay-opacity":"","overlay-gradient":""},"tablet":{"background-color":"var(--ast-global-color-4)","background-image":"","background-repeat":"repeat","background-position":"center center","background-size":"auto","background-attachment":"scroll","background-type":"","background-media":"","overlay-type":"","overlay-color":"","overlay-opacity":"","overlay-gradient":""},"mobile":{"background-color":"var(--ast-global-color-4)","background-image":"","background-repeat":"repeat","background-position":"center center","background-size":"auto","background-attachment":"scroll","background-type":"","background-media":"","overlay-type":"","overlay-color":"","overlay-opacity":"","overlay-gradient":""}},"footnotes":""},"class_list":["post-1804","page","type-page","status-publish","has-post-thumbnail","hentry"],"yoast_head":"<!-- This site is optimized with the Yoast SEO plugin v27.5 - https:\/\/yoast.com\/product\/yoast-seo-wordpress\/ -->\n<title>HYMNE NATIONAL GUATEMALTEQUE - Abc-latina<\/title>\n<meta name=\"description\" content=\"Paroles et musique de l&#039;hymne national guatemalteque.\" \/>\n<meta name=\"robots\" content=\"index, follow, max-snippet:-1, max-image-preview:large, max-video-preview:-1\" \/>\n<link rel=\"canonical\" href=\"https:\/\/abc-latina.com\/guatemala\/hymne\/\" \/>\n<meta property=\"og:locale\" content=\"fr_FR\" \/>\n<meta property=\"og:type\" content=\"article\" \/>\n<meta property=\"og:title\" content=\"HYMNE NATIONAL GUATEMALTEQUE - Abc-latina\" \/>\n<meta property=\"og:description\" content=\"Paroles et musique de l&#039;hymne national guatemalteque.\" \/>\n<meta property=\"og:url\" content=\"https:\/\/abc-latina.com\/guatemala\/hymne\/\" \/>\n<meta property=\"og:site_name\" content=\"Abc-latina\" \/>\n<meta property=\"article:modified_time\" content=\"2018-06-15T13:10:58+00:00\" \/>\n<meta property=\"og:image\" content=\"https:\/\/abc-latina.com\/wp-content\/uploads\/2010\/07\/guatemala.gif\" \/>\n\t<meta property=\"og:image:width\" content=\"110\" \/>\n\t<meta property=\"og:image:height\" content=\"74\" \/>\n\t<meta property=\"og:image:type\" content=\"image\/gif\" \/>\n<meta name=\"twitter:card\" content=\"summary_large_image\" \/>\n<meta name=\"twitter:label1\" content=\"Dur\u00e9e de lecture estim\u00e9e\" \/>\n\t<meta name=\"twitter:data1\" content=\"2 minutes\" \/>\n<script type=\"application\/ld+json\" class=\"yoast-schema-graph\">{\"@context\":\"https:\\\/\\\/schema.org\",\"@graph\":[{\"@type\":\"WebPage\",\"@id\":\"https:\\\/\\\/abc-latina.com\\\/guatemala\\\/hymne\\\/\",\"url\":\"https:\\\/\\\/abc-latina.com\\\/guatemala\\\/hymne\\\/\",\"name\":\"HYMNE NATIONAL GUATEMALTEQUE - Abc-latina\",\"isPartOf\":{\"@id\":\"https:\\\/\\\/abc-latina.com\\\/#website\"},\"primaryImageOfPage\":{\"@id\":\"https:\\\/\\\/abc-latina.com\\\/guatemala\\\/hymne\\\/#primaryimage\"},\"image\":{\"@id\":\"https:\\\/\\\/abc-latina.com\\\/guatemala\\\/hymne\\\/#primaryimage\"},\"thumbnailUrl\":\"https:\\\/\\\/abc-latina.com\\\/wp-content\\\/uploads\\\/2010\\\/07\\\/guatemala.gif\",\"datePublished\":\"2010-07-29T03:59:23+00:00\",\"dateModified\":\"2018-06-15T13:10:58+00:00\",\"description\":\"Paroles et musique de l'hymne national guatemalteque.\",\"breadcrumb\":{\"@id\":\"https:\\\/\\\/abc-latina.com\\\/guatemala\\\/hymne\\\/#breadcrumb\"},\"inLanguage\":\"fr-FR\",\"potentialAction\":[{\"@type\":\"ReadAction\",\"target\":[\"https:\\\/\\\/abc-latina.com\\\/guatemala\\\/hymne\\\/\"]}]},{\"@type\":\"ImageObject\",\"inLanguage\":\"fr-FR\",\"@id\":\"https:\\\/\\\/abc-latina.com\\\/guatemala\\\/hymne\\\/#primaryimage\",\"url\":\"https:\\\/\\\/abc-latina.com\\\/wp-content\\\/uploads\\\/2010\\\/07\\\/guatemala.gif\",\"contentUrl\":\"https:\\\/\\\/abc-latina.com\\\/wp-content\\\/uploads\\\/2010\\\/07\\\/guatemala.gif\",\"width\":110,\"height\":74},{\"@type\":\"BreadcrumbList\",\"@id\":\"https:\\\/\\\/abc-latina.com\\\/guatemala\\\/hymne\\\/#breadcrumb\",\"itemListElement\":[{\"@type\":\"ListItem\",\"position\":1,\"name\":\"Accueil\",\"item\":\"https:\\\/\\\/abc-latina.com\\\/\"},{\"@type\":\"ListItem\",\"position\":2,\"name\":\"HYMNE NATIONAL GUATEMALTEQUE\"}]},{\"@type\":\"WebSite\",\"@id\":\"https:\\\/\\\/abc-latina.com\\\/#website\",\"url\":\"https:\\\/\\\/abc-latina.com\\\/\",\"name\":\"Abc-latina\",\"description\":\"\",\"publisher\":{\"@id\":\"https:\\\/\\\/abc-latina.com\\\/#organization\"},\"potentialAction\":[{\"@type\":\"SearchAction\",\"target\":{\"@type\":\"EntryPoint\",\"urlTemplate\":\"https:\\\/\\\/abc-latina.com\\\/?s={search_term_string}\"},\"query-input\":{\"@type\":\"PropertyValueSpecification\",\"valueRequired\":true,\"valueName\":\"search_term_string\"}}],\"inLanguage\":\"fr-FR\"},{\"@type\":\"Organization\",\"@id\":\"https:\\\/\\\/abc-latina.com\\\/#organization\",\"name\":\"Abc-latina\",\"url\":\"https:\\\/\\\/abc-latina.com\\\/\",\"logo\":{\"@type\":\"ImageObject\",\"inLanguage\":\"fr-FR\",\"@id\":\"https:\\\/\\\/abc-latina.com\\\/#\\\/schema\\\/logo\\\/image\\\/\",\"url\":\"https:\\\/\\\/abc-latina.com\\\/wp-content\\\/uploads\\\/2026\\\/05\\\/cropped-logo.gif\",\"contentUrl\":\"https:\\\/\\\/abc-latina.com\\\/wp-content\\\/uploads\\\/2026\\\/05\\\/cropped-logo.gif\",\"width\":89,\"height\":84,\"caption\":\"Abc-latina\"},\"image\":{\"@id\":\"https:\\\/\\\/abc-latina.com\\\/#\\\/schema\\\/logo\\\/image\\\/\"}}]}<\/script>\n<!-- \/ Yoast SEO plugin. -->","yoast_head_json":{"title":"HYMNE NATIONAL GUATEMALTEQUE - Abc-latina","description":"Paroles et musique de l'hymne national guatemalteque.","robots":{"index":"index","follow":"follow","max-snippet":"max-snippet:-1","max-image-preview":"max-image-preview:large","max-video-preview":"max-video-preview:-1"},"canonical":"https:\/\/abc-latina.com\/guatemala\/hymne\/","og_locale":"fr_FR","og_type":"article","og_title":"HYMNE NATIONAL GUATEMALTEQUE - Abc-latina","og_description":"Paroles et musique de l'hymne national guatemalteque.","og_url":"https:\/\/abc-latina.com\/guatemala\/hymne\/","og_site_name":"Abc-latina","article_modified_time":"2018-06-15T13:10:58+00:00","og_image":[{"width":110,"height":74,"url":"https:\/\/abc-latina.com\/wp-content\/uploads\/2010\/07\/guatemala.gif","type":"image\/gif"}],"twitter_card":"summary_large_image","twitter_misc":{"Dur\u00e9e de lecture estim\u00e9e":"2 minutes"},"schema":{"@context":"https:\/\/schema.org","@graph":[{"@type":"WebPage","@id":"https:\/\/abc-latina.com\/guatemala\/hymne\/","url":"https:\/\/abc-latina.com\/guatemala\/hymne\/","name":"HYMNE NATIONAL GUATEMALTEQUE - Abc-latina","isPartOf":{"@id":"https:\/\/abc-latina.com\/#website"},"primaryImageOfPage":{"@id":"https:\/\/abc-latina.com\/guatemala\/hymne\/#primaryimage"},"image":{"@id":"https:\/\/abc-latina.com\/guatemala\/hymne\/#primaryimage"},"thumbnailUrl":"https:\/\/abc-latina.com\/wp-content\/uploads\/2010\/07\/guatemala.gif","datePublished":"2010-07-29T03:59:23+00:00","dateModified":"2018-06-15T13:10:58+00:00","description":"Paroles et musique de l'hymne national guatemalteque.","breadcrumb":{"@id":"https:\/\/abc-latina.com\/guatemala\/hymne\/#breadcrumb"},"inLanguage":"fr-FR","potentialAction":[{"@type":"ReadAction","target":["https:\/\/abc-latina.com\/guatemala\/hymne\/"]}]},{"@type":"ImageObject","inLanguage":"fr-FR","@id":"https:\/\/abc-latina.com\/guatemala\/hymne\/#primaryimage","url":"https:\/\/abc-latina.com\/wp-content\/uploads\/2010\/07\/guatemala.gif","contentUrl":"https:\/\/abc-latina.com\/wp-content\/uploads\/2010\/07\/guatemala.gif","width":110,"height":74},{"@type":"BreadcrumbList","@id":"https:\/\/abc-latina.com\/guatemala\/hymne\/#breadcrumb","itemListElement":[{"@type":"ListItem","position":1,"name":"Accueil","item":"https:\/\/abc-latina.com\/"},{"@type":"ListItem","position":2,"name":"HYMNE NATIONAL GUATEMALTEQUE"}]},{"@type":"WebSite","@id":"https:\/\/abc-latina.com\/#website","url":"https:\/\/abc-latina.com\/","name":"Abc-latina","description":"","publisher":{"@id":"https:\/\/abc-latina.com\/#organization"},"potentialAction":[{"@type":"SearchAction","target":{"@type":"EntryPoint","urlTemplate":"https:\/\/abc-latina.com\/?s={search_term_string}"},"query-input":{"@type":"PropertyValueSpecification","valueRequired":true,"valueName":"search_term_string"}}],"inLanguage":"fr-FR"},{"@type":"Organization","@id":"https:\/\/abc-latina.com\/#organization","name":"Abc-latina","url":"https:\/\/abc-latina.com\/","logo":{"@type":"ImageObject","inLanguage":"fr-FR","@id":"https:\/\/abc-latina.com\/#\/schema\/logo\/image\/","url":"https:\/\/abc-latina.com\/wp-content\/uploads\/2026\/05\/cropped-logo.gif","contentUrl":"https:\/\/abc-latina.com\/wp-content\/uploads\/2026\/05\/cropped-logo.gif","width":89,"height":84,"caption":"Abc-latina"},"image":{"@id":"https:\/\/abc-latina.com\/#\/schema\/logo\/image\/"}}]}},"_links":{"self":[{"href":"https:\/\/abc-latina.com\/wp-json\/wp\/v2\/pages\/1804","targetHints":{"allow":["GET"]}}],"collection":[{"href":"https:\/\/abc-latina.com\/wp-json\/wp\/v2\/pages"}],"about":[{"href":"https:\/\/abc-latina.com\/wp-json\/wp\/v2\/types\/page"}],"author":[{"embeddable":true,"href":"https:\/\/abc-latina.com\/wp-json\/wp\/v2\/users\/3"}],"replies":[{"embeddable":true,"href":"https:\/\/abc-latina.com\/wp-json\/wp\/v2\/comments?post=1804"}],"version-history":[{"count":0,"href":"https:\/\/abc-latina.com\/wp-json\/wp\/v2\/pages\/1804\/revisions"}],"up":[{"embeddable":true,"href":"https:\/\/abc-latina.com\/wp-json\/wp\/v2\/pages\/2305"}],"wp:featuredmedia":[{"embeddable":true,"href":"https:\/\/abc-latina.com\/wp-json\/wp\/v2\/media\/1803"}],"wp:attachment":[{"href":"https:\/\/abc-latina.com\/wp-json\/wp\/v2\/media?parent=1804"}],"curies":[{"name":"wp","href":"https:\/\/api.w.org\/{rel}","templated":true}]}}