{"id":1863,"date":"2010-07-30T01:50:26","date_gmt":"2010-07-29T23:50:26","guid":{"rendered":"http:\/\/abc-latina.com\/cocktail_cubain-php\/"},"modified":"2018-06-10T15:45:41","modified_gmt":"2018-06-10T13:45:41","slug":"cocktail_cubain","status":"publish","type":"page","link":"https:\/\/abc-latina.com\/cuba\/cocktail_cubain\/","title":{"rendered":"Les COCKTAILS CUBAINS"},"content":{"rendered":"<div>Cuba est sans doute le paradis des cocktails \u00e0 base de rhum, il en existerait une centaine. Parmi les marques les plus connues : Havana Club, Bucanero, Caribbean, Caney, Varadero, Paticruzado, Legendario. Il existe cinq \u00e2ges diff\u00e9rents : 1, 2, 3, 5 et 7 ans.<\/div>\n<div>&nbsp;<\/div>\n<div>Voici quelques recettes, \u00e0 base de rhum cubain, parmi les plus c\u00e9l\u00e8bres:<\/div>\n<h3>CUBA BELLA<\/h3>\n<div>M\u00e9langez dans un shaker de la grenadine, du rhum blanc et du jus de citron. Versez le tout dans une coupe \u00e0 champagne avec de la cr\u00e8me de menthe et de la glace pil\u00e9e. Vous pouvez d\u00e9corer la coupe \u00e0 champagne avec une rondelle d&rsquo;orange et une branche d&rsquo;hierbabuena ou de menthe. Ajouter une cerise. On peut encore arroser d&rsquo;une derni\u00e8re goutte de rhum brun vieux.<\/div>\n<h3>CUBA LIBRE<\/h3>\n<div>Contrairement \u00e0 ce que tout le monde pense, il est le symbole de l&rsquo;ind\u00e9pendance de Cuba &#8230;. de l&rsquo;Espagne. Dans un haut verre \u00e0 cocktails, du rhum blanc, des gla\u00e7ons, du Coca-cola et quelques gouttes de citron.<\/div>\n<h3>DAIQUIRI<\/h3>\n<div>Dans un mixer \u00e9lectrique, m\u00e9langer vigoureusement sucre, jus de citron, marasquin, rhum blanc et glace pil\u00e9e.<\/div>\n<div>Servir dans une coupe \u00e0 champagne.<\/div>\n<h3>HAVANA SPECIAL<\/h3>\n<div>Jus d&rsquo;ananas, rhum blanc, marasquin, gla\u00e7on. M\u00e9langez et servez dans une coupe \u00e0 champagne. D\u00e9corez d&rsquo;une rondelle d&rsquo;ananas.<\/div>\n<h3>MOJITO<\/h3>\n<div>Dans un haut verre \u00e0 cocktails, quelques feuilles de menthe broy\u00e9s, du sucre, du jus de citron, deux gouttes d&rsquo;Angustura, des gla\u00e7ons; ajoutez du rhum blanc et compl\u00e9tez avec de l&rsquo;eau gazeuse. M\u00e9langez. Ornez le bord du verre avec des branches de hierbabuena ou de menthe.<\/div>\n<h3>PAPA&rsquo;S SPECIAL<\/h3>\n<div>Sp\u00e9cial Hemingway, En fait , un da\u00efquiri avec double ration de rhum.<\/div>\n<h3>PRESIDENTE<\/h3>\n<div>Dans un shaker, versez : vermouth rouge, rhum blanc, des gla\u00e7ons et quelques gouttes de grenadine. M\u00e9langez bien et servez dans une coupe \u00e0 champagne avec une tranche d&rsquo;orange sur le bord. Ajoutez une cerise.<\/div>\n<h3>RON COLLINS<\/h3>\n<div>Dans un haut verre \u00e0 cocktails, mettez du sucre, du jus de citron, des gla\u00e7ons, du rhum blanc. Compl\u00e9tez le verre avec de l&rsquo;eau gazeuse et m\u00e9langez bien. D\u00e9posez sur le bord du verre une tranche de citron.<\/div>\n<h3>VARADERO<\/h3>\n<div>Dans un verre \u00e0 cocktails bas, mettre du jus de citron, du sucre et trois gouttes d&rsquo;Angustura. M\u00e9langez puis ajoutez des gla\u00e7ons et du rhum vieux. D\u00e9corez le verre avec une tranche de fruit et d&rsquo;une branche d&rsquo;hierbabuena ou de menthe.<\/div>\n","protected":false},"excerpt":{"rendered":"<p>Cuba est sans doute le paradis des cocktails \u00e0 base de rhum, il en existerait une centaine. Parmi les marques [&hellip;]<\/p>\n","protected":false},"author":3,"featured_media":0,"parent":2302,"menu_order":0,"comment_status":"closed","ping_status":"closed","template":"","meta":{"site-sidebar-layout":"default","site-content-layout":"","ast-site-content-layout":"default","site-content-style":"default","site-sidebar-style":"default","ast-global-header-display":"","ast-banner-title-visibility":"","ast-main-header-display":"","ast-hfb-above-header-display":"","ast-hfb-below-header-display":"","ast-hfb-mobile-header-display":"","site-post-title":"","ast-breadcrumbs-content":"","ast-featured-img":"","footer-sml-layout":"","ast-disable-related-posts":"","theme-transparent-header-meta":"","adv-header-id-meta":"","stick-header-meta":"","header-above-stick-meta":"","header-main-stick-meta":"","header-below-stick-meta":"","astra-migrate-meta-layouts":"default","ast-page-background-enabled":"default","ast-page-background-meta":{"desktop":{"background-color":"var(--ast-global-color-5)","background-image":"","background-repeat":"repeat","background-position":"center center","background-size":"auto","background-attachment":"scroll","background-type":"","background-media":"","overlay-type":"","overlay-color":"","overlay-opacity":"","overlay-gradient":""},"tablet":{"background-color":"","background-image":"","background-repeat":"repeat","background-position":"center center","background-size":"auto","background-attachment":"scroll","background-type":"","background-media":"","overlay-type":"","overlay-color":"","overlay-opacity":"","overlay-gradient":""},"mobile":{"background-color":"","background-image":"","background-repeat":"repeat","background-position":"center center","background-size":"auto","background-attachment":"scroll","background-type":"","background-media":"","overlay-type":"","overlay-color":"","overlay-opacity":"","overlay-gradient":""}},"ast-content-background-meta":{"desktop":{"background-color":"var(--ast-global-color-4)","background-image":"","background-repeat":"repeat","background-position":"center center","background-size":"auto","background-attachment":"scroll","background-type":"","background-media":"","overlay-type":"","overlay-color":"","overlay-opacity":"","overlay-gradient":""},"tablet":{"background-color":"var(--ast-global-color-4)","background-image":"","background-repeat":"repeat","background-position":"center center","background-size":"auto","background-attachment":"scroll","background-type":"","background-media":"","overlay-type":"","overlay-color":"","overlay-opacity":"","overlay-gradient":""},"mobile":{"background-color":"var(--ast-global-color-4)","background-image":"","background-repeat":"repeat","background-position":"center center","background-size":"auto","background-attachment":"scroll","background-type":"","background-media":"","overlay-type":"","overlay-color":"","overlay-opacity":"","overlay-gradient":""}},"footnotes":""},"class_list":["post-1863","page","type-page","status-publish","hentry"],"yoast_head":"<!-- This site is optimized with the Yoast SEO plugin v27.5 - https:\/\/yoast.com\/product\/yoast-seo-wordpress\/ -->\n<title>Les COCKTAILS CUBAINS - Abc-latina<\/title>\n<meta name=\"description\" content=\"Les cocktails cubains.\" \/>\n<meta name=\"robots\" content=\"index, follow, max-snippet:-1, max-image-preview:large, max-video-preview:-1\" \/>\n<link rel=\"canonical\" href=\"https:\/\/abc-latina.com\/cuba\/cocktail_cubain\/\" \/>\n<meta property=\"og:locale\" content=\"fr_FR\" \/>\n<meta property=\"og:type\" content=\"article\" \/>\n<meta property=\"og:title\" content=\"Les COCKTAILS CUBAINS - Abc-latina\" \/>\n<meta property=\"og:description\" content=\"Les cocktails cubains.\" \/>\n<meta property=\"og:url\" content=\"https:\/\/abc-latina.com\/cuba\/cocktail_cubain\/\" \/>\n<meta property=\"og:site_name\" content=\"Abc-latina\" \/>\n<meta property=\"article:modified_time\" content=\"2018-06-10T13:45:41+00:00\" \/>\n<meta name=\"twitter:card\" content=\"summary_large_image\" \/>\n<meta name=\"twitter:label1\" content=\"Dur\u00e9e de lecture estim\u00e9e\" \/>\n\t<meta name=\"twitter:data1\" content=\"2 minutes\" \/>\n<script type=\"application\/ld+json\" class=\"yoast-schema-graph\">{\"@context\":\"https:\\\/\\\/schema.org\",\"@graph\":[{\"@type\":\"WebPage\",\"@id\":\"https:\\\/\\\/abc-latina.com\\\/cuba\\\/cocktail_cubain\\\/\",\"url\":\"https:\\\/\\\/abc-latina.com\\\/cuba\\\/cocktail_cubain\\\/\",\"name\":\"Les COCKTAILS CUBAINS - Abc-latina\",\"isPartOf\":{\"@id\":\"https:\\\/\\\/abc-latina.com\\\/#website\"},\"datePublished\":\"2010-07-29T23:50:26+00:00\",\"dateModified\":\"2018-06-10T13:45:41+00:00\",\"description\":\"Les cocktails cubains.\",\"breadcrumb\":{\"@id\":\"https:\\\/\\\/abc-latina.com\\\/cuba\\\/cocktail_cubain\\\/#breadcrumb\"},\"inLanguage\":\"fr-FR\",\"potentialAction\":[{\"@type\":\"ReadAction\",\"target\":[\"https:\\\/\\\/abc-latina.com\\\/cuba\\\/cocktail_cubain\\\/\"]}]},{\"@type\":\"BreadcrumbList\",\"@id\":\"https:\\\/\\\/abc-latina.com\\\/cuba\\\/cocktail_cubain\\\/#breadcrumb\",\"itemListElement\":[{\"@type\":\"ListItem\",\"position\":1,\"name\":\"Accueil\",\"item\":\"https:\\\/\\\/abc-latina.com\\\/\"},{\"@type\":\"ListItem\",\"position\":2,\"name\":\"Les COCKTAILS CUBAINS\"}]},{\"@type\":\"WebSite\",\"@id\":\"https:\\\/\\\/abc-latina.com\\\/#website\",\"url\":\"https:\\\/\\\/abc-latina.com\\\/\",\"name\":\"Abc-latina\",\"description\":\"\",\"publisher\":{\"@id\":\"https:\\\/\\\/abc-latina.com\\\/#organization\"},\"potentialAction\":[{\"@type\":\"SearchAction\",\"target\":{\"@type\":\"EntryPoint\",\"urlTemplate\":\"https:\\\/\\\/abc-latina.com\\\/?s={search_term_string}\"},\"query-input\":{\"@type\":\"PropertyValueSpecification\",\"valueRequired\":true,\"valueName\":\"search_term_string\"}}],\"inLanguage\":\"fr-FR\"},{\"@type\":\"Organization\",\"@id\":\"https:\\\/\\\/abc-latina.com\\\/#organization\",\"name\":\"Abc-latina\",\"url\":\"https:\\\/\\\/abc-latina.com\\\/\",\"logo\":{\"@type\":\"ImageObject\",\"inLanguage\":\"fr-FR\",\"@id\":\"https:\\\/\\\/abc-latina.com\\\/#\\\/schema\\\/logo\\\/image\\\/\",\"url\":\"https:\\\/\\\/abc-latina.com\\\/wp-content\\\/uploads\\\/2026\\\/05\\\/cropped-logo.gif\",\"contentUrl\":\"https:\\\/\\\/abc-latina.com\\\/wp-content\\\/uploads\\\/2026\\\/05\\\/cropped-logo.gif\",\"width\":89,\"height\":84,\"caption\":\"Abc-latina\"},\"image\":{\"@id\":\"https:\\\/\\\/abc-latina.com\\\/#\\\/schema\\\/logo\\\/image\\\/\"}}]}<\/script>\n<!-- \/ Yoast SEO plugin. -->","yoast_head_json":{"title":"Les COCKTAILS CUBAINS - Abc-latina","description":"Les cocktails cubains.","robots":{"index":"index","follow":"follow","max-snippet":"max-snippet:-1","max-image-preview":"max-image-preview:large","max-video-preview":"max-video-preview:-1"},"canonical":"https:\/\/abc-latina.com\/cuba\/cocktail_cubain\/","og_locale":"fr_FR","og_type":"article","og_title":"Les COCKTAILS CUBAINS - Abc-latina","og_description":"Les cocktails cubains.","og_url":"https:\/\/abc-latina.com\/cuba\/cocktail_cubain\/","og_site_name":"Abc-latina","article_modified_time":"2018-06-10T13:45:41+00:00","twitter_card":"summary_large_image","twitter_misc":{"Dur\u00e9e de lecture estim\u00e9e":"2 minutes"},"schema":{"@context":"https:\/\/schema.org","@graph":[{"@type":"WebPage","@id":"https:\/\/abc-latina.com\/cuba\/cocktail_cubain\/","url":"https:\/\/abc-latina.com\/cuba\/cocktail_cubain\/","name":"Les COCKTAILS CUBAINS - Abc-latina","isPartOf":{"@id":"https:\/\/abc-latina.com\/#website"},"datePublished":"2010-07-29T23:50:26+00:00","dateModified":"2018-06-10T13:45:41+00:00","description":"Les cocktails cubains.","breadcrumb":{"@id":"https:\/\/abc-latina.com\/cuba\/cocktail_cubain\/#breadcrumb"},"inLanguage":"fr-FR","potentialAction":[{"@type":"ReadAction","target":["https:\/\/abc-latina.com\/cuba\/cocktail_cubain\/"]}]},{"@type":"BreadcrumbList","@id":"https:\/\/abc-latina.com\/cuba\/cocktail_cubain\/#breadcrumb","itemListElement":[{"@type":"ListItem","position":1,"name":"Accueil","item":"https:\/\/abc-latina.com\/"},{"@type":"ListItem","position":2,"name":"Les COCKTAILS CUBAINS"}]},{"@type":"WebSite","@id":"https:\/\/abc-latina.com\/#website","url":"https:\/\/abc-latina.com\/","name":"Abc-latina","description":"","publisher":{"@id":"https:\/\/abc-latina.com\/#organization"},"potentialAction":[{"@type":"SearchAction","target":{"@type":"EntryPoint","urlTemplate":"https:\/\/abc-latina.com\/?s={search_term_string}"},"query-input":{"@type":"PropertyValueSpecification","valueRequired":true,"valueName":"search_term_string"}}],"inLanguage":"fr-FR"},{"@type":"Organization","@id":"https:\/\/abc-latina.com\/#organization","name":"Abc-latina","url":"https:\/\/abc-latina.com\/","logo":{"@type":"ImageObject","inLanguage":"fr-FR","@id":"https:\/\/abc-latina.com\/#\/schema\/logo\/image\/","url":"https:\/\/abc-latina.com\/wp-content\/uploads\/2026\/05\/cropped-logo.gif","contentUrl":"https:\/\/abc-latina.com\/wp-content\/uploads\/2026\/05\/cropped-logo.gif","width":89,"height":84,"caption":"Abc-latina"},"image":{"@id":"https:\/\/abc-latina.com\/#\/schema\/logo\/image\/"}}]}},"_links":{"self":[{"href":"https:\/\/abc-latina.com\/wp-json\/wp\/v2\/pages\/1863","targetHints":{"allow":["GET"]}}],"collection":[{"href":"https:\/\/abc-latina.com\/wp-json\/wp\/v2\/pages"}],"about":[{"href":"https:\/\/abc-latina.com\/wp-json\/wp\/v2\/types\/page"}],"author":[{"embeddable":true,"href":"https:\/\/abc-latina.com\/wp-json\/wp\/v2\/users\/3"}],"replies":[{"embeddable":true,"href":"https:\/\/abc-latina.com\/wp-json\/wp\/v2\/comments?post=1863"}],"version-history":[{"count":0,"href":"https:\/\/abc-latina.com\/wp-json\/wp\/v2\/pages\/1863\/revisions"}],"up":[{"embeddable":true,"href":"https:\/\/abc-latina.com\/wp-json\/wp\/v2\/pages\/2302"}],"wp:attachment":[{"href":"https:\/\/abc-latina.com\/wp-json\/wp\/v2\/media?parent=1863"}],"curies":[{"name":"wp","href":"https:\/\/api.w.org\/{rel}","templated":true}]}}