{"id":192,"date":"2010-06-03T23:42:33","date_gmt":"2010-06-03T21:42:33","guid":{"rendered":"http:\/\/abc-latina.com\/la_paz-htm\/"},"modified":"2026-04-30T18:24:48","modified_gmt":"2026-04-30T16:24:48","slug":"la_paz","status":"publish","type":"page","link":"https:\/\/abc-latina.com\/bolivie\/la_paz\/","title":{"rendered":"LA PAZ"},"content":{"rendered":"<div><img loading=\"lazy\" decoding=\"async\" class=\" size-full wp-image-191\" src=\"http:\/\/abc-latina.com\/wp-content\/uploads\/2010\/06\/la_paz_2.jpg\" title=\"LA PAZ - BOLIVIE\" alt=\"LA PAZ - BOLIVIE\" width=\"480\" height=\"360\" srcset=\"https:\/\/abc-latina.com\/wp-content\/uploads\/2010\/06\/la_paz_2.jpg 550w, https:\/\/abc-latina.com\/wp-content\/uploads\/2010\/06\/la_paz_2-300x225.jpg 300w\" sizes=\"auto, (max-width: 480px) 100vw, 480px\" \/><\/div>\n<div>&nbsp;<\/div>\n<div>Situ\u00e9e \u00e0 3700 m\u00e8tres d&rsquo;altitude, <span class=\"tourisme-chapitre\">La Paz<\/span> qui fut fond\u00e9e en 1548 par les Espagnols, est la capitale la plus haute du monde (si\u00e9ge du gouvernement depuis 1900).<\/div>\n<div>Pendant l&rsquo;\u00e9poque coloniale, La Paz restera longtemps un village paisible, maintenant elle est devenue une grande cit\u00e9 de plus d&rsquo;un millions d&rsquo;habitants qui fait coexister les golden boys du centre-ville et les Indiens aymaras des collines.<\/div>\n<div>L&rsquo;agglom\u00e9ration de La Paz comprend en fait deux villes. El Alto (environ 500.000 habitants), o\u00f9 se trouve l&rsquo;a\u00e9roport, qui est devenue une gigantesque cit\u00e9-dortoir de paysans ayant quitt\u00e9 leurs terres.<\/div>\n<div>500 m\u00e8tres plus bas, La Paz (700.000 habitants), avec le centre ville et ses quartiers d&rsquo;affaires et r\u00e9sidentiels<\/div>\n<div>400 m\u00e8tres plus bas encore, s&rsquo;\u00e9tend la zone sud avec les beaux quartiers de Florida, Achumani, la Rinconada ou Aranjuez.<\/div>\n<div>&nbsp;<\/div>\n<div><strong>Visite de la ville :<\/strong><\/div>\n<div>Les march\u00e9s font partie int\u00e9grante de la vie quotidienne de La Paz. Le <span class=\"tourisme-unesco\">mercado Rodriguez<\/span>, dans le quartier de San Pedro, est tr\u00e8s anim\u00e9 pendant les week-ends.&nbsp;<\/div>\n<div>La <span class=\"tourisme-unesco\">calle Belisario Salinas<\/span> du quartier de Sopocachi compte une dizaine de bars, ce qui fait de ce quartier le rendez-vous des f\u00eatards de La Paz.<\/div>\n<div>&nbsp;<\/div>\n<div>D&rsquo;un point de vu plus culturel, diff\u00e9rents mus\u00e9es s&rsquo;offrent aux visiteurs, parmi lesquels le<\/div>\n<div><span class=\"tourisme-unesco\">Mus\u00e9e national d&rsquo;Art<\/span>, install\u00e9 dans le palais Diez de Medina, datant de 1775 et connu sous le nom de Casa de los Condes de Arana (maison des comtes d&rsquo;Arana).<\/div>\n<div>Le <span class=\"tourisme-unesco\">Mus\u00e9e d&rsquo;ethnographie et de Folklore<\/span> est install\u00e9 dans le palais des marquis de Villaverde, un bel \u00e9difice qui date de 1776. Ce mus\u00e9e expose la vie et les coutumes de deux groupes ethniques boliviens, les <a href=\"https:\/\/www.abc-latina.com\/civilisations\/indiens_chipayas.php\" target=\"_blank\">Chipayas<\/a> et les Ayoreos.<\/div>\n<div>Le <span class=\"tourisme-unesco\">mus\u00e9e national d&rsquo;Arch\u00e9ologie Tiwanaku<\/span> poss\u00e8de une collection extr\u00eamement compl\u00e8te de vestiges arch\u00e9ologiques de la <a href=\"https:\/\/www.abc-latina.com\/civilisations\/\" target=\"_blank\">p\u00e9riode pr\u00e9colombienne<\/a> : c\u00e9ramiques du nord de La Paz, momies trouv\u00e9es dans le d\u00e9partement d&rsquo;Oruro, ou encore des cr\u00e2nes tr\u00e9pan\u00e9s et des cr\u00e2nes allong\u00e9s et d\u00e9form\u00e9s artificiellement.<\/div>\n<div>Le <span class=\"tourisme-unesco\">museoTambo Quirquincho<\/span> est d\u00e9di\u00e9e \u00e0 la &quot;chola&quot;( la femme de La Paz) ce mus\u00e9e expose des masques de carnavals, des costumes typiques, un grand choix de photos du d\u00e9but de si\u00e8cle, des cartes anciennes, des objets en argent et des pi\u00e8ces d&rsquo;art contemporain.<\/div>\n<div>&nbsp;<\/div>\n<div><a href=\"tour_operateur\" target=\"_blank\"><img loading=\"lazy\" decoding=\"async\" class=\" size-full wp-image-41\" src=\"http:\/\/abc-latina.com\/wp-content\/uploads\/2010\/04\/timbre_to.gif\" class=\"touroperateur\" alt=\"\" width=\"125\" height=\"90\" \/><\/a>La <span class=\"tourisme-unesco\">rue Jaen<\/span> est le seul endroit de La Paz qui ait conserv\u00e9 son aspect colonial. Ruelles \u00e9troites pav\u00e9es serpentent parmi des maisons coloniales blanches aux balcons saillants dont certaines abritent des mus\u00e9es parmi lesquels :<\/div>\n<div>Le <span class=\"tourisme-unesco\">museo de Metales Preciosos<\/span> qui expose de riches pi\u00e8ces en or et argent de la p\u00e9riode pr\u00e9colombienne.<\/div>\n<div>Le <span class=\"tourisme-unesco\">museo del Litiral<\/span> est lui, enti\u00e8rement consacr\u00e9e \u00e0 la guerre de 1879 contre le <a href=\"https:\/\/www.abc-latina.com\/chili\/\" target=\"_blank\">Chili<\/a>.<\/div>\n<div>Le <span class=\"tourisme-unesco\">museo Casa de Murillo<\/span> \u00e9tait la maison qui avait \u00e9t\u00e9 celle de Murillo (le plus important personnage de la guerre de lib\u00e9ration). L&rsquo;ambiance d&rsquo;origine est reconstitu\u00e9e dans le moindre d\u00e9tail, on y trouve \u00e9galement des objets du folklore boliviens.<\/div>\n<div>&nbsp;<\/div>\n<div><strong>Dans les environs de La Paz :<\/strong><\/div>\n<div>La <span class=\"tourisme-unesco\">Vall\u00e9e de la Lune<\/span>, cette extraordinaire formation g\u00e9ologique doit son aspect lunaire \u00e0 l&rsquo;\u00e9rosion, plusieurs fois mill\u00e9naire, par le vent et la pluie.&nbsp;<\/div>\n<div>Le <span class=\"tourisme-unesco\">Chacaltaya<\/span>, \u00e0 pr\u00e8s de 5300 m\u00e8tres d&rsquo;altitude, offre une vue d&rsquo;un rayon de 200 kilom\u00e8tres \u00e0 la ronde. La cordill\u00e8re Royale, le d\u00e9but des Yungas, le <a href=\"https:\/\/www.abc-latina.com\/bolivie\/lac_titicaca\">lac Titikaka<\/a>.<\/div>\n<div>Le <span class=\"tourisme-unesco\">lac Titikaka<\/span> est \u00e0 une heure de La Paz<\/div>\n<div>La cit\u00e9 de <span class=\"tourisme-unesco\">Tiwanaku <\/span>sont les plus c\u00e9l\u00e8bres ruines de Bolivie.<\/div>\n<div>Coroico, la route est \u00e9poustouflante et le village reposant. Un petit coin de paradis dans les Yungas.<\/div>\n<div><span class=\"tourisme-unesco\">Sorata<\/span> est le plus beau village des Andes boliviennes, au pied de l&rsquo;Illampu. A partir de l\u00e0 on peut r\u00e9aliser des excursions hors du commun dont le &quot;<span class=\"tourisme-unesco\">chemin de l&rsquo;or<\/span>&quot; qui reste le trekking le plus beau de la Bolivie, mais aussi le plus ardu.<\/div>\n<div>&nbsp;<\/div>\n<div><img loading=\"lazy\" decoding=\"async\" class=\" size-full wp-image-46\" src=\"http:\/\/abc-latina.com\/wp-content\/uploads\/2010\/04\/pages-associes.gif\" alt=\"\" width=\"120\" height=\"10\" \/><\/div>\n<div><a target=\"_blank\" href=\"https:\/\/www.abc-latina.com\/bolivie\/cartes-plans\/plan-carte-la-paz.php\">Plan de La Paz<\/a>&nbsp;<br \/><a href=\"https:\/\/www.abc-latina.com\/bolivie\/photos\/photos_la_paz\">Photos de La Paz<\/a>&nbsp;<br \/><a href=\"https:\/\/www.abc-latina.com\/bolivie\/tourisme\">Tourisme en Bolivie<\/a><\/div>\n<div>&nbsp;<a target=\"_blank\" href=\"http:\/\/voyage.abc-latina.com\/voyage_bolivie\/bolivie.php\"><span class=\"sejour-circuit\"><br \/><\/span><\/a><\/div>\n<h3>Pr\u00e9parez votre voyage \u00e0 La Paz:<\/h3>\n<div><a href=\"https:\/\/www.abc-latina.com\/bolivie\/agence_de_voyages\">Agences de voyage g\u00e9n\u00e9ralistes et discounteurs<\/a><\/div>\n<div><a href=\"https:\/\/www.abc-latina.com\/bolivie\/tour_operateur\">Tours Op\u00e9rateurs sp\u00e9cialistes de la Bolivie<\/a><\/div>\n<div><a target=\"_blank\" href=\"https:\/\/www.abc-latina.com\/to\/reservation_billet_avion\">R\u00e9servez votre billet d&rsquo;avion<\/a><\/div>\n<div><a target=\"_blank\" href=\"hotels\">R\u00e9servez votre h\u00f4tel \u00e0 La Paz<\/a>&nbsp;<\/div>\n<div><a target=\"_blank\" href=\"https:\/\/www.abc-latina.com\/to\/location_de_voiture_bolivie\">Location de voiture<\/a><\/div>\n<p>&nbsp;<\/p>\n<div id=\"cont_ee452c38bfeb8df660aea9a16528807f\"><span id=\"h_ee452c38bfeb8df660aea9a16528807f\"><a style=\"color:#808080;font-family:2;font-size:14px;\" target=\"_blank\" href=\"http:\/\/www.tameteo.com\/meteo_La+Paz-Amerique+du+Sud-Bolivie-La+Paz--1-17637l\" id=\"a_ee452c38bfeb8df660aea9a16528807f\">Meteo<\/a> La Paz<\/span><script type=\"text\/javascript\" src=\"http:\/\/www.tameteo.com\/wid_loader\/ee452c38bfeb8df660aea9a16528807f\"><\/script><\/div>\n<p>&nbsp;<\/p>\n","protected":false},"excerpt":{"rendered":"<p>&nbsp; Situ\u00e9e \u00e0 3700 m\u00e8tres d&rsquo;altitude, La Paz qui fut fond\u00e9e en 1548 par les Espagnols, est la capitale la [&hellip;]<\/p>\n","protected":false},"author":3,"featured_media":191,"parent":2295,"menu_order":0,"comment_status":"closed","ping_status":"closed","template":"","meta":{"site-sidebar-layout":"default","site-content-layout":"","ast-site-content-layout":"default","site-content-style":"default","site-sidebar-style":"default","ast-global-header-display":"","ast-banner-title-visibility":"","ast-main-header-display":"","ast-hfb-above-header-display":"","ast-hfb-below-header-display":"","ast-hfb-mobile-header-display":"","site-post-title":"","ast-breadcrumbs-content":"","ast-featured-img":"","footer-sml-layout":"","ast-disable-related-posts":"","theme-transparent-header-meta":"","adv-header-id-meta":"","stick-header-meta":"","header-above-stick-meta":"","header-main-stick-meta":"","header-below-stick-meta":"","astra-migrate-meta-layouts":"default","ast-page-background-enabled":"default","ast-page-background-meta":{"desktop":{"background-color":"var(--ast-global-color-5)","background-image":"","background-repeat":"repeat","background-position":"center center","background-size":"auto","background-attachment":"scroll","background-type":"","background-media":"","overlay-type":"","overlay-color":"","overlay-opacity":"","overlay-gradient":""},"tablet":{"background-color":"","background-image":"","background-repeat":"repeat","background-position":"center center","background-size":"auto","background-attachment":"scroll","background-type":"","background-media":"","overlay-type":"","overlay-color":"","overlay-opacity":"","overlay-gradient":""},"mobile":{"background-color":"","background-image":"","background-repeat":"repeat","background-position":"center center","background-size":"auto","background-attachment":"scroll","background-type":"","background-media":"","overlay-type":"","overlay-color":"","overlay-opacity":"","overlay-gradient":""}},"ast-content-background-meta":{"desktop":{"background-color":"var(--ast-global-color-4)","background-image":"","background-repeat":"repeat","background-position":"center center","background-size":"auto","background-attachment":"scroll","background-type":"","background-media":"","overlay-type":"","overlay-color":"","overlay-opacity":"","overlay-gradient":""},"tablet":{"background-color":"var(--ast-global-color-4)","background-image":"","background-repeat":"repeat","background-position":"center center","background-size":"auto","background-attachment":"scroll","background-type":"","background-media":"","overlay-type":"","overlay-color":"","overlay-opacity":"","overlay-gradient":""},"mobile":{"background-color":"var(--ast-global-color-4)","background-image":"","background-repeat":"repeat","background-position":"center center","background-size":"auto","background-attachment":"scroll","background-type":"","background-media":"","overlay-type":"","overlay-color":"","overlay-opacity":"","overlay-gradient":""}},"footnotes":""},"class_list":["post-192","page","type-page","status-publish","has-post-thumbnail","hentry"],"yoast_head":"<!-- This site is optimized with the Yoast SEO plugin v27.5 - https:\/\/yoast.com\/product\/yoast-seo-wordpress\/ -->\n<title>LA PAZ - Abc-latina<\/title>\n<meta name=\"description\" content=\"La Paz, une grande cit\u00e9 de plus d&#039;un millions d&#039;habitants qui fait coexister les golden boys du centre-ville et les Indiens aymaras des collines.\" \/>\n<meta name=\"robots\" content=\"index, follow, max-snippet:-1, max-image-preview:large, max-video-preview:-1\" \/>\n<link rel=\"canonical\" href=\"https:\/\/abc-latina.com\/bolivie\/la_paz\/\" \/>\n<meta property=\"og:locale\" content=\"fr_FR\" \/>\n<meta property=\"og:type\" content=\"article\" \/>\n<meta property=\"og:title\" content=\"LA PAZ - Abc-latina\" \/>\n<meta property=\"og:description\" content=\"La Paz, une grande cit\u00e9 de plus d&#039;un millions d&#039;habitants qui fait coexister les golden boys du centre-ville et les Indiens aymaras des collines.\" \/>\n<meta property=\"og:url\" content=\"https:\/\/abc-latina.com\/bolivie\/la_paz\/\" \/>\n<meta property=\"og:site_name\" content=\"Abc-latina\" \/>\n<meta property=\"article:modified_time\" content=\"2026-04-30T16:24:48+00:00\" \/>\n<meta property=\"og:image\" content=\"https:\/\/abc-latina.com\/wp-content\/uploads\/2010\/06\/la_paz_2.jpg\" \/>\n\t<meta property=\"og:image:width\" content=\"550\" \/>\n\t<meta property=\"og:image:height\" content=\"412\" \/>\n\t<meta property=\"og:image:type\" content=\"image\/jpeg\" \/>\n<meta name=\"twitter:card\" content=\"summary_large_image\" \/>\n<meta name=\"twitter:label1\" content=\"Dur\u00e9e de lecture estim\u00e9e\" \/>\n\t<meta name=\"twitter:data1\" content=\"4 minutes\" \/>\n<script type=\"application\/ld+json\" class=\"yoast-schema-graph\">{\"@context\":\"https:\\\/\\\/schema.org\",\"@graph\":[{\"@type\":\"WebPage\",\"@id\":\"https:\\\/\\\/abc-latina.com\\\/bolivie\\\/la_paz\\\/\",\"url\":\"https:\\\/\\\/abc-latina.com\\\/bolivie\\\/la_paz\\\/\",\"name\":\"LA PAZ - Abc-latina\",\"isPartOf\":{\"@id\":\"https:\\\/\\\/abc-latina.com\\\/#website\"},\"primaryImageOfPage\":{\"@id\":\"https:\\\/\\\/abc-latina.com\\\/bolivie\\\/la_paz\\\/#primaryimage\"},\"image\":{\"@id\":\"https:\\\/\\\/abc-latina.com\\\/bolivie\\\/la_paz\\\/#primaryimage\"},\"thumbnailUrl\":\"https:\\\/\\\/abc-latina.com\\\/wp-content\\\/uploads\\\/2010\\\/06\\\/la_paz_2.jpg\",\"datePublished\":\"2010-06-03T21:42:33+00:00\",\"dateModified\":\"2026-04-30T16:24:48+00:00\",\"description\":\"La Paz, une grande cit\u00e9 de plus d'un millions d'habitants qui fait coexister les golden boys du centre-ville et les Indiens aymaras des collines.\",\"breadcrumb\":{\"@id\":\"https:\\\/\\\/abc-latina.com\\\/bolivie\\\/la_paz\\\/#breadcrumb\"},\"inLanguage\":\"fr-FR\",\"potentialAction\":[{\"@type\":\"ReadAction\",\"target\":[\"https:\\\/\\\/abc-latina.com\\\/bolivie\\\/la_paz\\\/\"]}]},{\"@type\":\"ImageObject\",\"inLanguage\":\"fr-FR\",\"@id\":\"https:\\\/\\\/abc-latina.com\\\/bolivie\\\/la_paz\\\/#primaryimage\",\"url\":\"https:\\\/\\\/abc-latina.com\\\/wp-content\\\/uploads\\\/2010\\\/06\\\/la_paz_2.jpg\",\"contentUrl\":\"https:\\\/\\\/abc-latina.com\\\/wp-content\\\/uploads\\\/2010\\\/06\\\/la_paz_2.jpg\",\"width\":550,\"height\":412,\"caption\":\"LA PAZ - BOLIVIE\"},{\"@type\":\"BreadcrumbList\",\"@id\":\"https:\\\/\\\/abc-latina.com\\\/bolivie\\\/la_paz\\\/#breadcrumb\",\"itemListElement\":[{\"@type\":\"ListItem\",\"position\":1,\"name\":\"Accueil\",\"item\":\"https:\\\/\\\/abc-latina.com\\\/\"},{\"@type\":\"ListItem\",\"position\":2,\"name\":\"LA PAZ\"}]},{\"@type\":\"WebSite\",\"@id\":\"https:\\\/\\\/abc-latina.com\\\/#website\",\"url\":\"https:\\\/\\\/abc-latina.com\\\/\",\"name\":\"Abc-latina\",\"description\":\"\",\"publisher\":{\"@id\":\"https:\\\/\\\/abc-latina.com\\\/#organization\"},\"potentialAction\":[{\"@type\":\"SearchAction\",\"target\":{\"@type\":\"EntryPoint\",\"urlTemplate\":\"https:\\\/\\\/abc-latina.com\\\/?s={search_term_string}\"},\"query-input\":{\"@type\":\"PropertyValueSpecification\",\"valueRequired\":true,\"valueName\":\"search_term_string\"}}],\"inLanguage\":\"fr-FR\"},{\"@type\":\"Organization\",\"@id\":\"https:\\\/\\\/abc-latina.com\\\/#organization\",\"name\":\"Abc-latina\",\"url\":\"https:\\\/\\\/abc-latina.com\\\/\",\"logo\":{\"@type\":\"ImageObject\",\"inLanguage\":\"fr-FR\",\"@id\":\"https:\\\/\\\/abc-latina.com\\\/#\\\/schema\\\/logo\\\/image\\\/\",\"url\":\"https:\\\/\\\/abc-latina.com\\\/wp-content\\\/uploads\\\/2026\\\/05\\\/cropped-logo.gif\",\"contentUrl\":\"https:\\\/\\\/abc-latina.com\\\/wp-content\\\/uploads\\\/2026\\\/05\\\/cropped-logo.gif\",\"width\":89,\"height\":84,\"caption\":\"Abc-latina\"},\"image\":{\"@id\":\"https:\\\/\\\/abc-latina.com\\\/#\\\/schema\\\/logo\\\/image\\\/\"}}]}<\/script>\n<!-- \/ Yoast SEO plugin. -->","yoast_head_json":{"title":"LA PAZ - Abc-latina","description":"La Paz, une grande cit\u00e9 de plus d'un millions d'habitants qui fait coexister les golden boys du centre-ville et les Indiens aymaras des collines.","robots":{"index":"index","follow":"follow","max-snippet":"max-snippet:-1","max-image-preview":"max-image-preview:large","max-video-preview":"max-video-preview:-1"},"canonical":"https:\/\/abc-latina.com\/bolivie\/la_paz\/","og_locale":"fr_FR","og_type":"article","og_title":"LA PAZ - Abc-latina","og_description":"La Paz, une grande cit\u00e9 de plus d'un millions d'habitants qui fait coexister les golden boys du centre-ville et les Indiens aymaras des collines.","og_url":"https:\/\/abc-latina.com\/bolivie\/la_paz\/","og_site_name":"Abc-latina","article_modified_time":"2026-04-30T16:24:48+00:00","og_image":[{"width":550,"height":412,"url":"https:\/\/abc-latina.com\/wp-content\/uploads\/2010\/06\/la_paz_2.jpg","type":"image\/jpeg"}],"twitter_card":"summary_large_image","twitter_misc":{"Dur\u00e9e de lecture estim\u00e9e":"4 minutes"},"schema":{"@context":"https:\/\/schema.org","@graph":[{"@type":"WebPage","@id":"https:\/\/abc-latina.com\/bolivie\/la_paz\/","url":"https:\/\/abc-latina.com\/bolivie\/la_paz\/","name":"LA PAZ - Abc-latina","isPartOf":{"@id":"https:\/\/abc-latina.com\/#website"},"primaryImageOfPage":{"@id":"https:\/\/abc-latina.com\/bolivie\/la_paz\/#primaryimage"},"image":{"@id":"https:\/\/abc-latina.com\/bolivie\/la_paz\/#primaryimage"},"thumbnailUrl":"https:\/\/abc-latina.com\/wp-content\/uploads\/2010\/06\/la_paz_2.jpg","datePublished":"2010-06-03T21:42:33+00:00","dateModified":"2026-04-30T16:24:48+00:00","description":"La Paz, une grande cit\u00e9 de plus d'un millions d'habitants qui fait coexister les golden boys du centre-ville et les Indiens aymaras des collines.","breadcrumb":{"@id":"https:\/\/abc-latina.com\/bolivie\/la_paz\/#breadcrumb"},"inLanguage":"fr-FR","potentialAction":[{"@type":"ReadAction","target":["https:\/\/abc-latina.com\/bolivie\/la_paz\/"]}]},{"@type":"ImageObject","inLanguage":"fr-FR","@id":"https:\/\/abc-latina.com\/bolivie\/la_paz\/#primaryimage","url":"https:\/\/abc-latina.com\/wp-content\/uploads\/2010\/06\/la_paz_2.jpg","contentUrl":"https:\/\/abc-latina.com\/wp-content\/uploads\/2010\/06\/la_paz_2.jpg","width":550,"height":412,"caption":"LA PAZ - BOLIVIE"},{"@type":"BreadcrumbList","@id":"https:\/\/abc-latina.com\/bolivie\/la_paz\/#breadcrumb","itemListElement":[{"@type":"ListItem","position":1,"name":"Accueil","item":"https:\/\/abc-latina.com\/"},{"@type":"ListItem","position":2,"name":"LA PAZ"}]},{"@type":"WebSite","@id":"https:\/\/abc-latina.com\/#website","url":"https:\/\/abc-latina.com\/","name":"Abc-latina","description":"","publisher":{"@id":"https:\/\/abc-latina.com\/#organization"},"potentialAction":[{"@type":"SearchAction","target":{"@type":"EntryPoint","urlTemplate":"https:\/\/abc-latina.com\/?s={search_term_string}"},"query-input":{"@type":"PropertyValueSpecification","valueRequired":true,"valueName":"search_term_string"}}],"inLanguage":"fr-FR"},{"@type":"Organization","@id":"https:\/\/abc-latina.com\/#organization","name":"Abc-latina","url":"https:\/\/abc-latina.com\/","logo":{"@type":"ImageObject","inLanguage":"fr-FR","@id":"https:\/\/abc-latina.com\/#\/schema\/logo\/image\/","url":"https:\/\/abc-latina.com\/wp-content\/uploads\/2026\/05\/cropped-logo.gif","contentUrl":"https:\/\/abc-latina.com\/wp-content\/uploads\/2026\/05\/cropped-logo.gif","width":89,"height":84,"caption":"Abc-latina"},"image":{"@id":"https:\/\/abc-latina.com\/#\/schema\/logo\/image\/"}}]}},"_links":{"self":[{"href":"https:\/\/abc-latina.com\/wp-json\/wp\/v2\/pages\/192","targetHints":{"allow":["GET"]}}],"collection":[{"href":"https:\/\/abc-latina.com\/wp-json\/wp\/v2\/pages"}],"about":[{"href":"https:\/\/abc-latina.com\/wp-json\/wp\/v2\/types\/page"}],"author":[{"embeddable":true,"href":"https:\/\/abc-latina.com\/wp-json\/wp\/v2\/users\/3"}],"replies":[{"embeddable":true,"href":"https:\/\/abc-latina.com\/wp-json\/wp\/v2\/comments?post=192"}],"version-history":[{"count":1,"href":"https:\/\/abc-latina.com\/wp-json\/wp\/v2\/pages\/192\/revisions"}],"predecessor-version":[{"id":3136,"href":"https:\/\/abc-latina.com\/wp-json\/wp\/v2\/pages\/192\/revisions\/3136"}],"up":[{"embeddable":true,"href":"https:\/\/abc-latina.com\/wp-json\/wp\/v2\/pages\/2295"}],"wp:featuredmedia":[{"embeddable":true,"href":"https:\/\/abc-latina.com\/wp-json\/wp\/v2\/media\/191"}],"wp:attachment":[{"href":"https:\/\/abc-latina.com\/wp-json\/wp\/v2\/media?parent=192"}],"curies":[{"name":"wp","href":"https:\/\/api.w.org\/{rel}","templated":true}]}}