{"id":1933,"date":"2010-07-31T23:14:15","date_gmt":"2010-07-31T21:14:15","guid":{"rendered":"http:\/\/abc-latina.com\/cuisine-amazonniene-php\/"},"modified":"2026-04-30T18:24:40","modified_gmt":"2026-04-30T16:24:40","slug":"cuisine-amazonniene","status":"publish","type":"page","link":"https:\/\/abc-latina.com\/amazonie\/cuisine-amazonniene\/","title":{"rendered":"CUISINE d&rsquo;AMAZONIE"},"content":{"rendered":"<p style=\"text-align: center; \"><font size=\"1\" color=\"#0000ff\"><b><font face=\"Arial\"><font size=\"1\" face=\"Verdana, Arial, Helvetica, sans-serif\" color=\"#3f0f7d\"><b><font size=\"1\" color=\"#0000ff\"><b><font face=\"Arial\"><font size=\"1\" face=\"Verdana, Arial, Helvetica, sans-serif\" color=\"#3f0f7d\"><b><a target=\"_blank\" href=\"https:\/\/www.abc-latina.com\/bolivie\/amazonie\"><font color=\"#538efd\">BOLIVIE<\/font><\/a><\/b><\/font><\/font><\/b><\/font> <font size=\"1\" color=\"#0000ff\"><b><font face=\"Arial\"><font size=\"3\" color=\"#ff8000\"><strong>.<\/strong><\/font> <\/font><\/b><\/font><font size=\"1\" color=\"#0000ff\"><b><font face=\"Arial\"><font size=\"1\" face=\"Verdana, Arial, Helvetica, sans-serif\" color=\"#3f0f7d\"><b><a target=\"_blank\" href=\"https:\/\/www.abc-latina.com\/bresil\/amazonie\"><font color=\"#538efd\">BRESIL<\/font><\/a><\/b><\/font><\/font><\/b><\/font>  <font size=\"1\" color=\"#0000ff\"><b><font face=\"Arial\"><font size=\"3\" color=\"#ff8000\"><strong>.<\/strong><\/font> <font size=\"1\" face=\"Verdana, Arial, Helvetica, sans-serif\" color=\"#3f0f7d\"><b><a target=\"_blank\" href=\"https:\/\/www.abc-latina.com\/colombie\/amazonie\"><font color=\"#538efd\">COLOMBIE<\/font><\/a><\/b><\/font><\/font><\/b><\/font> <font size=\"1\" color=\"#0000ff\"><b><font face=\"Arial\"><font size=\"1\" face=\"Verdana, Arial, Helvetica, sans-serif\" color=\"#3f0f7d\"><b><a target=\"_blank\" href=\"https:\/\/www.abc-latina.com\/costarica\/histoire\"><font color=\"#ff8000\"><strong>.<font color=\"#538efd\">  <\/font><\/strong><\/font><\/a><\/b><\/font><\/font><\/b><\/font><font size=\"1\" color=\"#0000ff\"><b><font face=\"Arial\"><font size=\"1\" face=\"Verdana, Arial, Helvetica, sans-serif\" color=\"#3f0f7d\"><b><a target=\"_blank\" href=\"https:\/\/www.abc-latina.com\/equateur\/voyages\/amazonie\"><font color=\"#538efd\">EQUATEUR<\/font><\/a><\/b><\/font><\/font><\/b><\/font> <font size=\"1\" color=\"#0000ff\"><b><font face=\"Arial\"><font size=\"3\" color=\"#ff8000\"><strong>.<font size=\"1\" face=\"Verdana, Arial, Helvetica, sans-serif\" color=\"#538efd\">  <\/font><\/strong><\/font><\/font><\/b><\/font><font size=\"1\" color=\"#0000ff\"><b><font face=\"Arial\"><font size=\"1\" face=\"Verdana, Arial, Helvetica, sans-serif\" color=\"#3f0f7d\"><b><a target=\"_blank\" href=\"https:\/\/www.abc-latina.com\/perou\/amazonie\"><font color=\"#538efd\">PEROU  <\/font><\/a><\/b><\/font><font size=\"3\" color=\"#ff8000\"><strong>.<font size=\"1\" face=\"Verdana, Arial, Helvetica, sans-serif\" color=\"#538efd\">  <\/font><\/strong><\/font><\/font><\/b><\/font><font size=\"1\" color=\"#0000ff\"><b><font face=\"Arial\"><font size=\"1\" face=\"Verdana, Arial, Helvetica, sans-serif\" color=\"#3f0f7d\"><b><a target=\"_blank\" href=\"https:\/\/www.abc-latina.com\/venezuela\/amazonie\"><font color=\"#538efd\">VENEZUELA<\/font><\/a><\/b><\/font><\/font><\/b><\/font><\/b><\/font><\/font><\/b><\/font><\/p>\n<p style=\"text-align: center; \"><font size=\"1\" color=\"#0000ff\"><font face=\"Arial\"><font size=\"1\" face=\"Verdana, Arial, Helvetica, sans-serif\" color=\"#3f0f7d\"><b>&nbsp;<\/b><\/font><\/font><\/font><\/p>\n<p><span style=\"font-size: small;\"><font color=\"#0000ff\"><font face=\"Arial\"><font face=\"Verdana, Arial, Helvetica, sans-serif\" color=\"#3f0f7d\">La cuisine de l&rsquo;Amazonie, tr\u00e8s vari\u00e9e, respecte une v\u00e9ritable unit\u00e9 malgr\u00e9 l&rsquo;immensit\u00e9 du territoire. Elle est surtout pr\u00e9par\u00e9e \u00e0 base de poisson, dont les vari\u00e9t\u00e9s sont nombreuses.<\/font><\/font><\/font><\/span><\/p>\n<p><span style=\"font-size: small;\"><font color=\"#0000ff\"><font face=\"Arial\"><font face=\"Verdana, Arial, Helvetica, sans-serif\" color=\"#3f0f7d\">  <\/font><\/font><\/font><\/span><\/p>\n<div>&nbsp;<\/div>\n<p><span style=\"font-size: small;\"><\/p>\n<div><font color=\"#0000ff\"><font face=\"Arial\"><font face=\"Verdana, Arial, Helvetica, sans-serif\" color=\"#3f0f7d\">Voici quelques plats typiques que l&rsquo;on trouve aussi bien sur les march\u00e9s que dans les restaurants :<\/font><\/font><\/font><\/div>\n<p><font color=\"#0000ff\"><font face=\"Arial\"><font face=\"Verdana, Arial, Helvetica, sans-serif\" color=\"#3f0f7d\"> <\/font><\/font><\/font><\/span><font size=\"1\" color=\"#0000ff\"><font face=\"Arial\"><font size=\"1\" face=\"Verdana, Arial, Helvetica, sans-serif\" color=\"#3f0f7d\"><\/p>\n<div><span style=\"font-size: small;\">Le pato tucupi (canard au tucupi).<\/span><\/div>\n<div><span style=\"font-size: small;\">Le tucupi est un jus extrait du manioc, utilis\u00e9 en bouillon, dans lequel est pr\u00e9par\u00e9 le canard.<\/span><\/div>\n<div><span style=\"font-size: small;\">Le Mani\u00e7oba.<\/span><\/div>\n<div><span style=\"font-size: small;\">Sorte de rago\u00fbt \u00e0 base de maniva (feuille de manioc), de viande de porc et de b\u0153uf s\u00e9ch\u00e9, dont la pr\u00e9paration exige parfois plusieurs jours. On le trouve \u00e0 Manaus et \u00e0 Bel\u00e9m.&nbsp;<\/span><\/div>\n<div><span style=\"font-size: small;\">Le tacaca.<\/span><\/div>\n<div><span style=\"font-size: small;\">Sorte de soupe pr\u00e9par\u00e9e \u00e0 base de tucupi, de jambu (herbe qui ressemble au cresson), de manioc, de tapioca et de crevettes s\u00e9ch\u00e9es ; c&rsquo;est un plat tr\u00e8s populaire que l&rsquo;on trouve facilement sur les march\u00e9s.<\/span><\/div>\n<div><span style=\"font-size: small;\">Le tucunar\u00e9 et le pirarucu.<\/span><\/div>\n<div><span style=\"font-size: small;\">Deux d\u00e9licieux poissons \u00e0 la chair ferme accompagn\u00e9s de riz et de farinha d&rsquo;agua (une vari\u00e9t\u00e9 de la farine de manioc).<\/span><\/div>\n<p><span style=\"font-size: small;\">&nbsp;<\/span><\/p>\n<p><\/font><\/font><\/font><\/p>\n<p>&nbsp;<\/p>\n","protected":false},"excerpt":{"rendered":"<p>BOLIVIE . BRESIL . COLOMBIE . EQUATEUR . PEROU . VENEZUELA &nbsp; La cuisine de l&rsquo;Amazonie, tr\u00e8s vari\u00e9e, respecte une [&hellip;]<\/p>\n","protected":false},"author":3,"featured_media":0,"parent":2641,"menu_order":0,"comment_status":"closed","ping_status":"closed","template":"","meta":{"site-sidebar-layout":"default","site-content-layout":"","ast-site-content-layout":"default","site-content-style":"default","site-sidebar-style":"default","ast-global-header-display":"","ast-banner-title-visibility":"","ast-main-header-display":"","ast-hfb-above-header-display":"","ast-hfb-below-header-display":"","ast-hfb-mobile-header-display":"","site-post-title":"","ast-breadcrumbs-content":"","ast-featured-img":"","footer-sml-layout":"","ast-disable-related-posts":"","theme-transparent-header-meta":"","adv-header-id-meta":"","stick-header-meta":"","header-above-stick-meta":"","header-main-stick-meta":"","header-below-stick-meta":"","astra-migrate-meta-layouts":"default","ast-page-background-enabled":"default","ast-page-background-meta":{"desktop":{"background-color":"var(--ast-global-color-5)","background-image":"","background-repeat":"repeat","background-position":"center center","background-size":"auto","background-attachment":"scroll","background-type":"","background-media":"","overlay-type":"","overlay-color":"","overlay-opacity":"","overlay-gradient":""},"tablet":{"background-color":"","background-image":"","background-repeat":"repeat","background-position":"center center","background-size":"auto","background-attachment":"scroll","background-type":"","background-media":"","overlay-type":"","overlay-color":"","overlay-opacity":"","overlay-gradient":""},"mobile":{"background-color":"","background-image":"","background-repeat":"repeat","background-position":"center center","background-size":"auto","background-attachment":"scroll","background-type":"","background-media":"","overlay-type":"","overlay-color":"","overlay-opacity":"","overlay-gradient":""}},"ast-content-background-meta":{"desktop":{"background-color":"var(--ast-global-color-4)","background-image":"","background-repeat":"repeat","background-position":"center center","background-size":"auto","background-attachment":"scroll","background-type":"","background-media":"","overlay-type":"","overlay-color":"","overlay-opacity":"","overlay-gradient":""},"tablet":{"background-color":"var(--ast-global-color-4)","background-image":"","background-repeat":"repeat","background-position":"center center","background-size":"auto","background-attachment":"scroll","background-type":"","background-media":"","overlay-type":"","overlay-color":"","overlay-opacity":"","overlay-gradient":""},"mobile":{"background-color":"var(--ast-global-color-4)","background-image":"","background-repeat":"repeat","background-position":"center center","background-size":"auto","background-attachment":"scroll","background-type":"","background-media":"","overlay-type":"","overlay-color":"","overlay-opacity":"","overlay-gradient":""}},"footnotes":""},"class_list":["post-1933","page","type-page","status-publish","hentry"],"yoast_head":"<!-- This site is optimized with the Yoast SEO plugin v27.5 - https:\/\/yoast.com\/product\/yoast-seo-wordpress\/ -->\n<title>CUISINE d&#039;AMAZONIE - Abc-latina<\/title>\n<meta name=\"description\" content=\"La gastronomie et les recettes de cuisine de l&#039; Amazonie.\" \/>\n<meta name=\"robots\" content=\"index, follow, max-snippet:-1, max-image-preview:large, max-video-preview:-1\" \/>\n<link rel=\"canonical\" href=\"https:\/\/abc-latina.com\/amazonie\/cuisine-amazonniene\/\" \/>\n<meta property=\"og:locale\" content=\"fr_FR\" \/>\n<meta property=\"og:type\" content=\"article\" \/>\n<meta property=\"og:title\" content=\"CUISINE d&#039;AMAZONIE - Abc-latina\" \/>\n<meta property=\"og:description\" content=\"La gastronomie et les recettes de cuisine de l&#039; Amazonie.\" \/>\n<meta property=\"og:url\" content=\"https:\/\/abc-latina.com\/amazonie\/cuisine-amazonniene\/\" \/>\n<meta property=\"og:site_name\" content=\"Abc-latina\" \/>\n<meta property=\"article:modified_time\" content=\"2026-04-30T16:24:40+00:00\" \/>\n<meta name=\"twitter:card\" content=\"summary_large_image\" \/>\n<meta name=\"twitter:label1\" content=\"Dur\u00e9e de lecture estim\u00e9e\" \/>\n\t<meta name=\"twitter:data1\" content=\"1 minute\" \/>\n<script type=\"application\/ld+json\" class=\"yoast-schema-graph\">{\"@context\":\"https:\\\/\\\/schema.org\",\"@graph\":[{\"@type\":\"WebPage\",\"@id\":\"https:\\\/\\\/abc-latina.com\\\/amazonie\\\/cuisine-amazonniene\\\/\",\"url\":\"https:\\\/\\\/abc-latina.com\\\/amazonie\\\/cuisine-amazonniene\\\/\",\"name\":\"CUISINE d'AMAZONIE - Abc-latina\",\"isPartOf\":{\"@id\":\"https:\\\/\\\/abc-latina.com\\\/#website\"},\"datePublished\":\"2010-07-31T21:14:15+00:00\",\"dateModified\":\"2026-04-30T16:24:40+00:00\",\"description\":\"La gastronomie et les recettes de cuisine de l' Amazonie.\",\"breadcrumb\":{\"@id\":\"https:\\\/\\\/abc-latina.com\\\/amazonie\\\/cuisine-amazonniene\\\/#breadcrumb\"},\"inLanguage\":\"fr-FR\",\"potentialAction\":[{\"@type\":\"ReadAction\",\"target\":[\"https:\\\/\\\/abc-latina.com\\\/amazonie\\\/cuisine-amazonniene\\\/\"]}]},{\"@type\":\"BreadcrumbList\",\"@id\":\"https:\\\/\\\/abc-latina.com\\\/amazonie\\\/cuisine-amazonniene\\\/#breadcrumb\",\"itemListElement\":[{\"@type\":\"ListItem\",\"position\":1,\"name\":\"Accueil\",\"item\":\"https:\\\/\\\/abc-latina.com\\\/\"},{\"@type\":\"ListItem\",\"position\":2,\"name\":\"CUISINE d&rsquo;AMAZONIE\"}]},{\"@type\":\"WebSite\",\"@id\":\"https:\\\/\\\/abc-latina.com\\\/#website\",\"url\":\"https:\\\/\\\/abc-latina.com\\\/\",\"name\":\"Abc-latina\",\"description\":\"\",\"publisher\":{\"@id\":\"https:\\\/\\\/abc-latina.com\\\/#organization\"},\"potentialAction\":[{\"@type\":\"SearchAction\",\"target\":{\"@type\":\"EntryPoint\",\"urlTemplate\":\"https:\\\/\\\/abc-latina.com\\\/?s={search_term_string}\"},\"query-input\":{\"@type\":\"PropertyValueSpecification\",\"valueRequired\":true,\"valueName\":\"search_term_string\"}}],\"inLanguage\":\"fr-FR\"},{\"@type\":\"Organization\",\"@id\":\"https:\\\/\\\/abc-latina.com\\\/#organization\",\"name\":\"Abc-latina\",\"url\":\"https:\\\/\\\/abc-latina.com\\\/\",\"logo\":{\"@type\":\"ImageObject\",\"inLanguage\":\"fr-FR\",\"@id\":\"https:\\\/\\\/abc-latina.com\\\/#\\\/schema\\\/logo\\\/image\\\/\",\"url\":\"https:\\\/\\\/abc-latina.com\\\/wp-content\\\/uploads\\\/2026\\\/05\\\/cropped-logo.gif\",\"contentUrl\":\"https:\\\/\\\/abc-latina.com\\\/wp-content\\\/uploads\\\/2026\\\/05\\\/cropped-logo.gif\",\"width\":89,\"height\":84,\"caption\":\"Abc-latina\"},\"image\":{\"@id\":\"https:\\\/\\\/abc-latina.com\\\/#\\\/schema\\\/logo\\\/image\\\/\"}}]}<\/script>\n<!-- \/ Yoast SEO plugin. -->","yoast_head_json":{"title":"CUISINE d'AMAZONIE - Abc-latina","description":"La gastronomie et les recettes de cuisine de l' Amazonie.","robots":{"index":"index","follow":"follow","max-snippet":"max-snippet:-1","max-image-preview":"max-image-preview:large","max-video-preview":"max-video-preview:-1"},"canonical":"https:\/\/abc-latina.com\/amazonie\/cuisine-amazonniene\/","og_locale":"fr_FR","og_type":"article","og_title":"CUISINE d'AMAZONIE - Abc-latina","og_description":"La gastronomie et les recettes de cuisine de l' Amazonie.","og_url":"https:\/\/abc-latina.com\/amazonie\/cuisine-amazonniene\/","og_site_name":"Abc-latina","article_modified_time":"2026-04-30T16:24:40+00:00","twitter_card":"summary_large_image","twitter_misc":{"Dur\u00e9e de lecture estim\u00e9e":"1 minute"},"schema":{"@context":"https:\/\/schema.org","@graph":[{"@type":"WebPage","@id":"https:\/\/abc-latina.com\/amazonie\/cuisine-amazonniene\/","url":"https:\/\/abc-latina.com\/amazonie\/cuisine-amazonniene\/","name":"CUISINE d'AMAZONIE - Abc-latina","isPartOf":{"@id":"https:\/\/abc-latina.com\/#website"},"datePublished":"2010-07-31T21:14:15+00:00","dateModified":"2026-04-30T16:24:40+00:00","description":"La gastronomie et les recettes de cuisine de l' Amazonie.","breadcrumb":{"@id":"https:\/\/abc-latina.com\/amazonie\/cuisine-amazonniene\/#breadcrumb"},"inLanguage":"fr-FR","potentialAction":[{"@type":"ReadAction","target":["https:\/\/abc-latina.com\/amazonie\/cuisine-amazonniene\/"]}]},{"@type":"BreadcrumbList","@id":"https:\/\/abc-latina.com\/amazonie\/cuisine-amazonniene\/#breadcrumb","itemListElement":[{"@type":"ListItem","position":1,"name":"Accueil","item":"https:\/\/abc-latina.com\/"},{"@type":"ListItem","position":2,"name":"CUISINE d&rsquo;AMAZONIE"}]},{"@type":"WebSite","@id":"https:\/\/abc-latina.com\/#website","url":"https:\/\/abc-latina.com\/","name":"Abc-latina","description":"","publisher":{"@id":"https:\/\/abc-latina.com\/#organization"},"potentialAction":[{"@type":"SearchAction","target":{"@type":"EntryPoint","urlTemplate":"https:\/\/abc-latina.com\/?s={search_term_string}"},"query-input":{"@type":"PropertyValueSpecification","valueRequired":true,"valueName":"search_term_string"}}],"inLanguage":"fr-FR"},{"@type":"Organization","@id":"https:\/\/abc-latina.com\/#organization","name":"Abc-latina","url":"https:\/\/abc-latina.com\/","logo":{"@type":"ImageObject","inLanguage":"fr-FR","@id":"https:\/\/abc-latina.com\/#\/schema\/logo\/image\/","url":"https:\/\/abc-latina.com\/wp-content\/uploads\/2026\/05\/cropped-logo.gif","contentUrl":"https:\/\/abc-latina.com\/wp-content\/uploads\/2026\/05\/cropped-logo.gif","width":89,"height":84,"caption":"Abc-latina"},"image":{"@id":"https:\/\/abc-latina.com\/#\/schema\/logo\/image\/"}}]}},"_links":{"self":[{"href":"https:\/\/abc-latina.com\/wp-json\/wp\/v2\/pages\/1933","targetHints":{"allow":["GET"]}}],"collection":[{"href":"https:\/\/abc-latina.com\/wp-json\/wp\/v2\/pages"}],"about":[{"href":"https:\/\/abc-latina.com\/wp-json\/wp\/v2\/types\/page"}],"author":[{"embeddable":true,"href":"https:\/\/abc-latina.com\/wp-json\/wp\/v2\/users\/3"}],"replies":[{"embeddable":true,"href":"https:\/\/abc-latina.com\/wp-json\/wp\/v2\/comments?post=1933"}],"version-history":[{"count":1,"href":"https:\/\/abc-latina.com\/wp-json\/wp\/v2\/pages\/1933\/revisions"}],"predecessor-version":[{"id":2966,"href":"https:\/\/abc-latina.com\/wp-json\/wp\/v2\/pages\/1933\/revisions\/2966"}],"up":[{"embeddable":true,"href":"https:\/\/abc-latina.com\/wp-json\/wp\/v2\/pages\/2641"}],"wp:attachment":[{"href":"https:\/\/abc-latina.com\/wp-json\/wp\/v2\/media?parent=1933"}],"curies":[{"name":"wp","href":"https:\/\/api.w.org\/{rel}","templated":true}]}}