{"id":1965,"date":"2010-08-02T23:15:51","date_gmt":"2010-08-02T21:15:51","guid":{"rendered":"http:\/\/abc-latina.com\/inca-htm\/"},"modified":"2026-04-30T18:24:55","modified_gmt":"2026-04-30T16:24:55","slug":"inca","status":"publish","type":"page","link":"https:\/\/abc-latina.com\/civilisations\/inca\/","title":{"rendered":"Les INCAS"},"content":{"rendered":"<div><img loading=\"lazy\" decoding=\"async\" class=\" alignright size-full wp-image-1962\" src=\"http:\/\/abc-latina.com\/wp-content\/uploads\/2010\/08\/inca1p.jpg\" style=\"margin: 5px 22px; float: right;\" title=\"LES INCAS\" alt=\"LES INCAS\" width=\"160\" height=\"228\" \/>Les <span class=\"tourisme-chapitre\">Incas<\/span> \u00e9taient \u00e0 l&rsquo;origine une petite tribu guerri\u00e8re qui r\u00e9sidait dans une r\u00e9gion de plateaux au sud de la Cordillera Central au P\u00e9rou.<\/div>\n<div>Inca (Quechua inka, &quot;Fils du Soleil&quot;), nom des souverains du peuple quechua, au P\u00e9rou (vall\u00e9e de Cuzco), qui \u00e9tablirent un empire sur la cordill\u00e8re des Andes (Am\u00e9rique du Sud) du milieu du XVe si\u00e8cle \u00e0 la conqu\u00eate espagnole en 1532. Le terme d\u00e9signe \u00e9galement la population de ce royaume, ainsi que celles qui lui furent soumises.&nbsp;<\/div>\n<div>&nbsp;<\/div>\n<div>Au XIIe si\u00e8cle, ils commenc\u00e8rent \u00e0 se d\u00e9placer dans la vall\u00e9e de Cuzco, o\u00f9 ils soumirent les peuples voisins et leur impos\u00e8rent un tribut durant trois si\u00e8cles. Il fallut attendre le milieu du XVe si\u00e8cle pour que les Incas entreprennent de consolider et d&rsquo;\u00e9tendre leur domination sur la r\u00e9gion. Avant cette date, leur plus grande avanc\u00e9e les avaient amen\u00e9s \u00e0 environ 30 km au sud de la capitale <a href=\"https:\/\/www.abc-latina.com\/perou\/cuzco\" target=\"_blank\">Cuzco<\/a>, sous le r\u00e8gne du sixi\u00e8me empereur Inca Roca, qui v\u00e9cut au XIVe si\u00e8cle. L&rsquo;expansion commen\u00e7a v\u00e9ritablement sous le r\u00e8gne du huiti\u00e8me empereur, Viracocha, qui v\u00e9cut au d\u00e9but du XVe si\u00e8cle. Cependant, l&#8217;empire atteignit son \u00e9tendue maximale sous le r\u00e8gne du fils de T\u00fapac, Huayna C\u00e1pac (v. 1493-1525). En 1525, le territoire contr\u00f4l\u00e9 par les Incas comprenait la partie la plus m\u00e9ridionale de la <a href=\"https:\/\/www.abc-latina.com\/colombie\/\" target=\"_blank\">Colombie<\/a>, l&rsquo;<a href=\"https:\/\/www.abc-latina.com\/equateur\/\" target=\"_blank\">Equateur<\/a> et le <a href=\"https:\/\/www.abc-latina.com\/perou\/\" target=\"_blank\">P\u00e9rou<\/a>, jusqu&rsquo;\u00e0 la <a href=\"https:\/\/www.abc-latina.com\/bolivie\/\" target=\"_blank\">Bolivie<\/a> en incluant une partie de l&rsquo;<a href=\"https:\/\/www.abc-latina.com\/argentine\/\" target=\"_blank\">Argentine<\/a> et du <a href=\"https:\/\/www.abc-latina.com\/chili\/\" target=\"_blank\">Chili<\/a> du Nord. L&#8217;empire s&rsquo;\u00e9tendait sur pr\u00e8s de 3 500 km du nord au sud et sur 800 km d&rsquo;est en ouest. On estime que le nombre d&rsquo;habitants de cette immense r\u00e9gion, issus de peuplements tr\u00e8s divers, \u00e9tait de l&rsquo;ordre de 2,5 \u00e0 16 millions.<\/div>\n<div>&nbsp;<\/div>\n<div>Huayna C\u00e1pac mourut en 1525 sans avoir d\u00e9sign\u00e9 son successeur, ce qui entra\u00eena la division de l&#8217;empire. C&rsquo;est \u00e0 ce moment critique que le conquistador espagnol <a href=\"https:\/\/www.abc-latina.com\/personnalites\/francisco_pizarro\" target=\"_blank\">Francisco Pizarro<\/a> d\u00e9barqua sur la c\u00f4te accompagn\u00e9 d&rsquo;une troupe d&rsquo;environ 180 hommes pourvus d&rsquo;armes \u00e0 feu.<\/div>\n<div>&nbsp;<\/div>\n<div>A l&rsquo;apog\u00e9e de leur puissance, les Incas avaient d\u00e9velopp\u00e9 un syst\u00e8me administratif et politique sans \u00e9quivalent parmi les soci\u00e9t\u00e9s am\u00e9rindiennes. L&rsquo;\u00c9tat inca \u00e9tait une th\u00e9ocratie fond\u00e9e sur l&rsquo;agriculture, organis\u00e9e selon un syst\u00e8me rigide de castes et domin\u00e9e par le tout-puissant Inca qui \u00e9tait v\u00e9n\u00e9r\u00e9 \u00e0 l&rsquo;\u00e9gal d&rsquo;un dieu vivant. Au-dessous de l&rsquo;Inca, dans l&rsquo;ordre d\u00e9croissant de rang et de pouvoir, se trouvaient la famille royale et l&rsquo;aristocratie, les administrateurs imp\u00e9riaux et la petite noblesse, puis la grande masse des artisans et des fermiers.<\/div>\n<div>&nbsp;<\/div>\n<div>Du point de vue administratif, l&#8217;empire \u00e9tait divis\u00e9 en quatre grandes r\u00e9gions. Ces r\u00e9gions \u00e9taient subdivis\u00e9es en provinces et en diverses autres unit\u00e9s socio-\u00e9conomiques de moindre importance, dont la plus petite \u00e9tait la propri\u00e9t\u00e9 familiale \u00e9tendue, connue sous le nom de ayllu. La mise en culture des &quot;ayllus&quot; &#8211; pratiquement autosuffisantes &#8211; \u00e9tait strictement contr\u00f4l\u00e9e par l&rsquo;\u00c9tat.<\/div>\n<div>&nbsp;<\/div>\n<div>Le contr\u00f4le rapproch\u00e9 qu&rsquo;exer\u00e7aient les administrateurs imp\u00e9riaux sur l&#8217;empire, qui allait jusqu&rsquo;\u00e0 d\u00e9placer des populations enti\u00e8res pour les implanter dans une nouvelle r\u00e9gion pour des raisons \u00e9conomiques ou politiques, fut en grande partie rendu possible par ce syst\u00e8me de communications d&rsquo;une efficacit\u00e9 remarquable.&nbsp;<\/div>\n<div>&nbsp;<\/div>\n<div><a href=\"https:\/\/www.abc-latina.com\/civilisations\/carte-empire-inca-1.php\"><img loading=\"lazy\" decoding=\"async\" class=\" alignright size-full wp-image-1963\" src=\"http:\/\/abc-latina.com\/wp-content\/uploads\/2010\/08\/carte-empire-inca-p.gif\" style=\"margin: 5px 22px; float: right;\" title=\"TERRITOIRE de l'EMPIRE INCA\" alt=\"\" width=\"200\" height=\"370\" \/><\/a>L&#8217;empire inca, l&rsquo;une des civilisations les plus bureaucratis\u00e9es ne poss\u00e9dait cependant pas d&rsquo;\u00e9criture. Ses fonctionnaires utilisaient \u00e0 la place un syst\u00e8me bas\u00e9 sur les noeuds de diff\u00e9rentes sortes de laines en des en plusieurs couleurs. Les messages qui en r\u00e9sultaient ou &quot; <a href=\"https:\/\/www.abc-latina.com\/civilisations\/quipus.php\">quipus<\/a> &quot; servaient \u00e0 enregistrer toutes les marchandises qui entraient ou sortaient des entrep\u00f4ts de l&rsquo;\u00e9tats. Ils ne pouvaient \u00eatre \u00e9tablis ou d\u00e9cod\u00e9s que par des administrateurs form\u00e9s. La plupart des quipus \u00e9taient de simples rapports comptables, utilisant le syst\u00e8me d\u00e9cimal. D&rsquo;autres servaient apparemment d&rsquo;aides pour se souvenir ou raconter des histoires et des formules religieuses, et sont de nos jours ind\u00e9chiffrables.<\/div>\n<div>&nbsp;<\/div>\n<div>Le gouvernement de Cuzco parvint n\u00e9anmoins \u00e0 garder un contact \u00e9troit avec la marche des affaires de l&#8217;empire gr\u00e2ce \u00e0 une organisation tr\u00e8s \u00e9labor\u00e9e. Un r\u00e9seau complexe de routes pav\u00e9es qui reliaient toutes les r\u00e9gions de l&#8217;empire acc\u00e9l\u00e9raient les communications; des coureurs entra\u00een\u00e9s qui se relayaient pouvaient parcourir jusqu&rsquo;\u00e0 400 km par jour en suivant ces routes.<\/div>\n<div>&nbsp;<\/div>\n<div>Les routes incas reliaient les terres de leur vaste royaume, les incas s&rsquo;appuyaient sur un r\u00e9seau routier exceptionnel. Plus de 25 000 kilom\u00e8tres de voies royales, emprunt\u00e9es uniquement par les voyageurs officiels, permettaient une communication rapide et s\u00fbr avec le centre de Cuzco. Sans cette infrastructure, l&rsquo;\u00e9tat inca, immense et complexe, se serait effondr\u00e9. Les routes \u00e9taient con\u00e7ues pour \u00eatre utilis\u00e9s par les pi\u00e9tons et des caravanes de lamas. Des auberges d&rsquo;\u00e9tat de trouvaient tous les 20 kilom\u00e8tres environ. Cette infrastructure est \u00e9tonnante car les incas ne connaissaient pas la roue.<\/div>\n<div>&nbsp;<\/div>\n<div>Les r\u00e9alisations les plus impressionnantes de la civilisation inca furent les temples, les palais et les forteresses plac\u00e9es aux endroits strat\u00e9giques, comme <a href=\"https:\/\/www.abc-latina.com\/perou\/machu\" target=\"_blank\">Machu Picchu<\/a> ; d&rsquo;immenses \u00e9difices \u00e0 la ma\u00e7onnerie pr\u00e9cis\u00e9ment ajust\u00e9e, notamment le grand temple du Soleil \u00e0 Cuzco, furent \u00e9difi\u00e9s avec des techniques et des outils limit\u00e9s.<\/div>\n<div>&nbsp;<\/div>\n<div>Les \u00e9difices sont construits selon la technique &quot; pirca &quot; ; cela consiste \u00e0 ench\u00e2ss\u00e9es des pierres dans un mortier de boue. Les incas battirent plusieurs r\u00e9sidences somptueuses non loin de Cuzco selon par un plan grandiose r\u00e9alis\u00e9 par le roi Pachacuctec.<\/div>\n<div>&nbsp;<\/div>\n<div>Cuzco l&rsquo;ancienne capitale de l&#8217;empire inca est en forme de puma symbolisant la force et la puissance. La cit\u00e9 de Machu Picchu qui fut d\u00e9couverte en 1911. Elle est situ\u00e9e \u00e0 2000 m d&rsquo;altitude, elle est environn\u00e9e de terrasses agricoles ; les Andennes, patiemment \u00e9difi\u00e9es par les paysans incas. Ils cultivaient la pomme de terre et le ma\u00efs.&nbsp;<\/div>\n<div>&nbsp;<\/div>\n<div><img loading=\"lazy\" decoding=\"async\" class=\" alignright size-full wp-image-1964\" src=\"http:\/\/abc-latina.com\/wp-content\/uploads\/2010\/08\/indien4p.jpg\" style=\"margin: 5px 22px; float: right;\" alt=\"\" width=\"120\" height=\"177\" \/>Parmi les autres r\u00e9alisations d&rsquo;exception, on peut citer la construction de ponts de corde suspendus (certains d\u00e9passant 100 m de long), des canaux d&rsquo;irrigation et des aqueducs. Le bronze (un alliage de cuivre et d&rsquo;\u00e9tain) \u00e9tait tr\u00e8s souvent utilis\u00e9 pour les outils et les ornements.<\/div>\n<div>&nbsp;<\/div>\n<div>Ces travaux \u00e9taient r\u00e9alis\u00e9s par la main d&rsquo;\u0153uvre illimit\u00e9e de l&#8217;empire au titre de la &quot; mita &quot; ; travail obligatoire d\u00fb \u00e0 l&rsquo;\u00e9tat. Ce monarque ambitieux : le roi Pachacutec fait am\u00e9nag\u00e9 la campagne environnante de terrasses, avec des kilom\u00e8tres de canaux d&rsquo;irrigations pour la culture ce qui accroissait les richesses du roi.<\/div>\n<div>&nbsp;<\/div>\n<div>Gr\u00e2ce aux \u00e9normes effectifs qu&rsquo;ils pouvaient mobiliser, souvent plusieurs centaines milliers d&rsquo;hommes, et \u00e0 la qualit\u00e9 de leurs armes courte et longue port\u00e9e ; les incas disposaient, avant l&rsquo;arriv\u00e9e des espagnoles, de la plus formidable arm\u00e9e de l&rsquo;Am\u00e9rique pr\u00e9colombienne.<\/div>\n<div>&nbsp;<\/div>\n<div>Elle est constitu\u00e9e uniquement d&rsquo;appel\u00e9s entre 20 \u00e0 25 ans. Cette force si bien organis\u00e9e b\u00e9n\u00e9ficiait d&rsquo;une infrastructure efficace de communication et de ravitaillement. Les d\u00e9placements s&rsquo;effectuaient sur un r\u00e9seau de routes de plusieurs milliers de kilom\u00e8tres jalonn\u00e9es de magasins remplis de v\u00eatements, de vivres et d&rsquo;armes de toutes sortes.&nbsp;<\/div>\n<div>&nbsp;<\/div>\n<div style=\"text-align: center; \"><img loading=\"lazy\" decoding=\"async\" class=\" size-full wp-image-1957\" src=\"http:\/\/abc-latina.com\/wp-content\/uploads\/2010\/08\/chrono_inca.gif\" alt=\"\" width=\"510\" height=\"96\" \/><\/div>\n","protected":false},"excerpt":{"rendered":"<p>Les Incas \u00e9taient \u00e0 l&rsquo;origine une petite tribu guerri\u00e8re qui r\u00e9sidait dans une r\u00e9gion de plateaux au sud de la [&hellip;]<\/p>\n","protected":false},"author":3,"featured_media":1962,"parent":1971,"menu_order":0,"comment_status":"closed","ping_status":"closed","template":"","meta":{"site-sidebar-layout":"default","site-content-layout":"","ast-site-content-layout":"default","site-content-style":"default","site-sidebar-style":"default","ast-global-header-display":"","ast-banner-title-visibility":"","ast-main-header-display":"","ast-hfb-above-header-display":"","ast-hfb-below-header-display":"","ast-hfb-mobile-header-display":"","site-post-title":"","ast-breadcrumbs-content":"","ast-featured-img":"","footer-sml-layout":"","ast-disable-related-posts":"","theme-transparent-header-meta":"","adv-header-id-meta":"","stick-header-meta":"","header-above-stick-meta":"","header-main-stick-meta":"","header-below-stick-meta":"","astra-migrate-meta-layouts":"default","ast-page-background-enabled":"default","ast-page-background-meta":{"desktop":{"background-color":"var(--ast-global-color-5)","background-image":"","background-repeat":"repeat","background-position":"center center","background-size":"auto","background-attachment":"scroll","background-type":"","background-media":"","overlay-type":"","overlay-color":"","overlay-opacity":"","overlay-gradient":""},"tablet":{"background-color":"","background-image":"","background-repeat":"repeat","background-position":"center center","background-size":"auto","background-attachment":"scroll","background-type":"","background-media":"","overlay-type":"","overlay-color":"","overlay-opacity":"","overlay-gradient":""},"mobile":{"background-color":"","background-image":"","background-repeat":"repeat","background-position":"center center","background-size":"auto","background-attachment":"scroll","background-type":"","background-media":"","overlay-type":"","overlay-color":"","overlay-opacity":"","overlay-gradient":""}},"ast-content-background-meta":{"desktop":{"background-color":"var(--ast-global-color-4)","background-image":"","background-repeat":"repeat","background-position":"center center","background-size":"auto","background-attachment":"scroll","background-type":"","background-media":"","overlay-type":"","overlay-color":"","overlay-opacity":"","overlay-gradient":""},"tablet":{"background-color":"var(--ast-global-color-4)","background-image":"","background-repeat":"repeat","background-position":"center center","background-size":"auto","background-attachment":"scroll","background-type":"","background-media":"","overlay-type":"","overlay-color":"","overlay-opacity":"","overlay-gradient":""},"mobile":{"background-color":"var(--ast-global-color-4)","background-image":"","background-repeat":"repeat","background-position":"center center","background-size":"auto","background-attachment":"scroll","background-type":"","background-media":"","overlay-type":"","overlay-color":"","overlay-opacity":"","overlay-gradient":""}},"footnotes":""},"class_list":["post-1965","page","type-page","status-publish","has-post-thumbnail","hentry"],"yoast_head":"<!-- This site is optimized with the Yoast SEO plugin v27.5 - https:\/\/yoast.com\/product\/yoast-seo-wordpress\/ -->\n<title>Les INCAS - Abc-latina<\/title>\n<meta name=\"description\" content=\"l&#039;histoire de la civilisation Inca, Vie et coutumes des Incas.\" \/>\n<meta name=\"robots\" content=\"index, follow, max-snippet:-1, max-image-preview:large, max-video-preview:-1\" \/>\n<link rel=\"canonical\" href=\"https:\/\/abc-latina.com\/civilisations\/inca\/\" \/>\n<meta property=\"og:locale\" content=\"fr_FR\" \/>\n<meta property=\"og:type\" content=\"article\" \/>\n<meta property=\"og:title\" content=\"Les INCAS - Abc-latina\" \/>\n<meta property=\"og:description\" content=\"l&#039;histoire de la civilisation Inca, Vie et coutumes des Incas.\" \/>\n<meta property=\"og:url\" content=\"https:\/\/abc-latina.com\/civilisations\/inca\/\" \/>\n<meta property=\"og:site_name\" content=\"Abc-latina\" \/>\n<meta property=\"article:modified_time\" content=\"2026-04-30T16:24:55+00:00\" \/>\n<meta property=\"og:image\" content=\"https:\/\/abc-latina.com\/wp-content\/uploads\/2010\/08\/inca1p.jpg\" \/>\n\t<meta property=\"og:image:width\" content=\"160\" \/>\n\t<meta property=\"og:image:height\" content=\"228\" \/>\n\t<meta property=\"og:image:type\" content=\"image\/jpeg\" \/>\n<meta name=\"twitter:card\" content=\"summary_large_image\" \/>\n<meta name=\"twitter:label1\" content=\"Dur\u00e9e de lecture estim\u00e9e\" \/>\n\t<meta name=\"twitter:data1\" content=\"6 minutes\" \/>\n<script type=\"application\/ld+json\" class=\"yoast-schema-graph\">{\"@context\":\"https:\\\/\\\/schema.org\",\"@graph\":[{\"@type\":\"WebPage\",\"@id\":\"https:\\\/\\\/abc-latina.com\\\/civilisations\\\/inca\\\/\",\"url\":\"https:\\\/\\\/abc-latina.com\\\/civilisations\\\/inca\\\/\",\"name\":\"Les INCAS - Abc-latina\",\"isPartOf\":{\"@id\":\"https:\\\/\\\/abc-latina.com\\\/#website\"},\"primaryImageOfPage\":{\"@id\":\"https:\\\/\\\/abc-latina.com\\\/civilisations\\\/inca\\\/#primaryimage\"},\"image\":{\"@id\":\"https:\\\/\\\/abc-latina.com\\\/civilisations\\\/inca\\\/#primaryimage\"},\"thumbnailUrl\":\"https:\\\/\\\/abc-latina.com\\\/wp-content\\\/uploads\\\/2010\\\/08\\\/inca1p.jpg\",\"datePublished\":\"2010-08-02T21:15:51+00:00\",\"dateModified\":\"2026-04-30T16:24:55+00:00\",\"description\":\"l'histoire de la civilisation Inca, Vie et coutumes des Incas.\",\"breadcrumb\":{\"@id\":\"https:\\\/\\\/abc-latina.com\\\/civilisations\\\/inca\\\/#breadcrumb\"},\"inLanguage\":\"fr-FR\",\"potentialAction\":[{\"@type\":\"ReadAction\",\"target\":[\"https:\\\/\\\/abc-latina.com\\\/civilisations\\\/inca\\\/\"]}]},{\"@type\":\"ImageObject\",\"inLanguage\":\"fr-FR\",\"@id\":\"https:\\\/\\\/abc-latina.com\\\/civilisations\\\/inca\\\/#primaryimage\",\"url\":\"https:\\\/\\\/abc-latina.com\\\/wp-content\\\/uploads\\\/2010\\\/08\\\/inca1p.jpg\",\"contentUrl\":\"https:\\\/\\\/abc-latina.com\\\/wp-content\\\/uploads\\\/2010\\\/08\\\/inca1p.jpg\",\"width\":160,\"height\":228,\"caption\":\"LES INCAS\"},{\"@type\":\"BreadcrumbList\",\"@id\":\"https:\\\/\\\/abc-latina.com\\\/civilisations\\\/inca\\\/#breadcrumb\",\"itemListElement\":[{\"@type\":\"ListItem\",\"position\":1,\"name\":\"Accueil\",\"item\":\"https:\\\/\\\/abc-latina.com\\\/\"},{\"@type\":\"ListItem\",\"position\":2,\"name\":\"Les INCAS\"}]},{\"@type\":\"WebSite\",\"@id\":\"https:\\\/\\\/abc-latina.com\\\/#website\",\"url\":\"https:\\\/\\\/abc-latina.com\\\/\",\"name\":\"Abc-latina\",\"description\":\"\",\"publisher\":{\"@id\":\"https:\\\/\\\/abc-latina.com\\\/#organization\"},\"potentialAction\":[{\"@type\":\"SearchAction\",\"target\":{\"@type\":\"EntryPoint\",\"urlTemplate\":\"https:\\\/\\\/abc-latina.com\\\/?s={search_term_string}\"},\"query-input\":{\"@type\":\"PropertyValueSpecification\",\"valueRequired\":true,\"valueName\":\"search_term_string\"}}],\"inLanguage\":\"fr-FR\"},{\"@type\":\"Organization\",\"@id\":\"https:\\\/\\\/abc-latina.com\\\/#organization\",\"name\":\"Abc-latina\",\"url\":\"https:\\\/\\\/abc-latina.com\\\/\",\"logo\":{\"@type\":\"ImageObject\",\"inLanguage\":\"fr-FR\",\"@id\":\"https:\\\/\\\/abc-latina.com\\\/#\\\/schema\\\/logo\\\/image\\\/\",\"url\":\"https:\\\/\\\/abc-latina.com\\\/wp-content\\\/uploads\\\/2026\\\/05\\\/cropped-logo.gif\",\"contentUrl\":\"https:\\\/\\\/abc-latina.com\\\/wp-content\\\/uploads\\\/2026\\\/05\\\/cropped-logo.gif\",\"width\":89,\"height\":84,\"caption\":\"Abc-latina\"},\"image\":{\"@id\":\"https:\\\/\\\/abc-latina.com\\\/#\\\/schema\\\/logo\\\/image\\\/\"}}]}<\/script>\n<!-- \/ Yoast SEO plugin. -->","yoast_head_json":{"title":"Les INCAS - Abc-latina","description":"l'histoire de la civilisation Inca, Vie et coutumes des Incas.","robots":{"index":"index","follow":"follow","max-snippet":"max-snippet:-1","max-image-preview":"max-image-preview:large","max-video-preview":"max-video-preview:-1"},"canonical":"https:\/\/abc-latina.com\/civilisations\/inca\/","og_locale":"fr_FR","og_type":"article","og_title":"Les INCAS - Abc-latina","og_description":"l'histoire de la civilisation Inca, Vie et coutumes des Incas.","og_url":"https:\/\/abc-latina.com\/civilisations\/inca\/","og_site_name":"Abc-latina","article_modified_time":"2026-04-30T16:24:55+00:00","og_image":[{"width":160,"height":228,"url":"https:\/\/abc-latina.com\/wp-content\/uploads\/2010\/08\/inca1p.jpg","type":"image\/jpeg"}],"twitter_card":"summary_large_image","twitter_misc":{"Dur\u00e9e de lecture estim\u00e9e":"6 minutes"},"schema":{"@context":"https:\/\/schema.org","@graph":[{"@type":"WebPage","@id":"https:\/\/abc-latina.com\/civilisations\/inca\/","url":"https:\/\/abc-latina.com\/civilisations\/inca\/","name":"Les INCAS - Abc-latina","isPartOf":{"@id":"https:\/\/abc-latina.com\/#website"},"primaryImageOfPage":{"@id":"https:\/\/abc-latina.com\/civilisations\/inca\/#primaryimage"},"image":{"@id":"https:\/\/abc-latina.com\/civilisations\/inca\/#primaryimage"},"thumbnailUrl":"https:\/\/abc-latina.com\/wp-content\/uploads\/2010\/08\/inca1p.jpg","datePublished":"2010-08-02T21:15:51+00:00","dateModified":"2026-04-30T16:24:55+00:00","description":"l'histoire de la civilisation Inca, Vie et coutumes des Incas.","breadcrumb":{"@id":"https:\/\/abc-latina.com\/civilisations\/inca\/#breadcrumb"},"inLanguage":"fr-FR","potentialAction":[{"@type":"ReadAction","target":["https:\/\/abc-latina.com\/civilisations\/inca\/"]}]},{"@type":"ImageObject","inLanguage":"fr-FR","@id":"https:\/\/abc-latina.com\/civilisations\/inca\/#primaryimage","url":"https:\/\/abc-latina.com\/wp-content\/uploads\/2010\/08\/inca1p.jpg","contentUrl":"https:\/\/abc-latina.com\/wp-content\/uploads\/2010\/08\/inca1p.jpg","width":160,"height":228,"caption":"LES INCAS"},{"@type":"BreadcrumbList","@id":"https:\/\/abc-latina.com\/civilisations\/inca\/#breadcrumb","itemListElement":[{"@type":"ListItem","position":1,"name":"Accueil","item":"https:\/\/abc-latina.com\/"},{"@type":"ListItem","position":2,"name":"Les INCAS"}]},{"@type":"WebSite","@id":"https:\/\/abc-latina.com\/#website","url":"https:\/\/abc-latina.com\/","name":"Abc-latina","description":"","publisher":{"@id":"https:\/\/abc-latina.com\/#organization"},"potentialAction":[{"@type":"SearchAction","target":{"@type":"EntryPoint","urlTemplate":"https:\/\/abc-latina.com\/?s={search_term_string}"},"query-input":{"@type":"PropertyValueSpecification","valueRequired":true,"valueName":"search_term_string"}}],"inLanguage":"fr-FR"},{"@type":"Organization","@id":"https:\/\/abc-latina.com\/#organization","name":"Abc-latina","url":"https:\/\/abc-latina.com\/","logo":{"@type":"ImageObject","inLanguage":"fr-FR","@id":"https:\/\/abc-latina.com\/#\/schema\/logo\/image\/","url":"https:\/\/abc-latina.com\/wp-content\/uploads\/2026\/05\/cropped-logo.gif","contentUrl":"https:\/\/abc-latina.com\/wp-content\/uploads\/2026\/05\/cropped-logo.gif","width":89,"height":84,"caption":"Abc-latina"},"image":{"@id":"https:\/\/abc-latina.com\/#\/schema\/logo\/image\/"}}]}},"_links":{"self":[{"href":"https:\/\/abc-latina.com\/wp-json\/wp\/v2\/pages\/1965","targetHints":{"allow":["GET"]}}],"collection":[{"href":"https:\/\/abc-latina.com\/wp-json\/wp\/v2\/pages"}],"about":[{"href":"https:\/\/abc-latina.com\/wp-json\/wp\/v2\/types\/page"}],"author":[{"embeddable":true,"href":"https:\/\/abc-latina.com\/wp-json\/wp\/v2\/users\/3"}],"replies":[{"embeddable":true,"href":"https:\/\/abc-latina.com\/wp-json\/wp\/v2\/comments?post=1965"}],"version-history":[{"count":1,"href":"https:\/\/abc-latina.com\/wp-json\/wp\/v2\/pages\/1965\/revisions"}],"predecessor-version":[{"id":3281,"href":"https:\/\/abc-latina.com\/wp-json\/wp\/v2\/pages\/1965\/revisions\/3281"}],"up":[{"embeddable":true,"href":"https:\/\/abc-latina.com\/wp-json\/wp\/v2\/pages\/1971"}],"wp:featuredmedia":[{"embeddable":true,"href":"https:\/\/abc-latina.com\/wp-json\/wp\/v2\/media\/1962"}],"wp:attachment":[{"href":"https:\/\/abc-latina.com\/wp-json\/wp\/v2\/media?parent=1965"}],"curies":[{"name":"wp","href":"https:\/\/api.w.org\/{rel}","templated":true}]}}