{"id":2006,"date":"2010-08-03T04:54:10","date_gmt":"2010-08-03T02:54:10","guid":{"rendered":"http:\/\/abc-latina.com\/indiens_mapuches-php\/"},"modified":"2026-04-30T18:24:56","modified_gmt":"2026-04-30T16:24:56","slug":"indiens_mapuches","status":"publish","type":"page","link":"https:\/\/abc-latina.com\/civilisations\/indiens_mapuches\/","title":{"rendered":"Les MAPUCHES"},"content":{"rendered":"<div><span class=\"tourisme-chapitre\">Le peuple mapuche<\/span> est le peuple originaire du <a href=\"https:\/\/www.abc-latina.com\/chili\/\" target=\"_blank\">Chili<\/a>, il constitue 10 % environ, de la population actuelle du Chili. C&rsquo;est le seul peuple originaire d&rsquo;Am\u00e9rique latine qui n&rsquo;a pas \u00e9t\u00e9 vaincu par la colonisation espagnole, obligeant celle-ci \u00e0 signer avec ses autorit\u00e9s traditionnelles des trait\u00e9s reconnaissant les territoires s&rsquo;\u00e9tendant, du sud du Bio Bio jusqu&rsquo;\u00e0 l&rsquo;\u00eele de Chiloe, comme territoires autonomes Mapuches.<\/p>\n<div>&nbsp;<\/div>\n<div>En 1810, L&rsquo;ind\u00e9pendance du Chili d\u00e9clenche un formidable g\u00e9nocide qui fait passer la population mapuche de 1 800 000 \u00e0 360 000 personnes en 20 ans.<\/div>\n<div>&nbsp;<\/div>\n<div>Les Mapuches sont alors enferm\u00e9s dans des r\u00e9serves et &quot;pacifi\u00e9s&quot;, leurs terres spoli\u00e9es, leur culture ni\u00e9e, leurs traditions et leur langue interdites.<\/div>\n<div>&nbsp;<\/div>\n<div>En 1973, le coup d&rsquo;\u00e9tat militaire du g\u00e9n\u00e9ral <a href=\"https:\/\/www.abc-latina.com\/personnalites\/augusto_pinochet\" target=\"_blank\">Pinochet<\/a> frappe, de nouveau, durement les Mapuches dont bon nombre sont alors, tortur\u00e9s, fusill\u00e9s ou port\u00e9s disparus.<\/div>\n<div>&nbsp;<\/div>\n<div>En 1989, la transition d\u00e9mocratique n&rsquo;apporte aucune am\u00e9lioration sp\u00e9cifique \u00e0 la condition de vie des Mapuches, les multinationales et les riches latifundistes Chiliens, qui ont r\u00e9cup\u00e9r\u00e9 des milliers d&rsquo;hectares sous Pinochet, continuent d&rsquo;exploiter leurs terres spoli\u00e9es et de les menacer dans leurs vies et dans leurs traditions. En 1992, les premiers soul\u00e8vements Mapuches ont lieu, depuis, et sans que les gouvernements successifs n&rsquo;apportent aucune autre r\u00e9ponse qu&rsquo;une r\u00e9pression f\u00e9roce, ils continuent de lutter contre la d\u00e9forestation, les m\u00e9gas projets de centrales hydro\u00e9lectriques, la contamination de leurs sols par des d\u00e9charges sauvages, les discriminations \u00e9conomiques, sociales et raciales dont ils sont l&rsquo;objet, au quotidien. L&rsquo;arriv\u00e9e de RICARDO LAGOS et les politiques mondiales du &quot;tout s\u00e9curitaire&quot;, rel\u00e8guent, aujourd&rsquo;hui, les indiens Mapuches au rang de terroristes et ils sont \u00e0 ce titre plus deux cent chefs de communaut\u00e9s, autorit\u00e9s traditionnelles, m\u00e8res de familles, \u00e9tudiants, simple paysans, incarc\u00e9r\u00e9s, inculp\u00e9s, tortur\u00e9s, ou assassin\u00e9s, comme ce fut le cas d&rsquo;ALEX LEMUN SAAVEDRA en novembre 2002.<\/div>\n<div>Le peuple Mapuche est menac\u00e9 de disparition et il a besoin dans ce Chili, si peu d\u00e9mocratique, de votre soutien et de la diffusion d&rsquo;informations sur sa r\u00e9elle situation, ne serait ce que pour d\u00e9mentir l&rsquo;image idyllique que tente de faire passer le gouvernement Chilien au niveau international, et pour que cessent les violations perp\u00e9tuelles des droits de l&rsquo;homme dont il est l&rsquo;objet \u00e0 chaque instant.&nbsp;<\/div>\n<div><span class=\"tsource\">Source: www.mapuches.org<\/span><\/div>\n<div>&nbsp;<\/div>\n<div>On en parle sur le forum:<\/div>\n<div><a href=\"https:\/\/www.abc-latina.com\/forum\/viewtopic.php?id=3097\" target=\"_blank\">Cherche a en savoir plus sur ma culture mapuche<\/a>&nbsp;<\/div>\n<div>&nbsp;<\/div>\n<div><a href=\"https:\/\/www.abc-latina.com\/civilisations\/videos\/videos-mapuche.php\">Vid\u00e9os sur le peuple Mapuche<\/a><\/div>\n<\/div>\n","protected":false},"excerpt":{"rendered":"<p>Le peuple mapuche est le peuple originaire du Chili, il constitue 10 % environ, de la population actuelle du Chili. [&hellip;]<\/p>\n","protected":false},"author":3,"featured_media":0,"parent":1971,"menu_order":0,"comment_status":"closed","ping_status":"closed","template":"","meta":{"site-sidebar-layout":"default","site-content-layout":"","ast-site-content-layout":"default","site-content-style":"default","site-sidebar-style":"default","ast-global-header-display":"","ast-banner-title-visibility":"","ast-main-header-display":"","ast-hfb-above-header-display":"","ast-hfb-below-header-display":"","ast-hfb-mobile-header-display":"","site-post-title":"","ast-breadcrumbs-content":"","ast-featured-img":"","footer-sml-layout":"","ast-disable-related-posts":"","theme-transparent-header-meta":"","adv-header-id-meta":"","stick-header-meta":"","header-above-stick-meta":"","header-main-stick-meta":"","header-below-stick-meta":"","astra-migrate-meta-layouts":"default","ast-page-background-enabled":"default","ast-page-background-meta":{"desktop":{"background-color":"var(--ast-global-color-5)","background-image":"","background-repeat":"repeat","background-position":"center center","background-size":"auto","background-attachment":"scroll","background-type":"","background-media":"","overlay-type":"","overlay-color":"","overlay-opacity":"","overlay-gradient":""},"tablet":{"background-color":"","background-image":"","background-repeat":"repeat","background-position":"center center","background-size":"auto","background-attachment":"scroll","background-type":"","background-media":"","overlay-type":"","overlay-color":"","overlay-opacity":"","overlay-gradient":""},"mobile":{"background-color":"","background-image":"","background-repeat":"repeat","background-position":"center center","background-size":"auto","background-attachment":"scroll","background-type":"","background-media":"","overlay-type":"","overlay-color":"","overlay-opacity":"","overlay-gradient":""}},"ast-content-background-meta":{"desktop":{"background-color":"var(--ast-global-color-4)","background-image":"","background-repeat":"repeat","background-position":"center center","background-size":"auto","background-attachment":"scroll","background-type":"","background-media":"","overlay-type":"","overlay-color":"","overlay-opacity":"","overlay-gradient":""},"tablet":{"background-color":"var(--ast-global-color-4)","background-image":"","background-repeat":"repeat","background-position":"center center","background-size":"auto","background-attachment":"scroll","background-type":"","background-media":"","overlay-type":"","overlay-color":"","overlay-opacity":"","overlay-gradient":""},"mobile":{"background-color":"var(--ast-global-color-4)","background-image":"","background-repeat":"repeat","background-position":"center center","background-size":"auto","background-attachment":"scroll","background-type":"","background-media":"","overlay-type":"","overlay-color":"","overlay-opacity":"","overlay-gradient":""}},"footnotes":""},"class_list":["post-2006","page","type-page","status-publish","hentry"],"yoast_head":"<!-- This site is optimized with the Yoast SEO plugin v27.5 - https:\/\/yoast.com\/product\/yoast-seo-wordpress\/ -->\n<title>Les MAPUCHES - Abc-latina<\/title>\n<meta name=\"description\" content=\"Vie et coutumes des Mapuches.\" \/>\n<meta name=\"robots\" content=\"index, follow, max-snippet:-1, max-image-preview:large, max-video-preview:-1\" \/>\n<link rel=\"canonical\" href=\"https:\/\/abc-latina.com\/civilisations\/indiens_mapuches\/\" \/>\n<meta property=\"og:locale\" content=\"fr_FR\" \/>\n<meta property=\"og:type\" content=\"article\" \/>\n<meta property=\"og:title\" content=\"Les MAPUCHES - Abc-latina\" \/>\n<meta property=\"og:description\" content=\"Vie et coutumes des Mapuches.\" \/>\n<meta property=\"og:url\" content=\"https:\/\/abc-latina.com\/civilisations\/indiens_mapuches\/\" \/>\n<meta property=\"og:site_name\" content=\"Abc-latina\" \/>\n<meta property=\"article:modified_time\" content=\"2026-04-30T16:24:56+00:00\" \/>\n<meta name=\"twitter:card\" content=\"summary_large_image\" \/>\n<meta name=\"twitter:label1\" content=\"Dur\u00e9e de lecture estim\u00e9e\" \/>\n\t<meta name=\"twitter:data1\" content=\"2 minutes\" \/>\n<script type=\"application\/ld+json\" class=\"yoast-schema-graph\">{\"@context\":\"https:\\\/\\\/schema.org\",\"@graph\":[{\"@type\":\"WebPage\",\"@id\":\"https:\\\/\\\/abc-latina.com\\\/civilisations\\\/indiens_mapuches\\\/\",\"url\":\"https:\\\/\\\/abc-latina.com\\\/civilisations\\\/indiens_mapuches\\\/\",\"name\":\"Les MAPUCHES - Abc-latina\",\"isPartOf\":{\"@id\":\"https:\\\/\\\/abc-latina.com\\\/#website\"},\"datePublished\":\"2010-08-03T02:54:10+00:00\",\"dateModified\":\"2026-04-30T16:24:56+00:00\",\"description\":\"Vie et coutumes des Mapuches.\",\"breadcrumb\":{\"@id\":\"https:\\\/\\\/abc-latina.com\\\/civilisations\\\/indiens_mapuches\\\/#breadcrumb\"},\"inLanguage\":\"fr-FR\",\"potentialAction\":[{\"@type\":\"ReadAction\",\"target\":[\"https:\\\/\\\/abc-latina.com\\\/civilisations\\\/indiens_mapuches\\\/\"]}]},{\"@type\":\"BreadcrumbList\",\"@id\":\"https:\\\/\\\/abc-latina.com\\\/civilisations\\\/indiens_mapuches\\\/#breadcrumb\",\"itemListElement\":[{\"@type\":\"ListItem\",\"position\":1,\"name\":\"Accueil\",\"item\":\"https:\\\/\\\/abc-latina.com\\\/\"},{\"@type\":\"ListItem\",\"position\":2,\"name\":\"Les MAPUCHES\"}]},{\"@type\":\"WebSite\",\"@id\":\"https:\\\/\\\/abc-latina.com\\\/#website\",\"url\":\"https:\\\/\\\/abc-latina.com\\\/\",\"name\":\"Abc-latina\",\"description\":\"\",\"publisher\":{\"@id\":\"https:\\\/\\\/abc-latina.com\\\/#organization\"},\"potentialAction\":[{\"@type\":\"SearchAction\",\"target\":{\"@type\":\"EntryPoint\",\"urlTemplate\":\"https:\\\/\\\/abc-latina.com\\\/?s={search_term_string}\"},\"query-input\":{\"@type\":\"PropertyValueSpecification\",\"valueRequired\":true,\"valueName\":\"search_term_string\"}}],\"inLanguage\":\"fr-FR\"},{\"@type\":\"Organization\",\"@id\":\"https:\\\/\\\/abc-latina.com\\\/#organization\",\"name\":\"Abc-latina\",\"url\":\"https:\\\/\\\/abc-latina.com\\\/\",\"logo\":{\"@type\":\"ImageObject\",\"inLanguage\":\"fr-FR\",\"@id\":\"https:\\\/\\\/abc-latina.com\\\/#\\\/schema\\\/logo\\\/image\\\/\",\"url\":\"https:\\\/\\\/abc-latina.com\\\/wp-content\\\/uploads\\\/2026\\\/05\\\/cropped-logo.gif\",\"contentUrl\":\"https:\\\/\\\/abc-latina.com\\\/wp-content\\\/uploads\\\/2026\\\/05\\\/cropped-logo.gif\",\"width\":89,\"height\":84,\"caption\":\"Abc-latina\"},\"image\":{\"@id\":\"https:\\\/\\\/abc-latina.com\\\/#\\\/schema\\\/logo\\\/image\\\/\"}}]}<\/script>\n<!-- \/ Yoast SEO plugin. -->","yoast_head_json":{"title":"Les MAPUCHES - Abc-latina","description":"Vie et coutumes des Mapuches.","robots":{"index":"index","follow":"follow","max-snippet":"max-snippet:-1","max-image-preview":"max-image-preview:large","max-video-preview":"max-video-preview:-1"},"canonical":"https:\/\/abc-latina.com\/civilisations\/indiens_mapuches\/","og_locale":"fr_FR","og_type":"article","og_title":"Les MAPUCHES - Abc-latina","og_description":"Vie et coutumes des Mapuches.","og_url":"https:\/\/abc-latina.com\/civilisations\/indiens_mapuches\/","og_site_name":"Abc-latina","article_modified_time":"2026-04-30T16:24:56+00:00","twitter_card":"summary_large_image","twitter_misc":{"Dur\u00e9e de lecture estim\u00e9e":"2 minutes"},"schema":{"@context":"https:\/\/schema.org","@graph":[{"@type":"WebPage","@id":"https:\/\/abc-latina.com\/civilisations\/indiens_mapuches\/","url":"https:\/\/abc-latina.com\/civilisations\/indiens_mapuches\/","name":"Les MAPUCHES - Abc-latina","isPartOf":{"@id":"https:\/\/abc-latina.com\/#website"},"datePublished":"2010-08-03T02:54:10+00:00","dateModified":"2026-04-30T16:24:56+00:00","description":"Vie et coutumes des Mapuches.","breadcrumb":{"@id":"https:\/\/abc-latina.com\/civilisations\/indiens_mapuches\/#breadcrumb"},"inLanguage":"fr-FR","potentialAction":[{"@type":"ReadAction","target":["https:\/\/abc-latina.com\/civilisations\/indiens_mapuches\/"]}]},{"@type":"BreadcrumbList","@id":"https:\/\/abc-latina.com\/civilisations\/indiens_mapuches\/#breadcrumb","itemListElement":[{"@type":"ListItem","position":1,"name":"Accueil","item":"https:\/\/abc-latina.com\/"},{"@type":"ListItem","position":2,"name":"Les MAPUCHES"}]},{"@type":"WebSite","@id":"https:\/\/abc-latina.com\/#website","url":"https:\/\/abc-latina.com\/","name":"Abc-latina","description":"","publisher":{"@id":"https:\/\/abc-latina.com\/#organization"},"potentialAction":[{"@type":"SearchAction","target":{"@type":"EntryPoint","urlTemplate":"https:\/\/abc-latina.com\/?s={search_term_string}"},"query-input":{"@type":"PropertyValueSpecification","valueRequired":true,"valueName":"search_term_string"}}],"inLanguage":"fr-FR"},{"@type":"Organization","@id":"https:\/\/abc-latina.com\/#organization","name":"Abc-latina","url":"https:\/\/abc-latina.com\/","logo":{"@type":"ImageObject","inLanguage":"fr-FR","@id":"https:\/\/abc-latina.com\/#\/schema\/logo\/image\/","url":"https:\/\/abc-latina.com\/wp-content\/uploads\/2026\/05\/cropped-logo.gif","contentUrl":"https:\/\/abc-latina.com\/wp-content\/uploads\/2026\/05\/cropped-logo.gif","width":89,"height":84,"caption":"Abc-latina"},"image":{"@id":"https:\/\/abc-latina.com\/#\/schema\/logo\/image\/"}}]}},"_links":{"self":[{"href":"https:\/\/abc-latina.com\/wp-json\/wp\/v2\/pages\/2006","targetHints":{"allow":["GET"]}}],"collection":[{"href":"https:\/\/abc-latina.com\/wp-json\/wp\/v2\/pages"}],"about":[{"href":"https:\/\/abc-latina.com\/wp-json\/wp\/v2\/types\/page"}],"author":[{"embeddable":true,"href":"https:\/\/abc-latina.com\/wp-json\/wp\/v2\/users\/3"}],"replies":[{"embeddable":true,"href":"https:\/\/abc-latina.com\/wp-json\/wp\/v2\/comments?post=2006"}],"version-history":[{"count":1,"href":"https:\/\/abc-latina.com\/wp-json\/wp\/v2\/pages\/2006\/revisions"}],"predecessor-version":[{"id":3287,"href":"https:\/\/abc-latina.com\/wp-json\/wp\/v2\/pages\/2006\/revisions\/3287"}],"up":[{"embeddable":true,"href":"https:\/\/abc-latina.com\/wp-json\/wp\/v2\/pages\/1971"}],"wp:attachment":[{"href":"https:\/\/abc-latina.com\/wp-json\/wp\/v2\/media?parent=2006"}],"curies":[{"name":"wp","href":"https:\/\/api.w.org\/{rel}","templated":true}]}}