{"id":2043,"date":"2010-08-03T21:21:22","date_gmt":"2010-08-03T19:21:22","guid":{"rendered":"http:\/\/abc-latina.com\/alfonso_portillo-htm\/"},"modified":"2026-04-30T18:25:20","modified_gmt":"2026-04-30T16:25:20","slug":"alfonso_portillo","status":"publish","type":"page","link":"https:\/\/abc-latina.com\/personnalites\/alfonso_portillo\/","title":{"rendered":"ALFONSO PORTILLO"},"content":{"rendered":"<div><img loading=\"lazy\" decoding=\"async\" class=\" alignright size-full wp-image-2042\" src=\"http:\/\/abc-latina.com\/wp-content\/uploads\/2010\/08\/alfonso-portillo.jpg\" title=\"ALFONSO PORTILLO\" alt=\"\" width=\"220\" vspace=\"9\" hspace=\"15\" height=\"220\" align=\"right\" srcset=\"https:\/\/abc-latina.com\/wp-content\/uploads\/2010\/08\/alfonso-portillo.jpg 220w, https:\/\/abc-latina.com\/wp-content\/uploads\/2010\/08\/alfonso-portillo-150x150.jpg 150w\" sizes=\"auto, (max-width: 220px) 100vw, 220px\" \/>Ancien pr\u00e9sident du <a target=\"_blank\" href=\"https:\/\/www.abc-latina.com\/guatemala\/\">Guatemala<\/a>, <span style=\"color: rgb(255, 153, 0); \"><strong>Alfonso Portillo<\/strong><\/span> est n\u00e9 en 1952 \u00e0 Zacapa, dans l&rsquo;est du pays. Apr\u00e8s des \u00e9tudes de droit, il travaille comme avocat, sera professeur d&rsquo;\u00e9conomie et vivra un certain temps au Mexique. Membre du Front r\u00e9publicain guat\u00e9malt\u00e8que (parti d&rsquo;extr\u00eame-droite cr\u00e9\u00e9 par l&rsquo;ancien dictateur <a href=\"https:\/\/www.abc-latina.com\/personnalites\/efrain_rios_montt\">Efrain Rios-Montt<\/a>), il est \u00e9lu d\u00e9put\u00e9. Lors des \u00e9lections pr\u00e9sidentielles de 1999, qu&rsquo;il gagnera, il axe sa campagne sur la loi et l&rsquo;ordre en affirmant qu&rsquo;il ferait appliquer strictement la peine de mort. Il a remplac\u00e9 <a href=\"https:\/\/www.abc-latina.com\/personnalites\/alvaro_arzu\">Alvaro Arzu<\/a> \u00e0 la t\u00eate de l&rsquo;Etat et a d\u00e9clar\u00e9 qu&rsquo;il respecterait l&rsquo;accord de paix de 1996 entre le gouvernement et la gu\u00e9rilla indienne. En 2004, il est remplac\u00e9 par Oscar Berger \u00e0 la t\u00eate de l&rsquo;Etat.<\/p>\n<div>&nbsp;<\/div>\n<div>Le vendredi 8 juillet 2005, la justice guat\u00e9malt\u00e8que a requis un mandat d&rsquo;arr\u00eat contre Alfonso Portillo, pour d\u00e9tournement de fonds. Alfonso Portillo s&rsquo;est r\u00e9fugi\u00e9 au Mexique, le 28 janvier 2004, quand la Cour constitutionnelle de son pays a d\u00e9cid\u00e9 de lever son immunit\u00e9 de d\u00e9put\u00e9 du Parlement centram\u00e9ricain et lui a demand\u00e9 de se mettre \u00e0 la disposition de la justice.<\/div>\n<div>&nbsp;<\/div>\n<p><span class=\"person\">REPERES<br \/><\/span><span class=\"person-date\">1952<\/span> &#8211; Naissance de Alfonso Portillo<br \/><span class=\"person-date\">1999<\/span> &#8211; Il est \u00e9lu pr\u00e9sident<br \/><span class=\"person-date\">2004<\/span> &#8211; Il quitte le pays pour fuire la justice<\/p>\n<\/div>\n","protected":false},"excerpt":{"rendered":"<p>Ancien pr\u00e9sident du Guatemala, Alfonso Portillo est n\u00e9 en 1952 \u00e0 Zacapa, dans l&rsquo;est du pays. Apr\u00e8s des \u00e9tudes de [&hellip;]<\/p>\n","protected":false},"author":3,"featured_media":2042,"parent":2633,"menu_order":0,"comment_status":"closed","ping_status":"closed","template":"","meta":{"site-sidebar-layout":"default","site-content-layout":"","ast-site-content-layout":"default","site-content-style":"default","site-sidebar-style":"default","ast-global-header-display":"","ast-banner-title-visibility":"","ast-main-header-display":"","ast-hfb-above-header-display":"","ast-hfb-below-header-display":"","ast-hfb-mobile-header-display":"","site-post-title":"","ast-breadcrumbs-content":"","ast-featured-img":"","footer-sml-layout":"","ast-disable-related-posts":"","theme-transparent-header-meta":"","adv-header-id-meta":"","stick-header-meta":"","header-above-stick-meta":"","header-main-stick-meta":"","header-below-stick-meta":"","astra-migrate-meta-layouts":"default","ast-page-background-enabled":"default","ast-page-background-meta":{"desktop":{"background-color":"var(--ast-global-color-5)","background-image":"","background-repeat":"repeat","background-position":"center center","background-size":"auto","background-attachment":"scroll","background-type":"","background-media":"","overlay-type":"","overlay-color":"","overlay-opacity":"","overlay-gradient":""},"tablet":{"background-color":"","background-image":"","background-repeat":"repeat","background-position":"center center","background-size":"auto","background-attachment":"scroll","background-type":"","background-media":"","overlay-type":"","overlay-color":"","overlay-opacity":"","overlay-gradient":""},"mobile":{"background-color":"","background-image":"","background-repeat":"repeat","background-position":"center center","background-size":"auto","background-attachment":"scroll","background-type":"","background-media":"","overlay-type":"","overlay-color":"","overlay-opacity":"","overlay-gradient":""}},"ast-content-background-meta":{"desktop":{"background-color":"var(--ast-global-color-4)","background-image":"","background-repeat":"repeat","background-position":"center center","background-size":"auto","background-attachment":"scroll","background-type":"","background-media":"","overlay-type":"","overlay-color":"","overlay-opacity":"","overlay-gradient":""},"tablet":{"background-color":"var(--ast-global-color-4)","background-image":"","background-repeat":"repeat","background-position":"center center","background-size":"auto","background-attachment":"scroll","background-type":"","background-media":"","overlay-type":"","overlay-color":"","overlay-opacity":"","overlay-gradient":""},"mobile":{"background-color":"var(--ast-global-color-4)","background-image":"","background-repeat":"repeat","background-position":"center center","background-size":"auto","background-attachment":"scroll","background-type":"","background-media":"","overlay-type":"","overlay-color":"","overlay-opacity":"","overlay-gradient":""}},"footnotes":""},"class_list":["post-2043","page","type-page","status-publish","has-post-thumbnail","hentry"],"yoast_head":"<!-- This site is optimized with the Yoast SEO plugin v27.5 - https:\/\/yoast.com\/product\/yoast-seo-wordpress\/ -->\n<title>ALFONSO PORTILLO - Abc-latina<\/title>\n<meta name=\"description\" content=\"Alfonso Portillo, pr\u00e9sident du Guatemala de 2000 \u00e0 2004.\" \/>\n<meta name=\"robots\" content=\"index, follow, max-snippet:-1, max-image-preview:large, max-video-preview:-1\" \/>\n<link rel=\"canonical\" href=\"https:\/\/abc-latina.com\/personnalites\/alfonso_portillo\/\" \/>\n<meta property=\"og:locale\" content=\"fr_FR\" \/>\n<meta property=\"og:type\" content=\"article\" \/>\n<meta property=\"og:title\" content=\"ALFONSO PORTILLO - Abc-latina\" \/>\n<meta property=\"og:description\" content=\"Alfonso Portillo, pr\u00e9sident du Guatemala de 2000 \u00e0 2004.\" \/>\n<meta property=\"og:url\" content=\"https:\/\/abc-latina.com\/personnalites\/alfonso_portillo\/\" \/>\n<meta property=\"og:site_name\" content=\"Abc-latina\" \/>\n<meta property=\"article:modified_time\" content=\"2026-04-30T16:25:20+00:00\" \/>\n<meta property=\"og:image\" content=\"https:\/\/abc-latina.com\/wp-content\/uploads\/2010\/08\/alfonso-portillo.jpg\" \/>\n\t<meta property=\"og:image:width\" content=\"220\" \/>\n\t<meta property=\"og:image:height\" content=\"220\" \/>\n\t<meta property=\"og:image:type\" content=\"image\/jpeg\" \/>\n<meta name=\"twitter:card\" content=\"summary_large_image\" \/>\n<meta name=\"twitter:label1\" content=\"Dur\u00e9e de lecture estim\u00e9e\" \/>\n\t<meta name=\"twitter:data1\" content=\"1 minute\" \/>\n<script type=\"application\/ld+json\" class=\"yoast-schema-graph\">{\"@context\":\"https:\\\/\\\/schema.org\",\"@graph\":[{\"@type\":\"WebPage\",\"@id\":\"https:\\\/\\\/abc-latina.com\\\/personnalites\\\/alfonso_portillo\\\/\",\"url\":\"https:\\\/\\\/abc-latina.com\\\/personnalites\\\/alfonso_portillo\\\/\",\"name\":\"ALFONSO PORTILLO - Abc-latina\",\"isPartOf\":{\"@id\":\"https:\\\/\\\/abc-latina.com\\\/#website\"},\"primaryImageOfPage\":{\"@id\":\"https:\\\/\\\/abc-latina.com\\\/personnalites\\\/alfonso_portillo\\\/#primaryimage\"},\"image\":{\"@id\":\"https:\\\/\\\/abc-latina.com\\\/personnalites\\\/alfonso_portillo\\\/#primaryimage\"},\"thumbnailUrl\":\"https:\\\/\\\/abc-latina.com\\\/wp-content\\\/uploads\\\/2010\\\/08\\\/alfonso-portillo.jpg\",\"datePublished\":\"2010-08-03T19:21:22+00:00\",\"dateModified\":\"2026-04-30T16:25:20+00:00\",\"description\":\"Alfonso Portillo, pr\u00e9sident du Guatemala de 2000 \u00e0 2004.\",\"breadcrumb\":{\"@id\":\"https:\\\/\\\/abc-latina.com\\\/personnalites\\\/alfonso_portillo\\\/#breadcrumb\"},\"inLanguage\":\"fr-FR\",\"potentialAction\":[{\"@type\":\"ReadAction\",\"target\":[\"https:\\\/\\\/abc-latina.com\\\/personnalites\\\/alfonso_portillo\\\/\"]}]},{\"@type\":\"ImageObject\",\"inLanguage\":\"fr-FR\",\"@id\":\"https:\\\/\\\/abc-latina.com\\\/personnalites\\\/alfonso_portillo\\\/#primaryimage\",\"url\":\"https:\\\/\\\/abc-latina.com\\\/wp-content\\\/uploads\\\/2010\\\/08\\\/alfonso-portillo.jpg\",\"contentUrl\":\"https:\\\/\\\/abc-latina.com\\\/wp-content\\\/uploads\\\/2010\\\/08\\\/alfonso-portillo.jpg\",\"width\":220,\"height\":220,\"caption\":\"ALFONSO PORTILLO\"},{\"@type\":\"BreadcrumbList\",\"@id\":\"https:\\\/\\\/abc-latina.com\\\/personnalites\\\/alfonso_portillo\\\/#breadcrumb\",\"itemListElement\":[{\"@type\":\"ListItem\",\"position\":1,\"name\":\"Accueil\",\"item\":\"https:\\\/\\\/abc-latina.com\\\/\"},{\"@type\":\"ListItem\",\"position\":2,\"name\":\"ALFONSO PORTILLO\"}]},{\"@type\":\"WebSite\",\"@id\":\"https:\\\/\\\/abc-latina.com\\\/#website\",\"url\":\"https:\\\/\\\/abc-latina.com\\\/\",\"name\":\"Abc-latina\",\"description\":\"\",\"publisher\":{\"@id\":\"https:\\\/\\\/abc-latina.com\\\/#organization\"},\"potentialAction\":[{\"@type\":\"SearchAction\",\"target\":{\"@type\":\"EntryPoint\",\"urlTemplate\":\"https:\\\/\\\/abc-latina.com\\\/?s={search_term_string}\"},\"query-input\":{\"@type\":\"PropertyValueSpecification\",\"valueRequired\":true,\"valueName\":\"search_term_string\"}}],\"inLanguage\":\"fr-FR\"},{\"@type\":\"Organization\",\"@id\":\"https:\\\/\\\/abc-latina.com\\\/#organization\",\"name\":\"Abc-latina\",\"url\":\"https:\\\/\\\/abc-latina.com\\\/\",\"logo\":{\"@type\":\"ImageObject\",\"inLanguage\":\"fr-FR\",\"@id\":\"https:\\\/\\\/abc-latina.com\\\/#\\\/schema\\\/logo\\\/image\\\/\",\"url\":\"https:\\\/\\\/abc-latina.com\\\/wp-content\\\/uploads\\\/2026\\\/05\\\/cropped-logo.gif\",\"contentUrl\":\"https:\\\/\\\/abc-latina.com\\\/wp-content\\\/uploads\\\/2026\\\/05\\\/cropped-logo.gif\",\"width\":89,\"height\":84,\"caption\":\"Abc-latina\"},\"image\":{\"@id\":\"https:\\\/\\\/abc-latina.com\\\/#\\\/schema\\\/logo\\\/image\\\/\"}}]}<\/script>\n<!-- \/ Yoast SEO plugin. -->","yoast_head_json":{"title":"ALFONSO PORTILLO - Abc-latina","description":"Alfonso Portillo, pr\u00e9sident du Guatemala de 2000 \u00e0 2004.","robots":{"index":"index","follow":"follow","max-snippet":"max-snippet:-1","max-image-preview":"max-image-preview:large","max-video-preview":"max-video-preview:-1"},"canonical":"https:\/\/abc-latina.com\/personnalites\/alfonso_portillo\/","og_locale":"fr_FR","og_type":"article","og_title":"ALFONSO PORTILLO - Abc-latina","og_description":"Alfonso Portillo, pr\u00e9sident du Guatemala de 2000 \u00e0 2004.","og_url":"https:\/\/abc-latina.com\/personnalites\/alfonso_portillo\/","og_site_name":"Abc-latina","article_modified_time":"2026-04-30T16:25:20+00:00","og_image":[{"width":220,"height":220,"url":"https:\/\/abc-latina.com\/wp-content\/uploads\/2010\/08\/alfonso-portillo.jpg","type":"image\/jpeg"}],"twitter_card":"summary_large_image","twitter_misc":{"Dur\u00e9e de lecture estim\u00e9e":"1 minute"},"schema":{"@context":"https:\/\/schema.org","@graph":[{"@type":"WebPage","@id":"https:\/\/abc-latina.com\/personnalites\/alfonso_portillo\/","url":"https:\/\/abc-latina.com\/personnalites\/alfonso_portillo\/","name":"ALFONSO PORTILLO - Abc-latina","isPartOf":{"@id":"https:\/\/abc-latina.com\/#website"},"primaryImageOfPage":{"@id":"https:\/\/abc-latina.com\/personnalites\/alfonso_portillo\/#primaryimage"},"image":{"@id":"https:\/\/abc-latina.com\/personnalites\/alfonso_portillo\/#primaryimage"},"thumbnailUrl":"https:\/\/abc-latina.com\/wp-content\/uploads\/2010\/08\/alfonso-portillo.jpg","datePublished":"2010-08-03T19:21:22+00:00","dateModified":"2026-04-30T16:25:20+00:00","description":"Alfonso Portillo, pr\u00e9sident du Guatemala de 2000 \u00e0 2004.","breadcrumb":{"@id":"https:\/\/abc-latina.com\/personnalites\/alfonso_portillo\/#breadcrumb"},"inLanguage":"fr-FR","potentialAction":[{"@type":"ReadAction","target":["https:\/\/abc-latina.com\/personnalites\/alfonso_portillo\/"]}]},{"@type":"ImageObject","inLanguage":"fr-FR","@id":"https:\/\/abc-latina.com\/personnalites\/alfonso_portillo\/#primaryimage","url":"https:\/\/abc-latina.com\/wp-content\/uploads\/2010\/08\/alfonso-portillo.jpg","contentUrl":"https:\/\/abc-latina.com\/wp-content\/uploads\/2010\/08\/alfonso-portillo.jpg","width":220,"height":220,"caption":"ALFONSO PORTILLO"},{"@type":"BreadcrumbList","@id":"https:\/\/abc-latina.com\/personnalites\/alfonso_portillo\/#breadcrumb","itemListElement":[{"@type":"ListItem","position":1,"name":"Accueil","item":"https:\/\/abc-latina.com\/"},{"@type":"ListItem","position":2,"name":"ALFONSO PORTILLO"}]},{"@type":"WebSite","@id":"https:\/\/abc-latina.com\/#website","url":"https:\/\/abc-latina.com\/","name":"Abc-latina","description":"","publisher":{"@id":"https:\/\/abc-latina.com\/#organization"},"potentialAction":[{"@type":"SearchAction","target":{"@type":"EntryPoint","urlTemplate":"https:\/\/abc-latina.com\/?s={search_term_string}"},"query-input":{"@type":"PropertyValueSpecification","valueRequired":true,"valueName":"search_term_string"}}],"inLanguage":"fr-FR"},{"@type":"Organization","@id":"https:\/\/abc-latina.com\/#organization","name":"Abc-latina","url":"https:\/\/abc-latina.com\/","logo":{"@type":"ImageObject","inLanguage":"fr-FR","@id":"https:\/\/abc-latina.com\/#\/schema\/logo\/image\/","url":"https:\/\/abc-latina.com\/wp-content\/uploads\/2026\/05\/cropped-logo.gif","contentUrl":"https:\/\/abc-latina.com\/wp-content\/uploads\/2026\/05\/cropped-logo.gif","width":89,"height":84,"caption":"Abc-latina"},"image":{"@id":"https:\/\/abc-latina.com\/#\/schema\/logo\/image\/"}}]}},"_links":{"self":[{"href":"https:\/\/abc-latina.com\/wp-json\/wp\/v2\/pages\/2043","targetHints":{"allow":["GET"]}}],"collection":[{"href":"https:\/\/abc-latina.com\/wp-json\/wp\/v2\/pages"}],"about":[{"href":"https:\/\/abc-latina.com\/wp-json\/wp\/v2\/types\/page"}],"author":[{"embeddable":true,"href":"https:\/\/abc-latina.com\/wp-json\/wp\/v2\/users\/3"}],"replies":[{"embeddable":true,"href":"https:\/\/abc-latina.com\/wp-json\/wp\/v2\/comments?post=2043"}],"version-history":[{"count":1,"href":"https:\/\/abc-latina.com\/wp-json\/wp\/v2\/pages\/2043\/revisions"}],"predecessor-version":[{"id":3797,"href":"https:\/\/abc-latina.com\/wp-json\/wp\/v2\/pages\/2043\/revisions\/3797"}],"up":[{"embeddable":true,"href":"https:\/\/abc-latina.com\/wp-json\/wp\/v2\/pages\/2633"}],"wp:featuredmedia":[{"embeddable":true,"href":"https:\/\/abc-latina.com\/wp-json\/wp\/v2\/media\/2042"}],"wp:attachment":[{"href":"https:\/\/abc-latina.com\/wp-json\/wp\/v2\/media?parent=2043"}],"curies":[{"name":"wp","href":"https:\/\/api.w.org\/{rel}","templated":true}]}}