{"id":2063,"date":"2010-08-04T02:04:01","date_gmt":"2010-08-04T00:04:01","guid":{"rendered":"http:\/\/abc-latina.com\/benito_juarez-htm\/"},"modified":"2026-04-30T18:25:21","modified_gmt":"2026-04-30T16:25:21","slug":"benito_juarez","status":"publish","type":"page","link":"https:\/\/abc-latina.com\/personnalites\/benito_juarez\/","title":{"rendered":"BENITO JUAREZ"},"content":{"rendered":"<p style=\"text-align: center;\"><a href=\"https:\/\/www.abc-latina.com\/personnalites\/photos\/photos-benito-juarez.php\"><img loading=\"lazy\" decoding=\"async\" class=\" size-full wp-image-2062\" src=\"http:\/\/abc-latina.com\/wp-content\/uploads\/2010\/08\/benito-juarez-2.jpg\" title=\"BENITO JUAREZ\" alt=\"BENITO JUAREZ\" width=\"300\" height=\"388\" srcset=\"https:\/\/abc-latina.com\/wp-content\/uploads\/2010\/08\/benito-juarez-2.jpg 300w, https:\/\/abc-latina.com\/wp-content\/uploads\/2010\/08\/benito-juarez-2-232x300.jpg 232w\" sizes=\"auto, (max-width: 300px) 100vw, 300px\" \/><\/a><\/p>\n<div>&nbsp;<\/div>\n<div><span style=\"color: rgb(255, 102, 0); \"><strong>Benito Juarez<\/strong><\/span>, le premier pr\u00e9sident autochtone du <a target=\"_blank\" href=\"https:\/\/www.abc-latina.com\/mexique\/\">Mexique<\/a>, est n\u00e9 dans la minuscule communaut\u00e9 zapot\u00e8que de Guelatao, au nord de la <a target=\"_blank\" href=\"https:\/\/www.abc-latina.com\/mexique\/voyages\/oaxaca\">ville d&rsquo; Oaxaca<\/a>, le 21 mars 1806. Il a v\u00e9cu dans ce village agricole jusqu&rsquo;\u00e0 l&rsquo;\u00e2ge de douze ans, apr\u00e8s quoi il a pris la direction d&rsquo; Oaxaca, fermement d\u00e9termin\u00e9 \u00e0 recevoir l&rsquo;\u00e9ducation voulue pour consacrer sa vie \u00e0 aider les pauvres communaut\u00e9s autochtones, dont la sienne.<\/div>\n<div>&nbsp;<\/div>\n<div>A Oaxaca, il se fit employer comme domestique dans la famille d&rsquo;un certain Antonio Salanueva, qui l&rsquo;appuya dans ces efforts. Il a d&rsquo;abord fait des \u00e9tudes au s\u00e9minaire, puis \u00e0 l&rsquo;Instituto de Ciencias y Artes, o\u00f9 il fit son droit. Il fut re\u00e7u avocat et obtint un si\u00e8ge au congr\u00e8s la m\u00eame ann\u00e9e, en 1834. De 1847 \u00e0 1852, Juarez fut gouverneur de l&rsquo;<a target=\"_blank\" href=\"https:\/\/www.abc-latina.com\/mexique\/voyages\/oaxaca\">\u00e9tat d&rsquo; Oaxaca<\/a>, apr\u00e8s quoi il fut exil\u00e9 aux \u00c9tats-Unis par le pr\u00e9sident mexicain d&rsquo;alors, Santa Anna, du fait de ses id\u00e9es lib\u00e9rales. Il a ensuite pris part \u00e0 la r\u00e9volution de Ayutla, aussi connue sous le nom de guerre de la R\u00e9forme, et, lorsque le groupe auquel il appartenait fut enfin port\u00e9 au pouvoir, suivant une d\u00e9cennie ponctu\u00e9e de conflits et d&rsquo;interventions fran\u00e7aises, Benito Juarez prit la t\u00eate du pays pendant cinq ans, soit jusqu&rsquo;\u00e0 sa mort en 1872.<\/div>\n<div>Benito Juarez demeure un h\u00e9ros dans l&rsquo;Oaxaca, notamment gr\u00e2ce \u00e0 ses r\u00e9formes progressistes, et presque toutes les localit\u00e9s de l&rsquo;\u00e9tat ont une rue qui porte son nom.&nbsp;<\/div>\n<div>&nbsp;<\/div>\n<div><span class=\"person\">REPERES<\/span><\/div>\n<div><span class=\"person-date\">1806<\/span> &#8211; Naissance de Benito Juarez<\/div>\n<div><span class=\"person-date\">1847<\/span> &#8211; Il est \u00e9lu gouverneur de l&rsquo;\u00e9tat d&rsquo;Oaxaca<\/div>\n<div><span class=\"person-date\">1858<\/span> &#8211; Il est pr\u00e9sident du Mexique par int\u00e9rim<\/div>\n<div><span class=\"person-date\">1861<\/span> &#8211; Il est \u00e9lu \u00e0 la pr\u00e9sidence<\/div>\n<div><span class=\"person-date\">1867<\/span> &#8211; Il est r\u00e9\u00e9lu \u00e0 la pr\u00e9sidence<\/div>\n<div><span class=\"person-date\">1871<\/span> &#8211; Il est de nouveau \u00e0 la t\u00eate de la nation<\/div>\n<div><span class=\"person-date\">1872<\/span> &#8211; Il meurt \u00e0 l&rsquo;age de 66 ans<\/div>\n","protected":false},"excerpt":{"rendered":"<p>&nbsp; Benito Juarez, le premier pr\u00e9sident autochtone du Mexique, est n\u00e9 dans la minuscule communaut\u00e9 zapot\u00e8que de Guelatao, au nord [&hellip;]<\/p>\n","protected":false},"author":3,"featured_media":2062,"parent":2633,"menu_order":0,"comment_status":"closed","ping_status":"closed","template":"","meta":{"site-sidebar-layout":"default","site-content-layout":"","ast-site-content-layout":"default","site-content-style":"default","site-sidebar-style":"default","ast-global-header-display":"","ast-banner-title-visibility":"","ast-main-header-display":"","ast-hfb-above-header-display":"","ast-hfb-below-header-display":"","ast-hfb-mobile-header-display":"","site-post-title":"","ast-breadcrumbs-content":"","ast-featured-img":"","footer-sml-layout":"","ast-disable-related-posts":"","theme-transparent-header-meta":"","adv-header-id-meta":"","stick-header-meta":"","header-above-stick-meta":"","header-main-stick-meta":"","header-below-stick-meta":"","astra-migrate-meta-layouts":"default","ast-page-background-enabled":"default","ast-page-background-meta":{"desktop":{"background-color":"var(--ast-global-color-5)","background-image":"","background-repeat":"repeat","background-position":"center center","background-size":"auto","background-attachment":"scroll","background-type":"","background-media":"","overlay-type":"","overlay-color":"","overlay-opacity":"","overlay-gradient":""},"tablet":{"background-color":"","background-image":"","background-repeat":"repeat","background-position":"center center","background-size":"auto","background-attachment":"scroll","background-type":"","background-media":"","overlay-type":"","overlay-color":"","overlay-opacity":"","overlay-gradient":""},"mobile":{"background-color":"","background-image":"","background-repeat":"repeat","background-position":"center center","background-size":"auto","background-attachment":"scroll","background-type":"","background-media":"","overlay-type":"","overlay-color":"","overlay-opacity":"","overlay-gradient":""}},"ast-content-background-meta":{"desktop":{"background-color":"var(--ast-global-color-4)","background-image":"","background-repeat":"repeat","background-position":"center center","background-size":"auto","background-attachment":"scroll","background-type":"","background-media":"","overlay-type":"","overlay-color":"","overlay-opacity":"","overlay-gradient":""},"tablet":{"background-color":"var(--ast-global-color-4)","background-image":"","background-repeat":"repeat","background-position":"center center","background-size":"auto","background-attachment":"scroll","background-type":"","background-media":"","overlay-type":"","overlay-color":"","overlay-opacity":"","overlay-gradient":""},"mobile":{"background-color":"var(--ast-global-color-4)","background-image":"","background-repeat":"repeat","background-position":"center center","background-size":"auto","background-attachment":"scroll","background-type":"","background-media":"","overlay-type":"","overlay-color":"","overlay-opacity":"","overlay-gradient":""}},"footnotes":""},"class_list":["post-2063","page","type-page","status-publish","has-post-thumbnail","hentry"],"yoast_head":"<!-- This site is optimized with the Yoast SEO plugin v27.5 - https:\/\/yoast.com\/product\/yoast-seo-wordpress\/ -->\n<title>BENITO JUAREZ - Abc-latina<\/title>\n<meta name=\"description\" content=\"L&#039;incroyable destin de Benito Juarez, premier pr\u00e9sident am\u00e9rindien du Mexique, n\u00e9 dans une minuscule communaut\u00e9 zapot\u00e8que...\" \/>\n<meta name=\"robots\" content=\"index, follow, max-snippet:-1, max-image-preview:large, max-video-preview:-1\" \/>\n<link rel=\"canonical\" href=\"https:\/\/abc-latina.com\/personnalites\/benito_juarez\/\" \/>\n<meta property=\"og:locale\" content=\"fr_FR\" \/>\n<meta property=\"og:type\" content=\"article\" \/>\n<meta property=\"og:title\" content=\"BENITO JUAREZ - Abc-latina\" \/>\n<meta property=\"og:description\" content=\"L&#039;incroyable destin de Benito Juarez, premier pr\u00e9sident am\u00e9rindien du Mexique, n\u00e9 dans une minuscule communaut\u00e9 zapot\u00e8que...\" \/>\n<meta property=\"og:url\" content=\"https:\/\/abc-latina.com\/personnalites\/benito_juarez\/\" \/>\n<meta property=\"og:site_name\" content=\"Abc-latina\" \/>\n<meta property=\"article:modified_time\" content=\"2026-04-30T16:25:21+00:00\" \/>\n<meta property=\"og:image\" content=\"https:\/\/abc-latina.com\/wp-content\/uploads\/2010\/08\/benito-juarez-2.jpg\" \/>\n\t<meta property=\"og:image:width\" content=\"300\" \/>\n\t<meta property=\"og:image:height\" content=\"388\" \/>\n\t<meta property=\"og:image:type\" content=\"image\/jpeg\" \/>\n<meta name=\"twitter:card\" content=\"summary_large_image\" \/>\n<meta name=\"twitter:label1\" content=\"Dur\u00e9e de lecture estim\u00e9e\" \/>\n\t<meta name=\"twitter:data1\" content=\"2 minutes\" \/>\n<script type=\"application\/ld+json\" class=\"yoast-schema-graph\">{\"@context\":\"https:\\\/\\\/schema.org\",\"@graph\":[{\"@type\":\"WebPage\",\"@id\":\"https:\\\/\\\/abc-latina.com\\\/personnalites\\\/benito_juarez\\\/\",\"url\":\"https:\\\/\\\/abc-latina.com\\\/personnalites\\\/benito_juarez\\\/\",\"name\":\"BENITO JUAREZ - Abc-latina\",\"isPartOf\":{\"@id\":\"https:\\\/\\\/abc-latina.com\\\/#website\"},\"primaryImageOfPage\":{\"@id\":\"https:\\\/\\\/abc-latina.com\\\/personnalites\\\/benito_juarez\\\/#primaryimage\"},\"image\":{\"@id\":\"https:\\\/\\\/abc-latina.com\\\/personnalites\\\/benito_juarez\\\/#primaryimage\"},\"thumbnailUrl\":\"https:\\\/\\\/abc-latina.com\\\/wp-content\\\/uploads\\\/2010\\\/08\\\/benito-juarez-2.jpg\",\"datePublished\":\"2010-08-04T00:04:01+00:00\",\"dateModified\":\"2026-04-30T16:25:21+00:00\",\"description\":\"L'incroyable destin de Benito Juarez, premier pr\u00e9sident am\u00e9rindien du Mexique, n\u00e9 dans une minuscule communaut\u00e9 zapot\u00e8que...\",\"breadcrumb\":{\"@id\":\"https:\\\/\\\/abc-latina.com\\\/personnalites\\\/benito_juarez\\\/#breadcrumb\"},\"inLanguage\":\"fr-FR\",\"potentialAction\":[{\"@type\":\"ReadAction\",\"target\":[\"https:\\\/\\\/abc-latina.com\\\/personnalites\\\/benito_juarez\\\/\"]}]},{\"@type\":\"ImageObject\",\"inLanguage\":\"fr-FR\",\"@id\":\"https:\\\/\\\/abc-latina.com\\\/personnalites\\\/benito_juarez\\\/#primaryimage\",\"url\":\"https:\\\/\\\/abc-latina.com\\\/wp-content\\\/uploads\\\/2010\\\/08\\\/benito-juarez-2.jpg\",\"contentUrl\":\"https:\\\/\\\/abc-latina.com\\\/wp-content\\\/uploads\\\/2010\\\/08\\\/benito-juarez-2.jpg\",\"width\":300,\"height\":388,\"caption\":\"BENITO JUAREZ\"},{\"@type\":\"BreadcrumbList\",\"@id\":\"https:\\\/\\\/abc-latina.com\\\/personnalites\\\/benito_juarez\\\/#breadcrumb\",\"itemListElement\":[{\"@type\":\"ListItem\",\"position\":1,\"name\":\"Accueil\",\"item\":\"https:\\\/\\\/abc-latina.com\\\/\"},{\"@type\":\"ListItem\",\"position\":2,\"name\":\"BENITO JUAREZ\"}]},{\"@type\":\"WebSite\",\"@id\":\"https:\\\/\\\/abc-latina.com\\\/#website\",\"url\":\"https:\\\/\\\/abc-latina.com\\\/\",\"name\":\"Abc-latina\",\"description\":\"\",\"publisher\":{\"@id\":\"https:\\\/\\\/abc-latina.com\\\/#organization\"},\"potentialAction\":[{\"@type\":\"SearchAction\",\"target\":{\"@type\":\"EntryPoint\",\"urlTemplate\":\"https:\\\/\\\/abc-latina.com\\\/?s={search_term_string}\"},\"query-input\":{\"@type\":\"PropertyValueSpecification\",\"valueRequired\":true,\"valueName\":\"search_term_string\"}}],\"inLanguage\":\"fr-FR\"},{\"@type\":\"Organization\",\"@id\":\"https:\\\/\\\/abc-latina.com\\\/#organization\",\"name\":\"Abc-latina\",\"url\":\"https:\\\/\\\/abc-latina.com\\\/\",\"logo\":{\"@type\":\"ImageObject\",\"inLanguage\":\"fr-FR\",\"@id\":\"https:\\\/\\\/abc-latina.com\\\/#\\\/schema\\\/logo\\\/image\\\/\",\"url\":\"https:\\\/\\\/abc-latina.com\\\/wp-content\\\/uploads\\\/2026\\\/05\\\/cropped-logo.gif\",\"contentUrl\":\"https:\\\/\\\/abc-latina.com\\\/wp-content\\\/uploads\\\/2026\\\/05\\\/cropped-logo.gif\",\"width\":89,\"height\":84,\"caption\":\"Abc-latina\"},\"image\":{\"@id\":\"https:\\\/\\\/abc-latina.com\\\/#\\\/schema\\\/logo\\\/image\\\/\"}}]}<\/script>\n<!-- \/ Yoast SEO plugin. -->","yoast_head_json":{"title":"BENITO JUAREZ - Abc-latina","description":"L'incroyable destin de Benito Juarez, premier pr\u00e9sident am\u00e9rindien du Mexique, n\u00e9 dans une minuscule communaut\u00e9 zapot\u00e8que...","robots":{"index":"index","follow":"follow","max-snippet":"max-snippet:-1","max-image-preview":"max-image-preview:large","max-video-preview":"max-video-preview:-1"},"canonical":"https:\/\/abc-latina.com\/personnalites\/benito_juarez\/","og_locale":"fr_FR","og_type":"article","og_title":"BENITO JUAREZ - Abc-latina","og_description":"L'incroyable destin de Benito Juarez, premier pr\u00e9sident am\u00e9rindien du Mexique, n\u00e9 dans une minuscule communaut\u00e9 zapot\u00e8que...","og_url":"https:\/\/abc-latina.com\/personnalites\/benito_juarez\/","og_site_name":"Abc-latina","article_modified_time":"2026-04-30T16:25:21+00:00","og_image":[{"width":300,"height":388,"url":"https:\/\/abc-latina.com\/wp-content\/uploads\/2010\/08\/benito-juarez-2.jpg","type":"image\/jpeg"}],"twitter_card":"summary_large_image","twitter_misc":{"Dur\u00e9e de lecture estim\u00e9e":"2 minutes"},"schema":{"@context":"https:\/\/schema.org","@graph":[{"@type":"WebPage","@id":"https:\/\/abc-latina.com\/personnalites\/benito_juarez\/","url":"https:\/\/abc-latina.com\/personnalites\/benito_juarez\/","name":"BENITO JUAREZ - Abc-latina","isPartOf":{"@id":"https:\/\/abc-latina.com\/#website"},"primaryImageOfPage":{"@id":"https:\/\/abc-latina.com\/personnalites\/benito_juarez\/#primaryimage"},"image":{"@id":"https:\/\/abc-latina.com\/personnalites\/benito_juarez\/#primaryimage"},"thumbnailUrl":"https:\/\/abc-latina.com\/wp-content\/uploads\/2010\/08\/benito-juarez-2.jpg","datePublished":"2010-08-04T00:04:01+00:00","dateModified":"2026-04-30T16:25:21+00:00","description":"L'incroyable destin de Benito Juarez, premier pr\u00e9sident am\u00e9rindien du Mexique, n\u00e9 dans une minuscule communaut\u00e9 zapot\u00e8que...","breadcrumb":{"@id":"https:\/\/abc-latina.com\/personnalites\/benito_juarez\/#breadcrumb"},"inLanguage":"fr-FR","potentialAction":[{"@type":"ReadAction","target":["https:\/\/abc-latina.com\/personnalites\/benito_juarez\/"]}]},{"@type":"ImageObject","inLanguage":"fr-FR","@id":"https:\/\/abc-latina.com\/personnalites\/benito_juarez\/#primaryimage","url":"https:\/\/abc-latina.com\/wp-content\/uploads\/2010\/08\/benito-juarez-2.jpg","contentUrl":"https:\/\/abc-latina.com\/wp-content\/uploads\/2010\/08\/benito-juarez-2.jpg","width":300,"height":388,"caption":"BENITO JUAREZ"},{"@type":"BreadcrumbList","@id":"https:\/\/abc-latina.com\/personnalites\/benito_juarez\/#breadcrumb","itemListElement":[{"@type":"ListItem","position":1,"name":"Accueil","item":"https:\/\/abc-latina.com\/"},{"@type":"ListItem","position":2,"name":"BENITO JUAREZ"}]},{"@type":"WebSite","@id":"https:\/\/abc-latina.com\/#website","url":"https:\/\/abc-latina.com\/","name":"Abc-latina","description":"","publisher":{"@id":"https:\/\/abc-latina.com\/#organization"},"potentialAction":[{"@type":"SearchAction","target":{"@type":"EntryPoint","urlTemplate":"https:\/\/abc-latina.com\/?s={search_term_string}"},"query-input":{"@type":"PropertyValueSpecification","valueRequired":true,"valueName":"search_term_string"}}],"inLanguage":"fr-FR"},{"@type":"Organization","@id":"https:\/\/abc-latina.com\/#organization","name":"Abc-latina","url":"https:\/\/abc-latina.com\/","logo":{"@type":"ImageObject","inLanguage":"fr-FR","@id":"https:\/\/abc-latina.com\/#\/schema\/logo\/image\/","url":"https:\/\/abc-latina.com\/wp-content\/uploads\/2026\/05\/cropped-logo.gif","contentUrl":"https:\/\/abc-latina.com\/wp-content\/uploads\/2026\/05\/cropped-logo.gif","width":89,"height":84,"caption":"Abc-latina"},"image":{"@id":"https:\/\/abc-latina.com\/#\/schema\/logo\/image\/"}}]}},"_links":{"self":[{"href":"https:\/\/abc-latina.com\/wp-json\/wp\/v2\/pages\/2063","targetHints":{"allow":["GET"]}}],"collection":[{"href":"https:\/\/abc-latina.com\/wp-json\/wp\/v2\/pages"}],"about":[{"href":"https:\/\/abc-latina.com\/wp-json\/wp\/v2\/types\/page"}],"author":[{"embeddable":true,"href":"https:\/\/abc-latina.com\/wp-json\/wp\/v2\/users\/3"}],"replies":[{"embeddable":true,"href":"https:\/\/abc-latina.com\/wp-json\/wp\/v2\/comments?post=2063"}],"version-history":[{"count":1,"href":"https:\/\/abc-latina.com\/wp-json\/wp\/v2\/pages\/2063\/revisions"}],"predecessor-version":[{"id":3808,"href":"https:\/\/abc-latina.com\/wp-json\/wp\/v2\/pages\/2063\/revisions\/3808"}],"up":[{"embeddable":true,"href":"https:\/\/abc-latina.com\/wp-json\/wp\/v2\/pages\/2633"}],"wp:featuredmedia":[{"embeddable":true,"href":"https:\/\/abc-latina.com\/wp-json\/wp\/v2\/media\/2062"}],"wp:attachment":[{"href":"https:\/\/abc-latina.com\/wp-json\/wp\/v2\/media?parent=2063"}],"curies":[{"name":"wp","href":"https:\/\/api.w.org\/{rel}","templated":true}]}}