{"id":207,"date":"2010-06-04T01:21:00","date_gmt":"2010-06-03T23:21:00","guid":{"rendered":"http:\/\/abc-latina.com\/amazonie-htm\/"},"modified":"2026-04-30T18:24:49","modified_gmt":"2026-04-30T16:24:49","slug":"amazonie","status":"publish","type":"page","link":"https:\/\/abc-latina.com\/bresil\/amazonie\/","title":{"rendered":"L&rsquo;AMAZONIE"},"content":{"rendered":"<div><img loading=\"lazy\" decoding=\"async\" class=\" alignright size-full wp-image-206\" src=\"http:\/\/abc-latina.com\/wp-content\/uploads\/2010\/06\/amazonie.jpg\" title=\"AMAZONIE\" alt=\"AMAZONIE\" width=\"220\" vspace=\"9\" hspace=\"15\" height=\"220\" align=\"right\" srcset=\"https:\/\/abc-latina.com\/wp-content\/uploads\/2010\/06\/amazonie.jpg 220w, https:\/\/abc-latina.com\/wp-content\/uploads\/2010\/06\/amazonie-150x150.jpg 150w\" sizes=\"auto, (max-width: 220px) 100vw, 220px\" \/>L&rsquo; Amazone s&rsquo;il n&rsquo;est pas le plus long fleuve du monde, est sans aucun doute le plus grand, le fleuve qui prend sa source dans le lac andin de Lauricocha d\u00e9verse \u00e0 son embouchure, l&rsquo;oc\u00e9an Atlantique, pr\u00e8s du quart de l&rsquo;eau douce de la plan\u00e8te. L&rsquo;<span class=\"tourisme-chapitre\">Amazonie<\/span>, qui n\u00e9cessite un tour-op\u00e9rateur ou Lodge pour la d\u00e9couvrir, est une vaste serre naturelle abritant plus de 10 millions de formes de vie: 2.500 esp\u00e8ces de poissons, 50.000 esp\u00e8ces de plantes sup\u00e9rieures et un nombre infini d&rsquo;insectes. L&rsquo;Amazone draine un immense bassin de 8 millions de km&sup2;, et traverse plusieurs pays d&rsquo;Am\u00e9rique latine &#8211; le P\u00e9rou, le Venezuela, la Colombie, l&rsquo;Equateur, la Bolivie et le Br\u00e9sil. Il nourrissait autrefois une population de quatre millions d&rsquo;Am\u00e9rindiens.&nbsp;<\/div>\n<div>&nbsp;<\/div>\n<div><a href=\"https:\/\/www.abc-latina.com\/bresil\/voyage\/belem\"><strong>Bel\u00e9m<\/strong><\/a> avec ses jardins publics, ses kiosques \u00e0 musique en fer forg\u00e9, ses \u00e9difices arts d\u00e9co et ses avenues bord\u00e9es de manguiers, a gard\u00e9 intact son \u00e9l\u00e9gance d&rsquo;autrefois. C&rsquo;est aujourd&rsquo;hui une ville d&rsquo;un million d&rsquo;habitants, situ\u00e9e sur la rive sud du fleuve, \u00e0 145 km de l&rsquo;oc\u00e9an.&nbsp;<\/div>\n<div>Bel\u00e9m est la porte de l&rsquo;Amazone. L&rsquo;Ilha de Maraj\u00f3, \u00e0 l&#8217;embouchure du fleuve, est plus grande que la Belgique, mais ne compte que 200.000 habitants, moins nombreux que les hordes de buffles qui vivent dans les mar\u00e9cages du nord de l&rsquo;\u00eele. Elle a gard\u00e9 quelques vestiges de son pass\u00e9 mais ce sont surtout ses superbes plages qui ont fait sa r\u00e9putation.<\/div>\n<div>&nbsp;<\/div>\n<div><strong><a href=\"https:\/\/www.abc-latina.com\/bresil\/voyage\/manaus\">Manaus<\/a><\/strong> jouissait, jadis, d&rsquo;une certaine splendeur, aujourd&rsquo;hui ce n&rsquo;est plus qu&rsquo;un port franc d\u00e9labr\u00e9 et grouillant de monde. Manaus etait devenue l&rsquo;une des villes les plus riches du monde gr\u00e2ce au caoutchouc.<\/div>\n<div>Ce fut le d\u00e9but de l&rsquo;\u00e8re des princes du caoutchouc, tellement riches qu&rsquo;ils envoyaient leur linge sale \u00e0 Paris pour le faire nettoyer et buvaient de l&rsquo;eau de Vichy lorsqu&rsquo;ils se lassaient du champagne. Leurs palais \u00e9taient remplis de pianos inutilis\u00e9s, de chandeliers de cristal et de toutes sortes d&rsquo;objets de luxe. Le premier tramway du continent sud-am\u00e9ricain fut construit \u00e0 Manaus.<\/div>\n<div>La construction du Teatro Amazonas d\u00e9buta en 1881 pour permettre aux plus grands artistes europ\u00e9ens de se produire dans un cadre \u00e0 la hauteur de leur renomm\u00e9e. Tuiles Fran\u00e7aises, marbre de V\u00e9rone, ferronnerie d&rsquo;Angleterre, lustres de Murano. Le plafond fut peint en France avant d&rsquo;\u00eatre apport\u00e9 en entier \u00e0 Manaus.&nbsp;<\/div>\n<div>Malheureusement le Teatro Amazonas n&rsquo;a connu qu&rsquo;une tr\u00e8s courte p\u00e9riode de gloire: entre 1896, date de son inauguration, et 1910, date \u00e0 laquelle les Br\u00e9siliens entendaient pour la derni\u00e8re fois un op\u00e9ra dans la jungle. La chute des cours du caoutchouc faisant fuir tous les gros planteur. Les agences de voyages de la ville proposent toutes des programmes d&rsquo;excursions pour la journ\u00e9e afin de d\u00e9couvrir l&rsquo;univers de la foret amazonienne avec ses arbres gigantesques, ses longues lianes, ses n\u00e9nuphars g\u00e9ants et ses crocodiles.&nbsp;<\/div>\n<div>En pleine jungle, un certain nombre d&rsquo;h\u00f4tel proposent des programmes de d\u00e9couverte de la f\u00f4ret environnante ou des excursions de trois jours \u00e0 une semaine en bateau avec diff\u00e9rents niveau de confort. Au sud de S\u00e3o Gabriel de Cachoeira, accessible en bateau ou en avion, se trouve le Pico de Neblina, la plus haute montagne du Br\u00e9sil (3.000 m).&nbsp;<\/div>\n<div>&nbsp;<\/div>\n<div>Le Rio Branco arrose l&rsquo;\u00e9tat de Roraima qui est le plus septentrional du Br\u00e9sil. Cet \u00e9tat est le dernier fragment inconnu d&rsquo;Am\u00e9rique Latine. Il est constitu\u00e9 par la vall\u00e9e du fleuve, encadr\u00e9e par un ensemble de serras dont la plus haute culmine \u00e0 pr\u00e8s de 3.000 m, et constitue une fronti\u00e8re naturelle avec le Venezuela. La tribu Zanomani, qui est la plus importante et la plus sauvage des tribus du Br\u00e9sil, vit \u00e0 la fronti\u00e8re de Venezuela, dans les montagnes Parima.<a target=\"_blank\" href=\"http:\/\/voyage.abc-latina.com\/voyage_bresil\/bresil.php\"><span class=\"sejour-circuit\"><br \/><\/span><\/a><\/div>\n<h3>Pr\u00e9parez votre voyage en Amazonie:<\/h3>\n<div><a href=\"https:\/\/www.abc-latina.com\/bresil\/agence_de_voyages\">Agences de voyage g\u00e9n\u00e9ralistes et discounteurs<\/a><\/div>\n<div><a href=\"https:\/\/www.abc-latina.com\/bresil\/tour_operateur\">Tours Op\u00e9rateurs sp\u00e9cialistes du Br\u00e9sil<\/a><\/div>\n<div><a target=\"_blank\" href=\"https:\/\/www.abc-latina.com\/to\/reservation_billet_avion\">R\u00e9servez votre billet d&rsquo;avion<\/a><\/div>\n<div><a href=\"https:\/\/www.abc-latina.com\/bresil\/hotels\">R\u00e9servez votre h\u00f4tel<\/a>&nbsp;<\/div>\n<div><a target=\"_blank\" href=\"https:\/\/www.abc-latina.com\/to\/location_de_voiture_bresil\">Location de voiture<\/a><\/div>\n","protected":false},"excerpt":{"rendered":"<p>L&rsquo; Amazone s&rsquo;il n&rsquo;est pas le plus long fleuve du monde, est sans aucun doute le plus grand, le fleuve [&hellip;]<\/p>\n","protected":false},"author":3,"featured_media":206,"parent":2297,"menu_order":0,"comment_status":"closed","ping_status":"closed","template":"","meta":{"site-sidebar-layout":"default","site-content-layout":"","ast-site-content-layout":"default","site-content-style":"default","site-sidebar-style":"default","ast-global-header-display":"","ast-banner-title-visibility":"","ast-main-header-display":"","ast-hfb-above-header-display":"","ast-hfb-below-header-display":"","ast-hfb-mobile-header-display":"","site-post-title":"","ast-breadcrumbs-content":"","ast-featured-img":"","footer-sml-layout":"","ast-disable-related-posts":"","theme-transparent-header-meta":"","adv-header-id-meta":"","stick-header-meta":"","header-above-stick-meta":"","header-main-stick-meta":"","header-below-stick-meta":"","astra-migrate-meta-layouts":"default","ast-page-background-enabled":"default","ast-page-background-meta":{"desktop":{"background-color":"var(--ast-global-color-5)","background-image":"","background-repeat":"repeat","background-position":"center center","background-size":"auto","background-attachment":"scroll","background-type":"","background-media":"","overlay-type":"","overlay-color":"","overlay-opacity":"","overlay-gradient":""},"tablet":{"background-color":"","background-image":"","background-repeat":"repeat","background-position":"center center","background-size":"auto","background-attachment":"scroll","background-type":"","background-media":"","overlay-type":"","overlay-color":"","overlay-opacity":"","overlay-gradient":""},"mobile":{"background-color":"","background-image":"","background-repeat":"repeat","background-position":"center center","background-size":"auto","background-attachment":"scroll","background-type":"","background-media":"","overlay-type":"","overlay-color":"","overlay-opacity":"","overlay-gradient":""}},"ast-content-background-meta":{"desktop":{"background-color":"var(--ast-global-color-4)","background-image":"","background-repeat":"repeat","background-position":"center center","background-size":"auto","background-attachment":"scroll","background-type":"","background-media":"","overlay-type":"","overlay-color":"","overlay-opacity":"","overlay-gradient":""},"tablet":{"background-color":"var(--ast-global-color-4)","background-image":"","background-repeat":"repeat","background-position":"center center","background-size":"auto","background-attachment":"scroll","background-type":"","background-media":"","overlay-type":"","overlay-color":"","overlay-opacity":"","overlay-gradient":""},"mobile":{"background-color":"var(--ast-global-color-4)","background-image":"","background-repeat":"repeat","background-position":"center center","background-size":"auto","background-attachment":"scroll","background-type":"","background-media":"","overlay-type":"","overlay-color":"","overlay-opacity":"","overlay-gradient":""}},"footnotes":""},"class_list":["post-207","page","type-page","status-publish","has-post-thumbnail","hentry"],"yoast_head":"<!-- This site is optimized with the Yoast SEO plugin v27.5 - https:\/\/yoast.com\/product\/yoast-seo-wordpress\/ -->\n<title>L&#039;AMAZONIE - Abc-latina<\/title>\n<meta name=\"description\" content=\"L&#039;Amazonie, qui n\u00e9cessite un tour-op\u00e9rateur ou Lodge pour la d\u00e9couvrir, est une vaste serre naturelle abritant plus de 10 millions de formes de vie\" \/>\n<meta name=\"robots\" content=\"index, follow, max-snippet:-1, max-image-preview:large, max-video-preview:-1\" \/>\n<link rel=\"canonical\" href=\"https:\/\/abc-latina.com\/bresil\/amazonie\/\" \/>\n<meta property=\"og:locale\" content=\"fr_FR\" \/>\n<meta property=\"og:type\" content=\"article\" \/>\n<meta property=\"og:title\" content=\"L&#039;AMAZONIE - Abc-latina\" \/>\n<meta property=\"og:description\" content=\"L&#039;Amazonie, qui n\u00e9cessite un tour-op\u00e9rateur ou Lodge pour la d\u00e9couvrir, est une vaste serre naturelle abritant plus de 10 millions de formes de vie\" \/>\n<meta property=\"og:url\" content=\"https:\/\/abc-latina.com\/bresil\/amazonie\/\" \/>\n<meta property=\"og:site_name\" content=\"Abc-latina\" \/>\n<meta property=\"article:modified_time\" content=\"2026-04-30T16:24:49+00:00\" \/>\n<meta property=\"og:image\" content=\"https:\/\/abc-latina.com\/wp-content\/uploads\/2010\/06\/amazonie.jpg\" \/>\n\t<meta property=\"og:image:width\" content=\"220\" \/>\n\t<meta property=\"og:image:height\" content=\"220\" \/>\n\t<meta property=\"og:image:type\" content=\"image\/jpeg\" \/>\n<meta name=\"twitter:card\" content=\"summary_large_image\" \/>\n<meta name=\"twitter:label1\" content=\"Dur\u00e9e de lecture estim\u00e9e\" \/>\n\t<meta name=\"twitter:data1\" content=\"3 minutes\" \/>\n<script type=\"application\/ld+json\" class=\"yoast-schema-graph\">{\"@context\":\"https:\\\/\\\/schema.org\",\"@graph\":[{\"@type\":\"WebPage\",\"@id\":\"https:\\\/\\\/abc-latina.com\\\/bresil\\\/amazonie\\\/\",\"url\":\"https:\\\/\\\/abc-latina.com\\\/bresil\\\/amazonie\\\/\",\"name\":\"L'AMAZONIE - Abc-latina\",\"isPartOf\":{\"@id\":\"https:\\\/\\\/abc-latina.com\\\/#website\"},\"primaryImageOfPage\":{\"@id\":\"https:\\\/\\\/abc-latina.com\\\/bresil\\\/amazonie\\\/#primaryimage\"},\"image\":{\"@id\":\"https:\\\/\\\/abc-latina.com\\\/bresil\\\/amazonie\\\/#primaryimage\"},\"thumbnailUrl\":\"https:\\\/\\\/abc-latina.com\\\/wp-content\\\/uploads\\\/2010\\\/06\\\/amazonie.jpg\",\"datePublished\":\"2010-06-03T23:21:00+00:00\",\"dateModified\":\"2026-04-30T16:24:49+00:00\",\"description\":\"L'Amazonie, qui n\u00e9cessite un tour-op\u00e9rateur ou Lodge pour la d\u00e9couvrir, est une vaste serre naturelle abritant plus de 10 millions de formes de vie\",\"breadcrumb\":{\"@id\":\"https:\\\/\\\/abc-latina.com\\\/bresil\\\/amazonie\\\/#breadcrumb\"},\"inLanguage\":\"fr-FR\",\"potentialAction\":[{\"@type\":\"ReadAction\",\"target\":[\"https:\\\/\\\/abc-latina.com\\\/bresil\\\/amazonie\\\/\"]}]},{\"@type\":\"ImageObject\",\"inLanguage\":\"fr-FR\",\"@id\":\"https:\\\/\\\/abc-latina.com\\\/bresil\\\/amazonie\\\/#primaryimage\",\"url\":\"https:\\\/\\\/abc-latina.com\\\/wp-content\\\/uploads\\\/2010\\\/06\\\/amazonie.jpg\",\"contentUrl\":\"https:\\\/\\\/abc-latina.com\\\/wp-content\\\/uploads\\\/2010\\\/06\\\/amazonie.jpg\",\"width\":220,\"height\":220,\"caption\":\"AMAZONIE\"},{\"@type\":\"BreadcrumbList\",\"@id\":\"https:\\\/\\\/abc-latina.com\\\/bresil\\\/amazonie\\\/#breadcrumb\",\"itemListElement\":[{\"@type\":\"ListItem\",\"position\":1,\"name\":\"Accueil\",\"item\":\"https:\\\/\\\/abc-latina.com\\\/\"},{\"@type\":\"ListItem\",\"position\":2,\"name\":\"L&rsquo;AMAZONIE\"}]},{\"@type\":\"WebSite\",\"@id\":\"https:\\\/\\\/abc-latina.com\\\/#website\",\"url\":\"https:\\\/\\\/abc-latina.com\\\/\",\"name\":\"Abc-latina\",\"description\":\"\",\"publisher\":{\"@id\":\"https:\\\/\\\/abc-latina.com\\\/#organization\"},\"potentialAction\":[{\"@type\":\"SearchAction\",\"target\":{\"@type\":\"EntryPoint\",\"urlTemplate\":\"https:\\\/\\\/abc-latina.com\\\/?s={search_term_string}\"},\"query-input\":{\"@type\":\"PropertyValueSpecification\",\"valueRequired\":true,\"valueName\":\"search_term_string\"}}],\"inLanguage\":\"fr-FR\"},{\"@type\":\"Organization\",\"@id\":\"https:\\\/\\\/abc-latina.com\\\/#organization\",\"name\":\"Abc-latina\",\"url\":\"https:\\\/\\\/abc-latina.com\\\/\",\"logo\":{\"@type\":\"ImageObject\",\"inLanguage\":\"fr-FR\",\"@id\":\"https:\\\/\\\/abc-latina.com\\\/#\\\/schema\\\/logo\\\/image\\\/\",\"url\":\"https:\\\/\\\/abc-latina.com\\\/wp-content\\\/uploads\\\/2026\\\/05\\\/cropped-logo.gif\",\"contentUrl\":\"https:\\\/\\\/abc-latina.com\\\/wp-content\\\/uploads\\\/2026\\\/05\\\/cropped-logo.gif\",\"width\":89,\"height\":84,\"caption\":\"Abc-latina\"},\"image\":{\"@id\":\"https:\\\/\\\/abc-latina.com\\\/#\\\/schema\\\/logo\\\/image\\\/\"}}]}<\/script>\n<!-- \/ Yoast SEO plugin. -->","yoast_head_json":{"title":"L'AMAZONIE - Abc-latina","description":"L'Amazonie, qui n\u00e9cessite un tour-op\u00e9rateur ou Lodge pour la d\u00e9couvrir, est une vaste serre naturelle abritant plus de 10 millions de formes de vie","robots":{"index":"index","follow":"follow","max-snippet":"max-snippet:-1","max-image-preview":"max-image-preview:large","max-video-preview":"max-video-preview:-1"},"canonical":"https:\/\/abc-latina.com\/bresil\/amazonie\/","og_locale":"fr_FR","og_type":"article","og_title":"L'AMAZONIE - Abc-latina","og_description":"L'Amazonie, qui n\u00e9cessite un tour-op\u00e9rateur ou Lodge pour la d\u00e9couvrir, est une vaste serre naturelle abritant plus de 10 millions de formes de vie","og_url":"https:\/\/abc-latina.com\/bresil\/amazonie\/","og_site_name":"Abc-latina","article_modified_time":"2026-04-30T16:24:49+00:00","og_image":[{"width":220,"height":220,"url":"https:\/\/abc-latina.com\/wp-content\/uploads\/2010\/06\/amazonie.jpg","type":"image\/jpeg"}],"twitter_card":"summary_large_image","twitter_misc":{"Dur\u00e9e de lecture estim\u00e9e":"3 minutes"},"schema":{"@context":"https:\/\/schema.org","@graph":[{"@type":"WebPage","@id":"https:\/\/abc-latina.com\/bresil\/amazonie\/","url":"https:\/\/abc-latina.com\/bresil\/amazonie\/","name":"L'AMAZONIE - Abc-latina","isPartOf":{"@id":"https:\/\/abc-latina.com\/#website"},"primaryImageOfPage":{"@id":"https:\/\/abc-latina.com\/bresil\/amazonie\/#primaryimage"},"image":{"@id":"https:\/\/abc-latina.com\/bresil\/amazonie\/#primaryimage"},"thumbnailUrl":"https:\/\/abc-latina.com\/wp-content\/uploads\/2010\/06\/amazonie.jpg","datePublished":"2010-06-03T23:21:00+00:00","dateModified":"2026-04-30T16:24:49+00:00","description":"L'Amazonie, qui n\u00e9cessite un tour-op\u00e9rateur ou Lodge pour la d\u00e9couvrir, est une vaste serre naturelle abritant plus de 10 millions de formes de vie","breadcrumb":{"@id":"https:\/\/abc-latina.com\/bresil\/amazonie\/#breadcrumb"},"inLanguage":"fr-FR","potentialAction":[{"@type":"ReadAction","target":["https:\/\/abc-latina.com\/bresil\/amazonie\/"]}]},{"@type":"ImageObject","inLanguage":"fr-FR","@id":"https:\/\/abc-latina.com\/bresil\/amazonie\/#primaryimage","url":"https:\/\/abc-latina.com\/wp-content\/uploads\/2010\/06\/amazonie.jpg","contentUrl":"https:\/\/abc-latina.com\/wp-content\/uploads\/2010\/06\/amazonie.jpg","width":220,"height":220,"caption":"AMAZONIE"},{"@type":"BreadcrumbList","@id":"https:\/\/abc-latina.com\/bresil\/amazonie\/#breadcrumb","itemListElement":[{"@type":"ListItem","position":1,"name":"Accueil","item":"https:\/\/abc-latina.com\/"},{"@type":"ListItem","position":2,"name":"L&rsquo;AMAZONIE"}]},{"@type":"WebSite","@id":"https:\/\/abc-latina.com\/#website","url":"https:\/\/abc-latina.com\/","name":"Abc-latina","description":"","publisher":{"@id":"https:\/\/abc-latina.com\/#organization"},"potentialAction":[{"@type":"SearchAction","target":{"@type":"EntryPoint","urlTemplate":"https:\/\/abc-latina.com\/?s={search_term_string}"},"query-input":{"@type":"PropertyValueSpecification","valueRequired":true,"valueName":"search_term_string"}}],"inLanguage":"fr-FR"},{"@type":"Organization","@id":"https:\/\/abc-latina.com\/#organization","name":"Abc-latina","url":"https:\/\/abc-latina.com\/","logo":{"@type":"ImageObject","inLanguage":"fr-FR","@id":"https:\/\/abc-latina.com\/#\/schema\/logo\/image\/","url":"https:\/\/abc-latina.com\/wp-content\/uploads\/2026\/05\/cropped-logo.gif","contentUrl":"https:\/\/abc-latina.com\/wp-content\/uploads\/2026\/05\/cropped-logo.gif","width":89,"height":84,"caption":"Abc-latina"},"image":{"@id":"https:\/\/abc-latina.com\/#\/schema\/logo\/image\/"}}]}},"_links":{"self":[{"href":"https:\/\/abc-latina.com\/wp-json\/wp\/v2\/pages\/207","targetHints":{"allow":["GET"]}}],"collection":[{"href":"https:\/\/abc-latina.com\/wp-json\/wp\/v2\/pages"}],"about":[{"href":"https:\/\/abc-latina.com\/wp-json\/wp\/v2\/types\/page"}],"author":[{"embeddable":true,"href":"https:\/\/abc-latina.com\/wp-json\/wp\/v2\/users\/3"}],"replies":[{"embeddable":true,"href":"https:\/\/abc-latina.com\/wp-json\/wp\/v2\/comments?post=207"}],"version-history":[{"count":1,"href":"https:\/\/abc-latina.com\/wp-json\/wp\/v2\/pages\/207\/revisions"}],"predecessor-version":[{"id":3157,"href":"https:\/\/abc-latina.com\/wp-json\/wp\/v2\/pages\/207\/revisions\/3157"}],"up":[{"embeddable":true,"href":"https:\/\/abc-latina.com\/wp-json\/wp\/v2\/pages\/2297"}],"wp:featuredmedia":[{"embeddable":true,"href":"https:\/\/abc-latina.com\/wp-json\/wp\/v2\/media\/206"}],"wp:attachment":[{"href":"https:\/\/abc-latina.com\/wp-json\/wp\/v2\/media?parent=207"}],"curies":[{"name":"wp","href":"https:\/\/api.w.org\/{rel}","templated":true}]}}