{"id":2071,"date":"2010-08-04T22:48:24","date_gmt":"2010-08-04T20:48:24","guid":{"rendered":"http:\/\/abc-latina.com\/plans-villes-php\/"},"modified":"2018-06-11T14:37:36","modified_gmt":"2018-06-11T12:37:36","slug":"plans-villes","status":"publish","type":"page","link":"https:\/\/abc-latina.com\/plans-villes\/","title":{"rendered":"PLAN de VILLES"},"content":{"rendered":"<p><a><span class=\"geo-info2\">Argentine<\/span><\/a><\/p>\n<div><a href=\"https:\/\/www.abc-latina.com\/argentine\/cartes-plans\/plan-carte-buenos-aires.php\">Buenos aires<\/a> &#8211; <a href=\"https:\/\/www.abc-latina.com\/argentine\/cartes-plans\/plan-carte-cordoba.php\">Cordoba<\/a> &#8211; <a href=\"https:\/\/www.abc-latina.com\/argentine\/cartes-plans\/plan-carte-cordoba.php\">Mendoza<\/a><\/div>\n<div>&nbsp;<\/div>\n<div><span class=\"geo-info2\">Bolivie<\/span><\/div>\n<div><a href=\"https:\/\/www.abc-latina.com\/bolivie\/cartes-plans\/plan-carte-la-paz.php\">La paz<\/a><\/div>\n<div>&nbsp;<\/div>\n<div><span class=\"geo-info2\">Bresil<\/span><\/div>\n<div><a href=\"https:\/\/www.abc-latina.com\/bresil\/cartes\/plan-rio-janeiro.php\" target=\"_blank\">Rio de Janeiro<\/a><\/div>\n<div>&nbsp;<\/div>\n<div><span class=\"geo-info2\">Cuba<\/span><\/div>\n<div><a href=\"https:\/\/www.abc-latina.com\/cuba\/cartes-plans\/plan-de-la-havane\">La Havane<\/a><\/div>\n<div>&nbsp;<\/div>\n<div><span class=\"geo-info2\">Perou<\/span><\/div>\n<div><a href=\"https:\/\/www.abc-latina.com\/perou\/cartes-plans\/plan-environs-lima.php\">Lima<\/a> (autour) &#8211; <a href=\"https:\/\/www.abc-latina.com\/perou\/cartes-plans\/plan-quartiers-lima.php\">Lima<\/a> (quartiers)<\/div>\n<div><a href=\"https:\/\/www.abc-latina.com\/perou\/cartes-plans\/plan-carte-cusco.php\">Cusco<\/a><\/div>\n","protected":false},"excerpt":{"rendered":"<p>Argentine Buenos aires &#8211; Cordoba &#8211; Mendoza &nbsp; Bolivie La paz &nbsp; Bresil Rio de Janeiro &nbsp; Cuba La Havane [&hellip;]<\/p>\n","protected":false},"author":3,"featured_media":0,"parent":0,"menu_order":0,"comment_status":"closed","ping_status":"closed","template":"","meta":{"site-sidebar-layout":"default","site-content-layout":"","ast-site-content-layout":"default","site-content-style":"default","site-sidebar-style":"default","ast-global-header-display":"","ast-banner-title-visibility":"","ast-main-header-display":"","ast-hfb-above-header-display":"","ast-hfb-below-header-display":"","ast-hfb-mobile-header-display":"","site-post-title":"","ast-breadcrumbs-content":"","ast-featured-img":"","footer-sml-layout":"","ast-disable-related-posts":"","theme-transparent-header-meta":"","adv-header-id-meta":"","stick-header-meta":"","header-above-stick-meta":"","header-main-stick-meta":"","header-below-stick-meta":"","astra-migrate-meta-layouts":"default","ast-page-background-enabled":"default","ast-page-background-meta":{"desktop":{"background-color":"var(--ast-global-color-5)","background-image":"","background-repeat":"repeat","background-position":"center center","background-size":"auto","background-attachment":"scroll","background-type":"","background-media":"","overlay-type":"","overlay-color":"","overlay-opacity":"","overlay-gradient":""},"tablet":{"background-color":"","background-image":"","background-repeat":"repeat","background-position":"center center","background-size":"auto","background-attachment":"scroll","background-type":"","background-media":"","overlay-type":"","overlay-color":"","overlay-opacity":"","overlay-gradient":""},"mobile":{"background-color":"","background-image":"","background-repeat":"repeat","background-position":"center center","background-size":"auto","background-attachment":"scroll","background-type":"","background-media":"","overlay-type":"","overlay-color":"","overlay-opacity":"","overlay-gradient":""}},"ast-content-background-meta":{"desktop":{"background-color":"var(--ast-global-color-4)","background-image":"","background-repeat":"repeat","background-position":"center center","background-size":"auto","background-attachment":"scroll","background-type":"","background-media":"","overlay-type":"","overlay-color":"","overlay-opacity":"","overlay-gradient":""},"tablet":{"background-color":"var(--ast-global-color-4)","background-image":"","background-repeat":"repeat","background-position":"center center","background-size":"auto","background-attachment":"scroll","background-type":"","background-media":"","overlay-type":"","overlay-color":"","overlay-opacity":"","overlay-gradient":""},"mobile":{"background-color":"var(--ast-global-color-4)","background-image":"","background-repeat":"repeat","background-position":"center center","background-size":"auto","background-attachment":"scroll","background-type":"","background-media":"","overlay-type":"","overlay-color":"","overlay-opacity":"","overlay-gradient":""}},"footnotes":""},"class_list":["post-2071","page","type-page","status-publish","hentry"],"yoast_head":"<!-- This site is optimized with the Yoast SEO plugin v27.5 - https:\/\/yoast.com\/product\/yoast-seo-wordpress\/ -->\n<title>PLAN de VILLES - Abc-latina<\/title>\n<meta name=\"description\" content=\"Les plans des villes latino-am\u00e9ricaines. Cartes et plans des cit\u00e9s d&#039;Am\u00e9rique du sud.\" \/>\n<meta name=\"robots\" content=\"index, follow, max-snippet:-1, max-image-preview:large, max-video-preview:-1\" \/>\n<link rel=\"canonical\" href=\"https:\/\/abc-latina.com\/plans-villes\/\" \/>\n<meta property=\"og:locale\" content=\"fr_FR\" \/>\n<meta property=\"og:type\" content=\"article\" \/>\n<meta property=\"og:title\" content=\"PLAN de VILLES - Abc-latina\" \/>\n<meta property=\"og:description\" content=\"Les plans des villes latino-am\u00e9ricaines. Cartes et plans des cit\u00e9s d&#039;Am\u00e9rique du sud.\" \/>\n<meta property=\"og:url\" content=\"https:\/\/abc-latina.com\/plans-villes\/\" \/>\n<meta property=\"og:site_name\" content=\"Abc-latina\" \/>\n<meta property=\"article:modified_time\" content=\"2018-06-11T12:37:36+00:00\" \/>\n<meta name=\"twitter:card\" content=\"summary_large_image\" \/>\n<script type=\"application\/ld+json\" class=\"yoast-schema-graph\">{\"@context\":\"https:\\\/\\\/schema.org\",\"@graph\":[{\"@type\":\"WebPage\",\"@id\":\"https:\\\/\\\/abc-latina.com\\\/plans-villes\\\/\",\"url\":\"https:\\\/\\\/abc-latina.com\\\/plans-villes\\\/\",\"name\":\"PLAN de VILLES - Abc-latina\",\"isPartOf\":{\"@id\":\"https:\\\/\\\/abc-latina.com\\\/#website\"},\"datePublished\":\"2010-08-04T20:48:24+00:00\",\"dateModified\":\"2018-06-11T12:37:36+00:00\",\"description\":\"Les plans des villes latino-am\u00e9ricaines. Cartes et plans des cit\u00e9s d'Am\u00e9rique du sud.\",\"breadcrumb\":{\"@id\":\"https:\\\/\\\/abc-latina.com\\\/plans-villes\\\/#breadcrumb\"},\"inLanguage\":\"fr-FR\",\"potentialAction\":[{\"@type\":\"ReadAction\",\"target\":[\"https:\\\/\\\/abc-latina.com\\\/plans-villes\\\/\"]}]},{\"@type\":\"BreadcrumbList\",\"@id\":\"https:\\\/\\\/abc-latina.com\\\/plans-villes\\\/#breadcrumb\",\"itemListElement\":[{\"@type\":\"ListItem\",\"position\":1,\"name\":\"Accueil\",\"item\":\"https:\\\/\\\/abc-latina.com\\\/\"},{\"@type\":\"ListItem\",\"position\":2,\"name\":\"PLAN de VILLES\"}]},{\"@type\":\"WebSite\",\"@id\":\"https:\\\/\\\/abc-latina.com\\\/#website\",\"url\":\"https:\\\/\\\/abc-latina.com\\\/\",\"name\":\"Abc-latina\",\"description\":\"\",\"publisher\":{\"@id\":\"https:\\\/\\\/abc-latina.com\\\/#organization\"},\"potentialAction\":[{\"@type\":\"SearchAction\",\"target\":{\"@type\":\"EntryPoint\",\"urlTemplate\":\"https:\\\/\\\/abc-latina.com\\\/?s={search_term_string}\"},\"query-input\":{\"@type\":\"PropertyValueSpecification\",\"valueRequired\":true,\"valueName\":\"search_term_string\"}}],\"inLanguage\":\"fr-FR\"},{\"@type\":\"Organization\",\"@id\":\"https:\\\/\\\/abc-latina.com\\\/#organization\",\"name\":\"Abc-latina\",\"url\":\"https:\\\/\\\/abc-latina.com\\\/\",\"logo\":{\"@type\":\"ImageObject\",\"inLanguage\":\"fr-FR\",\"@id\":\"https:\\\/\\\/abc-latina.com\\\/#\\\/schema\\\/logo\\\/image\\\/\",\"url\":\"https:\\\/\\\/abc-latina.com\\\/wp-content\\\/uploads\\\/2026\\\/05\\\/cropped-logo.gif\",\"contentUrl\":\"https:\\\/\\\/abc-latina.com\\\/wp-content\\\/uploads\\\/2026\\\/05\\\/cropped-logo.gif\",\"width\":89,\"height\":84,\"caption\":\"Abc-latina\"},\"image\":{\"@id\":\"https:\\\/\\\/abc-latina.com\\\/#\\\/schema\\\/logo\\\/image\\\/\"}}]}<\/script>\n<!-- \/ Yoast SEO plugin. -->","yoast_head_json":{"title":"PLAN de VILLES - Abc-latina","description":"Les plans des villes latino-am\u00e9ricaines. Cartes et plans des cit\u00e9s d'Am\u00e9rique du sud.","robots":{"index":"index","follow":"follow","max-snippet":"max-snippet:-1","max-image-preview":"max-image-preview:large","max-video-preview":"max-video-preview:-1"},"canonical":"https:\/\/abc-latina.com\/plans-villes\/","og_locale":"fr_FR","og_type":"article","og_title":"PLAN de VILLES - Abc-latina","og_description":"Les plans des villes latino-am\u00e9ricaines. Cartes et plans des cit\u00e9s d'Am\u00e9rique du sud.","og_url":"https:\/\/abc-latina.com\/plans-villes\/","og_site_name":"Abc-latina","article_modified_time":"2018-06-11T12:37:36+00:00","twitter_card":"summary_large_image","schema":{"@context":"https:\/\/schema.org","@graph":[{"@type":"WebPage","@id":"https:\/\/abc-latina.com\/plans-villes\/","url":"https:\/\/abc-latina.com\/plans-villes\/","name":"PLAN de VILLES - Abc-latina","isPartOf":{"@id":"https:\/\/abc-latina.com\/#website"},"datePublished":"2010-08-04T20:48:24+00:00","dateModified":"2018-06-11T12:37:36+00:00","description":"Les plans des villes latino-am\u00e9ricaines. Cartes et plans des cit\u00e9s d'Am\u00e9rique du sud.","breadcrumb":{"@id":"https:\/\/abc-latina.com\/plans-villes\/#breadcrumb"},"inLanguage":"fr-FR","potentialAction":[{"@type":"ReadAction","target":["https:\/\/abc-latina.com\/plans-villes\/"]}]},{"@type":"BreadcrumbList","@id":"https:\/\/abc-latina.com\/plans-villes\/#breadcrumb","itemListElement":[{"@type":"ListItem","position":1,"name":"Accueil","item":"https:\/\/abc-latina.com\/"},{"@type":"ListItem","position":2,"name":"PLAN de VILLES"}]},{"@type":"WebSite","@id":"https:\/\/abc-latina.com\/#website","url":"https:\/\/abc-latina.com\/","name":"Abc-latina","description":"","publisher":{"@id":"https:\/\/abc-latina.com\/#organization"},"potentialAction":[{"@type":"SearchAction","target":{"@type":"EntryPoint","urlTemplate":"https:\/\/abc-latina.com\/?s={search_term_string}"},"query-input":{"@type":"PropertyValueSpecification","valueRequired":true,"valueName":"search_term_string"}}],"inLanguage":"fr-FR"},{"@type":"Organization","@id":"https:\/\/abc-latina.com\/#organization","name":"Abc-latina","url":"https:\/\/abc-latina.com\/","logo":{"@type":"ImageObject","inLanguage":"fr-FR","@id":"https:\/\/abc-latina.com\/#\/schema\/logo\/image\/","url":"https:\/\/abc-latina.com\/wp-content\/uploads\/2026\/05\/cropped-logo.gif","contentUrl":"https:\/\/abc-latina.com\/wp-content\/uploads\/2026\/05\/cropped-logo.gif","width":89,"height":84,"caption":"Abc-latina"},"image":{"@id":"https:\/\/abc-latina.com\/#\/schema\/logo\/image\/"}}]}},"_links":{"self":[{"href":"https:\/\/abc-latina.com\/wp-json\/wp\/v2\/pages\/2071","targetHints":{"allow":["GET"]}}],"collection":[{"href":"https:\/\/abc-latina.com\/wp-json\/wp\/v2\/pages"}],"about":[{"href":"https:\/\/abc-latina.com\/wp-json\/wp\/v2\/types\/page"}],"author":[{"embeddable":true,"href":"https:\/\/abc-latina.com\/wp-json\/wp\/v2\/users\/3"}],"replies":[{"embeddable":true,"href":"https:\/\/abc-latina.com\/wp-json\/wp\/v2\/comments?post=2071"}],"version-history":[{"count":0,"href":"https:\/\/abc-latina.com\/wp-json\/wp\/v2\/pages\/2071\/revisions"}],"wp:attachment":[{"href":"https:\/\/abc-latina.com\/wp-json\/wp\/v2\/media?parent=2071"}],"curies":[{"name":"wp","href":"https:\/\/api.w.org\/{rel}","templated":true}]}}