{"id":2089,"date":"2010-08-05T05:26:14","date_gmt":"2010-08-05T03:26:14","guid":{"rendered":"http:\/\/abc-latina.com\/nordeste-htm\/"},"modified":"2026-04-30T18:24:51","modified_gmt":"2026-04-30T16:24:51","slug":"nordeste","status":"publish","type":"page","link":"https:\/\/abc-latina.com\/bresil\/nordeste\/","title":{"rendered":"Le NORDESTE"},"content":{"rendered":"<div><img loading=\"lazy\" decoding=\"async\" class=\" alignright size-full wp-image-2087\" alt=\"NORDESTE\" title=\"NORDESTE\" src=\"http:\/\/abc-latina.com\/wp-content\/uploads\/2010\/08\/nordeste.jpg\" width=\"220\" vspace=\"9\" hspace=\"15\" height=\"220\" align=\"right\" srcset=\"https:\/\/abc-latina.com\/wp-content\/uploads\/2010\/08\/nordeste.jpg 220w, https:\/\/abc-latina.com\/wp-content\/uploads\/2010\/08\/nordeste-150x150.jpg 150w\" sizes=\"auto, (max-width: 220px) 100vw, 220px\" \/>Le <span class=\"tourisme-chapitre\">Nordeste<\/span> couvre 1 million de km&sup2; et repr\u00e9sente 12% du territoire national. Les huit \u00e9tats du Nordeste (Sergipe, Alagoas, Pernambuco, Para\u00edba, Rio Grande do Norte, Cear\u00e1, Piau\u00ed et Maranh\u00e3o) comptent une population de trente millions d&rsquo;habitants, c&rsquo;est \u00e0 dire pr\u00e8s de 23% du total br\u00e9silien.&nbsp;<\/div>\n<div>Par sa situation g\u00e9ographique, l&rsquo;<strong><a href=\"https:\/\/www.abc-latina.com\/bresil\/bahia\">\u00e9tat de Bahia<\/a><\/strong> avec ses 10 millions et demi d&rsquo;habitants, fait partie du Nordeste, mais il est tr\u00e8s diff\u00e9rent de ses voisins en raison de ses racines africaines.&nbsp;<\/div>\n<div>Le Nordeste a connu une br\u00e8ve expansion \u00e9conomique fond\u00e9e sur le sucre. Ses plantations \u00e9taient la principale source de revenu. Le d\u00e9clin du Nordeste s&rsquo;est fait sentir d\u00e8s le d\u00e9but du 18 \u00e9me si\u00e8cle, et s&rsquo;est poursuivi jusqu&rsquo;\u00e0 l&rsquo;\u00e9poque moderne. Aujourd&rsquo;hui, le Nordeste est synonyme de pauvret\u00e9 et de famine, semblable en cela aux nations les plus pauvres d&rsquo;Afrique. Les probl\u00e8mes du Nordete ont tous la m\u00eame origine: une terre incapable de nourrir ses habitants. Hormis la longue bande de terre fertile qui borde la c\u00f4te de Bahia \u00e0 Rio Grande do Norte, la r\u00e9gion est une vaste steppe semi-aride, peupl\u00e9e d&rsquo;arbres rabougris et de cact\u00e9es. La vall\u00e9e du fleuve S\u00e3o Francisco est l&rsquo;une des rares zones fertiles de tout le Nordeste. Le littoral fertile abrite de nombreuses villes, dont Recife et Fortaleza, les deux centres urbains les plus importants de la r\u00e9gion. Les plages du Nordeste comptent parmi les plus belles et les plus sauvages de tout le Br\u00e9sil. Elles attirent de plus en plus de visiteurs, la douceur du climat et la beaut\u00e9 des paysages, la d\u00e9contraction du style de vie et les vestiges historiques, la cuisine \u00e0 base de poissons, de crevettes et de homards contribuera \u00e0 faire appr\u00e9cier la r\u00e9gion.<\/div>\n<div>&nbsp;<\/div>\n<div><strong><a href=\"https:\/\/www.abc-latina.com\/bresil\/voyage\/recife\">Recife<\/a><\/strong>, la capitale de l&rsquo;\u00e9tat de Pernambuco, est une m\u00e9tropole de moins d&rsquo;un million et demi d&rsquo;habitants. A cet endroit, comme un peu partout dans le Nordeste, le littoral est caract\u00e9ris\u00e9 par de larges r\u00e9cifs coralliens sur lesquels se brisent les vagues venant de large.&nbsp;<\/div>\n<div>Recife, la &quot;Venise du Br\u00e9sil&quot;, qui \u00e9tait autrefois un vaste mar\u00e9cage parsem\u00e9 d&rsquo;\u00eeles, fut en grande partie assainie. Aujourd&rsquo;hui, 39 ponts enjambent les rivi\u00e8res et les canaux, reliant les trois \u00eeles principales de la ville.<\/div>\n<div>Les plages des environs: la plage de P\u00f4rto de Galinhas, dans la ville d&rsquo;Ipojuca \u00e0 une cinquantaine de kilom\u00e8tres au sud de Recife, est l&rsquo;une des plus belles de la r\u00e9gion. Au nord de Recife, les plus belles plages se trouvent essentiellement sur l&rsquo;Ilha Itamarac\u00e1. Une partie de l&rsquo;\u00eele sert de prison ouverte pour les d\u00e9tenus mod\u00e8les du p\u00e9nitencier. Les prisonniers mari\u00e9s ont le droit de vivre avec leur famille, et exercent tous une profession. De petites boutiques de souvenirs sont tenues par des prisonniers, identifi\u00e9s par un num\u00e9ro sur leur tee-shirt. Ces d\u00e9tenus ne sont pas dangereux, ils ch\u00e9rissent leur statut plus que tout et ne feraient rien pour risquer de le perdre.<\/div>\n<div>&nbsp;<\/div>\n<div><strong><a href=\"https:\/\/www.abc-latina.com\/bresil\/voyage\/olinda\">Olinda<\/a><\/strong>, l&rsquo;ancienne capitale du Pernambuco, qui s&rsquo;\u00e9tend tel un mus\u00e9e \u00e0 ciel ouvert sur les hauteurs de Recife, est un joyau de l&rsquo;art baroque et a re\u00e7u le titre de &quot;h\u00e9ritage de la nature et de la culture de l&rsquo;Humanit\u00e9&quot; par l&rsquo;UNESCO. Cette charmante petite ville, situ\u00e9e \u00e0 6 km de Recife, fut fond\u00e9e en 1537.<\/div>\n<div>Au 18 \u00e9me si\u00e8cle, les grands producteurs de sucre s&rsquo;install\u00e8rent \u00e0 Recife, d\u00e9tr\u00f4nant Olinda dans son r\u00f4le de capitale d&rsquo;\u00e9tat. La ville s&rsquo;endormit alors pour appara\u00eetre aujourd&rsquo;hui comme un v\u00e9ritable joyau de la culture Br\u00e9silienne.&nbsp;<\/div>\n<div>La meilleure fa\u00e7on de d\u00e9couvrir cette petite ville est de s&rsquo;y promener \u00e0 pied. Les ruelles \u00e9troites sont bord\u00e9es de maisons coloniales aux couleurs vives, d&rsquo;\u00e9glises, de caf\u00e9s et de boutiques.&nbsp;<\/div>\n<div>&nbsp;<\/div>\n<div><a href=\"tour_operateur\" target=\"_blank\"><img loading=\"lazy\" decoding=\"async\" class=\" size-full wp-image-41\" alt=\"\" class=\"touroperateur\" src=\"http:\/\/abc-latina.com\/wp-content\/uploads\/2010\/04\/timbre_to.gif\" width=\"125\" height=\"90\" \/><\/a>Fazenda Nova, un village paisible qui a surv\u00e9cu pendant des ann\u00e9es en travaillant une terre peu fertile, a inaugur\u00e9 la Nova Jerusal\u00e9m. Il s&rsquo;agit du plus grand spectacle de th\u00e9\u00e2tre en plein air du Br\u00e9sil.<\/div>\n<div>Les sites des sc\u00e8nes de la Passion ont \u00e9t\u00e9 reconstitu\u00e9es dans une ville-d\u00e9cor de 7 ha, qui reproduit fid\u00e8lement la J\u00e9rusalem de l&rsquo;an 33 de notre \u00e8re. Plus de 500 acteurs, pour la plupart des habitants du village, prennent part \u00e0 ce superbe spectacle son et lumi\u00e8re.&nbsp;<\/div>\n<div>&nbsp;<\/div>\n<div>A une centaine de kilom\u00e8tres au nord de Recife se trouve la ville de <strong><a href=\"https:\/\/www.abc-latina.com\/bresil\/voyage\/joao_pessoa\">Jo\u00e3o Pessoa<\/a><\/strong> (400.000 h). Les douzaines de plages qui l&rsquo;entourent sont prot\u00e9g\u00e9es par une barri\u00e8re de corail, et abrit\u00e9es du soleil par des rang\u00e9es de cocotiers. elle est la troisi\u00e8me plus vieille ville du Br\u00e9sil.&nbsp;<\/div>\n<div>Palmiers, bougainvill\u00e9es et autres plantes tropicales ornent ses rues en abondance.<\/div>\n<div>Natal, capitale de l&rsquo;\u00e9tat de Rio Grande do Norte, est c\u00e9l\u00e8bre pour la beaut\u00e9 de ses plages et de ses grandes dunes de sable. La Praia Genipabu attire des visiteurs du monde entier. Le Forte dos Reis Magos (fort des rois mages) est l&rsquo;un des mieux conserv\u00e9s du Br\u00e9sil.&nbsp;<\/div>\n<div>Dans l&rsquo;\u00e9tat d&rsquo;Alagoas <strong><a href=\"https:\/\/www.abc-latina.com\/bresil\/voyage\/maceio\">Macei\u00f3<\/a><\/strong>, ville de 500.000 habitants, est pratiquement encercl\u00e9e par la superbe lagune de Mundau, le long de laquelle se trouvent de nombreux villages de p\u00eacheurs. A Praia Paju\u00e7ara, la mer forme, en se retirant, une grande piscine d&rsquo;eau verte, peu profonde. La ville est r\u00e9guli\u00e8rement d\u00e9bord\u00e9e par les flots de touristes qui s&rsquo;abattent sur elle chaque \u00e9t\u00e9.&nbsp;<\/div>\n<div>Fond\u00e9e en 1855, Aracaj\u00fa est c\u00e9l\u00e8bre pour la beaut\u00e9 de ses plages et l&rsquo;hospitalit\u00e9 de ses habitants, et saura vous s\u00e9duire par ses nombreuses sp\u00e9cialit\u00e9s culinaires.&nbsp;<\/div>\n<div>A <strong><a href=\"https:\/\/www.abc-latina.com\/bresil\/voyage\/sao_cristovao\">S\u00e3o Crist\u00f3v\u00e3o<\/a><\/strong>, fond\u00e9e en 1590 subsiste encore de nombreuses constructions coloniales. Entre le bassin amazonien et le sert\u00e3o se trouve <strong><a href=\"https:\/\/www.abc-latina.com\/bresil\/voyage\/sao_luis\">S\u00e3o Luis<\/a><\/strong>, qui a gard\u00e9 toute son atmosph\u00e8re coloniale, avec ses rues tortueuses et ses vieilles constructions aux magnifiques azulejus.&nbsp;<\/div>\n<div>&nbsp;<\/div>\n<div><img loading=\"lazy\" decoding=\"async\" class=\" alignright size-full wp-image-2088\" src=\"http:\/\/abc-latina.com\/wp-content\/uploads\/2010\/08\/fortaleza-pro.jpg\" style=\"border-width: 1px; border-style: solid; margin: 5px 22px; float: right;\" alt=\"\" width=\"180\" height=\"120\" \/>L&rsquo;\u00e9tat de Cear\u00e1 a des kilom\u00e8tres de plages bord\u00e9es de palmiers, de dunes et de lagons d&rsquo;eau douce. <strong><a href=\"https:\/\/www.abc-latina.com\/bresil\/voyage\/fortaleza\">Fortaleza<\/a><\/strong>, la capitale avec plus d&rsquo;un million et demi d&rsquo;habitants, est le troisi\u00e8me centre urbain du Nordeste.&nbsp;<\/div>\n<div>Les villages du littoral, rafra\u00eechis en permanence par le vent du large, abritent encore des dentelli\u00e8res et des brodeuses qui exercent leur art dans le respect de la tradition.<\/div>\n<div>Iguape est c\u00e9l\u00e8bre pour ses dentelles et ses flacons remplis de sable color\u00e9. La plus belle des plages du Cear\u00e1 est celle de <strong><a href=\"https:\/\/www.abc-latina.com\/bresil\/voyage\/jericoacoara\">Jericoacoara<\/a><\/strong>. Une alliance entre les p\u00eacheurs et les \u00e9cologistes de la r\u00e9gion a r\u00e9ussi \u00e0 emp\u00eacher la r\u00e9alisation de nouvelles constructions. Ici la plage n&rsquo;est bord\u00e9 que de superbes cocotiers .<\/div>\n<div>Ico a conserv\u00e9 de nombreux monuments historiques tr\u00e8s int\u00e9ressants.<\/div>\n<div>La Chapada do Ariripe, une cha\u00eene montagneuse de 700m d&rsquo;altitude, abrite une r\u00e9serve naturelle parsem\u00e9e de cascades de bassins d&rsquo;eau claire, propices \u00e0 la baignade.&nbsp;<a href=\"http:\/\/voyage.abc-latina.com\/voyage_bresil\/bresil.php\" target=\"_blank\"><span class=\"sejour-circuit\"><br \/><\/span><\/a><\/div>\n<h3>Pr\u00e9parez votre voyage dans le Nordeste :<\/h3>\n<div><a href=\"https:\/\/www.abc-latina.com\/bresil\/agence_de_voyages\">Agences de voyage g\u00e9n\u00e9ralistes et discounteurs<\/a><\/div>\n<div><a href=\"https:\/\/www.abc-latina.com\/bresil\/tour_operateur\">Tours Op\u00e9rateurs sp\u00e9cialistes du Br\u00e9sil<\/a><\/div>\n<div><a href=\"https:\/\/www.abc-latina.com\/to\/reservation_billet_avion\" target=\"_blank\">R\u00e9servez votre billet d&rsquo;avion<\/a><\/div>\n<div><a href=\"https:\/\/www.abc-latina.com\/bresil\/hotels\">R\u00e9servez votre h\u00f4tel<\/a>&nbsp;<\/div>\n<div><a href=\"https:\/\/www.abc-latina.com\/to\/location_de_voiture_bresil\" target=\"_blank\">Location de voiture<\/a><\/div>\n","protected":false},"excerpt":{"rendered":"<p>Le Nordeste couvre 1 million de km&sup2; et repr\u00e9sente 12% du territoire national. Les huit \u00e9tats du Nordeste (Sergipe, Alagoas, [&hellip;]<\/p>\n","protected":false},"author":3,"featured_media":2087,"parent":2297,"menu_order":0,"comment_status":"closed","ping_status":"closed","template":"","meta":{"site-sidebar-layout":"default","site-content-layout":"","ast-site-content-layout":"default","site-content-style":"default","site-sidebar-style":"default","ast-global-header-display":"","ast-banner-title-visibility":"","ast-main-header-display":"","ast-hfb-above-header-display":"","ast-hfb-below-header-display":"","ast-hfb-mobile-header-display":"","site-post-title":"","ast-breadcrumbs-content":"","ast-featured-img":"","footer-sml-layout":"","ast-disable-related-posts":"","theme-transparent-header-meta":"","adv-header-id-meta":"","stick-header-meta":"","header-above-stick-meta":"","header-main-stick-meta":"","header-below-stick-meta":"","astra-migrate-meta-layouts":"default","ast-page-background-enabled":"default","ast-page-background-meta":{"desktop":{"background-color":"var(--ast-global-color-5)","background-image":"","background-repeat":"repeat","background-position":"center center","background-size":"auto","background-attachment":"scroll","background-type":"","background-media":"","overlay-type":"","overlay-color":"","overlay-opacity":"","overlay-gradient":""},"tablet":{"background-color":"","background-image":"","background-repeat":"repeat","background-position":"center center","background-size":"auto","background-attachment":"scroll","background-type":"","background-media":"","overlay-type":"","overlay-color":"","overlay-opacity":"","overlay-gradient":""},"mobile":{"background-color":"","background-image":"","background-repeat":"repeat","background-position":"center center","background-size":"auto","background-attachment":"scroll","background-type":"","background-media":"","overlay-type":"","overlay-color":"","overlay-opacity":"","overlay-gradient":""}},"ast-content-background-meta":{"desktop":{"background-color":"var(--ast-global-color-4)","background-image":"","background-repeat":"repeat","background-position":"center center","background-size":"auto","background-attachment":"scroll","background-type":"","background-media":"","overlay-type":"","overlay-color":"","overlay-opacity":"","overlay-gradient":""},"tablet":{"background-color":"var(--ast-global-color-4)","background-image":"","background-repeat":"repeat","background-position":"center center","background-size":"auto","background-attachment":"scroll","background-type":"","background-media":"","overlay-type":"","overlay-color":"","overlay-opacity":"","overlay-gradient":""},"mobile":{"background-color":"var(--ast-global-color-4)","background-image":"","background-repeat":"repeat","background-position":"center center","background-size":"auto","background-attachment":"scroll","background-type":"","background-media":"","overlay-type":"","overlay-color":"","overlay-opacity":"","overlay-gradient":""}},"footnotes":""},"class_list":["post-2089","page","type-page","status-publish","has-post-thumbnail","hentry"],"yoast_head":"<!-- This site is optimized with the Yoast SEO plugin v27.5 - https:\/\/yoast.com\/product\/yoast-seo-wordpress\/ -->\n<title>Le NORDESTE - Abc-latina<\/title>\n<meta name=\"description\" content=\"La r\u00e9gion du Nordeste, au Br\u00e9sil.\" \/>\n<meta name=\"robots\" content=\"index, follow, max-snippet:-1, max-image-preview:large, max-video-preview:-1\" \/>\n<link rel=\"canonical\" href=\"https:\/\/abc-latina.com\/bresil\/nordeste\/\" \/>\n<meta property=\"og:locale\" content=\"fr_FR\" \/>\n<meta property=\"og:type\" content=\"article\" \/>\n<meta property=\"og:title\" content=\"Le NORDESTE - Abc-latina\" \/>\n<meta property=\"og:description\" content=\"La r\u00e9gion du Nordeste, au Br\u00e9sil.\" \/>\n<meta property=\"og:url\" content=\"https:\/\/abc-latina.com\/bresil\/nordeste\/\" \/>\n<meta property=\"og:site_name\" content=\"Abc-latina\" \/>\n<meta property=\"article:modified_time\" content=\"2026-04-30T16:24:51+00:00\" \/>\n<meta property=\"og:image\" content=\"https:\/\/abc-latina.com\/wp-content\/uploads\/2010\/08\/nordeste.jpg\" \/>\n\t<meta property=\"og:image:width\" content=\"220\" \/>\n\t<meta property=\"og:image:height\" content=\"220\" \/>\n\t<meta property=\"og:image:type\" content=\"image\/jpeg\" \/>\n<meta name=\"twitter:card\" content=\"summary_large_image\" \/>\n<meta name=\"twitter:label1\" content=\"Dur\u00e9e de lecture estim\u00e9e\" \/>\n\t<meta name=\"twitter:data1\" content=\"6 minutes\" \/>\n<script type=\"application\/ld+json\" class=\"yoast-schema-graph\">{\"@context\":\"https:\\\/\\\/schema.org\",\"@graph\":[{\"@type\":\"WebPage\",\"@id\":\"https:\\\/\\\/abc-latina.com\\\/bresil\\\/nordeste\\\/\",\"url\":\"https:\\\/\\\/abc-latina.com\\\/bresil\\\/nordeste\\\/\",\"name\":\"Le NORDESTE - Abc-latina\",\"isPartOf\":{\"@id\":\"https:\\\/\\\/abc-latina.com\\\/#website\"},\"primaryImageOfPage\":{\"@id\":\"https:\\\/\\\/abc-latina.com\\\/bresil\\\/nordeste\\\/#primaryimage\"},\"image\":{\"@id\":\"https:\\\/\\\/abc-latina.com\\\/bresil\\\/nordeste\\\/#primaryimage\"},\"thumbnailUrl\":\"https:\\\/\\\/abc-latina.com\\\/wp-content\\\/uploads\\\/2010\\\/08\\\/nordeste.jpg\",\"datePublished\":\"2010-08-05T03:26:14+00:00\",\"dateModified\":\"2026-04-30T16:24:51+00:00\",\"description\":\"La r\u00e9gion du Nordeste, au Br\u00e9sil.\",\"breadcrumb\":{\"@id\":\"https:\\\/\\\/abc-latina.com\\\/bresil\\\/nordeste\\\/#breadcrumb\"},\"inLanguage\":\"fr-FR\",\"potentialAction\":[{\"@type\":\"ReadAction\",\"target\":[\"https:\\\/\\\/abc-latina.com\\\/bresil\\\/nordeste\\\/\"]}]},{\"@type\":\"ImageObject\",\"inLanguage\":\"fr-FR\",\"@id\":\"https:\\\/\\\/abc-latina.com\\\/bresil\\\/nordeste\\\/#primaryimage\",\"url\":\"https:\\\/\\\/abc-latina.com\\\/wp-content\\\/uploads\\\/2010\\\/08\\\/nordeste.jpg\",\"contentUrl\":\"https:\\\/\\\/abc-latina.com\\\/wp-content\\\/uploads\\\/2010\\\/08\\\/nordeste.jpg\",\"width\":220,\"height\":220,\"caption\":\"NORDESTE\"},{\"@type\":\"BreadcrumbList\",\"@id\":\"https:\\\/\\\/abc-latina.com\\\/bresil\\\/nordeste\\\/#breadcrumb\",\"itemListElement\":[{\"@type\":\"ListItem\",\"position\":1,\"name\":\"Accueil\",\"item\":\"https:\\\/\\\/abc-latina.com\\\/\"},{\"@type\":\"ListItem\",\"position\":2,\"name\":\"Le NORDESTE\"}]},{\"@type\":\"WebSite\",\"@id\":\"https:\\\/\\\/abc-latina.com\\\/#website\",\"url\":\"https:\\\/\\\/abc-latina.com\\\/\",\"name\":\"Abc-latina\",\"description\":\"\",\"publisher\":{\"@id\":\"https:\\\/\\\/abc-latina.com\\\/#organization\"},\"potentialAction\":[{\"@type\":\"SearchAction\",\"target\":{\"@type\":\"EntryPoint\",\"urlTemplate\":\"https:\\\/\\\/abc-latina.com\\\/?s={search_term_string}\"},\"query-input\":{\"@type\":\"PropertyValueSpecification\",\"valueRequired\":true,\"valueName\":\"search_term_string\"}}],\"inLanguage\":\"fr-FR\"},{\"@type\":\"Organization\",\"@id\":\"https:\\\/\\\/abc-latina.com\\\/#organization\",\"name\":\"Abc-latina\",\"url\":\"https:\\\/\\\/abc-latina.com\\\/\",\"logo\":{\"@type\":\"ImageObject\",\"inLanguage\":\"fr-FR\",\"@id\":\"https:\\\/\\\/abc-latina.com\\\/#\\\/schema\\\/logo\\\/image\\\/\",\"url\":\"https:\\\/\\\/abc-latina.com\\\/wp-content\\\/uploads\\\/2026\\\/05\\\/cropped-logo.gif\",\"contentUrl\":\"https:\\\/\\\/abc-latina.com\\\/wp-content\\\/uploads\\\/2026\\\/05\\\/cropped-logo.gif\",\"width\":89,\"height\":84,\"caption\":\"Abc-latina\"},\"image\":{\"@id\":\"https:\\\/\\\/abc-latina.com\\\/#\\\/schema\\\/logo\\\/image\\\/\"}}]}<\/script>\n<!-- \/ Yoast SEO plugin. -->","yoast_head_json":{"title":"Le NORDESTE - Abc-latina","description":"La r\u00e9gion du Nordeste, au Br\u00e9sil.","robots":{"index":"index","follow":"follow","max-snippet":"max-snippet:-1","max-image-preview":"max-image-preview:large","max-video-preview":"max-video-preview:-1"},"canonical":"https:\/\/abc-latina.com\/bresil\/nordeste\/","og_locale":"fr_FR","og_type":"article","og_title":"Le NORDESTE - Abc-latina","og_description":"La r\u00e9gion du Nordeste, au Br\u00e9sil.","og_url":"https:\/\/abc-latina.com\/bresil\/nordeste\/","og_site_name":"Abc-latina","article_modified_time":"2026-04-30T16:24:51+00:00","og_image":[{"width":220,"height":220,"url":"https:\/\/abc-latina.com\/wp-content\/uploads\/2010\/08\/nordeste.jpg","type":"image\/jpeg"}],"twitter_card":"summary_large_image","twitter_misc":{"Dur\u00e9e de lecture estim\u00e9e":"6 minutes"},"schema":{"@context":"https:\/\/schema.org","@graph":[{"@type":"WebPage","@id":"https:\/\/abc-latina.com\/bresil\/nordeste\/","url":"https:\/\/abc-latina.com\/bresil\/nordeste\/","name":"Le NORDESTE - Abc-latina","isPartOf":{"@id":"https:\/\/abc-latina.com\/#website"},"primaryImageOfPage":{"@id":"https:\/\/abc-latina.com\/bresil\/nordeste\/#primaryimage"},"image":{"@id":"https:\/\/abc-latina.com\/bresil\/nordeste\/#primaryimage"},"thumbnailUrl":"https:\/\/abc-latina.com\/wp-content\/uploads\/2010\/08\/nordeste.jpg","datePublished":"2010-08-05T03:26:14+00:00","dateModified":"2026-04-30T16:24:51+00:00","description":"La r\u00e9gion du Nordeste, au Br\u00e9sil.","breadcrumb":{"@id":"https:\/\/abc-latina.com\/bresil\/nordeste\/#breadcrumb"},"inLanguage":"fr-FR","potentialAction":[{"@type":"ReadAction","target":["https:\/\/abc-latina.com\/bresil\/nordeste\/"]}]},{"@type":"ImageObject","inLanguage":"fr-FR","@id":"https:\/\/abc-latina.com\/bresil\/nordeste\/#primaryimage","url":"https:\/\/abc-latina.com\/wp-content\/uploads\/2010\/08\/nordeste.jpg","contentUrl":"https:\/\/abc-latina.com\/wp-content\/uploads\/2010\/08\/nordeste.jpg","width":220,"height":220,"caption":"NORDESTE"},{"@type":"BreadcrumbList","@id":"https:\/\/abc-latina.com\/bresil\/nordeste\/#breadcrumb","itemListElement":[{"@type":"ListItem","position":1,"name":"Accueil","item":"https:\/\/abc-latina.com\/"},{"@type":"ListItem","position":2,"name":"Le NORDESTE"}]},{"@type":"WebSite","@id":"https:\/\/abc-latina.com\/#website","url":"https:\/\/abc-latina.com\/","name":"Abc-latina","description":"","publisher":{"@id":"https:\/\/abc-latina.com\/#organization"},"potentialAction":[{"@type":"SearchAction","target":{"@type":"EntryPoint","urlTemplate":"https:\/\/abc-latina.com\/?s={search_term_string}"},"query-input":{"@type":"PropertyValueSpecification","valueRequired":true,"valueName":"search_term_string"}}],"inLanguage":"fr-FR"},{"@type":"Organization","@id":"https:\/\/abc-latina.com\/#organization","name":"Abc-latina","url":"https:\/\/abc-latina.com\/","logo":{"@type":"ImageObject","inLanguage":"fr-FR","@id":"https:\/\/abc-latina.com\/#\/schema\/logo\/image\/","url":"https:\/\/abc-latina.com\/wp-content\/uploads\/2026\/05\/cropped-logo.gif","contentUrl":"https:\/\/abc-latina.com\/wp-content\/uploads\/2026\/05\/cropped-logo.gif","width":89,"height":84,"caption":"Abc-latina"},"image":{"@id":"https:\/\/abc-latina.com\/#\/schema\/logo\/image\/"}}]}},"_links":{"self":[{"href":"https:\/\/abc-latina.com\/wp-json\/wp\/v2\/pages\/2089","targetHints":{"allow":["GET"]}}],"collection":[{"href":"https:\/\/abc-latina.com\/wp-json\/wp\/v2\/pages"}],"about":[{"href":"https:\/\/abc-latina.com\/wp-json\/wp\/v2\/types\/page"}],"author":[{"embeddable":true,"href":"https:\/\/abc-latina.com\/wp-json\/wp\/v2\/users\/3"}],"replies":[{"embeddable":true,"href":"https:\/\/abc-latina.com\/wp-json\/wp\/v2\/comments?post=2089"}],"version-history":[{"count":1,"href":"https:\/\/abc-latina.com\/wp-json\/wp\/v2\/pages\/2089\/revisions"}],"predecessor-version":[{"id":3196,"href":"https:\/\/abc-latina.com\/wp-json\/wp\/v2\/pages\/2089\/revisions\/3196"}],"up":[{"embeddable":true,"href":"https:\/\/abc-latina.com\/wp-json\/wp\/v2\/pages\/2297"}],"wp:featuredmedia":[{"embeddable":true,"href":"https:\/\/abc-latina.com\/wp-json\/wp\/v2\/media\/2087"}],"wp:attachment":[{"href":"https:\/\/abc-latina.com\/wp-json\/wp\/v2\/media?parent=2089"}],"curies":[{"name":"wp","href":"https:\/\/api.w.org\/{rel}","templated":true}]}}