{"id":2097,"date":"2010-08-05T05:36:02","date_gmt":"2010-08-05T03:36:02","guid":{"rendered":"http:\/\/abc-latina.com\/sao-paulo-htm\/"},"modified":"2026-04-30T18:24:52","modified_gmt":"2026-04-30T16:24:52","slug":"sao-paulo","status":"publish","type":"page","link":"https:\/\/abc-latina.com\/bresil\/sao-paulo\/","title":{"rendered":"SAO PAULO"},"content":{"rendered":"<div><span class=\"tourisme-chapitre\"><img loading=\"lazy\" decoding=\"async\" class=\" size-full wp-image-2094\" src=\"http:\/\/abc-latina.com\/wp-content\/uploads\/2010\/08\/055-sao-paulo-bresil.jpg\" title=\"SAO PAULO - BRESIL\" alt=\"SAO PAULO - BRESIL\" width=\"480\" height=\"296\" srcset=\"https:\/\/abc-latina.com\/wp-content\/uploads\/2010\/08\/055-sao-paulo-bresil.jpg 700w, https:\/\/abc-latina.com\/wp-content\/uploads\/2010\/08\/055-sao-paulo-bresil-300x185.jpg 300w\" sizes=\"auto, (max-width: 480px) 100vw, 480px\" \/><\/span><\/div>\n<div>&nbsp;<\/div>\n<div><span class=\"tourisme-chapitre\">Sao Paulo<\/span> est une ville aux multiples visages, elle abrite plus de groupe ethniques que n&rsquo;importe quelle autre agglom\u00e9ration de la r\u00e9gion. Son vaste parc industriel, est l&rsquo;un des plus grand du monde.<\/div>\n<div>&nbsp;<\/div>\n<div><span class=\"tourisme-unesco\">La vieille ville de S\u00e3o Paulo <\/span><\/div>\n<div>Le centre originel de S\u00e3o Paulo consiste aujourd&rsquo;hui en une esplanade a\u00e9r\u00e9e et une poign\u00e9e de constructions aux murs blanchis, le P\u00e1tio do Col\u00e9gio. C&rsquo;est \u00e0 cet endroit que le j\u00e9suites Jos\u00e9 de Anchieta et Manuel da N\u00f3brega fond\u00e8rent la mission de S\u00e3o Paulo de Piratininga en 1554.<\/div>\n<div>On y trouve la Casa de Anchieta est un mus\u00e9e consacr\u00e9 \u00e0 l&rsquo;histoire de la fondation de la ville, et expose des objets de la vie quotidienne des premiers colons. Jusqu&rsquo;au au milieu de 19 \u00e9me si\u00e8cle, ce quartier, qui ne comprenait qu&rsquo;une douzaine de rues, formait \u00e0 lui seul la &quot;ville&quot; de S\u00e3o Paulo.&nbsp;<\/div>\n<div>&nbsp;<\/div>\n<div><span class=\"tourisme-unesco\">Les quartiers \u00e9trangers:&nbsp;<\/span><\/div>\n<div><span class=\"tourisme-chapitre\"><img loading=\"lazy\" decoding=\"async\" class=\" alignright size-full wp-image-2095\" title=\"SAO PAULO\" src=\"http:\/\/abc-latina.com\/wp-content\/uploads\/2010\/08\/sao-paulo.jpg\" alt=\"\" width=\"220\" vspace=\"9\" hspace=\"15\" height=\"220\" align=\"right\" srcset=\"https:\/\/abc-latina.com\/wp-content\/uploads\/2010\/08\/sao-paulo.jpg 220w, https:\/\/abc-latina.com\/wp-content\/uploads\/2010\/08\/sao-paulo-150x150.jpg 150w\" sizes=\"auto, (max-width: 220px) 100vw, 220px\" \/><\/span>Le quartier de Liberdade a gard\u00e9 intactes ses origines Japonaises, \u00e0 tel point que les panneaux des rues portent des indications en japonais.<\/div>\n<div>Bela Vista, commun\u00e9ment appel\u00e9 Bixiga, est aujourd&rsquo;hui le quartier Italien.<\/div>\n<div>Bom Retiro a conserv\u00e9 de nombreux vestiges de son pass\u00e9 arabe et libanais. On y voit des marchands juifs, musulmans et chr\u00e9tiens siroter leur caf\u00e9 et deviser paisiblement comme si les tensions n&rsquo;avaient jamais exist\u00e9 au Moyen-Orient.<\/div>\n<div>&nbsp;<\/div>\n<div><span class=\"tourisme-unesco\">Les parc et les mus\u00e9es<\/span> attirent chaque jour un grand nombre de visiteurs. S\u00e3o Paulo poss\u00e8de \u00e9galement l&rsquo;un des plus grands zoo du monde, situ\u00e9 dans le Parque Estadual das Fontas do Ipiranga. Avec ses 3.500 sp\u00e9cimens qui \u00e9voluent dans un environnement naturel et ses oiseaux tropicaux, le Jardim zool\u00f3gico attire chaque ann\u00e9e pr\u00e8s de 2.500.000 visiteurs.&nbsp;<\/div>\n<div>&nbsp;<\/div>\n<div><span class=\"tourisme-unesco\">Les environs de Sao Paulo&nbsp;<\/span><\/div>\n<div><a target=\"_blank\" href=\"tour_operateur\"><img loading=\"lazy\" decoding=\"async\" class=\" size-full wp-image-41\" src=\"http:\/\/abc-latina.com\/wp-content\/uploads\/2010\/04\/timbre_to.gif\" class=\"touroperateur\" alt=\"\" width=\"125\" height=\"90\" \/><\/a>Campos do Jord\u00e3o, une ville situ\u00e9e \u00e0 1700m d&rsquo;altitude, est la station \u00e0 la mode de S\u00e3o Paulo. En d\u00e9pit de son \u00e9loignement relatif de la m\u00e9tropole (160 km), ses petits chalets, son climat vigoureux attirent de nombreux visiteurs.&nbsp;<\/div>\n<div>Plus pr\u00e8s de S\u00e3o Paulo, \u00e0 60 km se trouve le village de Paranapiacaba, situ\u00e9 \u00e0 800 m d&rsquo;altitude, o\u00f9 le temps parait s&rsquo;\u00eatre arr\u00eat\u00e9. Un vieux train essouffl\u00e9 grimpe jusqu&rsquo;au sommet de la montagne, d&rsquo;o\u00f9 l&rsquo;on d\u00e9couvre une vue spectaculaire sur les plaines de Santos.&nbsp;<\/div>\n<div>La petite ville d&rsquo;Atibaia,\u00e0 820m, est la capitale des p\u00eaches et des fraises. Des douzaines de t\u00e9lescopes et quelques observatoires miniatures ont \u00e9lus domicile \u00e0 Atibaia, en raison de la puret\u00e9 de l&rsquo;air propice \u00e0 l&rsquo;\u00e9tude des cieux.<\/div>\n<div>Ubatuba est une station baln\u00e9aire tr\u00e8s \u00e0 la mode , r\u00e9put\u00e9e pour la puret\u00e9 de ses flots, sur 85 km de c\u00f4te, plus de 70 plages dont beaucoup demeurent d\u00e9sertes en raison de leurs acc\u00e8s encore difficile.&nbsp;<\/div>\n<div>Des excursions en bateau permettent de visiter les ruines da la prison Anchieta et les vestiges de la plantation de sucre Lagoinha.&nbsp;<\/div>\n<div>Caraguatatuba \u00e0 190 km de S\u00e3o Paulo, compte autant de plages que sa voisine mais elle est moins richement pourvue en attractions historiques.&nbsp;<\/div>\n<div>S\u00e3o Sebasti\u00e3o, une agr\u00e9able petite ville historique, d&rsquo;o\u00f9 partent les ferries pour Ilha Bela. Sa for\u00eat tropicale, ses rochers, ses cascades et ses plages d\u00e9sertes en font l&rsquo;une des \u00eeles les plus sauvages et le plus pittoresques de la c\u00f4te.<a target=\"_blank\" href=\"http:\/\/voyage.abc-latina.com\/voyage_bresil\/bresil.php\"><span class=\"sejour-circuit\"><br \/><\/span><\/a><\/div>\n<h3>Pr\u00e9parez votre voyage \u00e0 Sao Paulo:<\/h3>\n<div><a href=\"https:\/\/www.abc-latina.com\/bresil\/agence_de_voyages\">Agences de voyage g\u00e9n\u00e9ralistes et discounteurs<\/a><\/div>\n<div><a href=\"https:\/\/www.abc-latina.com\/bresil\/tour_operateur\">Tours Op\u00e9rateurs sp\u00e9cialistes du Br\u00e9sil<\/a><\/div>\n<div><a target=\"_blank\" href=\"https:\/\/www.abc-latina.com\/to\/reservation_billet_avion\">R\u00e9servez votre billet d&rsquo;avion<\/a><\/div>\n<div><a target=\"_blank\" href=\"http:\/\/www.booking.com\/city\/br\/sao-paulol?aid=364340\">R\u00e9servez votre h\u00f4tel \u00e0 Sao Paulo<\/a>&nbsp;<\/div>\n<div><a target=\"_blank\" href=\"https:\/\/www.abc-latina.com\/to\/location_de_voiture_bresil\">Location de voiture<\/a><\/div>\n<div>&nbsp;<\/div>\n<p><img loading=\"lazy\" decoding=\"async\" class=\" size-full wp-image-2096\" src=\"http:\/\/abc-latina.com\/wp-content\/uploads\/2010\/08\/056-sao-paulo-lieux-d-interet.jpg\" title=\"LIEUX D'INTERET A SAO PAULO\" alt=\"\" width=\"480\" height=\"276\" srcset=\"https:\/\/abc-latina.com\/wp-content\/uploads\/2010\/08\/056-sao-paulo-lieux-d-interet.jpg 700w, https:\/\/abc-latina.com\/wp-content\/uploads\/2010\/08\/056-sao-paulo-lieux-d-interet-300x173.jpg 300w\" sizes=\"auto, (max-width: 480px) 100vw, 480px\" \/><\/p>\n","protected":false},"excerpt":{"rendered":"<p>&nbsp; Sao Paulo est une ville aux multiples visages, elle abrite plus de groupe ethniques que n&rsquo;importe quelle autre agglom\u00e9ration [&hellip;]<\/p>\n","protected":false},"author":3,"featured_media":2094,"parent":2297,"menu_order":0,"comment_status":"closed","ping_status":"closed","template":"","meta":{"site-sidebar-layout":"default","site-content-layout":"","ast-site-content-layout":"default","site-content-style":"default","site-sidebar-style":"default","ast-global-header-display":"","ast-banner-title-visibility":"","ast-main-header-display":"","ast-hfb-above-header-display":"","ast-hfb-below-header-display":"","ast-hfb-mobile-header-display":"","site-post-title":"","ast-breadcrumbs-content":"","ast-featured-img":"","footer-sml-layout":"","ast-disable-related-posts":"","theme-transparent-header-meta":"","adv-header-id-meta":"","stick-header-meta":"","header-above-stick-meta":"","header-main-stick-meta":"","header-below-stick-meta":"","astra-migrate-meta-layouts":"default","ast-page-background-enabled":"default","ast-page-background-meta":{"desktop":{"background-color":"var(--ast-global-color-5)","background-image":"","background-repeat":"repeat","background-position":"center center","background-size":"auto","background-attachment":"scroll","background-type":"","background-media":"","overlay-type":"","overlay-color":"","overlay-opacity":"","overlay-gradient":""},"tablet":{"background-color":"","background-image":"","background-repeat":"repeat","background-position":"center center","background-size":"auto","background-attachment":"scroll","background-type":"","background-media":"","overlay-type":"","overlay-color":"","overlay-opacity":"","overlay-gradient":""},"mobile":{"background-color":"","background-image":"","background-repeat":"repeat","background-position":"center center","background-size":"auto","background-attachment":"scroll","background-type":"","background-media":"","overlay-type":"","overlay-color":"","overlay-opacity":"","overlay-gradient":""}},"ast-content-background-meta":{"desktop":{"background-color":"var(--ast-global-color-4)","background-image":"","background-repeat":"repeat","background-position":"center center","background-size":"auto","background-attachment":"scroll","background-type":"","background-media":"","overlay-type":"","overlay-color":"","overlay-opacity":"","overlay-gradient":""},"tablet":{"background-color":"var(--ast-global-color-4)","background-image":"","background-repeat":"repeat","background-position":"center center","background-size":"auto","background-attachment":"scroll","background-type":"","background-media":"","overlay-type":"","overlay-color":"","overlay-opacity":"","overlay-gradient":""},"mobile":{"background-color":"var(--ast-global-color-4)","background-image":"","background-repeat":"repeat","background-position":"center center","background-size":"auto","background-attachment":"scroll","background-type":"","background-media":"","overlay-type":"","overlay-color":"","overlay-opacity":"","overlay-gradient":""}},"footnotes":""},"class_list":["post-2097","page","type-page","status-publish","has-post-thumbnail","hentry"],"yoast_head":"<!-- This site is optimized with the Yoast SEO plugin v27.5 - https:\/\/yoast.com\/product\/yoast-seo-wordpress\/ -->\n<title>SAO PAULO - Abc-latina<\/title>\n<meta name=\"description\" content=\"La ville de S\u00e3o Paulo au Br\u00e9sil.\" \/>\n<meta name=\"robots\" content=\"index, follow, max-snippet:-1, max-image-preview:large, max-video-preview:-1\" \/>\n<link rel=\"canonical\" href=\"https:\/\/abc-latina.com\/bresil\/sao-paulo\/\" \/>\n<meta property=\"og:locale\" content=\"fr_FR\" \/>\n<meta property=\"og:type\" content=\"article\" \/>\n<meta property=\"og:title\" content=\"SAO PAULO - Abc-latina\" \/>\n<meta property=\"og:description\" content=\"La ville de S\u00e3o Paulo au Br\u00e9sil.\" \/>\n<meta property=\"og:url\" content=\"https:\/\/abc-latina.com\/bresil\/sao-paulo\/\" \/>\n<meta property=\"og:site_name\" content=\"Abc-latina\" \/>\n<meta property=\"article:modified_time\" content=\"2026-04-30T16:24:52+00:00\" \/>\n<meta property=\"og:image\" content=\"https:\/\/abc-latina.com\/wp-content\/uploads\/2010\/08\/055-sao-paulo-bresil.jpg\" \/>\n\t<meta property=\"og:image:width\" content=\"700\" \/>\n\t<meta property=\"og:image:height\" content=\"432\" \/>\n\t<meta property=\"og:image:type\" content=\"image\/jpeg\" \/>\n<meta name=\"twitter:card\" content=\"summary_large_image\" \/>\n<meta name=\"twitter:label1\" content=\"Dur\u00e9e de lecture estim\u00e9e\" \/>\n\t<meta name=\"twitter:data1\" content=\"3 minutes\" \/>\n<script type=\"application\/ld+json\" class=\"yoast-schema-graph\">{\"@context\":\"https:\\\/\\\/schema.org\",\"@graph\":[{\"@type\":\"WebPage\",\"@id\":\"https:\\\/\\\/abc-latina.com\\\/bresil\\\/sao-paulo\\\/\",\"url\":\"https:\\\/\\\/abc-latina.com\\\/bresil\\\/sao-paulo\\\/\",\"name\":\"SAO PAULO - Abc-latina\",\"isPartOf\":{\"@id\":\"https:\\\/\\\/abc-latina.com\\\/#website\"},\"primaryImageOfPage\":{\"@id\":\"https:\\\/\\\/abc-latina.com\\\/bresil\\\/sao-paulo\\\/#primaryimage\"},\"image\":{\"@id\":\"https:\\\/\\\/abc-latina.com\\\/bresil\\\/sao-paulo\\\/#primaryimage\"},\"thumbnailUrl\":\"https:\\\/\\\/abc-latina.com\\\/wp-content\\\/uploads\\\/2010\\\/08\\\/055-sao-paulo-bresil.jpg\",\"datePublished\":\"2010-08-05T03:36:02+00:00\",\"dateModified\":\"2026-04-30T16:24:52+00:00\",\"description\":\"La ville de S\u00e3o Paulo au Br\u00e9sil.\",\"breadcrumb\":{\"@id\":\"https:\\\/\\\/abc-latina.com\\\/bresil\\\/sao-paulo\\\/#breadcrumb\"},\"inLanguage\":\"fr-FR\",\"potentialAction\":[{\"@type\":\"ReadAction\",\"target\":[\"https:\\\/\\\/abc-latina.com\\\/bresil\\\/sao-paulo\\\/\"]}]},{\"@type\":\"ImageObject\",\"inLanguage\":\"fr-FR\",\"@id\":\"https:\\\/\\\/abc-latina.com\\\/bresil\\\/sao-paulo\\\/#primaryimage\",\"url\":\"https:\\\/\\\/abc-latina.com\\\/wp-content\\\/uploads\\\/2010\\\/08\\\/055-sao-paulo-bresil.jpg\",\"contentUrl\":\"https:\\\/\\\/abc-latina.com\\\/wp-content\\\/uploads\\\/2010\\\/08\\\/055-sao-paulo-bresil.jpg\",\"width\":700,\"height\":432,\"caption\":\"SAO PAULO - BRESIL\"},{\"@type\":\"BreadcrumbList\",\"@id\":\"https:\\\/\\\/abc-latina.com\\\/bresil\\\/sao-paulo\\\/#breadcrumb\",\"itemListElement\":[{\"@type\":\"ListItem\",\"position\":1,\"name\":\"Accueil\",\"item\":\"https:\\\/\\\/abc-latina.com\\\/\"},{\"@type\":\"ListItem\",\"position\":2,\"name\":\"SAO PAULO\"}]},{\"@type\":\"WebSite\",\"@id\":\"https:\\\/\\\/abc-latina.com\\\/#website\",\"url\":\"https:\\\/\\\/abc-latina.com\\\/\",\"name\":\"Abc-latina\",\"description\":\"\",\"publisher\":{\"@id\":\"https:\\\/\\\/abc-latina.com\\\/#organization\"},\"potentialAction\":[{\"@type\":\"SearchAction\",\"target\":{\"@type\":\"EntryPoint\",\"urlTemplate\":\"https:\\\/\\\/abc-latina.com\\\/?s={search_term_string}\"},\"query-input\":{\"@type\":\"PropertyValueSpecification\",\"valueRequired\":true,\"valueName\":\"search_term_string\"}}],\"inLanguage\":\"fr-FR\"},{\"@type\":\"Organization\",\"@id\":\"https:\\\/\\\/abc-latina.com\\\/#organization\",\"name\":\"Abc-latina\",\"url\":\"https:\\\/\\\/abc-latina.com\\\/\",\"logo\":{\"@type\":\"ImageObject\",\"inLanguage\":\"fr-FR\",\"@id\":\"https:\\\/\\\/abc-latina.com\\\/#\\\/schema\\\/logo\\\/image\\\/\",\"url\":\"https:\\\/\\\/abc-latina.com\\\/wp-content\\\/uploads\\\/2026\\\/05\\\/cropped-logo.gif\",\"contentUrl\":\"https:\\\/\\\/abc-latina.com\\\/wp-content\\\/uploads\\\/2026\\\/05\\\/cropped-logo.gif\",\"width\":89,\"height\":84,\"caption\":\"Abc-latina\"},\"image\":{\"@id\":\"https:\\\/\\\/abc-latina.com\\\/#\\\/schema\\\/logo\\\/image\\\/\"}}]}<\/script>\n<!-- \/ Yoast SEO plugin. -->","yoast_head_json":{"title":"SAO PAULO - Abc-latina","description":"La ville de S\u00e3o Paulo au Br\u00e9sil.","robots":{"index":"index","follow":"follow","max-snippet":"max-snippet:-1","max-image-preview":"max-image-preview:large","max-video-preview":"max-video-preview:-1"},"canonical":"https:\/\/abc-latina.com\/bresil\/sao-paulo\/","og_locale":"fr_FR","og_type":"article","og_title":"SAO PAULO - Abc-latina","og_description":"La ville de S\u00e3o Paulo au Br\u00e9sil.","og_url":"https:\/\/abc-latina.com\/bresil\/sao-paulo\/","og_site_name":"Abc-latina","article_modified_time":"2026-04-30T16:24:52+00:00","og_image":[{"width":700,"height":432,"url":"https:\/\/abc-latina.com\/wp-content\/uploads\/2010\/08\/055-sao-paulo-bresil.jpg","type":"image\/jpeg"}],"twitter_card":"summary_large_image","twitter_misc":{"Dur\u00e9e de lecture estim\u00e9e":"3 minutes"},"schema":{"@context":"https:\/\/schema.org","@graph":[{"@type":"WebPage","@id":"https:\/\/abc-latina.com\/bresil\/sao-paulo\/","url":"https:\/\/abc-latina.com\/bresil\/sao-paulo\/","name":"SAO PAULO - Abc-latina","isPartOf":{"@id":"https:\/\/abc-latina.com\/#website"},"primaryImageOfPage":{"@id":"https:\/\/abc-latina.com\/bresil\/sao-paulo\/#primaryimage"},"image":{"@id":"https:\/\/abc-latina.com\/bresil\/sao-paulo\/#primaryimage"},"thumbnailUrl":"https:\/\/abc-latina.com\/wp-content\/uploads\/2010\/08\/055-sao-paulo-bresil.jpg","datePublished":"2010-08-05T03:36:02+00:00","dateModified":"2026-04-30T16:24:52+00:00","description":"La ville de S\u00e3o Paulo au Br\u00e9sil.","breadcrumb":{"@id":"https:\/\/abc-latina.com\/bresil\/sao-paulo\/#breadcrumb"},"inLanguage":"fr-FR","potentialAction":[{"@type":"ReadAction","target":["https:\/\/abc-latina.com\/bresil\/sao-paulo\/"]}]},{"@type":"ImageObject","inLanguage":"fr-FR","@id":"https:\/\/abc-latina.com\/bresil\/sao-paulo\/#primaryimage","url":"https:\/\/abc-latina.com\/wp-content\/uploads\/2010\/08\/055-sao-paulo-bresil.jpg","contentUrl":"https:\/\/abc-latina.com\/wp-content\/uploads\/2010\/08\/055-sao-paulo-bresil.jpg","width":700,"height":432,"caption":"SAO PAULO - BRESIL"},{"@type":"BreadcrumbList","@id":"https:\/\/abc-latina.com\/bresil\/sao-paulo\/#breadcrumb","itemListElement":[{"@type":"ListItem","position":1,"name":"Accueil","item":"https:\/\/abc-latina.com\/"},{"@type":"ListItem","position":2,"name":"SAO PAULO"}]},{"@type":"WebSite","@id":"https:\/\/abc-latina.com\/#website","url":"https:\/\/abc-latina.com\/","name":"Abc-latina","description":"","publisher":{"@id":"https:\/\/abc-latina.com\/#organization"},"potentialAction":[{"@type":"SearchAction","target":{"@type":"EntryPoint","urlTemplate":"https:\/\/abc-latina.com\/?s={search_term_string}"},"query-input":{"@type":"PropertyValueSpecification","valueRequired":true,"valueName":"search_term_string"}}],"inLanguage":"fr-FR"},{"@type":"Organization","@id":"https:\/\/abc-latina.com\/#organization","name":"Abc-latina","url":"https:\/\/abc-latina.com\/","logo":{"@type":"ImageObject","inLanguage":"fr-FR","@id":"https:\/\/abc-latina.com\/#\/schema\/logo\/image\/","url":"https:\/\/abc-latina.com\/wp-content\/uploads\/2026\/05\/cropped-logo.gif","contentUrl":"https:\/\/abc-latina.com\/wp-content\/uploads\/2026\/05\/cropped-logo.gif","width":89,"height":84,"caption":"Abc-latina"},"image":{"@id":"https:\/\/abc-latina.com\/#\/schema\/logo\/image\/"}}]}},"_links":{"self":[{"href":"https:\/\/abc-latina.com\/wp-json\/wp\/v2\/pages\/2097","targetHints":{"allow":["GET"]}}],"collection":[{"href":"https:\/\/abc-latina.com\/wp-json\/wp\/v2\/pages"}],"about":[{"href":"https:\/\/abc-latina.com\/wp-json\/wp\/v2\/types\/page"}],"author":[{"embeddable":true,"href":"https:\/\/abc-latina.com\/wp-json\/wp\/v2\/users\/3"}],"replies":[{"embeddable":true,"href":"https:\/\/abc-latina.com\/wp-json\/wp\/v2\/comments?post=2097"}],"version-history":[{"count":1,"href":"https:\/\/abc-latina.com\/wp-json\/wp\/v2\/pages\/2097\/revisions"}],"predecessor-version":[{"id":3205,"href":"https:\/\/abc-latina.com\/wp-json\/wp\/v2\/pages\/2097\/revisions\/3205"}],"up":[{"embeddable":true,"href":"https:\/\/abc-latina.com\/wp-json\/wp\/v2\/pages\/2297"}],"wp:featuredmedia":[{"embeddable":true,"href":"https:\/\/abc-latina.com\/wp-json\/wp\/v2\/media\/2094"}],"wp:attachment":[{"href":"https:\/\/abc-latina.com\/wp-json\/wp\/v2\/media?parent=2097"}],"curies":[{"name":"wp","href":"https:\/\/api.w.org\/{rel}","templated":true}]}}