{"id":2118,"date":"2010-08-08T16:42:52","date_gmt":"2010-08-08T14:42:52","guid":{"rendered":"http:\/\/abc-latina.com\/perou\/"},"modified":"2018-07-01T01:03:48","modified_gmt":"2018-06-30T23:03:48","slug":"perou","status":"publish","type":"page","link":"https:\/\/abc-latina.com\/perou\/","title":{"rendered":"PEROU"},"content":{"rendered":"<div><img loading=\"lazy\" decoding=\"async\" class=\" alignright size-full wp-image-1133\" src=\"http:\/\/abc-latina.com\/wp-content\/uploads\/2010\/06\/perou2.jpg\" title=\"PEROU\" alt=\"\" width=\"220\" vspace=\"9\" hspace=\"15\" height=\"220\" align=\"right\" srcset=\"https:\/\/abc-latina.com\/wp-content\/uploads\/2010\/06\/perou2.jpg 220w, https:\/\/abc-latina.com\/wp-content\/uploads\/2010\/06\/perou2-150x150.jpg 150w\" sizes=\"auto, (max-width: 220px) 100vw, 220px\" \/>De part la grande vari\u00e9t\u00e9 de ses paysages, son peuple aux traditions mill\u00e9naires et ses \u00e9nigmatiques civilisations <a target=\"_blank\" href=\"https:\/\/www.abc-latina.com\/civilisations\/Inca\">Inca<\/a> et pr\u00e9colombiennes, Le P\u00e9rou est l&rsquo;une des destinations les plus passionnantes d&rsquo;Am\u00e9rique du sud.<\/div>\n<div>Un endroit o\u00f9 le mot aventure a encore une signification, loin de nos pr\u00e9occupations quotidiennes &#8230;<\/div>\n<div>Bien s\u00fbr, tout le monde ou presque a entendu parler de Cuzco -la cit\u00e9 des Incas- du Machu picchu -la cit\u00e9 perdue- les lignes de Nazca (seulement visibles du ciel), le lac Titicaca et tant d&rsquo;autres sites dont la simple \u00e9vocation du nom nous renvoie vers nos r\u00eaves d&rsquo;enfants &#8230; ou d&rsquo;adulte fascin\u00e9 par le myst\u00e8re qui entoure encore et certainement pour longtemps ces civilisations disparues.<\/div>\n<div>Disparues !? pas vraiment ! pas encore du moins. Le peuple issue de ces civilisations -les Indiens- est toujours pr\u00e9sent avec ses traditions, sa langue-le Quechua-, sa gentillesse. Et en donne un t\u00e9moignage vivant et quotidien &#8230;<\/div>\n<div>Ce site \u00e0 pour but de vous faire d\u00e9couvrir ou mieux conna\u00eetre ce merveilleux pays qu&rsquo;est le P\u00e9rou et vous donner envie de venir \u00e0 la rencontre de sa population sans qui le P\u00e9rou ne serait pas tout \u00e0 fait le P\u00e9rou.<\/div>\n<div>&nbsp;<\/div>\n<h2>PEROU &hellip; A SAVOIR<\/h2>\n<p>Il faut aussi savoir que les trois cinqui\u00e8mes du P\u00e9rou sont couverts par la jungle amazonienne. Malgr\u00e9 l&rsquo;avanc\u00e9e du modernisme, l&rsquo;aventure y est encore possible et l&rsquo;exotisme y r\u00e8gne en maitre. Les routes sont ici des rivi\u00e8res, et les voitures des canots \u00e0 moteurs ou des pirogues. L&rsquo;Amazonie p\u00e9ruvienne est la patrie des gu\u00e9risseurs et des experts en m\u00e9decine traditionnelle qui vous font d\u00e9couvrir toutes sortes de plantes curatives.<br \/>&nbsp;<\/p>\n","protected":false},"excerpt":{"rendered":"<p>De part la grande vari\u00e9t\u00e9 de ses paysages, son peuple aux traditions mill\u00e9naires et ses \u00e9nigmatiques civilisations Inca et pr\u00e9colombiennes, [&hellip;]<\/p>\n","protected":false},"author":3,"featured_media":1133,"parent":0,"menu_order":0,"comment_status":"closed","ping_status":"closed","template":"","meta":{"site-sidebar-layout":"default","site-content-layout":"","ast-site-content-layout":"default","site-content-style":"default","site-sidebar-style":"default","ast-global-header-display":"","ast-banner-title-visibility":"","ast-main-header-display":"","ast-hfb-above-header-display":"","ast-hfb-below-header-display":"","ast-hfb-mobile-header-display":"","site-post-title":"","ast-breadcrumbs-content":"","ast-featured-img":"","footer-sml-layout":"","ast-disable-related-posts":"","theme-transparent-header-meta":"","adv-header-id-meta":"","stick-header-meta":"","header-above-stick-meta":"","header-main-stick-meta":"","header-below-stick-meta":"","astra-migrate-meta-layouts":"default","ast-page-background-enabled":"default","ast-page-background-meta":{"desktop":{"background-color":"var(--ast-global-color-5)","background-image":"","background-repeat":"repeat","background-position":"center center","background-size":"auto","background-attachment":"scroll","background-type":"","background-media":"","overlay-type":"","overlay-color":"","overlay-opacity":"","overlay-gradient":""},"tablet":{"background-color":"","background-image":"","background-repeat":"repeat","background-position":"center center","background-size":"auto","background-attachment":"scroll","background-type":"","background-media":"","overlay-type":"","overlay-color":"","overlay-opacity":"","overlay-gradient":""},"mobile":{"background-color":"","background-image":"","background-repeat":"repeat","background-position":"center center","background-size":"auto","background-attachment":"scroll","background-type":"","background-media":"","overlay-type":"","overlay-color":"","overlay-opacity":"","overlay-gradient":""}},"ast-content-background-meta":{"desktop":{"background-color":"var(--ast-global-color-4)","background-image":"","background-repeat":"repeat","background-position":"center center","background-size":"auto","background-attachment":"scroll","background-type":"","background-media":"","overlay-type":"","overlay-color":"","overlay-opacity":"","overlay-gradient":""},"tablet":{"background-color":"var(--ast-global-color-4)","background-image":"","background-repeat":"repeat","background-position":"center center","background-size":"auto","background-attachment":"scroll","background-type":"","background-media":"","overlay-type":"","overlay-color":"","overlay-opacity":"","overlay-gradient":""},"mobile":{"background-color":"var(--ast-global-color-4)","background-image":"","background-repeat":"repeat","background-position":"center center","background-size":"auto","background-attachment":"scroll","background-type":"","background-media":"","overlay-type":"","overlay-color":"","overlay-opacity":"","overlay-gradient":""}},"footnotes":""},"class_list":["post-2118","page","type-page","status-publish","has-post-thumbnail","hentry"],"yoast_head":"<!-- This site is optimized with the Yoast SEO plugin v27.5 - https:\/\/yoast.com\/product\/yoast-seo-wordpress\/ -->\n<title>PEROU - Abc-latina<\/title>\n<meta name=\"description\" content=\"De part la grande vari\u00e9t\u00e9 de ses paysages, son peuple aux traditions mill\u00e9naires, ses \u00e9nigmatiques civilisations, Le P\u00e9rou est l&#039;une des destinations les plus passionnantes qui soit...\" \/>\n<meta name=\"robots\" content=\"index, follow, max-snippet:-1, max-image-preview:large, max-video-preview:-1\" \/>\n<link rel=\"canonical\" href=\"https:\/\/abc-latina.com\/perou\/\" \/>\n<meta property=\"og:locale\" content=\"fr_FR\" \/>\n<meta property=\"og:type\" content=\"article\" \/>\n<meta property=\"og:title\" content=\"PEROU - Abc-latina\" \/>\n<meta property=\"og:description\" content=\"De part la grande vari\u00e9t\u00e9 de ses paysages, son peuple aux traditions mill\u00e9naires, ses \u00e9nigmatiques civilisations, Le P\u00e9rou est l&#039;une des destinations les plus passionnantes qui soit...\" \/>\n<meta property=\"og:url\" content=\"https:\/\/abc-latina.com\/perou\/\" \/>\n<meta property=\"og:site_name\" content=\"Abc-latina\" \/>\n<meta property=\"article:modified_time\" content=\"2018-06-30T23:03:48+00:00\" \/>\n<meta property=\"og:image\" content=\"https:\/\/abc-latina.com\/wp-content\/uploads\/2010\/06\/perou2.jpg\" \/>\n\t<meta property=\"og:image:width\" content=\"220\" \/>\n\t<meta property=\"og:image:height\" content=\"220\" \/>\n\t<meta property=\"og:image:type\" content=\"image\/jpeg\" \/>\n<meta name=\"twitter:card\" content=\"summary_large_image\" \/>\n<meta name=\"twitter:label1\" content=\"Dur\u00e9e de lecture estim\u00e9e\" \/>\n\t<meta name=\"twitter:data1\" content=\"1 minute\" \/>\n<script type=\"application\/ld+json\" class=\"yoast-schema-graph\">{\"@context\":\"https:\\\/\\\/schema.org\",\"@graph\":[{\"@type\":\"WebPage\",\"@id\":\"https:\\\/\\\/abc-latina.com\\\/perou\\\/\",\"url\":\"https:\\\/\\\/abc-latina.com\\\/perou\\\/\",\"name\":\"PEROU - Abc-latina\",\"isPartOf\":{\"@id\":\"https:\\\/\\\/abc-latina.com\\\/#website\"},\"primaryImageOfPage\":{\"@id\":\"https:\\\/\\\/abc-latina.com\\\/perou\\\/#primaryimage\"},\"image\":{\"@id\":\"https:\\\/\\\/abc-latina.com\\\/perou\\\/#primaryimage\"},\"thumbnailUrl\":\"https:\\\/\\\/abc-latina.com\\\/wp-content\\\/uploads\\\/2010\\\/06\\\/perou2.jpg\",\"datePublished\":\"2010-08-08T14:42:52+00:00\",\"dateModified\":\"2018-06-30T23:03:48+00:00\",\"description\":\"De part la grande vari\u00e9t\u00e9 de ses paysages, son peuple aux traditions mill\u00e9naires, ses \u00e9nigmatiques civilisations, Le P\u00e9rou est l'une des destinations les plus passionnantes qui soit...\",\"breadcrumb\":{\"@id\":\"https:\\\/\\\/abc-latina.com\\\/perou\\\/#breadcrumb\"},\"inLanguage\":\"fr-FR\",\"potentialAction\":[{\"@type\":\"ReadAction\",\"target\":[\"https:\\\/\\\/abc-latina.com\\\/perou\\\/\"]}]},{\"@type\":\"ImageObject\",\"inLanguage\":\"fr-FR\",\"@id\":\"https:\\\/\\\/abc-latina.com\\\/perou\\\/#primaryimage\",\"url\":\"https:\\\/\\\/abc-latina.com\\\/wp-content\\\/uploads\\\/2010\\\/06\\\/perou2.jpg\",\"contentUrl\":\"https:\\\/\\\/abc-latina.com\\\/wp-content\\\/uploads\\\/2010\\\/06\\\/perou2.jpg\",\"width\":220,\"height\":220},{\"@type\":\"BreadcrumbList\",\"@id\":\"https:\\\/\\\/abc-latina.com\\\/perou\\\/#breadcrumb\",\"itemListElement\":[{\"@type\":\"ListItem\",\"position\":1,\"name\":\"Accueil\",\"item\":\"https:\\\/\\\/abc-latina.com\\\/\"},{\"@type\":\"ListItem\",\"position\":2,\"name\":\"PEROU\"}]},{\"@type\":\"WebSite\",\"@id\":\"https:\\\/\\\/abc-latina.com\\\/#website\",\"url\":\"https:\\\/\\\/abc-latina.com\\\/\",\"name\":\"Abc-latina\",\"description\":\"\",\"publisher\":{\"@id\":\"https:\\\/\\\/abc-latina.com\\\/#organization\"},\"potentialAction\":[{\"@type\":\"SearchAction\",\"target\":{\"@type\":\"EntryPoint\",\"urlTemplate\":\"https:\\\/\\\/abc-latina.com\\\/?s={search_term_string}\"},\"query-input\":{\"@type\":\"PropertyValueSpecification\",\"valueRequired\":true,\"valueName\":\"search_term_string\"}}],\"inLanguage\":\"fr-FR\"},{\"@type\":\"Organization\",\"@id\":\"https:\\\/\\\/abc-latina.com\\\/#organization\",\"name\":\"Abc-latina\",\"url\":\"https:\\\/\\\/abc-latina.com\\\/\",\"logo\":{\"@type\":\"ImageObject\",\"inLanguage\":\"fr-FR\",\"@id\":\"https:\\\/\\\/abc-latina.com\\\/#\\\/schema\\\/logo\\\/image\\\/\",\"url\":\"https:\\\/\\\/abc-latina.com\\\/wp-content\\\/uploads\\\/2026\\\/05\\\/cropped-logo.gif\",\"contentUrl\":\"https:\\\/\\\/abc-latina.com\\\/wp-content\\\/uploads\\\/2026\\\/05\\\/cropped-logo.gif\",\"width\":89,\"height\":84,\"caption\":\"Abc-latina\"},\"image\":{\"@id\":\"https:\\\/\\\/abc-latina.com\\\/#\\\/schema\\\/logo\\\/image\\\/\"}}]}<\/script>\n<!-- \/ Yoast SEO plugin. -->","yoast_head_json":{"title":"PEROU - Abc-latina","description":"De part la grande vari\u00e9t\u00e9 de ses paysages, son peuple aux traditions mill\u00e9naires, ses \u00e9nigmatiques civilisations, Le P\u00e9rou est l'une des destinations les plus passionnantes qui soit...","robots":{"index":"index","follow":"follow","max-snippet":"max-snippet:-1","max-image-preview":"max-image-preview:large","max-video-preview":"max-video-preview:-1"},"canonical":"https:\/\/abc-latina.com\/perou\/","og_locale":"fr_FR","og_type":"article","og_title":"PEROU - Abc-latina","og_description":"De part la grande vari\u00e9t\u00e9 de ses paysages, son peuple aux traditions mill\u00e9naires, ses \u00e9nigmatiques civilisations, Le P\u00e9rou est l'une des destinations les plus passionnantes qui soit...","og_url":"https:\/\/abc-latina.com\/perou\/","og_site_name":"Abc-latina","article_modified_time":"2018-06-30T23:03:48+00:00","og_image":[{"width":220,"height":220,"url":"https:\/\/abc-latina.com\/wp-content\/uploads\/2010\/06\/perou2.jpg","type":"image\/jpeg"}],"twitter_card":"summary_large_image","twitter_misc":{"Dur\u00e9e de lecture estim\u00e9e":"1 minute"},"schema":{"@context":"https:\/\/schema.org","@graph":[{"@type":"WebPage","@id":"https:\/\/abc-latina.com\/perou\/","url":"https:\/\/abc-latina.com\/perou\/","name":"PEROU - Abc-latina","isPartOf":{"@id":"https:\/\/abc-latina.com\/#website"},"primaryImageOfPage":{"@id":"https:\/\/abc-latina.com\/perou\/#primaryimage"},"image":{"@id":"https:\/\/abc-latina.com\/perou\/#primaryimage"},"thumbnailUrl":"https:\/\/abc-latina.com\/wp-content\/uploads\/2010\/06\/perou2.jpg","datePublished":"2010-08-08T14:42:52+00:00","dateModified":"2018-06-30T23:03:48+00:00","description":"De part la grande vari\u00e9t\u00e9 de ses paysages, son peuple aux traditions mill\u00e9naires, ses \u00e9nigmatiques civilisations, Le P\u00e9rou est l'une des destinations les plus passionnantes qui soit...","breadcrumb":{"@id":"https:\/\/abc-latina.com\/perou\/#breadcrumb"},"inLanguage":"fr-FR","potentialAction":[{"@type":"ReadAction","target":["https:\/\/abc-latina.com\/perou\/"]}]},{"@type":"ImageObject","inLanguage":"fr-FR","@id":"https:\/\/abc-latina.com\/perou\/#primaryimage","url":"https:\/\/abc-latina.com\/wp-content\/uploads\/2010\/06\/perou2.jpg","contentUrl":"https:\/\/abc-latina.com\/wp-content\/uploads\/2010\/06\/perou2.jpg","width":220,"height":220},{"@type":"BreadcrumbList","@id":"https:\/\/abc-latina.com\/perou\/#breadcrumb","itemListElement":[{"@type":"ListItem","position":1,"name":"Accueil","item":"https:\/\/abc-latina.com\/"},{"@type":"ListItem","position":2,"name":"PEROU"}]},{"@type":"WebSite","@id":"https:\/\/abc-latina.com\/#website","url":"https:\/\/abc-latina.com\/","name":"Abc-latina","description":"","publisher":{"@id":"https:\/\/abc-latina.com\/#organization"},"potentialAction":[{"@type":"SearchAction","target":{"@type":"EntryPoint","urlTemplate":"https:\/\/abc-latina.com\/?s={search_term_string}"},"query-input":{"@type":"PropertyValueSpecification","valueRequired":true,"valueName":"search_term_string"}}],"inLanguage":"fr-FR"},{"@type":"Organization","@id":"https:\/\/abc-latina.com\/#organization","name":"Abc-latina","url":"https:\/\/abc-latina.com\/","logo":{"@type":"ImageObject","inLanguage":"fr-FR","@id":"https:\/\/abc-latina.com\/#\/schema\/logo\/image\/","url":"https:\/\/abc-latina.com\/wp-content\/uploads\/2026\/05\/cropped-logo.gif","contentUrl":"https:\/\/abc-latina.com\/wp-content\/uploads\/2026\/05\/cropped-logo.gif","width":89,"height":84,"caption":"Abc-latina"},"image":{"@id":"https:\/\/abc-latina.com\/#\/schema\/logo\/image\/"}}]}},"_links":{"self":[{"href":"https:\/\/abc-latina.com\/wp-json\/wp\/v2\/pages\/2118","targetHints":{"allow":["GET"]}}],"collection":[{"href":"https:\/\/abc-latina.com\/wp-json\/wp\/v2\/pages"}],"about":[{"href":"https:\/\/abc-latina.com\/wp-json\/wp\/v2\/types\/page"}],"author":[{"embeddable":true,"href":"https:\/\/abc-latina.com\/wp-json\/wp\/v2\/users\/3"}],"replies":[{"embeddable":true,"href":"https:\/\/abc-latina.com\/wp-json\/wp\/v2\/comments?post=2118"}],"version-history":[{"count":0,"href":"https:\/\/abc-latina.com\/wp-json\/wp\/v2\/pages\/2118\/revisions"}],"wp:featuredmedia":[{"embeddable":true,"href":"https:\/\/abc-latina.com\/wp-json\/wp\/v2\/media\/1133"}],"wp:attachment":[{"href":"https:\/\/abc-latina.com\/wp-json\/wp\/v2\/media?parent=2118"}],"curies":[{"name":"wp","href":"https:\/\/api.w.org\/{rel}","templated":true}]}}