{"id":2135,"date":"2010-08-08T21:14:16","date_gmt":"2010-08-08T19:14:16","guid":{"rendered":"http:\/\/abc-latina.com\/cinema_bresilien-php\/"},"modified":"2026-04-30T18:24:50","modified_gmt":"2026-04-30T16:24:50","slug":"cinema_bresilien","status":"publish","type":"page","link":"https:\/\/abc-latina.com\/bresil\/cinema_bresilien\/","title":{"rendered":"Le CINEMA BRESILIEN"},"content":{"rendered":"<div><img loading=\"lazy\" decoding=\"async\" class=\" alignright size-full wp-image-2134\" src=\"http:\/\/abc-latina.com\/wp-content\/uploads\/2010\/08\/cinema.jpg\" title=\"Le CINEMA BRESILIEN\" alt=\"\" width=\"220\" vspace=\"9\" hspace=\"15\" height=\"220\" align=\"right\" srcset=\"https:\/\/abc-latina.com\/wp-content\/uploads\/2010\/08\/cinema.jpg 220w, https:\/\/abc-latina.com\/wp-content\/uploads\/2010\/08\/cinema-150x150.jpg 150w\" sizes=\"auto, (max-width: 220px) 100vw, 220px\" \/>Domin\u00e9 par Humberto Mauro, le cin\u00e9ma d&rsquo;avant-guerre a laiss\u00e9 peu de traces. C&rsquo;est en fait seulement dans les ann\u00e9es 60 que le <span class=\"tourisme-chapitre\">cin\u00e9ma br\u00e9silien<\/span> a connu sa premi\u00e8re heure de gloire, gr\u00e2ce \u00e0 un mouvement profond\u00e9ment novateur, auquel on a donn\u00e9 le nom de &quot; Cinema Novo &quot; parce qu&rsquo;il tranchait sur la grisaille d&rsquo;une production en s\u00e9rie. Influenc\u00e9e \u00e0 l&rsquo;origine par le n\u00e9o-r\u00e9alisme italien, cette tendance cin\u00e9matographique se caract\u00e9risa par une extr\u00eame sensibilit\u00e9 aux probl\u00e8mes sociaux, tout particuli\u00e8rement \u00e0 ceux du Nordeste. Mais d\u00e8s 1953, un film comme O Cangaceiro, de Lima Barreto, pr\u00e9figurait, par son th\u00e8me, celui des luttes paysannes, les chefs-d&rsquo;\u0153uvre du cin\u00e9ma Novo.<\/div>\n<div>&nbsp;<\/div>\n<div>C&rsquo;est en effet le probl\u00e8me du &quot; Polygone de la s\u00e9cheresse &quot; qui a inspir\u00e9 Os Fuzis (1962), de Rui Guerra, Vidas Secas (S\u00e9cheresse &#8211; 1964) de Nelson Pereira dos Santos, et la suite c\u00e9l\u00e8bre de Glauber Rocha, Deus e Diablo na Terra do Sol (Dieu noir et Diable blond &#8211; 1964) et Ant\u00f4nio das Mortes &#8211; 1969)&nbsp;<\/div>\n<div>A partir de 1968, date de la censure totale, le mouvement perd de sa vitalit\u00e9 et la majorit\u00e9 des films reste g\u00e9n\u00e9ralement de qualit\u00e9 m\u00e9diocre et sans grand int\u00e9r\u00eat, voire m\u00eame d&rsquo;une extr\u00eame vulgarit\u00e9. Il faudra attendre l&rsquo;ouverture politique pour que le cin\u00e9ma reprenne naissance. Ainsi, deux films de 1976 montrent enfin les possibilit\u00e9s du cin\u00e9ma br\u00e9silien. Ce sont Xica da Silva de Carlos Diegues, et Dona Flor e seus dois maridos, de Bruno Barreto. Notons \u00e9galement O Amuleta de Ogun de N. P. dos Santos et Irecema de J. Bodensky.<\/div>\n<div>&nbsp;<\/div>\n<div>Dans les ann\u00e9es 80, l&rsquo;intensit\u00e9 dramatique va se d\u00e9velopper avec l&rsquo;ampleur des sujets trait\u00e9s. L&rsquo;impact des films sur le public devient immense au Br\u00e9sil, lib\u00e9r\u00e9 de la censure, mais il commence \u00e9galement \u00e0 prendre une dimension internationale.<\/div>\n<p>&nbsp;<\/p>\n<p><span class=\"tsource\">Cr\u00e9dit photos: Jonathan Kos-Read<\/span><\/p>\n","protected":false},"excerpt":{"rendered":"<p>Domin\u00e9 par Humberto Mauro, le cin\u00e9ma d&rsquo;avant-guerre a laiss\u00e9 peu de traces. C&rsquo;est en fait seulement dans les ann\u00e9es 60 [&hellip;]<\/p>\n","protected":false},"author":3,"featured_media":2134,"parent":2297,"menu_order":0,"comment_status":"closed","ping_status":"closed","template":"","meta":{"site-sidebar-layout":"default","site-content-layout":"","ast-site-content-layout":"default","site-content-style":"default","site-sidebar-style":"default","ast-global-header-display":"","ast-banner-title-visibility":"","ast-main-header-display":"","ast-hfb-above-header-display":"","ast-hfb-below-header-display":"","ast-hfb-mobile-header-display":"","site-post-title":"","ast-breadcrumbs-content":"","ast-featured-img":"","footer-sml-layout":"","ast-disable-related-posts":"","theme-transparent-header-meta":"","adv-header-id-meta":"","stick-header-meta":"","header-above-stick-meta":"","header-main-stick-meta":"","header-below-stick-meta":"","astra-migrate-meta-layouts":"default","ast-page-background-enabled":"default","ast-page-background-meta":{"desktop":{"background-color":"var(--ast-global-color-5)","background-image":"","background-repeat":"repeat","background-position":"center center","background-size":"auto","background-attachment":"scroll","background-type":"","background-media":"","overlay-type":"","overlay-color":"","overlay-opacity":"","overlay-gradient":""},"tablet":{"background-color":"","background-image":"","background-repeat":"repeat","background-position":"center center","background-size":"auto","background-attachment":"scroll","background-type":"","background-media":"","overlay-type":"","overlay-color":"","overlay-opacity":"","overlay-gradient":""},"mobile":{"background-color":"","background-image":"","background-repeat":"repeat","background-position":"center center","background-size":"auto","background-attachment":"scroll","background-type":"","background-media":"","overlay-type":"","overlay-color":"","overlay-opacity":"","overlay-gradient":""}},"ast-content-background-meta":{"desktop":{"background-color":"var(--ast-global-color-4)","background-image":"","background-repeat":"repeat","background-position":"center center","background-size":"auto","background-attachment":"scroll","background-type":"","background-media":"","overlay-type":"","overlay-color":"","overlay-opacity":"","overlay-gradient":""},"tablet":{"background-color":"var(--ast-global-color-4)","background-image":"","background-repeat":"repeat","background-position":"center center","background-size":"auto","background-attachment":"scroll","background-type":"","background-media":"","overlay-type":"","overlay-color":"","overlay-opacity":"","overlay-gradient":""},"mobile":{"background-color":"var(--ast-global-color-4)","background-image":"","background-repeat":"repeat","background-position":"center center","background-size":"auto","background-attachment":"scroll","background-type":"","background-media":"","overlay-type":"","overlay-color":"","overlay-opacity":"","overlay-gradient":""}},"footnotes":""},"class_list":["post-2135","page","type-page","status-publish","has-post-thumbnail","hentry"],"yoast_head":"<!-- This site is optimized with the Yoast SEO plugin v27.5 - https:\/\/yoast.com\/product\/yoast-seo-wordpress\/ -->\n<title>Le CINEMA BRESILIEN - Abc-latina<\/title>\n<meta name=\"description\" content=\"Le cin\u00e9ma br\u00e9silien.\" \/>\n<meta name=\"robots\" content=\"index, follow, max-snippet:-1, max-image-preview:large, max-video-preview:-1\" \/>\n<link rel=\"canonical\" href=\"https:\/\/abc-latina.com\/bresil\/cinema_bresilien\/\" \/>\n<meta property=\"og:locale\" content=\"fr_FR\" \/>\n<meta property=\"og:type\" content=\"article\" \/>\n<meta property=\"og:title\" content=\"Le CINEMA BRESILIEN - Abc-latina\" \/>\n<meta property=\"og:description\" content=\"Le cin\u00e9ma br\u00e9silien.\" \/>\n<meta property=\"og:url\" content=\"https:\/\/abc-latina.com\/bresil\/cinema_bresilien\/\" \/>\n<meta property=\"og:site_name\" content=\"Abc-latina\" \/>\n<meta property=\"article:modified_time\" content=\"2026-04-30T16:24:50+00:00\" \/>\n<meta property=\"og:image\" content=\"https:\/\/abc-latina.com\/wp-content\/uploads\/2010\/08\/cinema.jpg\" \/>\n\t<meta property=\"og:image:width\" content=\"220\" \/>\n\t<meta property=\"og:image:height\" content=\"220\" \/>\n\t<meta property=\"og:image:type\" content=\"image\/jpeg\" \/>\n<meta name=\"twitter:card\" content=\"summary_large_image\" \/>\n<meta name=\"twitter:label1\" content=\"Dur\u00e9e de lecture estim\u00e9e\" \/>\n\t<meta name=\"twitter:data1\" content=\"2 minutes\" \/>\n<script type=\"application\/ld+json\" class=\"yoast-schema-graph\">{\"@context\":\"https:\\\/\\\/schema.org\",\"@graph\":[{\"@type\":\"WebPage\",\"@id\":\"https:\\\/\\\/abc-latina.com\\\/bresil\\\/cinema_bresilien\\\/\",\"url\":\"https:\\\/\\\/abc-latina.com\\\/bresil\\\/cinema_bresilien\\\/\",\"name\":\"Le CINEMA BRESILIEN - Abc-latina\",\"isPartOf\":{\"@id\":\"https:\\\/\\\/abc-latina.com\\\/#website\"},\"primaryImageOfPage\":{\"@id\":\"https:\\\/\\\/abc-latina.com\\\/bresil\\\/cinema_bresilien\\\/#primaryimage\"},\"image\":{\"@id\":\"https:\\\/\\\/abc-latina.com\\\/bresil\\\/cinema_bresilien\\\/#primaryimage\"},\"thumbnailUrl\":\"https:\\\/\\\/abc-latina.com\\\/wp-content\\\/uploads\\\/2010\\\/08\\\/cinema.jpg\",\"datePublished\":\"2010-08-08T19:14:16+00:00\",\"dateModified\":\"2026-04-30T16:24:50+00:00\",\"description\":\"Le cin\u00e9ma br\u00e9silien.\",\"breadcrumb\":{\"@id\":\"https:\\\/\\\/abc-latina.com\\\/bresil\\\/cinema_bresilien\\\/#breadcrumb\"},\"inLanguage\":\"fr-FR\",\"potentialAction\":[{\"@type\":\"ReadAction\",\"target\":[\"https:\\\/\\\/abc-latina.com\\\/bresil\\\/cinema_bresilien\\\/\"]}]},{\"@type\":\"ImageObject\",\"inLanguage\":\"fr-FR\",\"@id\":\"https:\\\/\\\/abc-latina.com\\\/bresil\\\/cinema_bresilien\\\/#primaryimage\",\"url\":\"https:\\\/\\\/abc-latina.com\\\/wp-content\\\/uploads\\\/2010\\\/08\\\/cinema.jpg\",\"contentUrl\":\"https:\\\/\\\/abc-latina.com\\\/wp-content\\\/uploads\\\/2010\\\/08\\\/cinema.jpg\",\"width\":220,\"height\":220,\"caption\":\"Le CINEMA BRESILIEN\"},{\"@type\":\"BreadcrumbList\",\"@id\":\"https:\\\/\\\/abc-latina.com\\\/bresil\\\/cinema_bresilien\\\/#breadcrumb\",\"itemListElement\":[{\"@type\":\"ListItem\",\"position\":1,\"name\":\"Accueil\",\"item\":\"https:\\\/\\\/abc-latina.com\\\/\"},{\"@type\":\"ListItem\",\"position\":2,\"name\":\"Le CINEMA BRESILIEN\"}]},{\"@type\":\"WebSite\",\"@id\":\"https:\\\/\\\/abc-latina.com\\\/#website\",\"url\":\"https:\\\/\\\/abc-latina.com\\\/\",\"name\":\"Abc-latina\",\"description\":\"\",\"publisher\":{\"@id\":\"https:\\\/\\\/abc-latina.com\\\/#organization\"},\"potentialAction\":[{\"@type\":\"SearchAction\",\"target\":{\"@type\":\"EntryPoint\",\"urlTemplate\":\"https:\\\/\\\/abc-latina.com\\\/?s={search_term_string}\"},\"query-input\":{\"@type\":\"PropertyValueSpecification\",\"valueRequired\":true,\"valueName\":\"search_term_string\"}}],\"inLanguage\":\"fr-FR\"},{\"@type\":\"Organization\",\"@id\":\"https:\\\/\\\/abc-latina.com\\\/#organization\",\"name\":\"Abc-latina\",\"url\":\"https:\\\/\\\/abc-latina.com\\\/\",\"logo\":{\"@type\":\"ImageObject\",\"inLanguage\":\"fr-FR\",\"@id\":\"https:\\\/\\\/abc-latina.com\\\/#\\\/schema\\\/logo\\\/image\\\/\",\"url\":\"https:\\\/\\\/abc-latina.com\\\/wp-content\\\/uploads\\\/2026\\\/05\\\/cropped-logo.gif\",\"contentUrl\":\"https:\\\/\\\/abc-latina.com\\\/wp-content\\\/uploads\\\/2026\\\/05\\\/cropped-logo.gif\",\"width\":89,\"height\":84,\"caption\":\"Abc-latina\"},\"image\":{\"@id\":\"https:\\\/\\\/abc-latina.com\\\/#\\\/schema\\\/logo\\\/image\\\/\"}}]}<\/script>\n<!-- \/ Yoast SEO plugin. -->","yoast_head_json":{"title":"Le CINEMA BRESILIEN - Abc-latina","description":"Le cin\u00e9ma br\u00e9silien.","robots":{"index":"index","follow":"follow","max-snippet":"max-snippet:-1","max-image-preview":"max-image-preview:large","max-video-preview":"max-video-preview:-1"},"canonical":"https:\/\/abc-latina.com\/bresil\/cinema_bresilien\/","og_locale":"fr_FR","og_type":"article","og_title":"Le CINEMA BRESILIEN - Abc-latina","og_description":"Le cin\u00e9ma br\u00e9silien.","og_url":"https:\/\/abc-latina.com\/bresil\/cinema_bresilien\/","og_site_name":"Abc-latina","article_modified_time":"2026-04-30T16:24:50+00:00","og_image":[{"width":220,"height":220,"url":"https:\/\/abc-latina.com\/wp-content\/uploads\/2010\/08\/cinema.jpg","type":"image\/jpeg"}],"twitter_card":"summary_large_image","twitter_misc":{"Dur\u00e9e de lecture estim\u00e9e":"2 minutes"},"schema":{"@context":"https:\/\/schema.org","@graph":[{"@type":"WebPage","@id":"https:\/\/abc-latina.com\/bresil\/cinema_bresilien\/","url":"https:\/\/abc-latina.com\/bresil\/cinema_bresilien\/","name":"Le CINEMA BRESILIEN - Abc-latina","isPartOf":{"@id":"https:\/\/abc-latina.com\/#website"},"primaryImageOfPage":{"@id":"https:\/\/abc-latina.com\/bresil\/cinema_bresilien\/#primaryimage"},"image":{"@id":"https:\/\/abc-latina.com\/bresil\/cinema_bresilien\/#primaryimage"},"thumbnailUrl":"https:\/\/abc-latina.com\/wp-content\/uploads\/2010\/08\/cinema.jpg","datePublished":"2010-08-08T19:14:16+00:00","dateModified":"2026-04-30T16:24:50+00:00","description":"Le cin\u00e9ma br\u00e9silien.","breadcrumb":{"@id":"https:\/\/abc-latina.com\/bresil\/cinema_bresilien\/#breadcrumb"},"inLanguage":"fr-FR","potentialAction":[{"@type":"ReadAction","target":["https:\/\/abc-latina.com\/bresil\/cinema_bresilien\/"]}]},{"@type":"ImageObject","inLanguage":"fr-FR","@id":"https:\/\/abc-latina.com\/bresil\/cinema_bresilien\/#primaryimage","url":"https:\/\/abc-latina.com\/wp-content\/uploads\/2010\/08\/cinema.jpg","contentUrl":"https:\/\/abc-latina.com\/wp-content\/uploads\/2010\/08\/cinema.jpg","width":220,"height":220,"caption":"Le CINEMA BRESILIEN"},{"@type":"BreadcrumbList","@id":"https:\/\/abc-latina.com\/bresil\/cinema_bresilien\/#breadcrumb","itemListElement":[{"@type":"ListItem","position":1,"name":"Accueil","item":"https:\/\/abc-latina.com\/"},{"@type":"ListItem","position":2,"name":"Le CINEMA BRESILIEN"}]},{"@type":"WebSite","@id":"https:\/\/abc-latina.com\/#website","url":"https:\/\/abc-latina.com\/","name":"Abc-latina","description":"","publisher":{"@id":"https:\/\/abc-latina.com\/#organization"},"potentialAction":[{"@type":"SearchAction","target":{"@type":"EntryPoint","urlTemplate":"https:\/\/abc-latina.com\/?s={search_term_string}"},"query-input":{"@type":"PropertyValueSpecification","valueRequired":true,"valueName":"search_term_string"}}],"inLanguage":"fr-FR"},{"@type":"Organization","@id":"https:\/\/abc-latina.com\/#organization","name":"Abc-latina","url":"https:\/\/abc-latina.com\/","logo":{"@type":"ImageObject","inLanguage":"fr-FR","@id":"https:\/\/abc-latina.com\/#\/schema\/logo\/image\/","url":"https:\/\/abc-latina.com\/wp-content\/uploads\/2026\/05\/cropped-logo.gif","contentUrl":"https:\/\/abc-latina.com\/wp-content\/uploads\/2026\/05\/cropped-logo.gif","width":89,"height":84,"caption":"Abc-latina"},"image":{"@id":"https:\/\/abc-latina.com\/#\/schema\/logo\/image\/"}}]}},"_links":{"self":[{"href":"https:\/\/abc-latina.com\/wp-json\/wp\/v2\/pages\/2135","targetHints":{"allow":["GET"]}}],"collection":[{"href":"https:\/\/abc-latina.com\/wp-json\/wp\/v2\/pages"}],"about":[{"href":"https:\/\/abc-latina.com\/wp-json\/wp\/v2\/types\/page"}],"author":[{"embeddable":true,"href":"https:\/\/abc-latina.com\/wp-json\/wp\/v2\/users\/3"}],"replies":[{"embeddable":true,"href":"https:\/\/abc-latina.com\/wp-json\/wp\/v2\/comments?post=2135"}],"version-history":[{"count":1,"href":"https:\/\/abc-latina.com\/wp-json\/wp\/v2\/pages\/2135\/revisions"}],"predecessor-version":[{"id":3173,"href":"https:\/\/abc-latina.com\/wp-json\/wp\/v2\/pages\/2135\/revisions\/3173"}],"up":[{"embeddable":true,"href":"https:\/\/abc-latina.com\/wp-json\/wp\/v2\/pages\/2297"}],"wp:featuredmedia":[{"embeddable":true,"href":"https:\/\/abc-latina.com\/wp-json\/wp\/v2\/media\/2134"}],"wp:attachment":[{"href":"https:\/\/abc-latina.com\/wp-json\/wp\/v2\/media?parent=2135"}],"curies":[{"name":"wp","href":"https:\/\/api.w.org\/{rel}","templated":true}]}}