{"id":2144,"date":"2010-08-08T23:23:39","date_gmt":"2010-08-08T21:23:39","guid":{"rendered":"http:\/\/abc-latina.com\/peuple-htm-6\/"},"modified":"2026-04-30T18:24:51","modified_gmt":"2026-04-30T16:24:51","slug":"peuple","status":"publish","type":"page","link":"https:\/\/abc-latina.com\/bresil\/peuple\/","title":{"rendered":"Le PEUPLE BRESILIEN"},"content":{"rendered":"<div>En 1500, \u00e0 l&rsquo;arriv\u00e9e des premiers Europ\u00e9ens, plus de 4 millions d&rsquo;Indiens vivaient au Br\u00e9sil, plus de 700 tribus auraient disparu depuis lors, victimes des maladies et des massacres.Environ 180 tribus et 124 langues et dialectes ont surv\u00e9cu. De nos jours, les indiens de pure race au Br\u00e9sil ne d\u00e9passeraient pas le nombre de 200.000.&nbsp;<\/div>\n<div>Le trafic d&rsquo;esclaves noirs au Br\u00e9sil date des d\u00e9buts de la colonisation, il s&rsquo;intensifia \u00e0 partir de 1550, avec l&rsquo;installation des grandes plantations de cannes \u00e0 sucre. Ces esclaves arriv\u00e8rent en grand nombre de Guin\u00e9e, d&rsquo;Angola, du Mozambique et du Soudan. Ils furent tout d&rsquo;abord employ\u00e9s dans les plantations de canne \u00e0 sucre de Bahia et du Pernambuco, puis dans les mines d&rsquo;or du <a href=\"minas\">Minas Gerais<\/a> et enfin dans les plantations de coton.<\/div>\n<div>&nbsp;<\/div>\n<div>Le racisme existe au Br\u00e9sil, et pourtant, le Br\u00e9sil abrite une contradiction fascinante. La classe blanche dominante, si elle ne se cache pas de ses opinions racistes, autorise n\u00e9anmoins ses h\u00e9ritiers \u00e0 \u00e9pouser des mul\u00e2tresses &#8230; la population noire du Br\u00e9sil est tomb\u00e9e de 14,6% en 1940 \u00e0 5,9% en 1980. La partie blanche de la population est, elle, pass\u00e9e de 63,5% \u00e0 55%. En revanche, la population mul\u00e2tre a augment\u00e9 en fl\u00e8che, passant de 21,2% \u00e0 38,5%.&nbsp;<\/div>\n<div>Les historiens pensent aujourd&rsquo;hui que pr\u00e8s de 5 millions d&rsquo;Africains ont \u00e9t\u00e9 captur\u00e9s et envoy\u00e9s au Br\u00e9sil entre 1532 et l&rsquo;abolition de l&rsquo;esclavage. Un million sont morts avant d&rsquo;atteindre des c\u00f4tes du Br\u00e9sil. Les ma\u00eetres blancs traitaient souvent leurs esclaves comme des biens de peu de valeur. La dur\u00e9e de vie moyenne d&rsquo;un jeune noir, employ\u00e9 dans une plantation de cannes \u00e0 sucre ou dans une mine d&rsquo;or, \u00e9tait de 8 ans. Il \u00e9tait alors plus rentable d&rsquo;acheter de nouveaux esclaves que de pr\u00e9server la sant\u00e9 des anciens.&nbsp;<\/div>\n<div>L&rsquo;esclavage a disparu au Br\u00e9sil le 13 mai 1888. Le Br\u00e9sil fut le dernier pays occidental \u00e0 mettre un terme \u00e0 l&rsquo;esclavage.&nbsp;<\/div>\n<div>&nbsp;<\/div>\n<div>Tout comme les Etat-Unis, Le Br\u00e9sil est une nation d&rsquo;immigrants, et ces derniers ne viennent pas seulement du Portugal. Le gouvernement imp\u00e9rial encouragea l&rsquo;immigration europ\u00e9enne pour reconstituer la main d&rsquo;oeuvre apr\u00e8s l&rsquo;abolition de l&rsquo;esclavage. Les premiers immigrants \u00e9taient des paysans allemands et suisses. Plus tard, 19 \u00e9me si\u00e8cle, l&rsquo;immigration s&rsquo;est faite italienne, en particulier dans l&rsquo;\u00e9tat de S\u00e3o Paulo, il s&rsquo;agissait plut\u00f4t d&rsquo;artisans et m\u00eame de cols blancs.<\/div>\n<div>Les italiens \u00e9taient au nombre de un million et demi. Les Portugais de un peu plus de un million. Les Espagnols \u00e9taient 580.000, les Allemands 200.000, les Russes 110.000 et 100.000 juifs.&nbsp;<\/div>\n<div>Le demi- million restant venait de divers pays d&rsquo;Europe tels que la Pologne, la Lituanie et la Gr\u00e8ce. 250.000 Japonais, dont la pr\u00e9sence devient \u00e9vidente dans le quartier Liberdade de <a href=\"sao-paulo\">S\u00e3o Paulo<\/a>, o\u00f9 s&rsquo;est constitu\u00e9e une v\u00e9ritable &quot;Japantown&quot;.<\/div>\n<div>Le Moyen-Orient, quant \u00e0 lui, a envoy\u00e9 quelque 700.000 immigrants, originaires pour la plupart de l&rsquo;actuelle Syrie et du Liban, pendant les 20 premi\u00e8res ann\u00e9es de ce si\u00e8cle.&nbsp;<\/div>\n","protected":false},"excerpt":{"rendered":"<p>En 1500, \u00e0 l&rsquo;arriv\u00e9e des premiers Europ\u00e9ens, plus de 4 millions d&rsquo;Indiens vivaient au Br\u00e9sil, plus de 700 tribus auraient [&hellip;]<\/p>\n","protected":false},"author":3,"featured_media":0,"parent":2297,"menu_order":0,"comment_status":"closed","ping_status":"closed","template":"","meta":{"site-sidebar-layout":"default","site-content-layout":"","ast-site-content-layout":"default","site-content-style":"default","site-sidebar-style":"default","ast-global-header-display":"","ast-banner-title-visibility":"","ast-main-header-display":"","ast-hfb-above-header-display":"","ast-hfb-below-header-display":"","ast-hfb-mobile-header-display":"","site-post-title":"","ast-breadcrumbs-content":"","ast-featured-img":"","footer-sml-layout":"","ast-disable-related-posts":"","theme-transparent-header-meta":"","adv-header-id-meta":"","stick-header-meta":"","header-above-stick-meta":"","header-main-stick-meta":"","header-below-stick-meta":"","astra-migrate-meta-layouts":"default","ast-page-background-enabled":"default","ast-page-background-meta":{"desktop":{"background-color":"var(--ast-global-color-5)","background-image":"","background-repeat":"repeat","background-position":"center center","background-size":"auto","background-attachment":"scroll","background-type":"","background-media":"","overlay-type":"","overlay-color":"","overlay-opacity":"","overlay-gradient":""},"tablet":{"background-color":"","background-image":"","background-repeat":"repeat","background-position":"center center","background-size":"auto","background-attachment":"scroll","background-type":"","background-media":"","overlay-type":"","overlay-color":"","overlay-opacity":"","overlay-gradient":""},"mobile":{"background-color":"","background-image":"","background-repeat":"repeat","background-position":"center center","background-size":"auto","background-attachment":"scroll","background-type":"","background-media":"","overlay-type":"","overlay-color":"","overlay-opacity":"","overlay-gradient":""}},"ast-content-background-meta":{"desktop":{"background-color":"var(--ast-global-color-4)","background-image":"","background-repeat":"repeat","background-position":"center center","background-size":"auto","background-attachment":"scroll","background-type":"","background-media":"","overlay-type":"","overlay-color":"","overlay-opacity":"","overlay-gradient":""},"tablet":{"background-color":"var(--ast-global-color-4)","background-image":"","background-repeat":"repeat","background-position":"center center","background-size":"auto","background-attachment":"scroll","background-type":"","background-media":"","overlay-type":"","overlay-color":"","overlay-opacity":"","overlay-gradient":""},"mobile":{"background-color":"var(--ast-global-color-4)","background-image":"","background-repeat":"repeat","background-position":"center center","background-size":"auto","background-attachment":"scroll","background-type":"","background-media":"","overlay-type":"","overlay-color":"","overlay-opacity":"","overlay-gradient":""}},"footnotes":""},"class_list":["post-2144","page","type-page","status-publish","hentry"],"yoast_head":"<!-- This site is optimized with the Yoast SEO plugin v27.5 - https:\/\/yoast.com\/product\/yoast-seo-wordpress\/ -->\n<title>Le PEUPLE BRESILIEN - Abc-latina<\/title>\n<meta name=\"description\" content=\"Les origines du peuple br\u00e9silien et qui constitue maintenant la population du Br\u00e9sil\" \/>\n<meta name=\"robots\" content=\"index, follow, max-snippet:-1, max-image-preview:large, max-video-preview:-1\" \/>\n<link rel=\"canonical\" href=\"https:\/\/abc-latina.com\/bresil\/peuple\/\" \/>\n<meta property=\"og:locale\" content=\"fr_FR\" \/>\n<meta property=\"og:type\" content=\"article\" \/>\n<meta property=\"og:title\" content=\"Le PEUPLE BRESILIEN - Abc-latina\" \/>\n<meta property=\"og:description\" content=\"Les origines du peuple br\u00e9silien et qui constitue maintenant la population du Br\u00e9sil\" \/>\n<meta property=\"og:url\" content=\"https:\/\/abc-latina.com\/bresil\/peuple\/\" \/>\n<meta property=\"og:site_name\" content=\"Abc-latina\" \/>\n<meta property=\"article:modified_time\" content=\"2026-04-30T16:24:51+00:00\" \/>\n<meta name=\"twitter:card\" content=\"summary_large_image\" \/>\n<meta name=\"twitter:label1\" content=\"Dur\u00e9e de lecture estim\u00e9e\" \/>\n\t<meta name=\"twitter:data1\" content=\"3 minutes\" \/>\n<script type=\"application\/ld+json\" class=\"yoast-schema-graph\">{\"@context\":\"https:\\\/\\\/schema.org\",\"@graph\":[{\"@type\":\"WebPage\",\"@id\":\"https:\\\/\\\/abc-latina.com\\\/bresil\\\/peuple\\\/\",\"url\":\"https:\\\/\\\/abc-latina.com\\\/bresil\\\/peuple\\\/\",\"name\":\"Le PEUPLE BRESILIEN - Abc-latina\",\"isPartOf\":{\"@id\":\"https:\\\/\\\/abc-latina.com\\\/#website\"},\"datePublished\":\"2010-08-08T21:23:39+00:00\",\"dateModified\":\"2026-04-30T16:24:51+00:00\",\"description\":\"Les origines du peuple br\u00e9silien et qui constitue maintenant la population du Br\u00e9sil\",\"breadcrumb\":{\"@id\":\"https:\\\/\\\/abc-latina.com\\\/bresil\\\/peuple\\\/#breadcrumb\"},\"inLanguage\":\"fr-FR\",\"potentialAction\":[{\"@type\":\"ReadAction\",\"target\":[\"https:\\\/\\\/abc-latina.com\\\/bresil\\\/peuple\\\/\"]}]},{\"@type\":\"BreadcrumbList\",\"@id\":\"https:\\\/\\\/abc-latina.com\\\/bresil\\\/peuple\\\/#breadcrumb\",\"itemListElement\":[{\"@type\":\"ListItem\",\"position\":1,\"name\":\"Accueil\",\"item\":\"https:\\\/\\\/abc-latina.com\\\/\"},{\"@type\":\"ListItem\",\"position\":2,\"name\":\"Le PEUPLE BRESILIEN\"}]},{\"@type\":\"WebSite\",\"@id\":\"https:\\\/\\\/abc-latina.com\\\/#website\",\"url\":\"https:\\\/\\\/abc-latina.com\\\/\",\"name\":\"Abc-latina\",\"description\":\"\",\"publisher\":{\"@id\":\"https:\\\/\\\/abc-latina.com\\\/#organization\"},\"potentialAction\":[{\"@type\":\"SearchAction\",\"target\":{\"@type\":\"EntryPoint\",\"urlTemplate\":\"https:\\\/\\\/abc-latina.com\\\/?s={search_term_string}\"},\"query-input\":{\"@type\":\"PropertyValueSpecification\",\"valueRequired\":true,\"valueName\":\"search_term_string\"}}],\"inLanguage\":\"fr-FR\"},{\"@type\":\"Organization\",\"@id\":\"https:\\\/\\\/abc-latina.com\\\/#organization\",\"name\":\"Abc-latina\",\"url\":\"https:\\\/\\\/abc-latina.com\\\/\",\"logo\":{\"@type\":\"ImageObject\",\"inLanguage\":\"fr-FR\",\"@id\":\"https:\\\/\\\/abc-latina.com\\\/#\\\/schema\\\/logo\\\/image\\\/\",\"url\":\"https:\\\/\\\/abc-latina.com\\\/wp-content\\\/uploads\\\/2026\\\/05\\\/cropped-logo.gif\",\"contentUrl\":\"https:\\\/\\\/abc-latina.com\\\/wp-content\\\/uploads\\\/2026\\\/05\\\/cropped-logo.gif\",\"width\":89,\"height\":84,\"caption\":\"Abc-latina\"},\"image\":{\"@id\":\"https:\\\/\\\/abc-latina.com\\\/#\\\/schema\\\/logo\\\/image\\\/\"}}]}<\/script>\n<!-- \/ Yoast SEO plugin. -->","yoast_head_json":{"title":"Le PEUPLE BRESILIEN - Abc-latina","description":"Les origines du peuple br\u00e9silien et qui constitue maintenant la population du Br\u00e9sil","robots":{"index":"index","follow":"follow","max-snippet":"max-snippet:-1","max-image-preview":"max-image-preview:large","max-video-preview":"max-video-preview:-1"},"canonical":"https:\/\/abc-latina.com\/bresil\/peuple\/","og_locale":"fr_FR","og_type":"article","og_title":"Le PEUPLE BRESILIEN - Abc-latina","og_description":"Les origines du peuple br\u00e9silien et qui constitue maintenant la population du Br\u00e9sil","og_url":"https:\/\/abc-latina.com\/bresil\/peuple\/","og_site_name":"Abc-latina","article_modified_time":"2026-04-30T16:24:51+00:00","twitter_card":"summary_large_image","twitter_misc":{"Dur\u00e9e de lecture estim\u00e9e":"3 minutes"},"schema":{"@context":"https:\/\/schema.org","@graph":[{"@type":"WebPage","@id":"https:\/\/abc-latina.com\/bresil\/peuple\/","url":"https:\/\/abc-latina.com\/bresil\/peuple\/","name":"Le PEUPLE BRESILIEN - Abc-latina","isPartOf":{"@id":"https:\/\/abc-latina.com\/#website"},"datePublished":"2010-08-08T21:23:39+00:00","dateModified":"2026-04-30T16:24:51+00:00","description":"Les origines du peuple br\u00e9silien et qui constitue maintenant la population du Br\u00e9sil","breadcrumb":{"@id":"https:\/\/abc-latina.com\/bresil\/peuple\/#breadcrumb"},"inLanguage":"fr-FR","potentialAction":[{"@type":"ReadAction","target":["https:\/\/abc-latina.com\/bresil\/peuple\/"]}]},{"@type":"BreadcrumbList","@id":"https:\/\/abc-latina.com\/bresil\/peuple\/#breadcrumb","itemListElement":[{"@type":"ListItem","position":1,"name":"Accueil","item":"https:\/\/abc-latina.com\/"},{"@type":"ListItem","position":2,"name":"Le PEUPLE BRESILIEN"}]},{"@type":"WebSite","@id":"https:\/\/abc-latina.com\/#website","url":"https:\/\/abc-latina.com\/","name":"Abc-latina","description":"","publisher":{"@id":"https:\/\/abc-latina.com\/#organization"},"potentialAction":[{"@type":"SearchAction","target":{"@type":"EntryPoint","urlTemplate":"https:\/\/abc-latina.com\/?s={search_term_string}"},"query-input":{"@type":"PropertyValueSpecification","valueRequired":true,"valueName":"search_term_string"}}],"inLanguage":"fr-FR"},{"@type":"Organization","@id":"https:\/\/abc-latina.com\/#organization","name":"Abc-latina","url":"https:\/\/abc-latina.com\/","logo":{"@type":"ImageObject","inLanguage":"fr-FR","@id":"https:\/\/abc-latina.com\/#\/schema\/logo\/image\/","url":"https:\/\/abc-latina.com\/wp-content\/uploads\/2026\/05\/cropped-logo.gif","contentUrl":"https:\/\/abc-latina.com\/wp-content\/uploads\/2026\/05\/cropped-logo.gif","width":89,"height":84,"caption":"Abc-latina"},"image":{"@id":"https:\/\/abc-latina.com\/#\/schema\/logo\/image\/"}}]}},"_links":{"self":[{"href":"https:\/\/abc-latina.com\/wp-json\/wp\/v2\/pages\/2144","targetHints":{"allow":["GET"]}}],"collection":[{"href":"https:\/\/abc-latina.com\/wp-json\/wp\/v2\/pages"}],"about":[{"href":"https:\/\/abc-latina.com\/wp-json\/wp\/v2\/types\/page"}],"author":[{"embeddable":true,"href":"https:\/\/abc-latina.com\/wp-json\/wp\/v2\/users\/3"}],"replies":[{"embeddable":true,"href":"https:\/\/abc-latina.com\/wp-json\/wp\/v2\/comments?post=2144"}],"version-history":[{"count":1,"href":"https:\/\/abc-latina.com\/wp-json\/wp\/v2\/pages\/2144\/revisions"}],"predecessor-version":[{"id":3198,"href":"https:\/\/abc-latina.com\/wp-json\/wp\/v2\/pages\/2144\/revisions\/3198"}],"up":[{"embeddable":true,"href":"https:\/\/abc-latina.com\/wp-json\/wp\/v2\/pages\/2297"}],"wp:attachment":[{"href":"https:\/\/abc-latina.com\/wp-json\/wp\/v2\/media?parent=2144"}],"curies":[{"name":"wp","href":"https:\/\/api.w.org\/{rel}","templated":true}]}}