{"id":2149,"date":"2010-08-08T23:50:58","date_gmt":"2010-08-08T21:50:58","guid":{"rendered":"http:\/\/abc-latina.com\/hymne-htm-17\/"},"modified":"2018-06-06T18:46:49","modified_gmt":"2018-06-06T16:46:49","slug":"hymne","status":"publish","type":"page","link":"https:\/\/abc-latina.com\/hymne\/","title":{"rendered":"HYMNE NATIONAL BRESILIEN"},"content":{"rendered":"<div><a href=\"http:\/\/www.abc-latina.com\/amerique_latine\/photos\/photo_drapeau_bresil.php\" target=\"_blank\"><img loading=\"lazy\" decoding=\"async\" class=\" alignright size-full wp-image-2148\" src=\"http:\/\/abc-latina.com\/wp-content\/uploads\/2010\/08\/bresil.gif\" style=\"margin: 9px; float: right;\" alt=\"\" width=\"110\" height=\"73\" \/><\/a>Ouviram do Ipiranga \u00e0s margens pl\u00e1cidas<\/div>\n<div>\n<div>De um povo her\u00f3ico o brado retumbante,<\/div>\n<div>E o sol da liberdade, em raios f\u00falgidos,<\/div>\n<div>Brilhou no c\u00e9u da P\u00e1trianesse instante, Se o penhor dessa igualdade<\/div>\n<div>Conseguimos conquistar com bra\u00e7o forte,<\/div>\n<div>Em teu seio, \u00f3, Liberdade,<\/div>\n<div>Desafia o nosso peito a pr\u00f3pria morte! \u00d3 P\u00e1tria amada,<\/div>\n<div>Idolatrada, Salve! Salve! Brasil, um sonho intenso, um raio v\u00edvido,<\/div>\n<div>De amor e de esperan\u00e7a \u00e0 terra desce,<\/div>\n<div>Se em teu formoso c\u00e9u, risonho e l\u00edmpido,<\/div>\n<div>A imagem do Cruzeiro resplandece. Gigante pela pr\u00f3pria natureza,<\/div>\n<div>\u00c9s belo, \u00e9s forte, imp\u00e1vido colosso,<\/div>\n<div>E o teu futuro espelha essa grandeza,&nbsp;<\/div>\n<div>CORO<\/div>\n<div>Terra adorada, Entre outras mil,<\/div>\n<div>\u00c9s tu, Brasil, \u00d3 P\u00e1tria amada!<\/div>\n<div>Dos filhos deste solo \u00e9s m\u00e3e gentil,<\/div>\n<div>P\u00e1tria amada, Brasil!<\/div>\n<div>Deitado eternamente em ber\u00e7o espl\u00eandido,<\/div>\n<div>ao som do mar e \u00e0 luz do c\u00e9u profundo,<\/div>\n<div>Fulguras, \u00f3 Brasil, flor\u00e3o da Am\u00e9rica,<\/div>\n<div>Iluminado ao sol do novo mundo! Do que a terra mais garrida<\/div>\n<div>Teus risonhos lindos campos tem mais flores,<\/div>\n<div>&quot;Nossos bosques tem mais vida&quot;<\/div>\n<div>&quot;Nossa vida&quot; no teu seio &quot;mais amores&quot; \u00d3 P\u00e1tria amada,&nbsp;<\/div>\n<div>Idolatrada, Salve! Salve! Brasil, de amor eterno seja s\u00edmbolo<\/div>\n<div>O l\u00e1baro que ostentas estrelado,<\/div>\n<div>E diga o verde-louro dessa fl\u00e2mula<\/div>\n<div>&quot;Paz no futuro e gl\u00f3ria no passado.&quot; Mas se ergues da justi\u00e7a a clava forte,<\/div>\n<div>Ver\u00e1s que um filho teu n\u00e3o foge \u00e0 luta,<\/div>\n<div>Nem teme, quem te adora, a pr\u00f3pria morte<\/div>\n<div>&nbsp;<\/div>\n<div>Cr\u00e9\u00e9 en 1922 par:<\/div>\n<div>Texte: Joaquim Os\u00f3rio Duque Estrada<\/div>\n<div>Musique: Francisco Manoel Da Silva<\/div>\n<div>&nbsp;<\/div>\n<div>&nbsp;<\/div>\n<div><object width=\"480\" height=\"385\"><param name=\"movie\" value=\"http:\/\/www.youtube.com\/v\/E__LidzsscU&amp;hl=fr_FR&amp;fs=1\" \/><param name=\"allowFullScreen\" value=\"true\" \/><param name=\"allowscriptaccess\" value=\"always\" \/><embed allowfullscreen=\"true\" allowscriptaccess=\"always\" src=\"http:\/\/www.youtube.com\/v\/E__LidzsscU&amp;hl=fr_FR&amp;fs=1\" type=\"application\/x-shockwave-flash\" width=\"480\" height=\"385\"><\/embed><\/object><\/div>\n<\/div>\n","protected":false},"excerpt":{"rendered":"<p>Ouviram do Ipiranga \u00e0s margens pl\u00e1cidas De um povo her\u00f3ico o brado retumbante, E o sol da liberdade, em raios [&hellip;]<\/p>\n","protected":false},"author":3,"featured_media":2148,"parent":0,"menu_order":0,"comment_status":"closed","ping_status":"closed","template":"","meta":{"site-sidebar-layout":"default","site-content-layout":"","ast-site-content-layout":"default","site-content-style":"default","site-sidebar-style":"default","ast-global-header-display":"","ast-banner-title-visibility":"","ast-main-header-display":"","ast-hfb-above-header-display":"","ast-hfb-below-header-display":"","ast-hfb-mobile-header-display":"","site-post-title":"","ast-breadcrumbs-content":"","ast-featured-img":"","footer-sml-layout":"","ast-disable-related-posts":"","theme-transparent-header-meta":"","adv-header-id-meta":"","stick-header-meta":"","header-above-stick-meta":"","header-main-stick-meta":"","header-below-stick-meta":"","astra-migrate-meta-layouts":"default","ast-page-background-enabled":"default","ast-page-background-meta":{"desktop":{"background-color":"var(--ast-global-color-5)","background-image":"","background-repeat":"repeat","background-position":"center center","background-size":"auto","background-attachment":"scroll","background-type":"","background-media":"","overlay-type":"","overlay-color":"","overlay-opacity":"","overlay-gradient":""},"tablet":{"background-color":"","background-image":"","background-repeat":"repeat","background-position":"center center","background-size":"auto","background-attachment":"scroll","background-type":"","background-media":"","overlay-type":"","overlay-color":"","overlay-opacity":"","overlay-gradient":""},"mobile":{"background-color":"","background-image":"","background-repeat":"repeat","background-position":"center center","background-size":"auto","background-attachment":"scroll","background-type":"","background-media":"","overlay-type":"","overlay-color":"","overlay-opacity":"","overlay-gradient":""}},"ast-content-background-meta":{"desktop":{"background-color":"var(--ast-global-color-4)","background-image":"","background-repeat":"repeat","background-position":"center center","background-size":"auto","background-attachment":"scroll","background-type":"","background-media":"","overlay-type":"","overlay-color":"","overlay-opacity":"","overlay-gradient":""},"tablet":{"background-color":"var(--ast-global-color-4)","background-image":"","background-repeat":"repeat","background-position":"center center","background-size":"auto","background-attachment":"scroll","background-type":"","background-media":"","overlay-type":"","overlay-color":"","overlay-opacity":"","overlay-gradient":""},"mobile":{"background-color":"var(--ast-global-color-4)","background-image":"","background-repeat":"repeat","background-position":"center center","background-size":"auto","background-attachment":"scroll","background-type":"","background-media":"","overlay-type":"","overlay-color":"","overlay-opacity":"","overlay-gradient":""}},"footnotes":""},"class_list":["post-2149","page","type-page","status-publish","has-post-thumbnail","hentry"],"yoast_head":"<!-- This site is optimized with the Yoast SEO plugin v27.5 - https:\/\/yoast.com\/product\/yoast-seo-wordpress\/ -->\n<title>HYMNE NATIONAL BRESILIEN - Abc-latina<\/title>\n<meta name=\"description\" content=\"Paroles et musique de l hymne national br\u00e9silien.\" \/>\n<meta name=\"robots\" content=\"index, follow, max-snippet:-1, max-image-preview:large, max-video-preview:-1\" \/>\n<link rel=\"canonical\" href=\"https:\/\/abc-latina.com\/hymne\/\" \/>\n<meta property=\"og:locale\" content=\"fr_FR\" \/>\n<meta property=\"og:type\" content=\"article\" \/>\n<meta property=\"og:title\" content=\"HYMNE NATIONAL BRESILIEN - Abc-latina\" \/>\n<meta property=\"og:description\" content=\"Paroles et musique de l hymne national br\u00e9silien.\" \/>\n<meta property=\"og:url\" content=\"https:\/\/abc-latina.com\/hymne\/\" \/>\n<meta property=\"og:site_name\" content=\"Abc-latina\" \/>\n<meta property=\"article:modified_time\" content=\"2018-06-06T16:46:49+00:00\" \/>\n<meta property=\"og:image\" content=\"https:\/\/abc-latina.com\/wp-content\/uploads\/2010\/08\/bresil.gif\" \/>\n\t<meta property=\"og:image:width\" content=\"110\" \/>\n\t<meta property=\"og:image:height\" content=\"73\" \/>\n\t<meta property=\"og:image:type\" content=\"image\/gif\" \/>\n<meta name=\"twitter:card\" content=\"summary_large_image\" \/>\n<meta name=\"twitter:label1\" content=\"Dur\u00e9e de lecture estim\u00e9e\" \/>\n\t<meta name=\"twitter:data1\" content=\"1 minute\" \/>\n<script type=\"application\/ld+json\" class=\"yoast-schema-graph\">{\"@context\":\"https:\\\/\\\/schema.org\",\"@graph\":[{\"@type\":\"WebPage\",\"@id\":\"https:\\\/\\\/abc-latina.com\\\/hymne\\\/\",\"url\":\"https:\\\/\\\/abc-latina.com\\\/hymne\\\/\",\"name\":\"HYMNE NATIONAL BRESILIEN - Abc-latina\",\"isPartOf\":{\"@id\":\"https:\\\/\\\/abc-latina.com\\\/#website\"},\"primaryImageOfPage\":{\"@id\":\"https:\\\/\\\/abc-latina.com\\\/hymne\\\/#primaryimage\"},\"image\":{\"@id\":\"https:\\\/\\\/abc-latina.com\\\/hymne\\\/#primaryimage\"},\"thumbnailUrl\":\"https:\\\/\\\/abc-latina.com\\\/wp-content\\\/uploads\\\/2010\\\/08\\\/bresil.gif\",\"datePublished\":\"2010-08-08T21:50:58+00:00\",\"dateModified\":\"2018-06-06T16:46:49+00:00\",\"description\":\"Paroles et musique de l hymne national br\u00e9silien.\",\"breadcrumb\":{\"@id\":\"https:\\\/\\\/abc-latina.com\\\/hymne\\\/#breadcrumb\"},\"inLanguage\":\"fr-FR\",\"potentialAction\":[{\"@type\":\"ReadAction\",\"target\":[\"https:\\\/\\\/abc-latina.com\\\/hymne\\\/\"]}]},{\"@type\":\"ImageObject\",\"inLanguage\":\"fr-FR\",\"@id\":\"https:\\\/\\\/abc-latina.com\\\/hymne\\\/#primaryimage\",\"url\":\"https:\\\/\\\/abc-latina.com\\\/wp-content\\\/uploads\\\/2010\\\/08\\\/bresil.gif\",\"contentUrl\":\"https:\\\/\\\/abc-latina.com\\\/wp-content\\\/uploads\\\/2010\\\/08\\\/bresil.gif\",\"width\":110,\"height\":73},{\"@type\":\"BreadcrumbList\",\"@id\":\"https:\\\/\\\/abc-latina.com\\\/hymne\\\/#breadcrumb\",\"itemListElement\":[{\"@type\":\"ListItem\",\"position\":1,\"name\":\"Accueil\",\"item\":\"https:\\\/\\\/abc-latina.com\\\/\"},{\"@type\":\"ListItem\",\"position\":2,\"name\":\"HYMNE NATIONAL BRESILIEN\"}]},{\"@type\":\"WebSite\",\"@id\":\"https:\\\/\\\/abc-latina.com\\\/#website\",\"url\":\"https:\\\/\\\/abc-latina.com\\\/\",\"name\":\"Abc-latina\",\"description\":\"\",\"publisher\":{\"@id\":\"https:\\\/\\\/abc-latina.com\\\/#organization\"},\"potentialAction\":[{\"@type\":\"SearchAction\",\"target\":{\"@type\":\"EntryPoint\",\"urlTemplate\":\"https:\\\/\\\/abc-latina.com\\\/?s={search_term_string}\"},\"query-input\":{\"@type\":\"PropertyValueSpecification\",\"valueRequired\":true,\"valueName\":\"search_term_string\"}}],\"inLanguage\":\"fr-FR\"},{\"@type\":\"Organization\",\"@id\":\"https:\\\/\\\/abc-latina.com\\\/#organization\",\"name\":\"Abc-latina\",\"url\":\"https:\\\/\\\/abc-latina.com\\\/\",\"logo\":{\"@type\":\"ImageObject\",\"inLanguage\":\"fr-FR\",\"@id\":\"https:\\\/\\\/abc-latina.com\\\/#\\\/schema\\\/logo\\\/image\\\/\",\"url\":\"https:\\\/\\\/abc-latina.com\\\/wp-content\\\/uploads\\\/2026\\\/05\\\/cropped-logo.gif\",\"contentUrl\":\"https:\\\/\\\/abc-latina.com\\\/wp-content\\\/uploads\\\/2026\\\/05\\\/cropped-logo.gif\",\"width\":89,\"height\":84,\"caption\":\"Abc-latina\"},\"image\":{\"@id\":\"https:\\\/\\\/abc-latina.com\\\/#\\\/schema\\\/logo\\\/image\\\/\"}}]}<\/script>\n<!-- \/ Yoast SEO plugin. -->","yoast_head_json":{"title":"HYMNE NATIONAL BRESILIEN - Abc-latina","description":"Paroles et musique de l hymne national br\u00e9silien.","robots":{"index":"index","follow":"follow","max-snippet":"max-snippet:-1","max-image-preview":"max-image-preview:large","max-video-preview":"max-video-preview:-1"},"canonical":"https:\/\/abc-latina.com\/hymne\/","og_locale":"fr_FR","og_type":"article","og_title":"HYMNE NATIONAL BRESILIEN - Abc-latina","og_description":"Paroles et musique de l hymne national br\u00e9silien.","og_url":"https:\/\/abc-latina.com\/hymne\/","og_site_name":"Abc-latina","article_modified_time":"2018-06-06T16:46:49+00:00","og_image":[{"width":110,"height":73,"url":"https:\/\/abc-latina.com\/wp-content\/uploads\/2010\/08\/bresil.gif","type":"image\/gif"}],"twitter_card":"summary_large_image","twitter_misc":{"Dur\u00e9e de lecture estim\u00e9e":"1 minute"},"schema":{"@context":"https:\/\/schema.org","@graph":[{"@type":"WebPage","@id":"https:\/\/abc-latina.com\/hymne\/","url":"https:\/\/abc-latina.com\/hymne\/","name":"HYMNE NATIONAL BRESILIEN - Abc-latina","isPartOf":{"@id":"https:\/\/abc-latina.com\/#website"},"primaryImageOfPage":{"@id":"https:\/\/abc-latina.com\/hymne\/#primaryimage"},"image":{"@id":"https:\/\/abc-latina.com\/hymne\/#primaryimage"},"thumbnailUrl":"https:\/\/abc-latina.com\/wp-content\/uploads\/2010\/08\/bresil.gif","datePublished":"2010-08-08T21:50:58+00:00","dateModified":"2018-06-06T16:46:49+00:00","description":"Paroles et musique de l hymne national br\u00e9silien.","breadcrumb":{"@id":"https:\/\/abc-latina.com\/hymne\/#breadcrumb"},"inLanguage":"fr-FR","potentialAction":[{"@type":"ReadAction","target":["https:\/\/abc-latina.com\/hymne\/"]}]},{"@type":"ImageObject","inLanguage":"fr-FR","@id":"https:\/\/abc-latina.com\/hymne\/#primaryimage","url":"https:\/\/abc-latina.com\/wp-content\/uploads\/2010\/08\/bresil.gif","contentUrl":"https:\/\/abc-latina.com\/wp-content\/uploads\/2010\/08\/bresil.gif","width":110,"height":73},{"@type":"BreadcrumbList","@id":"https:\/\/abc-latina.com\/hymne\/#breadcrumb","itemListElement":[{"@type":"ListItem","position":1,"name":"Accueil","item":"https:\/\/abc-latina.com\/"},{"@type":"ListItem","position":2,"name":"HYMNE NATIONAL BRESILIEN"}]},{"@type":"WebSite","@id":"https:\/\/abc-latina.com\/#website","url":"https:\/\/abc-latina.com\/","name":"Abc-latina","description":"","publisher":{"@id":"https:\/\/abc-latina.com\/#organization"},"potentialAction":[{"@type":"SearchAction","target":{"@type":"EntryPoint","urlTemplate":"https:\/\/abc-latina.com\/?s={search_term_string}"},"query-input":{"@type":"PropertyValueSpecification","valueRequired":true,"valueName":"search_term_string"}}],"inLanguage":"fr-FR"},{"@type":"Organization","@id":"https:\/\/abc-latina.com\/#organization","name":"Abc-latina","url":"https:\/\/abc-latina.com\/","logo":{"@type":"ImageObject","inLanguage":"fr-FR","@id":"https:\/\/abc-latina.com\/#\/schema\/logo\/image\/","url":"https:\/\/abc-latina.com\/wp-content\/uploads\/2026\/05\/cropped-logo.gif","contentUrl":"https:\/\/abc-latina.com\/wp-content\/uploads\/2026\/05\/cropped-logo.gif","width":89,"height":84,"caption":"Abc-latina"},"image":{"@id":"https:\/\/abc-latina.com\/#\/schema\/logo\/image\/"}}]}},"_links":{"self":[{"href":"https:\/\/abc-latina.com\/wp-json\/wp\/v2\/pages\/2149","targetHints":{"allow":["GET"]}}],"collection":[{"href":"https:\/\/abc-latina.com\/wp-json\/wp\/v2\/pages"}],"about":[{"href":"https:\/\/abc-latina.com\/wp-json\/wp\/v2\/types\/page"}],"author":[{"embeddable":true,"href":"https:\/\/abc-latina.com\/wp-json\/wp\/v2\/users\/3"}],"replies":[{"embeddable":true,"href":"https:\/\/abc-latina.com\/wp-json\/wp\/v2\/comments?post=2149"}],"version-history":[{"count":0,"href":"https:\/\/abc-latina.com\/wp-json\/wp\/v2\/pages\/2149\/revisions"}],"wp:featuredmedia":[{"embeddable":true,"href":"https:\/\/abc-latina.com\/wp-json\/wp\/v2\/media\/2148"}],"wp:attachment":[{"href":"https:\/\/abc-latina.com\/wp-json\/wp\/v2\/media?parent=2149"}],"curies":[{"name":"wp","href":"https:\/\/api.w.org\/{rel}","templated":true}]}}