{"id":2151,"date":"2010-08-09T00:50:58","date_gmt":"2010-08-08T22:50:58","guid":{"rendered":"http:\/\/abc-latina.com\/musees-rio-de-janeiro-php\/"},"modified":"2018-06-10T12:17:29","modified_gmt":"2018-06-10T10:17:29","slug":"musees-rio-de-janeiro","status":"publish","type":"page","link":"https:\/\/abc-latina.com\/musees-rio-de-janeiro\/","title":{"rendered":"Les MUSEES de RIO DE JANEIRO"},"content":{"rendered":"<div><strong>Museu Aeroespacial&nbsp;<\/strong><\/div>\n<div>Av. Marechal Fontenelle, 2000 &#8211; Campo dos Afonsos&nbsp;<\/div>\n<div>Tel.: (021) 357-5214 ou 357-5213<\/div>\n<div>&nbsp;<\/div>\n<div><strong>Museu Amsterdam Sauer de Pedras Preciosas&nbsp;<\/strong><\/div>\n<div>Rua Garcia D`\u00c1vila, 105 &#8211; Ipanema&nbsp;<\/div>\n<div>Tel.: (021) 239-8999<\/div>\n<div>&nbsp;<\/div>\n<div><strong>Museu Audit\u00f3rio H.Stern&nbsp;<\/strong><\/div>\n<div>Rua Garcia D`\u00c1vila, 113 &#8211; Ipanema&nbsp;<\/div>\n<div>Tel.: (021) 259-7442<\/div>\n<div>&nbsp;<\/div>\n<div><strong>MAM Museu de Arte Moderna do Rio de Janeiro&nbsp;<\/strong><\/div>\n<div>Av. Infante Dom Henrique, 85 &#8211; Parque Brigadeiro Eduardo Gomes&nbsp;<\/div>\n<div>Tel.: (021) 210-2188<\/div>\n<div>&nbsp;<\/div>\n<div><strong>Museu de Astronomia e Ci\u00eancias Afins&nbsp;<\/strong><\/div>\n<div>Rua General Bruce, 586 &#8211; S\u00e3o Crist\u00f3v\u00e3o&nbsp;<\/div>\n<div>Tel.: (021) 580-7010<\/div>\n<div>&nbsp;<\/div>\n<div><strong>Museu Bot\u00e2nico&nbsp;<\/strong><\/div>\n<div>Rua Jardim Bot\u00e2nico, 1008 &#8211; Jardim Bot\u00e2nico&nbsp;<\/div>\n<div>Tel.: (021) 274-8246<\/div>\n<div>&nbsp;<\/div>\n<div><strong>Museu do Banco do Brasil&nbsp;<\/strong><\/div>\n<div>Rua Primeiro de Mar\u00e7o, 66 &#8211; Centro&nbsp;<\/div>\n<div>Tel.: (021) 216-0259<\/div>\n<div>&nbsp;<\/div>\n<div><strong>Museu Carmem Miranda&nbsp;<\/strong><\/div>\n<div>Parque Brigadeiro Eduardo Gomes &#8211; Aterro do Flamengo&nbsp;<\/div>\n<div>Em frente ao n\u00famero 560 da Avenida Rui Barbosa&nbsp;<\/div>\n<div>Tel.: (021) 551-2597<\/div>\n<div>&nbsp;<\/div>\n<div><strong>Museu Casa de Benjamin Constant&nbsp;<\/strong><\/div>\n<div>Rua Monte Alegre, 255 &#8211; Santa Teresa&nbsp;<\/div>\n<div>Tel.: (021) 231-1248<\/div>\n<div>&nbsp;<\/div>\n<div><strong>Museu Casa de Rui Barbosa&nbsp;<\/strong><\/div>\n<div>Rua S\u00e3o Clemente, 134 &#8211; Botafogo&nbsp;<\/div>\n<div>Tel.: (021) 286-1297<\/div>\n<div>&nbsp;<\/div>\n<div><strong>Museu Casa do Pontal&nbsp;<\/strong><\/div>\n<div>Estrada do Pontal, 3295 &#8211; Recreio dos Bandeirantes&nbsp;<\/div>\n<div>Tel.: (021) 437-6278<\/div>\n<div>&nbsp;<\/div>\n<div><strong>Museu da Ch\u00e1cara do C\u00e9u&nbsp;<\/strong><\/div>\n<div>Rua Murtinho Nobre, 93 &#8211; Santa Tereza&nbsp;<\/div>\n<div>Tel.: (021) 224-8981 el.: (021)238-0368<\/div>\n<div>&nbsp;<\/div>\n<div><strong>Museu do A\u00e7ude&nbsp;<\/strong><\/div>\n<div>Estrada do A\u00e7ude, 764 &#8211; Alto da Boa Vista&nbsp;<\/div>\n<div>Tel.: (021) 238-0368<\/div>\n<div>&nbsp;<\/div>\n<div><strong>Museu do Carnaval&nbsp;<\/strong><\/div>\n<div>Passarela do Samba &#8211; Pra\u00e7a da Apoteose&nbsp;<\/div>\n<div>Entrada pela Rua Frei Caneca &#8211; Centro&nbsp;<\/div>\n<div>Tel.: (021) 293-9996<\/div>\n<div>&nbsp;<\/div>\n<div><strong>Museu Hist\u00f3rico do Ex\u00e9rcito e Forte de Copacabana<\/strong>&nbsp;<\/div>\n<div>Pra\u00e7a Coronel Eug\u00eanio Franco, 1 &#8211; Copacabana&nbsp;<\/div>\n<div>Tel.: (021) 287-2192<\/div>\n<div>&nbsp;<\/div>\n<div><strong>Casa de Deodoro (Marechal Deodoro da Fonseca)&nbsp;<\/strong><\/div>\n<div>Pra\u00e7a da Rep\u00fablica, 197 &#8211; Centro&nbsp;<\/div>\n<div>Tel.: (021) 231-0688<\/div>\n<div>&nbsp;<\/div>\n<div><strong>Casa de Os\u00f3rio (General Os\u00f3rio)&nbsp;<\/strong><\/div>\n<div>Rua do Riachuelo, 303 &#8211; Centro&nbsp;<\/div>\n<div>Tel.: (021) 242-9370<\/div>\n<div>&nbsp;<\/div>\n<div><strong>Museu da Segunda Guerra Mundial&nbsp;<\/strong><\/div>\n<div>Parque Brigadeiro Eduardo Gomes &#8211; Aterro do Flamengo<\/div>\n<div>Pante\u00e3o Duque de Caxias&nbsp;<\/div>\n<div>Pra\u00e7a Duque de Caxias, 25 &#8211; Centro<\/div>\n<div>&nbsp;<\/div>\n<div><strong>Museu da Farm\u00e1cia da Santa Casa de Miseric\u00f3rdia&nbsp;<\/strong><\/div>\n<div>Rua Santa Luzia, 206 &#8211; Castelo&nbsp;<\/div>\n<div>Tel.: (021) 297-6611<\/div>\n<div>&nbsp;<\/div>\n<div><strong>Museu da Fazenda Federal&nbsp;<\/strong><\/div>\n<div>Av. Presidente Ant\u00f4nio Carlos, 375 &#8211; A &#8211; Castelo&nbsp;<\/div>\n<div>Tel.: (021) 297-3939<\/div>\n<div>&nbsp;<\/div>\n<div><strong>Museu do Folclore Edison Carneiro&nbsp;<\/strong><\/div>\n<div>Rua do Catete, 181 &#8211; Catete&nbsp;<\/div>\n<div>Tel.: (021) 285-0441<\/div>\n<div>&nbsp;<\/div>\n<div><strong>Museu da For\u00e7a Expedicion\u00e1ria Brasileira (FEB)<\/strong>&nbsp;<\/div>\n<div>Rua das Marrecas, 35 &#8211; Lapa&nbsp;<\/div>\n<div>Tel.: (021) 262-3609<\/div>\n<div>&nbsp;<\/div>\n<div><strong>Museu Hist\u00f3rico e Diplom\u00e1tico&nbsp;<\/strong><\/div>\n<div>Pal\u00e1cio Itamaraty &#8211; Av. Marechal Floriano, 196 &#8211; Centro&nbsp;<\/div>\n<div>Tel.: (021) 253-7691<\/div>\n<div>&nbsp;<\/div>\n<div><strong>Museu Hist\u00f3rico Nacional&nbsp;<\/strong><\/div>\n<div>Pra\u00e7a Marechal \u00c2ncora, s\/n &#8211; Centro&nbsp;<\/div>\n<div>Tel.: (021) 240-9529<\/div>\n<div>&nbsp;<\/div>\n<div><strong>Museu da Imagem e do Som&nbsp;<\/strong><\/div>\n<div>Pra\u00e7a Rui Barbosa, 1 &#8211; Centro&nbsp;<\/div>\n<div>Tel.: (021) 262-0309<\/div>\n<div>&nbsp;<\/div>\n<div><strong>Museu de Minerais e Rochas do DNPM&nbsp;<\/strong><\/div>\n<div>Av. Pasteur, 404 &#8211; 2&ordm; andar &#8211; Praia Vermelha&nbsp;<\/div>\n<div>Tel.: (021) 295-6946<\/div>\n<div>&nbsp;<\/div>\n<div><strong>Museu Nacional&nbsp;<\/strong><\/div>\n<div>Quinta da Boa Vista, s\/n &#8211; S\u00e3o Crist\u00f3v\u00e3o&nbsp;<\/div>\n<div>Tel.: (021) 264-8262<\/div>\n<div>&nbsp;<\/div>\n<div><strong>Museu Nacional de Belas Artes&nbsp;<\/strong><\/div>\n<div>Av. Rio Branco, 199 &#8211; Centro&nbsp;<\/div>\n<div>Tel.: (021) 240-0068 ou 240-9869<\/div>\n<div>&nbsp;<\/div>\n<div><strong>Museu Naval e Oceanogr\u00e1fico<\/strong><\/div>\n<div>Rua Dom Manuel, 15 &#8211; Centro&nbsp;<\/div>\n<div>Tel.: (021) 221-7626<\/div>\n<div>&nbsp;<\/div>\n<div><strong>Museu de Odontologia Professor Salles Cunha&nbsp;<\/strong><\/div>\n<div>Rua Bar\u00e3o de Sert\u00f3rio, 75 &#8211; Rio Comprido&nbsp;<\/div>\n<div>Tel.: (021) 293-5293 ou 293-3893<\/div>\n<div>&nbsp;<\/div>\n<div><strong>Museu da Rep\u00fablica&nbsp;<\/strong><\/div>\n<div>Rua do Catete, 153 &#8211; Catete&nbsp;<\/div>\n<div>Tel.: (021) 245-3150<\/div>\n<div>&nbsp;<\/div>\n<div><strong>Museu e S\u00edtio Arqueol\u00f3gico Casa dos Pil\u00f5es&nbsp;<\/strong><\/div>\n<div>Rua Jardim Bot\u00e2nico, 1008 &#8211; Jardim Bot\u00e2nico&nbsp;<\/div>\n<div>Tel.: (021) 274-8246<\/div>\n<div>&nbsp;<\/div>\n<div><strong>Museu do Telefone&nbsp;<\/strong><\/div>\n<div>Rua Dois de Dezembro, 63 &#8211; Flamengo&nbsp;<\/div>\n<div>Tel.: (021) 556-3189<\/div>\n<div>&nbsp;<\/div>\n<div><strong>Museu do Trem&nbsp;<\/strong><\/div>\n<div>Rua Arquias Cordeiro, 1048 &#8211; Engenho de Dentro<\/div>\n<div>&nbsp;<\/div>\n<div><strong>Museu Villa-Lobos&nbsp;<\/strong><\/div>\n<div>Rua Sorocaba, 200 &#8211; Botafogo&nbsp;<\/div>\n<div>Tel.: (021) 266-3845<\/div>\n<div>&nbsp;<\/div>\n<div><a href=\"https:\/\/www.abc-latina.com\/bresil\/rio_de_janeiro\">Description de Rio de Janeiro<\/a>&nbsp;<\/div>\n<div><a href=\"https:\/\/www.abc-latina.com\/bresil\/photos\/photos_rio_de_janeiro\">Photos de Rio<\/a>&nbsp;<\/div>\n<div><a href=\"https:\/\/www.abc-latina.com\/bresil\/video\/videos-rio-de-janeiro.php\">Vid\u00e9os de Rio<\/a>&nbsp;<br \/><a href=\"https:\/\/www.abc-latina.com\/bresil\/cartes\/plan-rio-de-janeiro.php\" target=\"_blank\">Plan de la ville<\/a><\/div>\n<p>&nbsp;<\/p>\n","protected":false},"excerpt":{"rendered":"<p>Museu Aeroespacial&nbsp; Av. Marechal Fontenelle, 2000 &#8211; Campo dos Afonsos&nbsp; Tel.: (021) 357-5214 ou 357-5213 &nbsp; Museu Amsterdam Sauer de [&hellip;]<\/p>\n","protected":false},"author":3,"featured_media":0,"parent":0,"menu_order":0,"comment_status":"closed","ping_status":"closed","template":"","meta":{"site-sidebar-layout":"default","site-content-layout":"","ast-site-content-layout":"default","site-content-style":"default","site-sidebar-style":"default","ast-global-header-display":"","ast-banner-title-visibility":"","ast-main-header-display":"","ast-hfb-above-header-display":"","ast-hfb-below-header-display":"","ast-hfb-mobile-header-display":"","site-post-title":"","ast-breadcrumbs-content":"","ast-featured-img":"","footer-sml-layout":"","ast-disable-related-posts":"","theme-transparent-header-meta":"","adv-header-id-meta":"","stick-header-meta":"","header-above-stick-meta":"","header-main-stick-meta":"","header-below-stick-meta":"","astra-migrate-meta-layouts":"default","ast-page-background-enabled":"default","ast-page-background-meta":{"desktop":{"background-color":"var(--ast-global-color-5)","background-image":"","background-repeat":"repeat","background-position":"center center","background-size":"auto","background-attachment":"scroll","background-type":"","background-media":"","overlay-type":"","overlay-color":"","overlay-opacity":"","overlay-gradient":""},"tablet":{"background-color":"","background-image":"","background-repeat":"repeat","background-position":"center center","background-size":"auto","background-attachment":"scroll","background-type":"","background-media":"","overlay-type":"","overlay-color":"","overlay-opacity":"","overlay-gradient":""},"mobile":{"background-color":"","background-image":"","background-repeat":"repeat","background-position":"center center","background-size":"auto","background-attachment":"scroll","background-type":"","background-media":"","overlay-type":"","overlay-color":"","overlay-opacity":"","overlay-gradient":""}},"ast-content-background-meta":{"desktop":{"background-color":"var(--ast-global-color-4)","background-image":"","background-repeat":"repeat","background-position":"center center","background-size":"auto","background-attachment":"scroll","background-type":"","background-media":"","overlay-type":"","overlay-color":"","overlay-opacity":"","overlay-gradient":""},"tablet":{"background-color":"var(--ast-global-color-4)","background-image":"","background-repeat":"repeat","background-position":"center center","background-size":"auto","background-attachment":"scroll","background-type":"","background-media":"","overlay-type":"","overlay-color":"","overlay-opacity":"","overlay-gradient":""},"mobile":{"background-color":"var(--ast-global-color-4)","background-image":"","background-repeat":"repeat","background-position":"center center","background-size":"auto","background-attachment":"scroll","background-type":"","background-media":"","overlay-type":"","overlay-color":"","overlay-opacity":"","overlay-gradient":""}},"footnotes":""},"class_list":["post-2151","page","type-page","status-publish","hentry"],"yoast_head":"<!-- This site is optimized with the Yoast SEO plugin v27.5 - https:\/\/yoast.com\/product\/yoast-seo-wordpress\/ -->\n<title>Les MUSEES de RIO DE JANEIRO - Abc-latina<\/title>\n<meta name=\"description\" content=\"Les mus\u00e9es de Rio de janeiro.\" \/>\n<meta name=\"robots\" content=\"index, follow, max-snippet:-1, max-image-preview:large, max-video-preview:-1\" \/>\n<link rel=\"canonical\" href=\"https:\/\/abc-latina.com\/musees-rio-de-janeiro\/\" \/>\n<meta property=\"og:locale\" content=\"fr_FR\" \/>\n<meta property=\"og:type\" content=\"article\" \/>\n<meta property=\"og:title\" content=\"Les MUSEES de RIO DE JANEIRO - Abc-latina\" \/>\n<meta property=\"og:description\" content=\"Les mus\u00e9es de Rio de janeiro.\" \/>\n<meta property=\"og:url\" content=\"https:\/\/abc-latina.com\/musees-rio-de-janeiro\/\" \/>\n<meta property=\"og:site_name\" content=\"Abc-latina\" \/>\n<meta property=\"article:modified_time\" content=\"2018-06-10T10:17:29+00:00\" \/>\n<meta name=\"twitter:card\" content=\"summary_large_image\" \/>\n<meta name=\"twitter:label1\" content=\"Dur\u00e9e de lecture estim\u00e9e\" \/>\n\t<meta name=\"twitter:data1\" content=\"3 minutes\" \/>\n<script type=\"application\/ld+json\" class=\"yoast-schema-graph\">{\"@context\":\"https:\\\/\\\/schema.org\",\"@graph\":[{\"@type\":\"WebPage\",\"@id\":\"https:\\\/\\\/abc-latina.com\\\/musees-rio-de-janeiro\\\/\",\"url\":\"https:\\\/\\\/abc-latina.com\\\/musees-rio-de-janeiro\\\/\",\"name\":\"Les MUSEES de RIO DE JANEIRO - Abc-latina\",\"isPartOf\":{\"@id\":\"https:\\\/\\\/abc-latina.com\\\/#website\"},\"datePublished\":\"2010-08-08T22:50:58+00:00\",\"dateModified\":\"2018-06-10T10:17:29+00:00\",\"description\":\"Les mus\u00e9es de Rio de janeiro.\",\"breadcrumb\":{\"@id\":\"https:\\\/\\\/abc-latina.com\\\/musees-rio-de-janeiro\\\/#breadcrumb\"},\"inLanguage\":\"fr-FR\",\"potentialAction\":[{\"@type\":\"ReadAction\",\"target\":[\"https:\\\/\\\/abc-latina.com\\\/musees-rio-de-janeiro\\\/\"]}]},{\"@type\":\"BreadcrumbList\",\"@id\":\"https:\\\/\\\/abc-latina.com\\\/musees-rio-de-janeiro\\\/#breadcrumb\",\"itemListElement\":[{\"@type\":\"ListItem\",\"position\":1,\"name\":\"Accueil\",\"item\":\"https:\\\/\\\/abc-latina.com\\\/\"},{\"@type\":\"ListItem\",\"position\":2,\"name\":\"Les MUSEES de RIO DE JANEIRO\"}]},{\"@type\":\"WebSite\",\"@id\":\"https:\\\/\\\/abc-latina.com\\\/#website\",\"url\":\"https:\\\/\\\/abc-latina.com\\\/\",\"name\":\"Abc-latina\",\"description\":\"\",\"publisher\":{\"@id\":\"https:\\\/\\\/abc-latina.com\\\/#organization\"},\"potentialAction\":[{\"@type\":\"SearchAction\",\"target\":{\"@type\":\"EntryPoint\",\"urlTemplate\":\"https:\\\/\\\/abc-latina.com\\\/?s={search_term_string}\"},\"query-input\":{\"@type\":\"PropertyValueSpecification\",\"valueRequired\":true,\"valueName\":\"search_term_string\"}}],\"inLanguage\":\"fr-FR\"},{\"@type\":\"Organization\",\"@id\":\"https:\\\/\\\/abc-latina.com\\\/#organization\",\"name\":\"Abc-latina\",\"url\":\"https:\\\/\\\/abc-latina.com\\\/\",\"logo\":{\"@type\":\"ImageObject\",\"inLanguage\":\"fr-FR\",\"@id\":\"https:\\\/\\\/abc-latina.com\\\/#\\\/schema\\\/logo\\\/image\\\/\",\"url\":\"https:\\\/\\\/abc-latina.com\\\/wp-content\\\/uploads\\\/2026\\\/05\\\/cropped-logo.gif\",\"contentUrl\":\"https:\\\/\\\/abc-latina.com\\\/wp-content\\\/uploads\\\/2026\\\/05\\\/cropped-logo.gif\",\"width\":89,\"height\":84,\"caption\":\"Abc-latina\"},\"image\":{\"@id\":\"https:\\\/\\\/abc-latina.com\\\/#\\\/schema\\\/logo\\\/image\\\/\"}}]}<\/script>\n<!-- \/ Yoast SEO plugin. -->","yoast_head_json":{"title":"Les MUSEES de RIO DE JANEIRO - Abc-latina","description":"Les mus\u00e9es de Rio de janeiro.","robots":{"index":"index","follow":"follow","max-snippet":"max-snippet:-1","max-image-preview":"max-image-preview:large","max-video-preview":"max-video-preview:-1"},"canonical":"https:\/\/abc-latina.com\/musees-rio-de-janeiro\/","og_locale":"fr_FR","og_type":"article","og_title":"Les MUSEES de RIO DE JANEIRO - Abc-latina","og_description":"Les mus\u00e9es de Rio de janeiro.","og_url":"https:\/\/abc-latina.com\/musees-rio-de-janeiro\/","og_site_name":"Abc-latina","article_modified_time":"2018-06-10T10:17:29+00:00","twitter_card":"summary_large_image","twitter_misc":{"Dur\u00e9e de lecture estim\u00e9e":"3 minutes"},"schema":{"@context":"https:\/\/schema.org","@graph":[{"@type":"WebPage","@id":"https:\/\/abc-latina.com\/musees-rio-de-janeiro\/","url":"https:\/\/abc-latina.com\/musees-rio-de-janeiro\/","name":"Les MUSEES de RIO DE JANEIRO - Abc-latina","isPartOf":{"@id":"https:\/\/abc-latina.com\/#website"},"datePublished":"2010-08-08T22:50:58+00:00","dateModified":"2018-06-10T10:17:29+00:00","description":"Les mus\u00e9es de Rio de janeiro.","breadcrumb":{"@id":"https:\/\/abc-latina.com\/musees-rio-de-janeiro\/#breadcrumb"},"inLanguage":"fr-FR","potentialAction":[{"@type":"ReadAction","target":["https:\/\/abc-latina.com\/musees-rio-de-janeiro\/"]}]},{"@type":"BreadcrumbList","@id":"https:\/\/abc-latina.com\/musees-rio-de-janeiro\/#breadcrumb","itemListElement":[{"@type":"ListItem","position":1,"name":"Accueil","item":"https:\/\/abc-latina.com\/"},{"@type":"ListItem","position":2,"name":"Les MUSEES de RIO DE JANEIRO"}]},{"@type":"WebSite","@id":"https:\/\/abc-latina.com\/#website","url":"https:\/\/abc-latina.com\/","name":"Abc-latina","description":"","publisher":{"@id":"https:\/\/abc-latina.com\/#organization"},"potentialAction":[{"@type":"SearchAction","target":{"@type":"EntryPoint","urlTemplate":"https:\/\/abc-latina.com\/?s={search_term_string}"},"query-input":{"@type":"PropertyValueSpecification","valueRequired":true,"valueName":"search_term_string"}}],"inLanguage":"fr-FR"},{"@type":"Organization","@id":"https:\/\/abc-latina.com\/#organization","name":"Abc-latina","url":"https:\/\/abc-latina.com\/","logo":{"@type":"ImageObject","inLanguage":"fr-FR","@id":"https:\/\/abc-latina.com\/#\/schema\/logo\/image\/","url":"https:\/\/abc-latina.com\/wp-content\/uploads\/2026\/05\/cropped-logo.gif","contentUrl":"https:\/\/abc-latina.com\/wp-content\/uploads\/2026\/05\/cropped-logo.gif","width":89,"height":84,"caption":"Abc-latina"},"image":{"@id":"https:\/\/abc-latina.com\/#\/schema\/logo\/image\/"}}]}},"_links":{"self":[{"href":"https:\/\/abc-latina.com\/wp-json\/wp\/v2\/pages\/2151","targetHints":{"allow":["GET"]}}],"collection":[{"href":"https:\/\/abc-latina.com\/wp-json\/wp\/v2\/pages"}],"about":[{"href":"https:\/\/abc-latina.com\/wp-json\/wp\/v2\/types\/page"}],"author":[{"embeddable":true,"href":"https:\/\/abc-latina.com\/wp-json\/wp\/v2\/users\/3"}],"replies":[{"embeddable":true,"href":"https:\/\/abc-latina.com\/wp-json\/wp\/v2\/comments?post=2151"}],"version-history":[{"count":0,"href":"https:\/\/abc-latina.com\/wp-json\/wp\/v2\/pages\/2151\/revisions"}],"wp:attachment":[{"href":"https:\/\/abc-latina.com\/wp-json\/wp\/v2\/media?parent=2151"}],"curies":[{"name":"wp","href":"https:\/\/api.w.org\/{rel}","templated":true}]}}