{"id":2162,"date":"2010-08-09T01:58:18","date_gmt":"2010-08-08T23:58:18","guid":{"rendered":"http:\/\/abc-latina.com\/buzios-htm\/"},"modified":"2018-06-10T11:46:24","modified_gmt":"2018-06-10T09:46:24","slug":"buzios","status":"publish","type":"page","link":"https:\/\/abc-latina.com\/buzios\/","title":{"rendered":"BUZIOS"},"content":{"rendered":"<div><img loading=\"lazy\" decoding=\"async\" class=\" alignright size-full wp-image-2077\" src=\"http:\/\/abc-latina.com\/wp-content\/uploads\/2010\/08\/buzios.jpg\" alt=\"\" width=\"220\" vspace=\"9\" hspace=\"15\" height=\"220\" align=\"right\" srcset=\"https:\/\/abc-latina.com\/wp-content\/uploads\/2010\/08\/buzios.jpg 220w, https:\/\/abc-latina.com\/wp-content\/uploads\/2010\/08\/buzios-150x150.jpg 150w\" sizes=\"auto, (max-width: 220px) 100vw, 220px\" \/>A la p\u00e9ninsule du littoral nord de l&acute;<a href=\"https:\/\/www.abc-latina.com\/bresil\/etat-rio\">Etat de Rio de Janeiro<\/a>, <span class=\"tourisme-chapitre\">B\u00fazios<\/span> s\u00e9duit beaucoup de touristes br\u00e9siliens et \u00e9trangers avec ses beaut\u00e9s naturelles et son climat unique qui harmonise simplicit\u00e9 et sophistication. Son nom officiel est &quot; Arma\u00e7\u00e3o de B\u00fazios&quot;, h\u00e9rit\u00e9 des temps o\u00f9 B\u00fazios servait de point d&acute;appui \u00e0 la chasse aux baleines, au XVIII\u00e8me si\u00e8cle. Apr\u00e8s 1964, quand l&acute;actrice fran\u00e7aise Brigitte Bardot passa des vacances dans la ville, le petit village de p\u00eacheurs gagna une notori\u00e9t\u00e9 internationale.<\/p>\n<div>&nbsp;<\/div>\n<div>Les plages sont nombreuses, de divers formats, des plus agit\u00e9es aux presque d\u00e9sertes, toutes avec une mer dont les eaux gagnent une tonalit\u00e9 qui va du vert \u00e9meraude au bleu c\u00e9leste. Ce sont aussi des plages qui abritent plusieurs auberges charmantes et des restaurant qui servent des plats \u00e9labor\u00e9s de la <a href=\"https:\/\/www.abc-latina.com\/bresil\/cuisine\">cuisine br\u00e9silienne<\/a> et internationale.<\/div>\n<div>&nbsp;<\/div>\n<div>Le soir, le mouvement prend en charge la &quot;Rua das Pedras&quot;, au centre-ville, une vraie passerelle remplie de gens qui veulent s&rsquo;amuser. Les amants de sport marins vont rencontrer de bonnes conditions pour pratiquer le <a href=\"https:\/\/www.abc-latina.com\/bresil\/tourisme\/surf\">surf<\/a>, la <a href=\"https:\/\/www.abc-latina.com\/bresil\/tourisme\/sports_nautiques\">voile<\/a>, le windsurf et la <a href=\"https:\/\/www.abc-latina.com\/bresil\/tourisme\/plongee\">plong\u00e9e<\/a>. Dans les promenades en bateau, ou les randonn\u00e9es dans les pistes de la for\u00eat atlantique l&acute;on peut conna\u00eetre d&acute;autres enchantements de B\u00fazios. La ville offre aussi une attraction sp\u00e9ciale pour les golfeurs, le champ de 18 trous et 7 mille yards d&acute;un fameux club de <a href=\"https:\/\/www.abc-latina.com\/bresil\/tourisme\/golf\">golf<\/a>.<\/div>\n<div>&nbsp;<\/div>\n<div><span class=\"tourisme-chapitre\">Attractions Plages<\/span><\/div>\n<div>&nbsp;<\/div>\n<div><a href=\"..\/tour_operateur\" target=\"_blank\"><img loading=\"lazy\" decoding=\"async\" class=\" size-full wp-image-41\" alt=\"\" class=\"touroperateur\" src=\"http:\/\/abc-latina.com\/wp-content\/uploads\/2010\/04\/timbre_to.gif\" width=\"125\" height=\"90\" \/><\/a>Ce sont plus de vingt plages avec des caract\u00e9ristiques diff\u00e9rentes. Certaines sont agit\u00e9es par la pr\u00e9sence de plusieurs touristes: \u00e0 Jo\u00e3o Fernandes et Ferradura, l&acute;on peut louer des \u00e9quipements sportifs comme: jetski, banana-boat, p\u00e9dalot, kayak et planche de windsurf. A Geriba, le mouvement est pris en charge par les petits bars au bord de la mer. La plage des Ossos, au centre-ville, abrite le yacht club et c&acute;est d&acute;o\u00f9 partent les promenades en go\u00e9lette. Pour ceux qui pr\u00e9f\u00e8rent la tranquillit\u00e9, il y a des plages en retrait et avec un aspect sauvage: \u00e0 Rasa, avec des eaux tranquilles et un vent constant l&acute;on pratique le windsurf. Brava, comme le dit le nom, offre de fortes vagues, id\u00e9ales pour le surf. Il existe aussi des plages avec des piscines naturelles et des rivages recherch\u00e9es par les plongeurs, comme Ferradurinha, Azeda et Azedinha. Les adeptes de nudisme fr\u00e9quentent la petite Olho de Boi, cach\u00e9e entre les \u00e9normes rochers.<\/div>\n<div>&nbsp;<\/div>\n<div><strong>Promenades en bateau<\/strong><\/div>\n<div>Il y a diverses \u00e9cumes de tourisme qui parcourent les plages et les \u00eeles de la c\u00f4te de B\u00fazios. Une autre option est de contracter des promenades dans des bateaux de p\u00eacheurs, les &quot;traineiras&quot; avec la possibilit\u00e9 de partie de <a href=\"https:\/\/www.abc-latina.com\/bresil\/tourisme\/peche_sportive\">p\u00eaches<\/a>.<\/div>\n<div>&nbsp;<\/div>\n<div><strong>Rue &quot;rua das Pedras&quot;<\/strong><\/div>\n<div>Bars qui offrent des drinks, des go\u00fbters et de la musique, des restaurants sp\u00e9cialis\u00e9s en plats de diverses cuisines et beaucoup de gens circulant est le portrait de Rua das Pedras. C&acute;est le point de r\u00e9union des gens qui aiment la vie nocturne de B\u00fazios. L&acute;horaire de fonctionnement de l&acute;agitation est sp\u00e9cial; pr\u00e8s de minuit la rue se remplit et l&acute;ambiance s&acute;anime. Les matins par contre elle est pratiquement d\u00e9serte. Le commerce vient ouvrir ses portes aux alentours de deux heures de l&acute;apr\u00e8s midi. Ce sont divers magasins d&acute;artisanat, de d\u00e9coration, ateliers d&acute;artistes plastiques et boutiques, certains griffes fameuses.<\/div>\n<div>Source: Minist\u00e9rio do turismo<\/div>\n<div>&nbsp;<\/div>\n<h3>Pr\u00e9parez votre voyage \u00e0 Buzios:<\/h3>\n<div><a href=\"https:\/\/www.abc-latina.com\/bresil\/agence_de_voyages\">Agences de voyage g\u00e9n\u00e9ralistes et discounteurs<\/a><\/div>\n<div><a href=\"https:\/\/www.abc-latina.com\/bresil\/tour_operateur\">Tours Op\u00e9rateurs sp\u00e9cialistes du Br\u00e9sil<\/a><\/div>\n<div><a href=\"https:\/\/www.abc-latina.com\/to\/reservation_billet_avion\" target=\"_blank\">R\u00e9servez votre billet d&rsquo;avion<\/a><\/div>\n<div><a href=\"http:\/\/www.booking.com\/city\/br\/buziosl?aid=364340\" target=\"_blank\">R\u00e9servez votre h\u00f4tel \u00e0 Buzios<\/a>&nbsp;<\/div>\n<div><a href=\"https:\/\/www.abc-latina.com\/to\/location_de_voiture_bresil\" target=\"_blank\">Location de voiture<\/a><\/div>\n<div>&nbsp;<\/div>\n<div>&nbsp;<\/div>\n<div id=\"cont_2d0a98e2f4fce5839dc01ae9105c9384\"><span id=\"h_2d0a98e2f4fce5839dc01ae9105c9384\"><a id=\"a_2d0a98e2f4fce5839dc01ae9105c9384\" href=\"http:\/\/www.tameteo.com\/\" target=\"_blank\" style=\"color:#808080;font-family:2;font-size:14px;\">Meteo<\/a> Armacao Dos Buzios<\/span><script type=\"text\/javascript\" src=\"http:\/\/www.tameteo.com\/wid_loader\/2d0a98e2f4fce5839dc01ae9105c9384\"><\/script><\/div>\n<p>&nbsp;<\/p>\n<\/div>\n","protected":false},"excerpt":{"rendered":"<p>A la p\u00e9ninsule du littoral nord de l&acute;Etat de Rio de Janeiro, B\u00fazios s\u00e9duit beaucoup de touristes br\u00e9siliens et \u00e9trangers [&hellip;]<\/p>\n","protected":false},"author":3,"featured_media":2077,"parent":0,"menu_order":0,"comment_status":"closed","ping_status":"closed","template":"","meta":{"site-sidebar-layout":"default","site-content-layout":"","ast-site-content-layout":"default","site-content-style":"default","site-sidebar-style":"default","ast-global-header-display":"","ast-banner-title-visibility":"","ast-main-header-display":"","ast-hfb-above-header-display":"","ast-hfb-below-header-display":"","ast-hfb-mobile-header-display":"","site-post-title":"","ast-breadcrumbs-content":"","ast-featured-img":"","footer-sml-layout":"","ast-disable-related-posts":"","theme-transparent-header-meta":"","adv-header-id-meta":"","stick-header-meta":"","header-above-stick-meta":"","header-main-stick-meta":"","header-below-stick-meta":"","astra-migrate-meta-layouts":"default","ast-page-background-enabled":"default","ast-page-background-meta":{"desktop":{"background-color":"var(--ast-global-color-5)","background-image":"","background-repeat":"repeat","background-position":"center center","background-size":"auto","background-attachment":"scroll","background-type":"","background-media":"","overlay-type":"","overlay-color":"","overlay-opacity":"","overlay-gradient":""},"tablet":{"background-color":"","background-image":"","background-repeat":"repeat","background-position":"center center","background-size":"auto","background-attachment":"scroll","background-type":"","background-media":"","overlay-type":"","overlay-color":"","overlay-opacity":"","overlay-gradient":""},"mobile":{"background-color":"","background-image":"","background-repeat":"repeat","background-position":"center center","background-size":"auto","background-attachment":"scroll","background-type":"","background-media":"","overlay-type":"","overlay-color":"","overlay-opacity":"","overlay-gradient":""}},"ast-content-background-meta":{"desktop":{"background-color":"var(--ast-global-color-4)","background-image":"","background-repeat":"repeat","background-position":"center center","background-size":"auto","background-attachment":"scroll","background-type":"","background-media":"","overlay-type":"","overlay-color":"","overlay-opacity":"","overlay-gradient":""},"tablet":{"background-color":"var(--ast-global-color-4)","background-image":"","background-repeat":"repeat","background-position":"center center","background-size":"auto","background-attachment":"scroll","background-type":"","background-media":"","overlay-type":"","overlay-color":"","overlay-opacity":"","overlay-gradient":""},"mobile":{"background-color":"var(--ast-global-color-4)","background-image":"","background-repeat":"repeat","background-position":"center center","background-size":"auto","background-attachment":"scroll","background-type":"","background-media":"","overlay-type":"","overlay-color":"","overlay-opacity":"","overlay-gradient":""}},"footnotes":""},"class_list":["post-2162","page","type-page","status-publish","has-post-thumbnail","hentry"],"yoast_head":"<!-- This site is optimized with the Yoast SEO plugin v27.5 - https:\/\/yoast.com\/product\/yoast-seo-wordpress\/ -->\n<title>BUZIOS - Abc-latina<\/title>\n<meta name=\"description\" content=\"Buzios - Br\u00e9sil.\" \/>\n<meta name=\"robots\" content=\"index, follow, max-snippet:-1, max-image-preview:large, max-video-preview:-1\" \/>\n<link rel=\"canonical\" href=\"https:\/\/abc-latina.com\/buzios\/\" \/>\n<meta property=\"og:locale\" content=\"fr_FR\" \/>\n<meta property=\"og:type\" content=\"article\" \/>\n<meta property=\"og:title\" content=\"BUZIOS - Abc-latina\" \/>\n<meta property=\"og:description\" content=\"Buzios - Br\u00e9sil.\" \/>\n<meta property=\"og:url\" content=\"https:\/\/abc-latina.com\/buzios\/\" \/>\n<meta property=\"og:site_name\" content=\"Abc-latina\" \/>\n<meta property=\"article:modified_time\" content=\"2018-06-10T09:46:24+00:00\" \/>\n<meta property=\"og:image\" content=\"https:\/\/abc-latina.com\/wp-content\/uploads\/2010\/08\/buzios.jpg\" \/>\n\t<meta property=\"og:image:width\" content=\"220\" \/>\n\t<meta property=\"og:image:height\" content=\"220\" \/>\n\t<meta property=\"og:image:type\" content=\"image\/jpeg\" \/>\n<meta name=\"twitter:card\" content=\"summary_large_image\" \/>\n<meta name=\"twitter:label1\" content=\"Dur\u00e9e de lecture estim\u00e9e\" \/>\n\t<meta name=\"twitter:data1\" content=\"3 minutes\" \/>\n<script type=\"application\/ld+json\" class=\"yoast-schema-graph\">{\"@context\":\"https:\\\/\\\/schema.org\",\"@graph\":[{\"@type\":\"WebPage\",\"@id\":\"https:\\\/\\\/abc-latina.com\\\/buzios\\\/\",\"url\":\"https:\\\/\\\/abc-latina.com\\\/buzios\\\/\",\"name\":\"BUZIOS - Abc-latina\",\"isPartOf\":{\"@id\":\"https:\\\/\\\/abc-latina.com\\\/#website\"},\"primaryImageOfPage\":{\"@id\":\"https:\\\/\\\/abc-latina.com\\\/buzios\\\/#primaryimage\"},\"image\":{\"@id\":\"https:\\\/\\\/abc-latina.com\\\/buzios\\\/#primaryimage\"},\"thumbnailUrl\":\"https:\\\/\\\/abc-latina.com\\\/wp-content\\\/uploads\\\/2010\\\/08\\\/buzios.jpg\",\"datePublished\":\"2010-08-08T23:58:18+00:00\",\"dateModified\":\"2018-06-10T09:46:24+00:00\",\"description\":\"Buzios - Br\u00e9sil.\",\"breadcrumb\":{\"@id\":\"https:\\\/\\\/abc-latina.com\\\/buzios\\\/#breadcrumb\"},\"inLanguage\":\"fr-FR\",\"potentialAction\":[{\"@type\":\"ReadAction\",\"target\":[\"https:\\\/\\\/abc-latina.com\\\/buzios\\\/\"]}]},{\"@type\":\"ImageObject\",\"inLanguage\":\"fr-FR\",\"@id\":\"https:\\\/\\\/abc-latina.com\\\/buzios\\\/#primaryimage\",\"url\":\"https:\\\/\\\/abc-latina.com\\\/wp-content\\\/uploads\\\/2010\\\/08\\\/buzios.jpg\",\"contentUrl\":\"https:\\\/\\\/abc-latina.com\\\/wp-content\\\/uploads\\\/2010\\\/08\\\/buzios.jpg\",\"width\":220,\"height\":220,\"caption\":\"ETAT DE RIO\"},{\"@type\":\"BreadcrumbList\",\"@id\":\"https:\\\/\\\/abc-latina.com\\\/buzios\\\/#breadcrumb\",\"itemListElement\":[{\"@type\":\"ListItem\",\"position\":1,\"name\":\"Accueil\",\"item\":\"https:\\\/\\\/abc-latina.com\\\/\"},{\"@type\":\"ListItem\",\"position\":2,\"name\":\"BUZIOS\"}]},{\"@type\":\"WebSite\",\"@id\":\"https:\\\/\\\/abc-latina.com\\\/#website\",\"url\":\"https:\\\/\\\/abc-latina.com\\\/\",\"name\":\"Abc-latina\",\"description\":\"\",\"publisher\":{\"@id\":\"https:\\\/\\\/abc-latina.com\\\/#organization\"},\"potentialAction\":[{\"@type\":\"SearchAction\",\"target\":{\"@type\":\"EntryPoint\",\"urlTemplate\":\"https:\\\/\\\/abc-latina.com\\\/?s={search_term_string}\"},\"query-input\":{\"@type\":\"PropertyValueSpecification\",\"valueRequired\":true,\"valueName\":\"search_term_string\"}}],\"inLanguage\":\"fr-FR\"},{\"@type\":\"Organization\",\"@id\":\"https:\\\/\\\/abc-latina.com\\\/#organization\",\"name\":\"Abc-latina\",\"url\":\"https:\\\/\\\/abc-latina.com\\\/\",\"logo\":{\"@type\":\"ImageObject\",\"inLanguage\":\"fr-FR\",\"@id\":\"https:\\\/\\\/abc-latina.com\\\/#\\\/schema\\\/logo\\\/image\\\/\",\"url\":\"https:\\\/\\\/abc-latina.com\\\/wp-content\\\/uploads\\\/2026\\\/05\\\/cropped-logo.gif\",\"contentUrl\":\"https:\\\/\\\/abc-latina.com\\\/wp-content\\\/uploads\\\/2026\\\/05\\\/cropped-logo.gif\",\"width\":89,\"height\":84,\"caption\":\"Abc-latina\"},\"image\":{\"@id\":\"https:\\\/\\\/abc-latina.com\\\/#\\\/schema\\\/logo\\\/image\\\/\"}}]}<\/script>\n<!-- \/ Yoast SEO plugin. -->","yoast_head_json":{"title":"BUZIOS - Abc-latina","description":"Buzios - Br\u00e9sil.","robots":{"index":"index","follow":"follow","max-snippet":"max-snippet:-1","max-image-preview":"max-image-preview:large","max-video-preview":"max-video-preview:-1"},"canonical":"https:\/\/abc-latina.com\/buzios\/","og_locale":"fr_FR","og_type":"article","og_title":"BUZIOS - Abc-latina","og_description":"Buzios - Br\u00e9sil.","og_url":"https:\/\/abc-latina.com\/buzios\/","og_site_name":"Abc-latina","article_modified_time":"2018-06-10T09:46:24+00:00","og_image":[{"width":220,"height":220,"url":"https:\/\/abc-latina.com\/wp-content\/uploads\/2010\/08\/buzios.jpg","type":"image\/jpeg"}],"twitter_card":"summary_large_image","twitter_misc":{"Dur\u00e9e de lecture estim\u00e9e":"3 minutes"},"schema":{"@context":"https:\/\/schema.org","@graph":[{"@type":"WebPage","@id":"https:\/\/abc-latina.com\/buzios\/","url":"https:\/\/abc-latina.com\/buzios\/","name":"BUZIOS - Abc-latina","isPartOf":{"@id":"https:\/\/abc-latina.com\/#website"},"primaryImageOfPage":{"@id":"https:\/\/abc-latina.com\/buzios\/#primaryimage"},"image":{"@id":"https:\/\/abc-latina.com\/buzios\/#primaryimage"},"thumbnailUrl":"https:\/\/abc-latina.com\/wp-content\/uploads\/2010\/08\/buzios.jpg","datePublished":"2010-08-08T23:58:18+00:00","dateModified":"2018-06-10T09:46:24+00:00","description":"Buzios - Br\u00e9sil.","breadcrumb":{"@id":"https:\/\/abc-latina.com\/buzios\/#breadcrumb"},"inLanguage":"fr-FR","potentialAction":[{"@type":"ReadAction","target":["https:\/\/abc-latina.com\/buzios\/"]}]},{"@type":"ImageObject","inLanguage":"fr-FR","@id":"https:\/\/abc-latina.com\/buzios\/#primaryimage","url":"https:\/\/abc-latina.com\/wp-content\/uploads\/2010\/08\/buzios.jpg","contentUrl":"https:\/\/abc-latina.com\/wp-content\/uploads\/2010\/08\/buzios.jpg","width":220,"height":220,"caption":"ETAT DE RIO"},{"@type":"BreadcrumbList","@id":"https:\/\/abc-latina.com\/buzios\/#breadcrumb","itemListElement":[{"@type":"ListItem","position":1,"name":"Accueil","item":"https:\/\/abc-latina.com\/"},{"@type":"ListItem","position":2,"name":"BUZIOS"}]},{"@type":"WebSite","@id":"https:\/\/abc-latina.com\/#website","url":"https:\/\/abc-latina.com\/","name":"Abc-latina","description":"","publisher":{"@id":"https:\/\/abc-latina.com\/#organization"},"potentialAction":[{"@type":"SearchAction","target":{"@type":"EntryPoint","urlTemplate":"https:\/\/abc-latina.com\/?s={search_term_string}"},"query-input":{"@type":"PropertyValueSpecification","valueRequired":true,"valueName":"search_term_string"}}],"inLanguage":"fr-FR"},{"@type":"Organization","@id":"https:\/\/abc-latina.com\/#organization","name":"Abc-latina","url":"https:\/\/abc-latina.com\/","logo":{"@type":"ImageObject","inLanguage":"fr-FR","@id":"https:\/\/abc-latina.com\/#\/schema\/logo\/image\/","url":"https:\/\/abc-latina.com\/wp-content\/uploads\/2026\/05\/cropped-logo.gif","contentUrl":"https:\/\/abc-latina.com\/wp-content\/uploads\/2026\/05\/cropped-logo.gif","width":89,"height":84,"caption":"Abc-latina"},"image":{"@id":"https:\/\/abc-latina.com\/#\/schema\/logo\/image\/"}}]}},"_links":{"self":[{"href":"https:\/\/abc-latina.com\/wp-json\/wp\/v2\/pages\/2162","targetHints":{"allow":["GET"]}}],"collection":[{"href":"https:\/\/abc-latina.com\/wp-json\/wp\/v2\/pages"}],"about":[{"href":"https:\/\/abc-latina.com\/wp-json\/wp\/v2\/types\/page"}],"author":[{"embeddable":true,"href":"https:\/\/abc-latina.com\/wp-json\/wp\/v2\/users\/3"}],"replies":[{"embeddable":true,"href":"https:\/\/abc-latina.com\/wp-json\/wp\/v2\/comments?post=2162"}],"version-history":[{"count":0,"href":"https:\/\/abc-latina.com\/wp-json\/wp\/v2\/pages\/2162\/revisions"}],"wp:featuredmedia":[{"embeddable":true,"href":"https:\/\/abc-latina.com\/wp-json\/wp\/v2\/media\/2077"}],"wp:attachment":[{"href":"https:\/\/abc-latina.com\/wp-json\/wp\/v2\/media?parent=2162"}],"curies":[{"name":"wp","href":"https:\/\/api.w.org\/{rel}","templated":true}]}}