{"id":2206,"date":"2010-08-09T05:34:23","date_gmt":"2010-08-09T03:34:23","guid":{"rendered":"http:\/\/abc-latina.com\/salvador_de_bahia-htm\/"},"modified":"2018-06-06T18:51:28","modified_gmt":"2018-06-06T16:51:28","slug":"salvador_de_bahia","status":"publish","type":"page","link":"https:\/\/abc-latina.com\/salvador_de_bahia\/","title":{"rendered":"SALVADOR DE BAHIA"},"content":{"rendered":"<div><img loading=\"lazy\" decoding=\"async\" class=\" size-full wp-image-2204\" src=\"http:\/\/abc-latina.com\/wp-content\/uploads\/2010\/08\/057-salvador-de-bahia-bresil.jpg\" title=\"SALVADOR DE BAHIA - BRESIL\" alt=\"SALVADOR DE BAHIA - BRESIL\" width=\"480\" height=\"269\" srcset=\"https:\/\/abc-latina.com\/wp-content\/uploads\/2010\/08\/057-salvador-de-bahia-bresil.jpg 700w, https:\/\/abc-latina.com\/wp-content\/uploads\/2010\/08\/057-salvador-de-bahia-bresil-300x168.jpg 300w\" sizes=\"auto, (max-width: 480px) 100vw, 480px\" \/><\/div>\n<div>&nbsp;<\/div>\n<div>Gr\u00e2ce \u00e0 ses caract\u00e9ristiques singuli\u00e8res, <span class=\"tourisme-chapitre\">Salvador<\/span> est devenue l&rsquo;une des principales destinations touristiques internationales. Fameuse par son histoire, par l&rsquo;h\u00e9ritage laiss\u00e9 par des peuples d&rsquo;autres continents, par le m\u00e9tissage culturel, par le syncr\u00e9tisme religieux et par son peuple hospitalier, la capitale baiana est le paysage et l&rsquo;objet d&rsquo;\u00e9tude de professionnels de divers domaines depuis longtemps.<\/div>\n<div>&nbsp;<\/div>\n<div><img loading=\"lazy\" decoding=\"async\" class=\" alignright size-full wp-image-2205\" src=\"http:\/\/abc-latina.com\/wp-content\/uploads\/2010\/08\/salvador-bahia.jpg\" title=\"SALVADOR DE BAHIA\" alt=\"\" width=\"220\" vspace=\"9\" hspace=\"15\" height=\"220\" align=\"right\" srcset=\"https:\/\/abc-latina.com\/wp-content\/uploads\/2010\/08\/salvador-bahia.jpg 220w, https:\/\/abc-latina.com\/wp-content\/uploads\/2010\/08\/salvador-bahia-150x150.jpg 150w\" sizes=\"auto, (max-width: 220px) 100vw, 220px\" \/>Les rues du Centre Historique de Salvador transportent le touriste vers les commencements de l&rsquo;<a href=\"https:\/\/www.abc-latina.com\/bresil\/histoire\">histoire du Br\u00e9sil<\/a>. Des experts de la culture locale, les guides touristiques de la r\u00e9gion expliquent comment s&rsquo;est d\u00e9velopp\u00e9e la colonisation de la premi\u00e8re ville du Pays. Jusqu&rsquo;en 1763, Salvador a \u00e9t\u00e9 la capitale de la Couronne Portugaise dans les Am\u00e9riques, abritant aussi le principal port de l&rsquo;H\u00e9misph\u00e8re Sud jusqu&rsquo;au XVIII\u00e8me si\u00e8cle.<\/div>\n<div>&nbsp;<\/div>\n<div>La ville de Salvador est consid\u00e9r\u00e9e la capitale culturelle du Pays, berceau de grands noms dans les plus diverses manifestations artistiques, avec r\u00e9putation nationale et internationale. <a href=\"..\/tour_operateur\" target=\"_blank\"><img loading=\"lazy\" decoding=\"async\" class=\" size-full wp-image-41\" alt=\"\" class=\"touroperateur\" src=\"http:\/\/abc-latina.com\/wp-content\/uploads\/2010\/04\/timbre_to.gif\" width=\"125\" height=\"90\" \/><\/a>L&rsquo;activit\u00e9 culturelle et le tourisme sont importants g\u00e9n\u00e9rateurs d&rsquo;emploi et revenu, favorisant les arts et la pr\u00e9servation des patrimoines artistique et culturel. En plus de tout cela, Salvador compte aussi de nombreuses beaut\u00e9s naturelles: ce sont 50 km de plages et divers parcs \u00e9cologiques.<\/div>\n<div>&nbsp;<\/div>\n<h3>Pr\u00e9parez votre voyage \u00e0 Salvador de Bahia:<\/h3>\n<div><a href=\"https:\/\/www.abc-latina.com\/bresil\/agence_de_voyages\">Agences de voyage g\u00e9n\u00e9ralistes et discounteurs<\/a><\/div>\n<div><a href=\"https:\/\/www.abc-latina.com\/bresil\/tour_operateur\">Tours Op\u00e9rateurs sp\u00e9cialistes du Br\u00e9sil<\/a><\/div>\n<div><a href=\"https:\/\/www.abc-latina.com\/to\/reservation_billet_avion\" target=\"_blank\">R\u00e9servez votre billet d&rsquo;avion<\/a><\/div>\n<div><a href=\"http:\/\/www.booking.com\/city\/br\/salvadorl?aid=364340\" target=\"_blank\">R\u00e9servez votre h\u00f4tel \u00e0 Salvador de Bahia<\/a>&nbsp;<\/div>\n<div><a href=\"https:\/\/www.abc-latina.com\/to\/location_de_voiture_bresil\" target=\"_blank\">Location de voiture<\/a><\/div>\n<div>&nbsp;<\/div>\n","protected":false},"excerpt":{"rendered":"<p>&nbsp; Gr\u00e2ce \u00e0 ses caract\u00e9ristiques singuli\u00e8res, Salvador est devenue l&rsquo;une des principales destinations touristiques internationales. Fameuse par son histoire, par [&hellip;]<\/p>\n","protected":false},"author":3,"featured_media":2204,"parent":0,"menu_order":0,"comment_status":"closed","ping_status":"closed","template":"","meta":{"site-sidebar-layout":"default","site-content-layout":"","ast-site-content-layout":"default","site-content-style":"default","site-sidebar-style":"default","ast-global-header-display":"","ast-banner-title-visibility":"","ast-main-header-display":"","ast-hfb-above-header-display":"","ast-hfb-below-header-display":"","ast-hfb-mobile-header-display":"","site-post-title":"","ast-breadcrumbs-content":"","ast-featured-img":"","footer-sml-layout":"","ast-disable-related-posts":"","theme-transparent-header-meta":"","adv-header-id-meta":"","stick-header-meta":"","header-above-stick-meta":"","header-main-stick-meta":"","header-below-stick-meta":"","astra-migrate-meta-layouts":"default","ast-page-background-enabled":"default","ast-page-background-meta":{"desktop":{"background-color":"var(--ast-global-color-5)","background-image":"","background-repeat":"repeat","background-position":"center center","background-size":"auto","background-attachment":"scroll","background-type":"","background-media":"","overlay-type":"","overlay-color":"","overlay-opacity":"","overlay-gradient":""},"tablet":{"background-color":"","background-image":"","background-repeat":"repeat","background-position":"center center","background-size":"auto","background-attachment":"scroll","background-type":"","background-media":"","overlay-type":"","overlay-color":"","overlay-opacity":"","overlay-gradient":""},"mobile":{"background-color":"","background-image":"","background-repeat":"repeat","background-position":"center center","background-size":"auto","background-attachment":"scroll","background-type":"","background-media":"","overlay-type":"","overlay-color":"","overlay-opacity":"","overlay-gradient":""}},"ast-content-background-meta":{"desktop":{"background-color":"var(--ast-global-color-4)","background-image":"","background-repeat":"repeat","background-position":"center center","background-size":"auto","background-attachment":"scroll","background-type":"","background-media":"","overlay-type":"","overlay-color":"","overlay-opacity":"","overlay-gradient":""},"tablet":{"background-color":"var(--ast-global-color-4)","background-image":"","background-repeat":"repeat","background-position":"center center","background-size":"auto","background-attachment":"scroll","background-type":"","background-media":"","overlay-type":"","overlay-color":"","overlay-opacity":"","overlay-gradient":""},"mobile":{"background-color":"var(--ast-global-color-4)","background-image":"","background-repeat":"repeat","background-position":"center center","background-size":"auto","background-attachment":"scroll","background-type":"","background-media":"","overlay-type":"","overlay-color":"","overlay-opacity":"","overlay-gradient":""}},"footnotes":""},"class_list":["post-2206","page","type-page","status-publish","has-post-thumbnail","hentry"],"yoast_head":"<!-- This site is optimized with the Yoast SEO plugin v27.5 - https:\/\/yoast.com\/product\/yoast-seo-wordpress\/ -->\n<title>SALVADOR DE BAHIA - Abc-latina<\/title>\n<meta name=\"description\" content=\"La ville de Salvador do Bahia.\" \/>\n<meta name=\"robots\" content=\"index, follow, max-snippet:-1, max-image-preview:large, max-video-preview:-1\" \/>\n<link rel=\"canonical\" href=\"https:\/\/abc-latina.com\/salvador_de_bahia\/\" \/>\n<meta property=\"og:locale\" content=\"fr_FR\" \/>\n<meta property=\"og:type\" content=\"article\" \/>\n<meta property=\"og:title\" content=\"SALVADOR DE BAHIA - Abc-latina\" \/>\n<meta property=\"og:description\" content=\"La ville de Salvador do Bahia.\" \/>\n<meta property=\"og:url\" content=\"https:\/\/abc-latina.com\/salvador_de_bahia\/\" \/>\n<meta property=\"og:site_name\" content=\"Abc-latina\" \/>\n<meta property=\"article:modified_time\" content=\"2018-06-06T16:51:28+00:00\" \/>\n<meta property=\"og:image\" content=\"https:\/\/abc-latina.com\/wp-content\/uploads\/2010\/08\/057-salvador-de-bahia-bresil.jpg\" \/>\n\t<meta property=\"og:image:width\" content=\"700\" \/>\n\t<meta property=\"og:image:height\" content=\"393\" \/>\n\t<meta property=\"og:image:type\" content=\"image\/jpeg\" \/>\n<meta name=\"twitter:card\" content=\"summary_large_image\" \/>\n<meta name=\"twitter:label1\" content=\"Dur\u00e9e de lecture estim\u00e9e\" \/>\n\t<meta name=\"twitter:data1\" content=\"1 minute\" \/>\n<script type=\"application\/ld+json\" class=\"yoast-schema-graph\">{\"@context\":\"https:\\\/\\\/schema.org\",\"@graph\":[{\"@type\":\"WebPage\",\"@id\":\"https:\\\/\\\/abc-latina.com\\\/salvador_de_bahia\\\/\",\"url\":\"https:\\\/\\\/abc-latina.com\\\/salvador_de_bahia\\\/\",\"name\":\"SALVADOR DE BAHIA - Abc-latina\",\"isPartOf\":{\"@id\":\"https:\\\/\\\/abc-latina.com\\\/#website\"},\"primaryImageOfPage\":{\"@id\":\"https:\\\/\\\/abc-latina.com\\\/salvador_de_bahia\\\/#primaryimage\"},\"image\":{\"@id\":\"https:\\\/\\\/abc-latina.com\\\/salvador_de_bahia\\\/#primaryimage\"},\"thumbnailUrl\":\"https:\\\/\\\/abc-latina.com\\\/wp-content\\\/uploads\\\/2010\\\/08\\\/057-salvador-de-bahia-bresil.jpg\",\"datePublished\":\"2010-08-09T03:34:23+00:00\",\"dateModified\":\"2018-06-06T16:51:28+00:00\",\"description\":\"La ville de Salvador do Bahia.\",\"breadcrumb\":{\"@id\":\"https:\\\/\\\/abc-latina.com\\\/salvador_de_bahia\\\/#breadcrumb\"},\"inLanguage\":\"fr-FR\",\"potentialAction\":[{\"@type\":\"ReadAction\",\"target\":[\"https:\\\/\\\/abc-latina.com\\\/salvador_de_bahia\\\/\"]}]},{\"@type\":\"ImageObject\",\"inLanguage\":\"fr-FR\",\"@id\":\"https:\\\/\\\/abc-latina.com\\\/salvador_de_bahia\\\/#primaryimage\",\"url\":\"https:\\\/\\\/abc-latina.com\\\/wp-content\\\/uploads\\\/2010\\\/08\\\/057-salvador-de-bahia-bresil.jpg\",\"contentUrl\":\"https:\\\/\\\/abc-latina.com\\\/wp-content\\\/uploads\\\/2010\\\/08\\\/057-salvador-de-bahia-bresil.jpg\",\"width\":700,\"height\":393,\"caption\":\"SALVADOR DE BAHIA - BRESIL\"},{\"@type\":\"BreadcrumbList\",\"@id\":\"https:\\\/\\\/abc-latina.com\\\/salvador_de_bahia\\\/#breadcrumb\",\"itemListElement\":[{\"@type\":\"ListItem\",\"position\":1,\"name\":\"Accueil\",\"item\":\"https:\\\/\\\/abc-latina.com\\\/\"},{\"@type\":\"ListItem\",\"position\":2,\"name\":\"SALVADOR DE BAHIA\"}]},{\"@type\":\"WebSite\",\"@id\":\"https:\\\/\\\/abc-latina.com\\\/#website\",\"url\":\"https:\\\/\\\/abc-latina.com\\\/\",\"name\":\"Abc-latina\",\"description\":\"\",\"publisher\":{\"@id\":\"https:\\\/\\\/abc-latina.com\\\/#organization\"},\"potentialAction\":[{\"@type\":\"SearchAction\",\"target\":{\"@type\":\"EntryPoint\",\"urlTemplate\":\"https:\\\/\\\/abc-latina.com\\\/?s={search_term_string}\"},\"query-input\":{\"@type\":\"PropertyValueSpecification\",\"valueRequired\":true,\"valueName\":\"search_term_string\"}}],\"inLanguage\":\"fr-FR\"},{\"@type\":\"Organization\",\"@id\":\"https:\\\/\\\/abc-latina.com\\\/#organization\",\"name\":\"Abc-latina\",\"url\":\"https:\\\/\\\/abc-latina.com\\\/\",\"logo\":{\"@type\":\"ImageObject\",\"inLanguage\":\"fr-FR\",\"@id\":\"https:\\\/\\\/abc-latina.com\\\/#\\\/schema\\\/logo\\\/image\\\/\",\"url\":\"https:\\\/\\\/abc-latina.com\\\/wp-content\\\/uploads\\\/2026\\\/05\\\/cropped-logo.gif\",\"contentUrl\":\"https:\\\/\\\/abc-latina.com\\\/wp-content\\\/uploads\\\/2026\\\/05\\\/cropped-logo.gif\",\"width\":89,\"height\":84,\"caption\":\"Abc-latina\"},\"image\":{\"@id\":\"https:\\\/\\\/abc-latina.com\\\/#\\\/schema\\\/logo\\\/image\\\/\"}}]}<\/script>\n<!-- \/ Yoast SEO plugin. -->","yoast_head_json":{"title":"SALVADOR DE BAHIA - Abc-latina","description":"La ville de Salvador do Bahia.","robots":{"index":"index","follow":"follow","max-snippet":"max-snippet:-1","max-image-preview":"max-image-preview:large","max-video-preview":"max-video-preview:-1"},"canonical":"https:\/\/abc-latina.com\/salvador_de_bahia\/","og_locale":"fr_FR","og_type":"article","og_title":"SALVADOR DE BAHIA - Abc-latina","og_description":"La ville de Salvador do Bahia.","og_url":"https:\/\/abc-latina.com\/salvador_de_bahia\/","og_site_name":"Abc-latina","article_modified_time":"2018-06-06T16:51:28+00:00","og_image":[{"width":700,"height":393,"url":"https:\/\/abc-latina.com\/wp-content\/uploads\/2010\/08\/057-salvador-de-bahia-bresil.jpg","type":"image\/jpeg"}],"twitter_card":"summary_large_image","twitter_misc":{"Dur\u00e9e de lecture estim\u00e9e":"1 minute"},"schema":{"@context":"https:\/\/schema.org","@graph":[{"@type":"WebPage","@id":"https:\/\/abc-latina.com\/salvador_de_bahia\/","url":"https:\/\/abc-latina.com\/salvador_de_bahia\/","name":"SALVADOR DE BAHIA - Abc-latina","isPartOf":{"@id":"https:\/\/abc-latina.com\/#website"},"primaryImageOfPage":{"@id":"https:\/\/abc-latina.com\/salvador_de_bahia\/#primaryimage"},"image":{"@id":"https:\/\/abc-latina.com\/salvador_de_bahia\/#primaryimage"},"thumbnailUrl":"https:\/\/abc-latina.com\/wp-content\/uploads\/2010\/08\/057-salvador-de-bahia-bresil.jpg","datePublished":"2010-08-09T03:34:23+00:00","dateModified":"2018-06-06T16:51:28+00:00","description":"La ville de Salvador do Bahia.","breadcrumb":{"@id":"https:\/\/abc-latina.com\/salvador_de_bahia\/#breadcrumb"},"inLanguage":"fr-FR","potentialAction":[{"@type":"ReadAction","target":["https:\/\/abc-latina.com\/salvador_de_bahia\/"]}]},{"@type":"ImageObject","inLanguage":"fr-FR","@id":"https:\/\/abc-latina.com\/salvador_de_bahia\/#primaryimage","url":"https:\/\/abc-latina.com\/wp-content\/uploads\/2010\/08\/057-salvador-de-bahia-bresil.jpg","contentUrl":"https:\/\/abc-latina.com\/wp-content\/uploads\/2010\/08\/057-salvador-de-bahia-bresil.jpg","width":700,"height":393,"caption":"SALVADOR DE BAHIA - BRESIL"},{"@type":"BreadcrumbList","@id":"https:\/\/abc-latina.com\/salvador_de_bahia\/#breadcrumb","itemListElement":[{"@type":"ListItem","position":1,"name":"Accueil","item":"https:\/\/abc-latina.com\/"},{"@type":"ListItem","position":2,"name":"SALVADOR DE BAHIA"}]},{"@type":"WebSite","@id":"https:\/\/abc-latina.com\/#website","url":"https:\/\/abc-latina.com\/","name":"Abc-latina","description":"","publisher":{"@id":"https:\/\/abc-latina.com\/#organization"},"potentialAction":[{"@type":"SearchAction","target":{"@type":"EntryPoint","urlTemplate":"https:\/\/abc-latina.com\/?s={search_term_string}"},"query-input":{"@type":"PropertyValueSpecification","valueRequired":true,"valueName":"search_term_string"}}],"inLanguage":"fr-FR"},{"@type":"Organization","@id":"https:\/\/abc-latina.com\/#organization","name":"Abc-latina","url":"https:\/\/abc-latina.com\/","logo":{"@type":"ImageObject","inLanguage":"fr-FR","@id":"https:\/\/abc-latina.com\/#\/schema\/logo\/image\/","url":"https:\/\/abc-latina.com\/wp-content\/uploads\/2026\/05\/cropped-logo.gif","contentUrl":"https:\/\/abc-latina.com\/wp-content\/uploads\/2026\/05\/cropped-logo.gif","width":89,"height":84,"caption":"Abc-latina"},"image":{"@id":"https:\/\/abc-latina.com\/#\/schema\/logo\/image\/"}}]}},"_links":{"self":[{"href":"https:\/\/abc-latina.com\/wp-json\/wp\/v2\/pages\/2206","targetHints":{"allow":["GET"]}}],"collection":[{"href":"https:\/\/abc-latina.com\/wp-json\/wp\/v2\/pages"}],"about":[{"href":"https:\/\/abc-latina.com\/wp-json\/wp\/v2\/types\/page"}],"author":[{"embeddable":true,"href":"https:\/\/abc-latina.com\/wp-json\/wp\/v2\/users\/3"}],"replies":[{"embeddable":true,"href":"https:\/\/abc-latina.com\/wp-json\/wp\/v2\/comments?post=2206"}],"version-history":[{"count":0,"href":"https:\/\/abc-latina.com\/wp-json\/wp\/v2\/pages\/2206\/revisions"}],"wp:featuredmedia":[{"embeddable":true,"href":"https:\/\/abc-latina.com\/wp-json\/wp\/v2\/media\/2204"}],"wp:attachment":[{"href":"https:\/\/abc-latina.com\/wp-json\/wp\/v2\/media?parent=2206"}],"curies":[{"name":"wp","href":"https:\/\/api.w.org\/{rel}","templated":true}]}}