{"id":231,"date":"2010-06-04T01:55:31","date_gmt":"2010-06-03T23:55:31","guid":{"rendered":"http:\/\/abc-latina.com\/sud_santiago-htm\/"},"modified":"2026-04-30T18:24:55","modified_gmt":"2026-04-30T16:24:55","slug":"sud_santiago","status":"publish","type":"page","link":"https:\/\/abc-latina.com\/chili\/sud_santiago\/","title":{"rendered":"Au SUD de SANTIAGO"},"content":{"rendered":"<div>[img]https:\/\/www.abc-latina.com\/chili\/images\/maule.jpg[\/img]La <span class=\"tourisme-unesco\">vall\u00e9e de Maule<\/span>, au sud de Talca, accueille bon nombre d&rsquo;\u00e9tablissement vinicole qui, pour la plupart, re\u00e7oivent chaleureusement les visiteurs.&nbsp;<\/div>\n<div>Les paysages \u00e0 couper le souffle abondent dans l&rsquo;Area de Protecc\u00edon Radal Siete Tazas et dans la Reserva Nacional Altos del Lircay, cette derni\u00e8re offrant de superbes sentiers de randonn\u00e9e. Parmi les autres attraits de cette partie du Chili, il convient de mentionner une balade en train sur voies \u00e9troites, la visite d&rsquo;un mus\u00e9e consacr\u00e9 aux traditions Mapuches et une kyrielle de monuments culturels.&nbsp;<\/div>\n<div>&nbsp;<\/div>\n<p>[url=tour_operateur][img]..\/images\/a\/timbre_to.gif[\/img][\/url]<\/p>\n<div>Les Termes de Chill\u00e1n sont aussi \u00e0 retenir pour leurs eaux thermales et leurs pentes de ski, une combinaison qu&rsquo;on retrouve dans d&rsquo;autres centres touristiques, tandis que plusieurs petites stations baln\u00e9aires vous attendent sur la c\u00f4te.<\/div>\n<div>La principale ville de la r\u00e9gion est <span class=\"tourisme-unesco\">Concepc\u00edon<\/span>, qui avec plus d&rsquo;un demi-million d&rsquo;habitants est la troisi\u00e8me r\u00e9gion m\u00e9tropolitaine en importance du Chili.&nbsp;<\/div>\n<div>&nbsp;<\/div>\n<h3>Pr\u00e9parez votre voyage au sud de Santiago:<\/h3>\n<div>[url=https:\/\/www.abc-latina.com\/chili\/agence_de_voyages]Agences de voyage g\u00e9n\u00e9ralistes et discounteurs[\/url]<\/div>\n<div>[url=https:\/\/www.abc-latina.com\/chili\/tour_operateur]Tours Op\u00e9rateurs sp\u00e9cialistes du Chili[\/url]<\/div>\n<div>[url=https:\/\/www.abc-latina.com\/to\/reservation_billet_avion]R\u00e9servez votre billet d&rsquo;avion[\/url]<\/div>\n<div>[url=https:\/\/www.abc-latina.com\/chili\/hotels]R\u00e9servez votre h\u00f4tel au Chili[\/url]&nbsp;<\/div>\n<div>[url=https:\/\/www.abc-latina.com\/to\/location_de_voiture_chili]Location de voiture[\/url]<\/div>\n","protected":false},"excerpt":{"rendered":"<p>[img]https:\/\/www.abc-latina.com\/chili\/images\/maule.jpg[\/img]La vall\u00e9e de Maule, au sud de Talca, accueille bon nombre d&rsquo;\u00e9tablissement vinicole qui, pour la plupart, re\u00e7oivent chaleureusement les [&hellip;]<\/p>\n","protected":false},"author":3,"featured_media":0,"parent":2293,"menu_order":0,"comment_status":"closed","ping_status":"closed","template":"","meta":{"site-sidebar-layout":"default","site-content-layout":"","ast-site-content-layout":"default","site-content-style":"default","site-sidebar-style":"default","ast-global-header-display":"","ast-banner-title-visibility":"","ast-main-header-display":"","ast-hfb-above-header-display":"","ast-hfb-below-header-display":"","ast-hfb-mobile-header-display":"","site-post-title":"","ast-breadcrumbs-content":"","ast-featured-img":"","footer-sml-layout":"","ast-disable-related-posts":"","theme-transparent-header-meta":"","adv-header-id-meta":"","stick-header-meta":"","header-above-stick-meta":"","header-main-stick-meta":"","header-below-stick-meta":"","astra-migrate-meta-layouts":"default","ast-page-background-enabled":"default","ast-page-background-meta":{"desktop":{"background-color":"var(--ast-global-color-5)","background-image":"","background-repeat":"repeat","background-position":"center center","background-size":"auto","background-attachment":"scroll","background-type":"","background-media":"","overlay-type":"","overlay-color":"","overlay-opacity":"","overlay-gradient":""},"tablet":{"background-color":"","background-image":"","background-repeat":"repeat","background-position":"center center","background-size":"auto","background-attachment":"scroll","background-type":"","background-media":"","overlay-type":"","overlay-color":"","overlay-opacity":"","overlay-gradient":""},"mobile":{"background-color":"","background-image":"","background-repeat":"repeat","background-position":"center center","background-size":"auto","background-attachment":"scroll","background-type":"","background-media":"","overlay-type":"","overlay-color":"","overlay-opacity":"","overlay-gradient":""}},"ast-content-background-meta":{"desktop":{"background-color":"var(--ast-global-color-4)","background-image":"","background-repeat":"repeat","background-position":"center center","background-size":"auto","background-attachment":"scroll","background-type":"","background-media":"","overlay-type":"","overlay-color":"","overlay-opacity":"","overlay-gradient":""},"tablet":{"background-color":"var(--ast-global-color-4)","background-image":"","background-repeat":"repeat","background-position":"center center","background-size":"auto","background-attachment":"scroll","background-type":"","background-media":"","overlay-type":"","overlay-color":"","overlay-opacity":"","overlay-gradient":""},"mobile":{"background-color":"var(--ast-global-color-4)","background-image":"","background-repeat":"repeat","background-position":"center center","background-size":"auto","background-attachment":"scroll","background-type":"","background-media":"","overlay-type":"","overlay-color":"","overlay-opacity":"","overlay-gradient":""}},"footnotes":""},"class_list":["post-231","page","type-page","status-publish","hentry"],"yoast_head":"<!-- This site is optimized with the Yoast SEO plugin v27.5 - https:\/\/yoast.com\/product\/yoast-seo-wordpress\/ -->\n<title>Au SUD de SANTIAGO - Abc-latina<\/title>\n<meta name=\"description\" content=\"Tourisme dans la r\u00e9gion du sud de santiago du Chili.\" \/>\n<meta name=\"robots\" content=\"index, follow, max-snippet:-1, max-image-preview:large, max-video-preview:-1\" \/>\n<link rel=\"canonical\" href=\"https:\/\/abc-latina.com\/chili\/sud_santiago\/\" \/>\n<meta property=\"og:locale\" content=\"fr_FR\" \/>\n<meta property=\"og:type\" content=\"article\" \/>\n<meta property=\"og:title\" content=\"Au SUD de SANTIAGO - Abc-latina\" \/>\n<meta property=\"og:description\" content=\"Tourisme dans la r\u00e9gion du sud de santiago du Chili.\" \/>\n<meta property=\"og:url\" content=\"https:\/\/abc-latina.com\/chili\/sud_santiago\/\" \/>\n<meta property=\"og:site_name\" content=\"Abc-latina\" \/>\n<meta property=\"article:modified_time\" content=\"2026-04-30T16:24:55+00:00\" \/>\n<meta name=\"twitter:card\" content=\"summary_large_image\" \/>\n<meta name=\"twitter:label1\" content=\"Dur\u00e9e de lecture estim\u00e9e\" \/>\n\t<meta name=\"twitter:data1\" content=\"1 minute\" \/>\n<script type=\"application\/ld+json\" class=\"yoast-schema-graph\">{\"@context\":\"https:\\\/\\\/schema.org\",\"@graph\":[{\"@type\":\"WebPage\",\"@id\":\"https:\\\/\\\/abc-latina.com\\\/chili\\\/sud_santiago\\\/\",\"url\":\"https:\\\/\\\/abc-latina.com\\\/chili\\\/sud_santiago\\\/\",\"name\":\"Au SUD de SANTIAGO - Abc-latina\",\"isPartOf\":{\"@id\":\"https:\\\/\\\/abc-latina.com\\\/#website\"},\"datePublished\":\"2010-06-03T23:55:31+00:00\",\"dateModified\":\"2026-04-30T16:24:55+00:00\",\"description\":\"Tourisme dans la r\u00e9gion du sud de santiago du Chili.\",\"breadcrumb\":{\"@id\":\"https:\\\/\\\/abc-latina.com\\\/chili\\\/sud_santiago\\\/#breadcrumb\"},\"inLanguage\":\"fr-FR\",\"potentialAction\":[{\"@type\":\"ReadAction\",\"target\":[\"https:\\\/\\\/abc-latina.com\\\/chili\\\/sud_santiago\\\/\"]}]},{\"@type\":\"BreadcrumbList\",\"@id\":\"https:\\\/\\\/abc-latina.com\\\/chili\\\/sud_santiago\\\/#breadcrumb\",\"itemListElement\":[{\"@type\":\"ListItem\",\"position\":1,\"name\":\"Accueil\",\"item\":\"https:\\\/\\\/abc-latina.com\\\/\"},{\"@type\":\"ListItem\",\"position\":2,\"name\":\"Au SUD de SANTIAGO\"}]},{\"@type\":\"WebSite\",\"@id\":\"https:\\\/\\\/abc-latina.com\\\/#website\",\"url\":\"https:\\\/\\\/abc-latina.com\\\/\",\"name\":\"Abc-latina\",\"description\":\"\",\"publisher\":{\"@id\":\"https:\\\/\\\/abc-latina.com\\\/#organization\"},\"potentialAction\":[{\"@type\":\"SearchAction\",\"target\":{\"@type\":\"EntryPoint\",\"urlTemplate\":\"https:\\\/\\\/abc-latina.com\\\/?s={search_term_string}\"},\"query-input\":{\"@type\":\"PropertyValueSpecification\",\"valueRequired\":true,\"valueName\":\"search_term_string\"}}],\"inLanguage\":\"fr-FR\"},{\"@type\":\"Organization\",\"@id\":\"https:\\\/\\\/abc-latina.com\\\/#organization\",\"name\":\"Abc-latina\",\"url\":\"https:\\\/\\\/abc-latina.com\\\/\",\"logo\":{\"@type\":\"ImageObject\",\"inLanguage\":\"fr-FR\",\"@id\":\"https:\\\/\\\/abc-latina.com\\\/#\\\/schema\\\/logo\\\/image\\\/\",\"url\":\"https:\\\/\\\/abc-latina.com\\\/wp-content\\\/uploads\\\/2026\\\/05\\\/cropped-logo.gif\",\"contentUrl\":\"https:\\\/\\\/abc-latina.com\\\/wp-content\\\/uploads\\\/2026\\\/05\\\/cropped-logo.gif\",\"width\":89,\"height\":84,\"caption\":\"Abc-latina\"},\"image\":{\"@id\":\"https:\\\/\\\/abc-latina.com\\\/#\\\/schema\\\/logo\\\/image\\\/\"}}]}<\/script>\n<!-- \/ Yoast SEO plugin. -->","yoast_head_json":{"title":"Au SUD de SANTIAGO - Abc-latina","description":"Tourisme dans la r\u00e9gion du sud de santiago du Chili.","robots":{"index":"index","follow":"follow","max-snippet":"max-snippet:-1","max-image-preview":"max-image-preview:large","max-video-preview":"max-video-preview:-1"},"canonical":"https:\/\/abc-latina.com\/chili\/sud_santiago\/","og_locale":"fr_FR","og_type":"article","og_title":"Au SUD de SANTIAGO - Abc-latina","og_description":"Tourisme dans la r\u00e9gion du sud de santiago du Chili.","og_url":"https:\/\/abc-latina.com\/chili\/sud_santiago\/","og_site_name":"Abc-latina","article_modified_time":"2026-04-30T16:24:55+00:00","twitter_card":"summary_large_image","twitter_misc":{"Dur\u00e9e de lecture estim\u00e9e":"1 minute"},"schema":{"@context":"https:\/\/schema.org","@graph":[{"@type":"WebPage","@id":"https:\/\/abc-latina.com\/chili\/sud_santiago\/","url":"https:\/\/abc-latina.com\/chili\/sud_santiago\/","name":"Au SUD de SANTIAGO - Abc-latina","isPartOf":{"@id":"https:\/\/abc-latina.com\/#website"},"datePublished":"2010-06-03T23:55:31+00:00","dateModified":"2026-04-30T16:24:55+00:00","description":"Tourisme dans la r\u00e9gion du sud de santiago du Chili.","breadcrumb":{"@id":"https:\/\/abc-latina.com\/chili\/sud_santiago\/#breadcrumb"},"inLanguage":"fr-FR","potentialAction":[{"@type":"ReadAction","target":["https:\/\/abc-latina.com\/chili\/sud_santiago\/"]}]},{"@type":"BreadcrumbList","@id":"https:\/\/abc-latina.com\/chili\/sud_santiago\/#breadcrumb","itemListElement":[{"@type":"ListItem","position":1,"name":"Accueil","item":"https:\/\/abc-latina.com\/"},{"@type":"ListItem","position":2,"name":"Au SUD de SANTIAGO"}]},{"@type":"WebSite","@id":"https:\/\/abc-latina.com\/#website","url":"https:\/\/abc-latina.com\/","name":"Abc-latina","description":"","publisher":{"@id":"https:\/\/abc-latina.com\/#organization"},"potentialAction":[{"@type":"SearchAction","target":{"@type":"EntryPoint","urlTemplate":"https:\/\/abc-latina.com\/?s={search_term_string}"},"query-input":{"@type":"PropertyValueSpecification","valueRequired":true,"valueName":"search_term_string"}}],"inLanguage":"fr-FR"},{"@type":"Organization","@id":"https:\/\/abc-latina.com\/#organization","name":"Abc-latina","url":"https:\/\/abc-latina.com\/","logo":{"@type":"ImageObject","inLanguage":"fr-FR","@id":"https:\/\/abc-latina.com\/#\/schema\/logo\/image\/","url":"https:\/\/abc-latina.com\/wp-content\/uploads\/2026\/05\/cropped-logo.gif","contentUrl":"https:\/\/abc-latina.com\/wp-content\/uploads\/2026\/05\/cropped-logo.gif","width":89,"height":84,"caption":"Abc-latina"},"image":{"@id":"https:\/\/abc-latina.com\/#\/schema\/logo\/image\/"}}]}},"_links":{"self":[{"href":"https:\/\/abc-latina.com\/wp-json\/wp\/v2\/pages\/231","targetHints":{"allow":["GET"]}}],"collection":[{"href":"https:\/\/abc-latina.com\/wp-json\/wp\/v2\/pages"}],"about":[{"href":"https:\/\/abc-latina.com\/wp-json\/wp\/v2\/types\/page"}],"author":[{"embeddable":true,"href":"https:\/\/abc-latina.com\/wp-json\/wp\/v2\/users\/3"}],"replies":[{"embeddable":true,"href":"https:\/\/abc-latina.com\/wp-json\/wp\/v2\/comments?post=231"}],"version-history":[{"count":1,"href":"https:\/\/abc-latina.com\/wp-json\/wp\/v2\/pages\/231\/revisions"}],"predecessor-version":[{"id":3261,"href":"https:\/\/abc-latina.com\/wp-json\/wp\/v2\/pages\/231\/revisions\/3261"}],"up":[{"embeddable":true,"href":"https:\/\/abc-latina.com\/wp-json\/wp\/v2\/pages\/2293"}],"wp:attachment":[{"href":"https:\/\/abc-latina.com\/wp-json\/wp\/v2\/media?parent=231"}],"curies":[{"name":"wp","href":"https:\/\/api.w.org\/{rel}","templated":true}]}}