{"id":2322,"date":"2010-10-10T03:55:32","date_gmt":"2010-10-10T01:55:32","guid":{"rendered":"http:\/\/abc-latina.com\/surf-htm-2\/"},"modified":"2026-04-30T18:24:53","modified_gmt":"2026-04-30T16:24:53","slug":"surf","status":"publish","type":"page","link":"https:\/\/abc-latina.com\/index\/surf\/","title":{"rendered":"Le SURF au BRESIL"},"content":{"rendered":"<p><img loading=\"lazy\" decoding=\"async\" class=\" size-full wp-image-2321\" src=\"http:\/\/abc-latina.com\/wp-content\/uploads\/2010\/10\/062-surf-au-bresil.jpg\" title=\"SURF AU BRESIL\" alt=\"\" width=\"480\" height=\"269\" srcset=\"https:\/\/abc-latina.com\/wp-content\/uploads\/2010\/10\/062-surf-au-bresil.jpg 700w, https:\/\/abc-latina.com\/wp-content\/uploads\/2010\/10\/062-surf-au-bresil-300x168.jpg 300w\" sizes=\"auto, (max-width: 480px) 100vw, 480px\" \/><\/p>\n<p>Le <span class=\"tourisme-chapitre\">surf<\/span> est arriv\u00e9 au Br\u00e9sil dans les ann\u00e9es 30, sur les plages de Santos, littoral de l&rsquo;\u00c9tat de S\u00e3o Paulo; et aujourd&rsquo;hui, il fait que des adeptes du monde entier d\u00e9barquent ici, \u00e0 la recherche de la vague parfaite.<\/p>\n<p>Plusieurs plages br\u00e9siliennes sont parmi les meilleures du monde pour la pratique du surf. Une qui se distingue est celle de Fernando de Noronha, archipel aux vagues parfaites et tubulaires. Elle commencent \u00e0 appara\u00eetre sur les plages du Mar de Dentro \u00e0 partir de novembre et se prolongent jusqu&rsquo;\u00e0 mi-avril. Des sites tels que Cacimba do Padre, Boldr\u00f3 et Abr\u00e1s est\u00e3o sont parmi les plus fameux de la r\u00e9gion.<\/p>\n<p>D&rsquo;autres plages tr\u00e8s explor\u00e9es par les surfistes sont celles de <a href=\"https:\/\/www.abc-latina.com\/bresil\/voyage\/florianopolis\">Florian\u00f3polis<\/a>, capital dans l&rsquo;\u00c9tat de Santa Catarina, dans le sud du Pays. Dans le Sud-Est, les plus connues sont les plages de Ubatuba, sur le littoral de l&rsquo;\u00c9tat de S\u00e3o Paulo &ndash; si\u00e8ge du 1er Championnat Br\u00e9silien Professionnel Master, en 2005; et celles de l&rsquo;<a href=\"https:\/\/www.abc-latina.com\/bresil\/etat-rio\">Etat de Rio de Janeiro<\/a>, dans des villes telles que Saquarema, <a href=\"https:\/\/www.abc-latina.com\/bresil\/voyage\/buzios\">B\u00fazios<\/a> et <a href=\"https:\/\/www.abc-latina.com\/bresil\/rio_de_janeiro\">Rio de Janeiro<\/a>. Dans le <a href=\"https:\/\/www.abc-latina.com\/bresil\/nordeste\">Nordeste<\/a> du Br\u00e9sil, hors Fernando de Noronha, sont dignes d&rsquo;int\u00e9r\u00eat les plages de Itacar\u00e9, dans le sud de l&rsquo;<a href=\"https:\/\/www.abc-latina.com\/bresil\/bahia\">Etat de Bahia<\/a>.<\/p>\n<p>Le surf a pr\u00e8s de cinq millions de pratiquants r\u00e9pandus sur toute la plan\u00e8te. Avec plusieurs surfistes de renomm\u00e9e internationales, le Br\u00e9sil s&rsquo;ins\u00e8re dans les circuits mondiaux de sport dans diverses cat\u00e9gories. Et il a d\u00e9j\u00e0 \u00e9t\u00e9 le si\u00e8ge de plusieurs \u00e9tapes durant les championnats mondiaux.<\/p>\n<p>Le surf de rivi\u00e8re<br \/> Durant le ph\u00e9nom\u00e8ne naturel de la Pororoca (mascaret), dans la r\u00e9gion amazonienne &ndash; quand les eaux de la mer se rencontrent avec celles des fleuves &#8211; plusieurs surfistes affrontent la grande vague qui se forme aux premi\u00e8res heures de la matin\u00e9e.<\/p>\n<p>Actuellement, le plus grand temps de permanence sur une vague Pororoca est du surfiste br\u00e9silien Picuruta Salazar. Il s&rsquo;est maintenu sur la vague durant 35 minutes et a parcouru 12,2km \u00e0 l&rsquo;embouchure du fleuve Araguari, dans l&rsquo;Amap\u00e1.<\/p>\n<p>Le Br\u00e9sil a des vagues pour tous les go\u00fbts. Essayez cette \u00e9motion. Venez et devenez un fan !<\/p>\n<p><span class=\"tourisme-chapitre\">Villes et lieux en \u00e9vidence:<br \/> <\/span><\/p>\n<p><strong>Florian\u00f3polis<\/strong><br \/> <a href=\"..\/tour_operateur\" target=\"_blank\"><img loading=\"lazy\" decoding=\"async\" class=\" size-full wp-image-41\" alt=\"\" class=\"touroperateur\" src=\"http:\/\/abc-latina.com\/wp-content\/uploads\/2010\/04\/timbre_to.gif\" width=\"125\" height=\"90\" \/><\/a>Ses 42 plages font la joie de surfeurs, baigneurs et, notamment, de ceux qui aiment beuacoup le soleil et l&rsquo;animation.<\/p>\n<p><strong>Jericoacoara<\/strong><br \/> Tr\u00e8s beau lieu o\u00f9 le contact avec la nature est itense et la beaut\u00e9 du paysage impressionne tous les visiteurs.<\/p>\n<p><strong>Trairi<\/strong><br \/> Encore inconnue par la majorit\u00e9 des touristes br\u00e9siliens, elle maintient ses caract\u00e9ristiques de plage d\u00e9serte que la main de l&acute;homme n&acute;a pas encore touch\u00e9e.<\/p>\n<p><span class=\"tsource\">Source: Minist\u00e9rio do turismo<\/span><\/p>\n<p><a href=\"https:\/\/www.abc-latina.com\/amerique_latine\/tourisme_sportif\/surf\" target=\"_blank\">O\u00f9 pratiquer le surf en Am\u00e9rique latine ?<\/a><\/p>\n<h3>Pr\u00e9parez votre voyage au Br\u00e9sil :<\/h3>\n<div><a href=\"https:\/\/www.abc-latina.com\/bresil\/agence_de_voyages\">Agences de voyage g\u00e9n\u00e9ralistes et discounteurs<\/a><\/div>\n<div><a href=\"https:\/\/www.abc-latina.com\/bresil\/tour_operateur\">Tours Op\u00e9rateurs sp\u00e9cialistes du Br\u00e9sil<\/a><\/div>\n<div><a href=\"https:\/\/www.abc-latina.com\/to\/reservation_billet_avion\" target=\"_blank\">R\u00e9servez votre billet d&rsquo;avion<\/a><\/div>\n<div><a href=\"https:\/\/www.abc-latina.com\/bresil\/hotels\">R\u00e9servez votre h\u00f4tel<\/a>&nbsp;<\/div>\n<div><a href=\"https:\/\/www.abc-latina.com\/to\/location_de_voiture_bresil\" target=\"_blank\">Location de voiture<\/a><\/div>\n","protected":false},"excerpt":{"rendered":"<p>Le surf est arriv\u00e9 au Br\u00e9sil dans les ann\u00e9es 30, sur les plages de Santos, littoral de l&rsquo;\u00c9tat de S\u00e3o [&hellip;]<\/p>\n","protected":false},"author":3,"featured_media":2321,"parent":2428,"menu_order":0,"comment_status":"closed","ping_status":"closed","template":"","meta":{"site-sidebar-layout":"default","site-content-layout":"","ast-site-content-layout":"default","site-content-style":"default","site-sidebar-style":"default","ast-global-header-display":"","ast-banner-title-visibility":"","ast-main-header-display":"","ast-hfb-above-header-display":"","ast-hfb-below-header-display":"","ast-hfb-mobile-header-display":"","site-post-title":"","ast-breadcrumbs-content":"","ast-featured-img":"","footer-sml-layout":"","ast-disable-related-posts":"","theme-transparent-header-meta":"","adv-header-id-meta":"","stick-header-meta":"","header-above-stick-meta":"","header-main-stick-meta":"","header-below-stick-meta":"","astra-migrate-meta-layouts":"default","ast-page-background-enabled":"default","ast-page-background-meta":{"desktop":{"background-color":"var(--ast-global-color-5)","background-image":"","background-repeat":"repeat","background-position":"center center","background-size":"auto","background-attachment":"scroll","background-type":"","background-media":"","overlay-type":"","overlay-color":"","overlay-opacity":"","overlay-gradient":""},"tablet":{"background-color":"","background-image":"","background-repeat":"repeat","background-position":"center center","background-size":"auto","background-attachment":"scroll","background-type":"","background-media":"","overlay-type":"","overlay-color":"","overlay-opacity":"","overlay-gradient":""},"mobile":{"background-color":"","background-image":"","background-repeat":"repeat","background-position":"center center","background-size":"auto","background-attachment":"scroll","background-type":"","background-media":"","overlay-type":"","overlay-color":"","overlay-opacity":"","overlay-gradient":""}},"ast-content-background-meta":{"desktop":{"background-color":"var(--ast-global-color-4)","background-image":"","background-repeat":"repeat","background-position":"center center","background-size":"auto","background-attachment":"scroll","background-type":"","background-media":"","overlay-type":"","overlay-color":"","overlay-opacity":"","overlay-gradient":""},"tablet":{"background-color":"var(--ast-global-color-4)","background-image":"","background-repeat":"repeat","background-position":"center center","background-size":"auto","background-attachment":"scroll","background-type":"","background-media":"","overlay-type":"","overlay-color":"","overlay-opacity":"","overlay-gradient":""},"mobile":{"background-color":"var(--ast-global-color-4)","background-image":"","background-repeat":"repeat","background-position":"center center","background-size":"auto","background-attachment":"scroll","background-type":"","background-media":"","overlay-type":"","overlay-color":"","overlay-opacity":"","overlay-gradient":""}},"footnotes":""},"class_list":["post-2322","page","type-page","status-publish","has-post-thumbnail","hentry"],"yoast_head":"<!-- This site is optimized with the Yoast SEO plugin v27.5 - https:\/\/yoast.com\/product\/yoast-seo-wordpress\/ -->\n<title>Le SURF au BRESIL - Abc-latina<\/title>\n<meta name=\"description\" content=\"Le tourisme d&#039;aventure et la pratique du SURF au Br\u00e9sil.\" \/>\n<meta name=\"robots\" content=\"index, follow, max-snippet:-1, max-image-preview:large, max-video-preview:-1\" \/>\n<link rel=\"canonical\" href=\"https:\/\/abc-latina.com\/index\/surf\/\" \/>\n<meta property=\"og:locale\" content=\"fr_FR\" \/>\n<meta property=\"og:type\" content=\"article\" \/>\n<meta property=\"og:title\" content=\"Le SURF au BRESIL - Abc-latina\" \/>\n<meta property=\"og:description\" content=\"Le tourisme d&#039;aventure et la pratique du SURF au Br\u00e9sil.\" \/>\n<meta property=\"og:url\" content=\"https:\/\/abc-latina.com\/index\/surf\/\" \/>\n<meta property=\"og:site_name\" content=\"Abc-latina\" \/>\n<meta property=\"article:modified_time\" content=\"2026-04-30T16:24:53+00:00\" \/>\n<meta property=\"og:image\" content=\"https:\/\/abc-latina.com\/wp-content\/uploads\/2010\/10\/062-surf-au-bresil.jpg\" \/>\n\t<meta property=\"og:image:width\" content=\"700\" \/>\n\t<meta property=\"og:image:height\" content=\"393\" \/>\n\t<meta property=\"og:image:type\" content=\"image\/jpeg\" \/>\n<meta name=\"twitter:card\" content=\"summary_large_image\" \/>\n<meta name=\"twitter:label1\" content=\"Dur\u00e9e de lecture estim\u00e9e\" \/>\n\t<meta name=\"twitter:data1\" content=\"3 minutes\" \/>\n<script type=\"application\/ld+json\" class=\"yoast-schema-graph\">{\"@context\":\"https:\\\/\\\/schema.org\",\"@graph\":[{\"@type\":\"WebPage\",\"@id\":\"https:\\\/\\\/abc-latina.com\\\/index\\\/surf\\\/\",\"url\":\"https:\\\/\\\/abc-latina.com\\\/index\\\/surf\\\/\",\"name\":\"Le SURF au BRESIL - Abc-latina\",\"isPartOf\":{\"@id\":\"https:\\\/\\\/abc-latina.com\\\/#website\"},\"primaryImageOfPage\":{\"@id\":\"https:\\\/\\\/abc-latina.com\\\/index\\\/surf\\\/#primaryimage\"},\"image\":{\"@id\":\"https:\\\/\\\/abc-latina.com\\\/index\\\/surf\\\/#primaryimage\"},\"thumbnailUrl\":\"https:\\\/\\\/abc-latina.com\\\/wp-content\\\/uploads\\\/2010\\\/10\\\/062-surf-au-bresil.jpg\",\"datePublished\":\"2010-10-10T01:55:32+00:00\",\"dateModified\":\"2026-04-30T16:24:53+00:00\",\"description\":\"Le tourisme d'aventure et la pratique du SURF au Br\u00e9sil.\",\"breadcrumb\":{\"@id\":\"https:\\\/\\\/abc-latina.com\\\/index\\\/surf\\\/#breadcrumb\"},\"inLanguage\":\"fr-FR\",\"potentialAction\":[{\"@type\":\"ReadAction\",\"target\":[\"https:\\\/\\\/abc-latina.com\\\/index\\\/surf\\\/\"]}]},{\"@type\":\"ImageObject\",\"inLanguage\":\"fr-FR\",\"@id\":\"https:\\\/\\\/abc-latina.com\\\/index\\\/surf\\\/#primaryimage\",\"url\":\"https:\\\/\\\/abc-latina.com\\\/wp-content\\\/uploads\\\/2010\\\/10\\\/062-surf-au-bresil.jpg\",\"contentUrl\":\"https:\\\/\\\/abc-latina.com\\\/wp-content\\\/uploads\\\/2010\\\/10\\\/062-surf-au-bresil.jpg\",\"width\":700,\"height\":393,\"caption\":\"SURF AU BRESIL\"},{\"@type\":\"BreadcrumbList\",\"@id\":\"https:\\\/\\\/abc-latina.com\\\/index\\\/surf\\\/#breadcrumb\",\"itemListElement\":[{\"@type\":\"ListItem\",\"position\":1,\"name\":\"Accueil\",\"item\":\"https:\\\/\\\/abc-latina.com\\\/\"},{\"@type\":\"ListItem\",\"position\":2,\"name\":\"Le SURF au BRESIL\"}]},{\"@type\":\"WebSite\",\"@id\":\"https:\\\/\\\/abc-latina.com\\\/#website\",\"url\":\"https:\\\/\\\/abc-latina.com\\\/\",\"name\":\"Abc-latina\",\"description\":\"\",\"publisher\":{\"@id\":\"https:\\\/\\\/abc-latina.com\\\/#organization\"},\"potentialAction\":[{\"@type\":\"SearchAction\",\"target\":{\"@type\":\"EntryPoint\",\"urlTemplate\":\"https:\\\/\\\/abc-latina.com\\\/?s={search_term_string}\"},\"query-input\":{\"@type\":\"PropertyValueSpecification\",\"valueRequired\":true,\"valueName\":\"search_term_string\"}}],\"inLanguage\":\"fr-FR\"},{\"@type\":\"Organization\",\"@id\":\"https:\\\/\\\/abc-latina.com\\\/#organization\",\"name\":\"Abc-latina\",\"url\":\"https:\\\/\\\/abc-latina.com\\\/\",\"logo\":{\"@type\":\"ImageObject\",\"inLanguage\":\"fr-FR\",\"@id\":\"https:\\\/\\\/abc-latina.com\\\/#\\\/schema\\\/logo\\\/image\\\/\",\"url\":\"https:\\\/\\\/abc-latina.com\\\/wp-content\\\/uploads\\\/2026\\\/05\\\/cropped-logo.gif\",\"contentUrl\":\"https:\\\/\\\/abc-latina.com\\\/wp-content\\\/uploads\\\/2026\\\/05\\\/cropped-logo.gif\",\"width\":89,\"height\":84,\"caption\":\"Abc-latina\"},\"image\":{\"@id\":\"https:\\\/\\\/abc-latina.com\\\/#\\\/schema\\\/logo\\\/image\\\/\"}}]}<\/script>\n<!-- \/ Yoast SEO plugin. -->","yoast_head_json":{"title":"Le SURF au BRESIL - Abc-latina","description":"Le tourisme d'aventure et la pratique du SURF au Br\u00e9sil.","robots":{"index":"index","follow":"follow","max-snippet":"max-snippet:-1","max-image-preview":"max-image-preview:large","max-video-preview":"max-video-preview:-1"},"canonical":"https:\/\/abc-latina.com\/index\/surf\/","og_locale":"fr_FR","og_type":"article","og_title":"Le SURF au BRESIL - Abc-latina","og_description":"Le tourisme d'aventure et la pratique du SURF au Br\u00e9sil.","og_url":"https:\/\/abc-latina.com\/index\/surf\/","og_site_name":"Abc-latina","article_modified_time":"2026-04-30T16:24:53+00:00","og_image":[{"width":700,"height":393,"url":"https:\/\/abc-latina.com\/wp-content\/uploads\/2010\/10\/062-surf-au-bresil.jpg","type":"image\/jpeg"}],"twitter_card":"summary_large_image","twitter_misc":{"Dur\u00e9e de lecture estim\u00e9e":"3 minutes"},"schema":{"@context":"https:\/\/schema.org","@graph":[{"@type":"WebPage","@id":"https:\/\/abc-latina.com\/index\/surf\/","url":"https:\/\/abc-latina.com\/index\/surf\/","name":"Le SURF au BRESIL - Abc-latina","isPartOf":{"@id":"https:\/\/abc-latina.com\/#website"},"primaryImageOfPage":{"@id":"https:\/\/abc-latina.com\/index\/surf\/#primaryimage"},"image":{"@id":"https:\/\/abc-latina.com\/index\/surf\/#primaryimage"},"thumbnailUrl":"https:\/\/abc-latina.com\/wp-content\/uploads\/2010\/10\/062-surf-au-bresil.jpg","datePublished":"2010-10-10T01:55:32+00:00","dateModified":"2026-04-30T16:24:53+00:00","description":"Le tourisme d'aventure et la pratique du SURF au Br\u00e9sil.","breadcrumb":{"@id":"https:\/\/abc-latina.com\/index\/surf\/#breadcrumb"},"inLanguage":"fr-FR","potentialAction":[{"@type":"ReadAction","target":["https:\/\/abc-latina.com\/index\/surf\/"]}]},{"@type":"ImageObject","inLanguage":"fr-FR","@id":"https:\/\/abc-latina.com\/index\/surf\/#primaryimage","url":"https:\/\/abc-latina.com\/wp-content\/uploads\/2010\/10\/062-surf-au-bresil.jpg","contentUrl":"https:\/\/abc-latina.com\/wp-content\/uploads\/2010\/10\/062-surf-au-bresil.jpg","width":700,"height":393,"caption":"SURF AU BRESIL"},{"@type":"BreadcrumbList","@id":"https:\/\/abc-latina.com\/index\/surf\/#breadcrumb","itemListElement":[{"@type":"ListItem","position":1,"name":"Accueil","item":"https:\/\/abc-latina.com\/"},{"@type":"ListItem","position":2,"name":"Le SURF au BRESIL"}]},{"@type":"WebSite","@id":"https:\/\/abc-latina.com\/#website","url":"https:\/\/abc-latina.com\/","name":"Abc-latina","description":"","publisher":{"@id":"https:\/\/abc-latina.com\/#organization"},"potentialAction":[{"@type":"SearchAction","target":{"@type":"EntryPoint","urlTemplate":"https:\/\/abc-latina.com\/?s={search_term_string}"},"query-input":{"@type":"PropertyValueSpecification","valueRequired":true,"valueName":"search_term_string"}}],"inLanguage":"fr-FR"},{"@type":"Organization","@id":"https:\/\/abc-latina.com\/#organization","name":"Abc-latina","url":"https:\/\/abc-latina.com\/","logo":{"@type":"ImageObject","inLanguage":"fr-FR","@id":"https:\/\/abc-latina.com\/#\/schema\/logo\/image\/","url":"https:\/\/abc-latina.com\/wp-content\/uploads\/2026\/05\/cropped-logo.gif","contentUrl":"https:\/\/abc-latina.com\/wp-content\/uploads\/2026\/05\/cropped-logo.gif","width":89,"height":84,"caption":"Abc-latina"},"image":{"@id":"https:\/\/abc-latina.com\/#\/schema\/logo\/image\/"}}]}},"_links":{"self":[{"href":"https:\/\/abc-latina.com\/wp-json\/wp\/v2\/pages\/2322","targetHints":{"allow":["GET"]}}],"collection":[{"href":"https:\/\/abc-latina.com\/wp-json\/wp\/v2\/pages"}],"about":[{"href":"https:\/\/abc-latina.com\/wp-json\/wp\/v2\/types\/page"}],"author":[{"embeddable":true,"href":"https:\/\/abc-latina.com\/wp-json\/wp\/v2\/users\/3"}],"replies":[{"embeddable":true,"href":"https:\/\/abc-latina.com\/wp-json\/wp\/v2\/comments?post=2322"}],"version-history":[{"count":1,"href":"https:\/\/abc-latina.com\/wp-json\/wp\/v2\/pages\/2322\/revisions"}],"predecessor-version":[{"id":3218,"href":"https:\/\/abc-latina.com\/wp-json\/wp\/v2\/pages\/2322\/revisions\/3218"}],"up":[{"embeddable":true,"href":"https:\/\/abc-latina.com\/wp-json\/wp\/v2\/pages\/2428"}],"wp:featuredmedia":[{"embeddable":true,"href":"https:\/\/abc-latina.com\/wp-json\/wp\/v2\/media\/2321"}],"wp:attachment":[{"href":"https:\/\/abc-latina.com\/wp-json\/wp\/v2\/media?parent=2322"}],"curies":[{"name":"wp","href":"https:\/\/api.w.org\/{rel}","templated":true}]}}