{"id":2346,"date":"2010-10-11T22:19:05","date_gmt":"2010-10-11T20:19:05","guid":{"rendered":"http:\/\/abc-latina.com\/cheval-htm\/"},"modified":"2026-04-30T18:25:15","modified_gmt":"2026-04-30T16:25:15","slug":"cheval","status":"publish","type":"page","link":"https:\/\/abc-latina.com\/perou\/cheval\/","title":{"rendered":"PACHACAMAC FESTIVAL DU \u00a0\u00bb Caballo de Paso Peruano \u00ab\u00a0"},"content":{"rendered":"<p>Le cheval espagnol crois\u00e9 avec l&rsquo;arabe est \u00e9lev\u00e9 dans une r\u00e9gion d\u00e9sertique qui a form\u00e9 sa d\u00e9marche et sa taille, a donn\u00e9 naissance au Caballo de Paso p\u00e9ruvien. Pendant 300 ans le sang de cette nouvelle race s&rsquo;est purifi\u00e9 petit \u00e0 petit jusqu&rsquo;\u00e0 d\u00e9velopper les caract\u00e9ristiques qui en ont fait l&rsquo;un des plus beaux et des plus \u00e9l\u00e9gants exemplaires du monde. De leur c\u00f4t\u00e9 les \u00e9leveurs, les chalanes (cavaliers) et les artisans qui ont su au cours des ans \u00e9purer l&rsquo;art de l&rsquo;amble &#8211; mouvements synchronis\u00e9s des pattes ant\u00e9rieures et post\u00e9rieures de fa\u00e7on parall\u00e8le &#8211; qui est \u00e9galement \u00e0 l&rsquo;origine des parts particuliers et de la gr\u00e2ce de la marinera.<\/p>\n<p>Le superbe harnachement (jato, montura et guarnicion) fait partie de l&rsquo;ensemble, ainsi que le costume du chalan (chemise et pantalon blancs, chapeau de paille, poncho en laine de vigogne, mouchoir nou\u00e9 autour du cou, bottes et \u00e9perons).<\/p>\n<p>Cette tradition, qui s&rsquo;est export\u00e9e dans diverses parties du monde, se voit aliment\u00e9e par les diff\u00e9rents concours qui se d\u00e9roulent dans les villes tant de la c\u00f4te que de la sierra, le plus important \u00e9tant le Concours National du Caballo de Paso qui a lieu chaque ann\u00e9e sur le terrain d&rsquo;exhibition de Mamacona, dans la localit\u00e9 arch\u00e9ologique de Pachacamac situ\u00e9e \u00e0 une trentaine de kilom\u00e8tres au sud de <a href=\"https:\/\/www.abc-latina.com\/perou\/lima\">Lima<\/a>.<\/p>\n<p>DATE: du 15 au 20 avril \u00e0 Pachacamac (d\u00e9partement de Lima).<\/p>\n","protected":false},"excerpt":{"rendered":"<p>Le cheval espagnol crois\u00e9 avec l&rsquo;arabe est \u00e9lev\u00e9 dans une r\u00e9gion d\u00e9sertique qui a form\u00e9 sa d\u00e9marche et sa taille, [&hellip;]<\/p>\n","protected":false},"author":3,"featured_media":0,"parent":2118,"menu_order":0,"comment_status":"closed","ping_status":"closed","template":"","meta":{"site-sidebar-layout":"default","site-content-layout":"","ast-site-content-layout":"default","site-content-style":"default","site-sidebar-style":"default","ast-global-header-display":"","ast-banner-title-visibility":"","ast-main-header-display":"","ast-hfb-above-header-display":"","ast-hfb-below-header-display":"","ast-hfb-mobile-header-display":"","site-post-title":"","ast-breadcrumbs-content":"","ast-featured-img":"","footer-sml-layout":"","ast-disable-related-posts":"","theme-transparent-header-meta":"","adv-header-id-meta":"","stick-header-meta":"","header-above-stick-meta":"","header-main-stick-meta":"","header-below-stick-meta":"","astra-migrate-meta-layouts":"default","ast-page-background-enabled":"default","ast-page-background-meta":{"desktop":{"background-color":"var(--ast-global-color-5)","background-image":"","background-repeat":"repeat","background-position":"center center","background-size":"auto","background-attachment":"scroll","background-type":"","background-media":"","overlay-type":"","overlay-color":"","overlay-opacity":"","overlay-gradient":""},"tablet":{"background-color":"","background-image":"","background-repeat":"repeat","background-position":"center center","background-size":"auto","background-attachment":"scroll","background-type":"","background-media":"","overlay-type":"","overlay-color":"","overlay-opacity":"","overlay-gradient":""},"mobile":{"background-color":"","background-image":"","background-repeat":"repeat","background-position":"center center","background-size":"auto","background-attachment":"scroll","background-type":"","background-media":"","overlay-type":"","overlay-color":"","overlay-opacity":"","overlay-gradient":""}},"ast-content-background-meta":{"desktop":{"background-color":"var(--ast-global-color-4)","background-image":"","background-repeat":"repeat","background-position":"center center","background-size":"auto","background-attachment":"scroll","background-type":"","background-media":"","overlay-type":"","overlay-color":"","overlay-opacity":"","overlay-gradient":""},"tablet":{"background-color":"var(--ast-global-color-4)","background-image":"","background-repeat":"repeat","background-position":"center center","background-size":"auto","background-attachment":"scroll","background-type":"","background-media":"","overlay-type":"","overlay-color":"","overlay-opacity":"","overlay-gradient":""},"mobile":{"background-color":"var(--ast-global-color-4)","background-image":"","background-repeat":"repeat","background-position":"center center","background-size":"auto","background-attachment":"scroll","background-type":"","background-media":"","overlay-type":"","overlay-color":"","overlay-opacity":"","overlay-gradient":""}},"footnotes":""},"class_list":["post-2346","page","type-page","status-publish","hentry"],"yoast_head":"<!-- This site is optimized with the Yoast SEO plugin v27.5 - https:\/\/yoast.com\/product\/yoast-seo-wordpress\/ -->\n<title>PACHACAMAC FESTIVAL DU &quot; Caballo de Paso Peruano &quot; - Abc-latina<\/title>\n<meta name=\"description\" content=\"F\u00eate p\u00e9ruvienne: festival du caballo peruano.\" \/>\n<meta name=\"robots\" content=\"index, follow, max-snippet:-1, max-image-preview:large, max-video-preview:-1\" \/>\n<link rel=\"canonical\" href=\"https:\/\/abc-latina.com\/perou\/cheval\/\" \/>\n<meta property=\"og:locale\" content=\"fr_FR\" \/>\n<meta property=\"og:type\" content=\"article\" \/>\n<meta property=\"og:title\" content=\"PACHACAMAC FESTIVAL DU &quot; Caballo de Paso Peruano &quot; - Abc-latina\" \/>\n<meta property=\"og:description\" content=\"F\u00eate p\u00e9ruvienne: festival du caballo peruano.\" \/>\n<meta property=\"og:url\" content=\"https:\/\/abc-latina.com\/perou\/cheval\/\" \/>\n<meta property=\"og:site_name\" content=\"Abc-latina\" \/>\n<meta property=\"article:modified_time\" content=\"2026-04-30T16:25:15+00:00\" \/>\n<meta name=\"twitter:card\" content=\"summary_large_image\" \/>\n<meta name=\"twitter:label1\" content=\"Dur\u00e9e de lecture estim\u00e9e\" \/>\n\t<meta name=\"twitter:data1\" content=\"1 minute\" \/>\n<script type=\"application\/ld+json\" class=\"yoast-schema-graph\">{\"@context\":\"https:\\\/\\\/schema.org\",\"@graph\":[{\"@type\":\"WebPage\",\"@id\":\"https:\\\/\\\/abc-latina.com\\\/perou\\\/cheval\\\/\",\"url\":\"https:\\\/\\\/abc-latina.com\\\/perou\\\/cheval\\\/\",\"name\":\"PACHACAMAC FESTIVAL DU \\\" Caballo de Paso Peruano \\\" - Abc-latina\",\"isPartOf\":{\"@id\":\"https:\\\/\\\/abc-latina.com\\\/#website\"},\"datePublished\":\"2010-10-11T20:19:05+00:00\",\"dateModified\":\"2026-04-30T16:25:15+00:00\",\"description\":\"F\u00eate p\u00e9ruvienne: festival du caballo peruano.\",\"breadcrumb\":{\"@id\":\"https:\\\/\\\/abc-latina.com\\\/perou\\\/cheval\\\/#breadcrumb\"},\"inLanguage\":\"fr-FR\",\"potentialAction\":[{\"@type\":\"ReadAction\",\"target\":[\"https:\\\/\\\/abc-latina.com\\\/perou\\\/cheval\\\/\"]}]},{\"@type\":\"BreadcrumbList\",\"@id\":\"https:\\\/\\\/abc-latina.com\\\/perou\\\/cheval\\\/#breadcrumb\",\"itemListElement\":[{\"@type\":\"ListItem\",\"position\":1,\"name\":\"Accueil\",\"item\":\"https:\\\/\\\/abc-latina.com\\\/\"},{\"@type\":\"ListItem\",\"position\":2,\"name\":\"PACHACAMAC FESTIVAL DU \u00a0\u00bb Caballo de Paso Peruano \u00ab\u00a0\"}]},{\"@type\":\"WebSite\",\"@id\":\"https:\\\/\\\/abc-latina.com\\\/#website\",\"url\":\"https:\\\/\\\/abc-latina.com\\\/\",\"name\":\"Abc-latina\",\"description\":\"\",\"publisher\":{\"@id\":\"https:\\\/\\\/abc-latina.com\\\/#organization\"},\"potentialAction\":[{\"@type\":\"SearchAction\",\"target\":{\"@type\":\"EntryPoint\",\"urlTemplate\":\"https:\\\/\\\/abc-latina.com\\\/?s={search_term_string}\"},\"query-input\":{\"@type\":\"PropertyValueSpecification\",\"valueRequired\":true,\"valueName\":\"search_term_string\"}}],\"inLanguage\":\"fr-FR\"},{\"@type\":\"Organization\",\"@id\":\"https:\\\/\\\/abc-latina.com\\\/#organization\",\"name\":\"Abc-latina\",\"url\":\"https:\\\/\\\/abc-latina.com\\\/\",\"logo\":{\"@type\":\"ImageObject\",\"inLanguage\":\"fr-FR\",\"@id\":\"https:\\\/\\\/abc-latina.com\\\/#\\\/schema\\\/logo\\\/image\\\/\",\"url\":\"https:\\\/\\\/abc-latina.com\\\/wp-content\\\/uploads\\\/2026\\\/05\\\/cropped-logo.gif\",\"contentUrl\":\"https:\\\/\\\/abc-latina.com\\\/wp-content\\\/uploads\\\/2026\\\/05\\\/cropped-logo.gif\",\"width\":89,\"height\":84,\"caption\":\"Abc-latina\"},\"image\":{\"@id\":\"https:\\\/\\\/abc-latina.com\\\/#\\\/schema\\\/logo\\\/image\\\/\"}}]}<\/script>\n<!-- \/ Yoast SEO plugin. -->","yoast_head_json":{"title":"PACHACAMAC FESTIVAL DU \" Caballo de Paso Peruano \" - Abc-latina","description":"F\u00eate p\u00e9ruvienne: festival du caballo peruano.","robots":{"index":"index","follow":"follow","max-snippet":"max-snippet:-1","max-image-preview":"max-image-preview:large","max-video-preview":"max-video-preview:-1"},"canonical":"https:\/\/abc-latina.com\/perou\/cheval\/","og_locale":"fr_FR","og_type":"article","og_title":"PACHACAMAC FESTIVAL DU \" Caballo de Paso Peruano \" - Abc-latina","og_description":"F\u00eate p\u00e9ruvienne: festival du caballo peruano.","og_url":"https:\/\/abc-latina.com\/perou\/cheval\/","og_site_name":"Abc-latina","article_modified_time":"2026-04-30T16:25:15+00:00","twitter_card":"summary_large_image","twitter_misc":{"Dur\u00e9e de lecture estim\u00e9e":"1 minute"},"schema":{"@context":"https:\/\/schema.org","@graph":[{"@type":"WebPage","@id":"https:\/\/abc-latina.com\/perou\/cheval\/","url":"https:\/\/abc-latina.com\/perou\/cheval\/","name":"PACHACAMAC FESTIVAL DU \" Caballo de Paso Peruano \" - Abc-latina","isPartOf":{"@id":"https:\/\/abc-latina.com\/#website"},"datePublished":"2010-10-11T20:19:05+00:00","dateModified":"2026-04-30T16:25:15+00:00","description":"F\u00eate p\u00e9ruvienne: festival du caballo peruano.","breadcrumb":{"@id":"https:\/\/abc-latina.com\/perou\/cheval\/#breadcrumb"},"inLanguage":"fr-FR","potentialAction":[{"@type":"ReadAction","target":["https:\/\/abc-latina.com\/perou\/cheval\/"]}]},{"@type":"BreadcrumbList","@id":"https:\/\/abc-latina.com\/perou\/cheval\/#breadcrumb","itemListElement":[{"@type":"ListItem","position":1,"name":"Accueil","item":"https:\/\/abc-latina.com\/"},{"@type":"ListItem","position":2,"name":"PACHACAMAC FESTIVAL DU \u00a0\u00bb Caballo de Paso Peruano \u00ab\u00a0"}]},{"@type":"WebSite","@id":"https:\/\/abc-latina.com\/#website","url":"https:\/\/abc-latina.com\/","name":"Abc-latina","description":"","publisher":{"@id":"https:\/\/abc-latina.com\/#organization"},"potentialAction":[{"@type":"SearchAction","target":{"@type":"EntryPoint","urlTemplate":"https:\/\/abc-latina.com\/?s={search_term_string}"},"query-input":{"@type":"PropertyValueSpecification","valueRequired":true,"valueName":"search_term_string"}}],"inLanguage":"fr-FR"},{"@type":"Organization","@id":"https:\/\/abc-latina.com\/#organization","name":"Abc-latina","url":"https:\/\/abc-latina.com\/","logo":{"@type":"ImageObject","inLanguage":"fr-FR","@id":"https:\/\/abc-latina.com\/#\/schema\/logo\/image\/","url":"https:\/\/abc-latina.com\/wp-content\/uploads\/2026\/05\/cropped-logo.gif","contentUrl":"https:\/\/abc-latina.com\/wp-content\/uploads\/2026\/05\/cropped-logo.gif","width":89,"height":84,"caption":"Abc-latina"},"image":{"@id":"https:\/\/abc-latina.com\/#\/schema\/logo\/image\/"}}]}},"_links":{"self":[{"href":"https:\/\/abc-latina.com\/wp-json\/wp\/v2\/pages\/2346","targetHints":{"allow":["GET"]}}],"collection":[{"href":"https:\/\/abc-latina.com\/wp-json\/wp\/v2\/pages"}],"about":[{"href":"https:\/\/abc-latina.com\/wp-json\/wp\/v2\/types\/page"}],"author":[{"embeddable":true,"href":"https:\/\/abc-latina.com\/wp-json\/wp\/v2\/users\/3"}],"replies":[{"embeddable":true,"href":"https:\/\/abc-latina.com\/wp-json\/wp\/v2\/comments?post=2346"}],"version-history":[{"count":1,"href":"https:\/\/abc-latina.com\/wp-json\/wp\/v2\/pages\/2346\/revisions"}],"predecessor-version":[{"id":3699,"href":"https:\/\/abc-latina.com\/wp-json\/wp\/v2\/pages\/2346\/revisions\/3699"}],"up":[{"embeddable":true,"href":"https:\/\/abc-latina.com\/wp-json\/wp\/v2\/pages\/2118"}],"wp:attachment":[{"href":"https:\/\/abc-latina.com\/wp-json\/wp\/v2\/media?parent=2346"}],"curies":[{"name":"wp","href":"https:\/\/api.w.org\/{rel}","templated":true}]}}