{"id":2352,"date":"2010-10-12T18:34:01","date_gmt":"2010-10-12T16:34:01","guid":{"rendered":"http:\/\/abc-latina.com\/st_jean-htm\/"},"modified":"2026-04-30T18:25:16","modified_gmt":"2026-04-30T16:25:16","slug":"st_jean","status":"publish","type":"page","link":"https:\/\/abc-latina.com\/perou\/st_jean\/","title":{"rendered":"SAINT JEAN (San Juan)"},"content":{"rendered":"<p>Saint Jean-Baptiste rev\u00eat un caract\u00e8re tr\u00e8s symbolique tr\u00e8s marqu\u00e9 dans la selva, en raison de la pr\u00e9pond\u00e9rance de l&rsquo;eau comme \u00e9l\u00e9ment vital dans toute l&rsquo;<a href=\"https:\/\/www.abc-latina.com\/perou\/amazonie\">Amazonie<\/a>. Cette date est donc consid\u00e9r\u00e9e comme la f\u00eate la plus importante de tout l&rsquo;Orient p\u00e9ruvien. Dans la ville d&rsquo;Iquitos ont lieu divers festivals et actes publics : on y organise des f\u00eates anim\u00e9es par des groupes de musiciens typiques et on y pr\u00e9pare les plats de la r\u00e9gion comme le tacacho (pur\u00e9e de bananes r\u00f4ties) ou les fameux tamales de riz appel\u00e9s juanes en l&rsquo;honneur du saint. Au milieu de cette ambiance carnavalesque de bouleversement de l&rsquo;ordre et de grande chaleur humaine le mythe populaire de la sensualit\u00e9 toute sp\u00e9ciale de cette r\u00e9gion de Loreto s&rsquo;est fortement d\u00e9velopp\u00e9. Il existe la croyance tr\u00e8s r\u00e9pandue que les meilleurs aphrodisiaques sont pr\u00e9par\u00e9s \u00e0 Iquitos, \u00e0 base de mac\u00e9rations de toutes sortes de fruits et d&rsquo;herbes dans de l&rsquo;eau de vie de canne \u00e0 sucre, et que l&rsquo;on d\u00e9signe par des noms \u00e9tranges et subjectifs. Le plus connu est sans aucun doute le chuchuhuasi, pr\u00e9par\u00e9 avec une racine de la r\u00e9gion. Dans la sierra la f\u00eate est \u00e9galement li\u00e9e \u00e0 la fertilit\u00e9 mais \u00e9l\u00e9ment centrale en est le b\u00e9tail, facilement associ\u00e9 \u00e0 l&rsquo;image de Saint-Jean en tant que pasteur des \u00e2mes. Ce jour-l\u00e0 les animaux sont compt\u00e9s, marqu\u00e9s et, dans le cas des lamas, on leur adresse m\u00eame des pri\u00e8res. Au <a href=\"https:\/\/www.abc-latina.com\/perou\/cuzco\">Cuzco<\/a>, o\u00f9 les paysans emmenaient leurs moutons richement par\u00e9s pour qu&rsquo;ils &quot;\u00e9coutent &quot; la messe, la tradition s&rsquo;est d\u00e9plac\u00e9e au 25, c\u00e9dant la place \u00e0 l&rsquo;<a href=\"https:\/\/www.abc-latina.com\/perou\/fetes\/inti_raymi\">Inti Raymi<\/a>.<\/p>\n<p>DATE: le 24 juin \u00e0 Loreto, San Martin, Ucayali. Le 25 juin \u00e0 Cuzco.<\/p>\n","protected":false},"excerpt":{"rendered":"<p>Saint Jean-Baptiste rev\u00eat un caract\u00e8re tr\u00e8s symbolique tr\u00e8s marqu\u00e9 dans la selva, en raison de la pr\u00e9pond\u00e9rance de l&rsquo;eau comme [&hellip;]<\/p>\n","protected":false},"author":3,"featured_media":0,"parent":2118,"menu_order":0,"comment_status":"closed","ping_status":"closed","template":"","meta":{"site-sidebar-layout":"default","site-content-layout":"","ast-site-content-layout":"default","site-content-style":"default","site-sidebar-style":"default","ast-global-header-display":"","ast-banner-title-visibility":"","ast-main-header-display":"","ast-hfb-above-header-display":"","ast-hfb-below-header-display":"","ast-hfb-mobile-header-display":"","site-post-title":"","ast-breadcrumbs-content":"","ast-featured-img":"","footer-sml-layout":"","ast-disable-related-posts":"","theme-transparent-header-meta":"","adv-header-id-meta":"","stick-header-meta":"","header-above-stick-meta":"","header-main-stick-meta":"","header-below-stick-meta":"","astra-migrate-meta-layouts":"default","ast-page-background-enabled":"default","ast-page-background-meta":{"desktop":{"background-color":"var(--ast-global-color-5)","background-image":"","background-repeat":"repeat","background-position":"center center","background-size":"auto","background-attachment":"scroll","background-type":"","background-media":"","overlay-type":"","overlay-color":"","overlay-opacity":"","overlay-gradient":""},"tablet":{"background-color":"","background-image":"","background-repeat":"repeat","background-position":"center center","background-size":"auto","background-attachment":"scroll","background-type":"","background-media":"","overlay-type":"","overlay-color":"","overlay-opacity":"","overlay-gradient":""},"mobile":{"background-color":"","background-image":"","background-repeat":"repeat","background-position":"center center","background-size":"auto","background-attachment":"scroll","background-type":"","background-media":"","overlay-type":"","overlay-color":"","overlay-opacity":"","overlay-gradient":""}},"ast-content-background-meta":{"desktop":{"background-color":"var(--ast-global-color-4)","background-image":"","background-repeat":"repeat","background-position":"center center","background-size":"auto","background-attachment":"scroll","background-type":"","background-media":"","overlay-type":"","overlay-color":"","overlay-opacity":"","overlay-gradient":""},"tablet":{"background-color":"var(--ast-global-color-4)","background-image":"","background-repeat":"repeat","background-position":"center center","background-size":"auto","background-attachment":"scroll","background-type":"","background-media":"","overlay-type":"","overlay-color":"","overlay-opacity":"","overlay-gradient":""},"mobile":{"background-color":"var(--ast-global-color-4)","background-image":"","background-repeat":"repeat","background-position":"center center","background-size":"auto","background-attachment":"scroll","background-type":"","background-media":"","overlay-type":"","overlay-color":"","overlay-opacity":"","overlay-gradient":""}},"footnotes":""},"class_list":["post-2352","page","type-page","status-publish","hentry"],"yoast_head":"<!-- This site is optimized with the Yoast SEO plugin v27.5 - https:\/\/yoast.com\/product\/yoast-seo-wordpress\/ -->\n<title>SAINT JEAN (San Juan) - Abc-latina<\/title>\n<meta name=\"robots\" content=\"index, follow, max-snippet:-1, max-image-preview:large, max-video-preview:-1\" \/>\n<link rel=\"canonical\" href=\"https:\/\/abc-latina.com\/perou\/st_jean\/\" \/>\n<meta property=\"og:locale\" content=\"fr_FR\" \/>\n<meta property=\"og:type\" content=\"article\" \/>\n<meta property=\"og:title\" content=\"SAINT JEAN (San Juan) - Abc-latina\" \/>\n<meta property=\"og:description\" content=\"Saint Jean-Baptiste rev\u00eat un caract\u00e8re tr\u00e8s symbolique tr\u00e8s marqu\u00e9 dans la selva, en raison de la pr\u00e9pond\u00e9rance de l&rsquo;eau comme [&hellip;]\" \/>\n<meta property=\"og:url\" content=\"https:\/\/abc-latina.com\/perou\/st_jean\/\" \/>\n<meta property=\"og:site_name\" content=\"Abc-latina\" \/>\n<meta property=\"article:modified_time\" content=\"2026-04-30T16:25:16+00:00\" \/>\n<meta name=\"twitter:card\" content=\"summary_large_image\" \/>\n<meta name=\"twitter:label1\" content=\"Dur\u00e9e de lecture estim\u00e9e\" \/>\n\t<meta name=\"twitter:data1\" content=\"2 minutes\" \/>\n<script type=\"application\/ld+json\" class=\"yoast-schema-graph\">{\"@context\":\"https:\\\/\\\/schema.org\",\"@graph\":[{\"@type\":\"WebPage\",\"@id\":\"https:\\\/\\\/abc-latina.com\\\/perou\\\/st_jean\\\/\",\"url\":\"https:\\\/\\\/abc-latina.com\\\/perou\\\/st_jean\\\/\",\"name\":\"SAINT JEAN (San Juan) - Abc-latina\",\"isPartOf\":{\"@id\":\"https:\\\/\\\/abc-latina.com\\\/#website\"},\"datePublished\":\"2010-10-12T16:34:01+00:00\",\"dateModified\":\"2026-04-30T16:25:16+00:00\",\"breadcrumb\":{\"@id\":\"https:\\\/\\\/abc-latina.com\\\/perou\\\/st_jean\\\/#breadcrumb\"},\"inLanguage\":\"fr-FR\",\"potentialAction\":[{\"@type\":\"ReadAction\",\"target\":[\"https:\\\/\\\/abc-latina.com\\\/perou\\\/st_jean\\\/\"]}]},{\"@type\":\"BreadcrumbList\",\"@id\":\"https:\\\/\\\/abc-latina.com\\\/perou\\\/st_jean\\\/#breadcrumb\",\"itemListElement\":[{\"@type\":\"ListItem\",\"position\":1,\"name\":\"Accueil\",\"item\":\"https:\\\/\\\/abc-latina.com\\\/\"},{\"@type\":\"ListItem\",\"position\":2,\"name\":\"SAINT JEAN (San Juan)\"}]},{\"@type\":\"WebSite\",\"@id\":\"https:\\\/\\\/abc-latina.com\\\/#website\",\"url\":\"https:\\\/\\\/abc-latina.com\\\/\",\"name\":\"Abc-latina\",\"description\":\"\",\"publisher\":{\"@id\":\"https:\\\/\\\/abc-latina.com\\\/#organization\"},\"potentialAction\":[{\"@type\":\"SearchAction\",\"target\":{\"@type\":\"EntryPoint\",\"urlTemplate\":\"https:\\\/\\\/abc-latina.com\\\/?s={search_term_string}\"},\"query-input\":{\"@type\":\"PropertyValueSpecification\",\"valueRequired\":true,\"valueName\":\"search_term_string\"}}],\"inLanguage\":\"fr-FR\"},{\"@type\":\"Organization\",\"@id\":\"https:\\\/\\\/abc-latina.com\\\/#organization\",\"name\":\"Abc-latina\",\"url\":\"https:\\\/\\\/abc-latina.com\\\/\",\"logo\":{\"@type\":\"ImageObject\",\"inLanguage\":\"fr-FR\",\"@id\":\"https:\\\/\\\/abc-latina.com\\\/#\\\/schema\\\/logo\\\/image\\\/\",\"url\":\"https:\\\/\\\/abc-latina.com\\\/wp-content\\\/uploads\\\/2026\\\/05\\\/cropped-logo.gif\",\"contentUrl\":\"https:\\\/\\\/abc-latina.com\\\/wp-content\\\/uploads\\\/2026\\\/05\\\/cropped-logo.gif\",\"width\":89,\"height\":84,\"caption\":\"Abc-latina\"},\"image\":{\"@id\":\"https:\\\/\\\/abc-latina.com\\\/#\\\/schema\\\/logo\\\/image\\\/\"}}]}<\/script>\n<!-- \/ Yoast SEO plugin. -->","yoast_head_json":{"title":"SAINT JEAN (San Juan) - Abc-latina","robots":{"index":"index","follow":"follow","max-snippet":"max-snippet:-1","max-image-preview":"max-image-preview:large","max-video-preview":"max-video-preview:-1"},"canonical":"https:\/\/abc-latina.com\/perou\/st_jean\/","og_locale":"fr_FR","og_type":"article","og_title":"SAINT JEAN (San Juan) - Abc-latina","og_description":"Saint Jean-Baptiste rev\u00eat un caract\u00e8re tr\u00e8s symbolique tr\u00e8s marqu\u00e9 dans la selva, en raison de la pr\u00e9pond\u00e9rance de l&rsquo;eau comme [&hellip;]","og_url":"https:\/\/abc-latina.com\/perou\/st_jean\/","og_site_name":"Abc-latina","article_modified_time":"2026-04-30T16:25:16+00:00","twitter_card":"summary_large_image","twitter_misc":{"Dur\u00e9e de lecture estim\u00e9e":"2 minutes"},"schema":{"@context":"https:\/\/schema.org","@graph":[{"@type":"WebPage","@id":"https:\/\/abc-latina.com\/perou\/st_jean\/","url":"https:\/\/abc-latina.com\/perou\/st_jean\/","name":"SAINT JEAN (San Juan) - Abc-latina","isPartOf":{"@id":"https:\/\/abc-latina.com\/#website"},"datePublished":"2010-10-12T16:34:01+00:00","dateModified":"2026-04-30T16:25:16+00:00","breadcrumb":{"@id":"https:\/\/abc-latina.com\/perou\/st_jean\/#breadcrumb"},"inLanguage":"fr-FR","potentialAction":[{"@type":"ReadAction","target":["https:\/\/abc-latina.com\/perou\/st_jean\/"]}]},{"@type":"BreadcrumbList","@id":"https:\/\/abc-latina.com\/perou\/st_jean\/#breadcrumb","itemListElement":[{"@type":"ListItem","position":1,"name":"Accueil","item":"https:\/\/abc-latina.com\/"},{"@type":"ListItem","position":2,"name":"SAINT JEAN (San Juan)"}]},{"@type":"WebSite","@id":"https:\/\/abc-latina.com\/#website","url":"https:\/\/abc-latina.com\/","name":"Abc-latina","description":"","publisher":{"@id":"https:\/\/abc-latina.com\/#organization"},"potentialAction":[{"@type":"SearchAction","target":{"@type":"EntryPoint","urlTemplate":"https:\/\/abc-latina.com\/?s={search_term_string}"},"query-input":{"@type":"PropertyValueSpecification","valueRequired":true,"valueName":"search_term_string"}}],"inLanguage":"fr-FR"},{"@type":"Organization","@id":"https:\/\/abc-latina.com\/#organization","name":"Abc-latina","url":"https:\/\/abc-latina.com\/","logo":{"@type":"ImageObject","inLanguage":"fr-FR","@id":"https:\/\/abc-latina.com\/#\/schema\/logo\/image\/","url":"https:\/\/abc-latina.com\/wp-content\/uploads\/2026\/05\/cropped-logo.gif","contentUrl":"https:\/\/abc-latina.com\/wp-content\/uploads\/2026\/05\/cropped-logo.gif","width":89,"height":84,"caption":"Abc-latina"},"image":{"@id":"https:\/\/abc-latina.com\/#\/schema\/logo\/image\/"}}]}},"_links":{"self":[{"href":"https:\/\/abc-latina.com\/wp-json\/wp\/v2\/pages\/2352","targetHints":{"allow":["GET"]}}],"collection":[{"href":"https:\/\/abc-latina.com\/wp-json\/wp\/v2\/pages"}],"about":[{"href":"https:\/\/abc-latina.com\/wp-json\/wp\/v2\/types\/page"}],"author":[{"embeddable":true,"href":"https:\/\/abc-latina.com\/wp-json\/wp\/v2\/users\/3"}],"replies":[{"embeddable":true,"href":"https:\/\/abc-latina.com\/wp-json\/wp\/v2\/comments?post=2352"}],"version-history":[{"count":1,"href":"https:\/\/abc-latina.com\/wp-json\/wp\/v2\/pages\/2352\/revisions"}],"predecessor-version":[{"id":3719,"href":"https:\/\/abc-latina.com\/wp-json\/wp\/v2\/pages\/2352\/revisions\/3719"}],"up":[{"embeddable":true,"href":"https:\/\/abc-latina.com\/wp-json\/wp\/v2\/pages\/2118"}],"wp:attachment":[{"href":"https:\/\/abc-latina.com\/wp-json\/wp\/v2\/media?parent=2352"}],"curies":[{"name":"wp","href":"https:\/\/api.w.org\/{rel}","templated":true}]}}