{"id":2361,"date":"2010-10-12T19:48:57","date_gmt":"2010-10-12T17:48:57","guid":{"rendered":"http:\/\/abc-latina.com\/rosario-htm\/"},"modified":"2026-04-30T18:25:16","modified_gmt":"2026-04-30T16:25:16","slug":"rosario","status":"publish","type":"page","link":"https:\/\/abc-latina.com\/perou\/rosario\/","title":{"rendered":"VIERGE DU ROSARIO"},"content":{"rendered":"<p>La Vierge du Rosaire est la patronne de l&rsquo;ordre des dominicains qui eurent \u00e0 leur charge la confr\u00e9rie des esclaves \u00e0 l&rsquo;\u00e9poque coloniale, raison pour laquelle son image est souvent accompagn\u00e9e d&rsquo;une ic\u00f4ne avec la lettre S fix\u00e9e par un clou (symbole des esclaves noirs).<\/p>\n<p>Son culte, qui remonte \u00e0 1536, est c\u00e9l\u00e9br\u00e9 dans tout le P\u00e9rou. Le premier dimanche d&rsquo;octobre, \u00e0 Cajatambo (sierra de Lima), a lieu une foire agricole accompagn\u00e9e de courses de taureaux, le concours de marinera et d&rsquo;une procession avec Los Diablos comme principal cort\u00e8ge.<\/p>\n<p>Dans les districts d&rsquo;Urcos, dans la province de Quispicanchis, ainsi qu&rsquo;\u00e0 Combate et Checaupe, province de Canchis, tous deux du d\u00e9partement du Cusco, cette f\u00eate est c\u00e9l\u00e9br\u00e9e avec processions, foire taurines et copieuses pachamancas, aliments pr\u00e9par\u00e9s &quot; dans la terre &quot;, c&rsquo;est-\u00e0-dire dans des fosses peu profondes recouvertes de pierres br\u00fblantes.<\/p>\n<p>Mais le centre le plus important des c\u00e9l\u00e9brations de la Virgen del Rosario et qui attire le plus de participants est le d\u00e9partement d&rsquo;Ancash. Les festivit\u00e9s se r\u00e9alisent en pr\u00e9sence des pallas, jeunes filles rev\u00eatues d&rsquo;une tunique \u00e0 larges manches et portant de hautes couronnes de fleurs sur la t\u00eate, ainsi que les fameux negritos, danseurs masqu\u00e9s de laine noire qui animent la comm\u00e9moration.<\/p>\n<p>C&rsquo;est au cours de cette f\u00eate qu&rsquo;on peut assister \u00e0 un affrontement symbolique entre Maures, des paysans en costume andin et Chr\u00e9tiens en costume espagnols du temps de la Colonie. La lutte prend fin quand les rois Maures, apr\u00e8s avoir \u00e9t\u00e9 vaincus et faits prisonniers, se pr\u00e9sentent et demandent leur conversion au christianisme. En fin d&rsquo;apr\u00e8s-midi commence la procession de la Vierge qui retourne dans son \u00e9glise accompagn\u00e9e de groupes de musiciens.<\/p>\n<p>DATE: le 4 octobre \u00e0 Lima, Ancash, Apurimac, Arequipa et Cuzco<\/p>\n","protected":false},"excerpt":{"rendered":"<p>La Vierge du Rosaire est la patronne de l&rsquo;ordre des dominicains qui eurent \u00e0 leur charge la confr\u00e9rie des esclaves [&hellip;]<\/p>\n","protected":false},"author":3,"featured_media":0,"parent":2118,"menu_order":0,"comment_status":"closed","ping_status":"closed","template":"","meta":{"site-sidebar-layout":"default","site-content-layout":"","ast-site-content-layout":"default","site-content-style":"default","site-sidebar-style":"default","ast-global-header-display":"","ast-banner-title-visibility":"","ast-main-header-display":"","ast-hfb-above-header-display":"","ast-hfb-below-header-display":"","ast-hfb-mobile-header-display":"","site-post-title":"","ast-breadcrumbs-content":"","ast-featured-img":"","footer-sml-layout":"","ast-disable-related-posts":"","theme-transparent-header-meta":"","adv-header-id-meta":"","stick-header-meta":"","header-above-stick-meta":"","header-main-stick-meta":"","header-below-stick-meta":"","astra-migrate-meta-layouts":"default","ast-page-background-enabled":"default","ast-page-background-meta":{"desktop":{"background-color":"var(--ast-global-color-5)","background-image":"","background-repeat":"repeat","background-position":"center center","background-size":"auto","background-attachment":"scroll","background-type":"","background-media":"","overlay-type":"","overlay-color":"","overlay-opacity":"","overlay-gradient":""},"tablet":{"background-color":"","background-image":"","background-repeat":"repeat","background-position":"center center","background-size":"auto","background-attachment":"scroll","background-type":"","background-media":"","overlay-type":"","overlay-color":"","overlay-opacity":"","overlay-gradient":""},"mobile":{"background-color":"","background-image":"","background-repeat":"repeat","background-position":"center center","background-size":"auto","background-attachment":"scroll","background-type":"","background-media":"","overlay-type":"","overlay-color":"","overlay-opacity":"","overlay-gradient":""}},"ast-content-background-meta":{"desktop":{"background-color":"var(--ast-global-color-4)","background-image":"","background-repeat":"repeat","background-position":"center center","background-size":"auto","background-attachment":"scroll","background-type":"","background-media":"","overlay-type":"","overlay-color":"","overlay-opacity":"","overlay-gradient":""},"tablet":{"background-color":"var(--ast-global-color-4)","background-image":"","background-repeat":"repeat","background-position":"center center","background-size":"auto","background-attachment":"scroll","background-type":"","background-media":"","overlay-type":"","overlay-color":"","overlay-opacity":"","overlay-gradient":""},"mobile":{"background-color":"var(--ast-global-color-4)","background-image":"","background-repeat":"repeat","background-position":"center center","background-size":"auto","background-attachment":"scroll","background-type":"","background-media":"","overlay-type":"","overlay-color":"","overlay-opacity":"","overlay-gradient":""}},"footnotes":""},"class_list":["post-2361","page","type-page","status-publish","hentry"],"yoast_head":"<!-- This site is optimized with the Yoast SEO plugin v27.5 - https:\/\/yoast.com\/product\/yoast-seo-wordpress\/ -->\n<title>VIERGE DU ROSARIO - Abc-latina<\/title>\n<meta name=\"description\" content=\"La f\u00eate p\u00e9ruvienne de la vierge du rosario.\" \/>\n<meta name=\"robots\" content=\"index, follow, max-snippet:-1, max-image-preview:large, max-video-preview:-1\" \/>\n<link rel=\"canonical\" href=\"https:\/\/abc-latina.com\/perou\/rosario\/\" \/>\n<meta property=\"og:locale\" content=\"fr_FR\" \/>\n<meta property=\"og:type\" content=\"article\" \/>\n<meta property=\"og:title\" content=\"VIERGE DU ROSARIO - Abc-latina\" \/>\n<meta property=\"og:description\" content=\"La f\u00eate p\u00e9ruvienne de la vierge du rosario.\" \/>\n<meta property=\"og:url\" content=\"https:\/\/abc-latina.com\/perou\/rosario\/\" \/>\n<meta property=\"og:site_name\" content=\"Abc-latina\" \/>\n<meta property=\"article:modified_time\" content=\"2026-04-30T16:25:16+00:00\" \/>\n<meta name=\"twitter:card\" content=\"summary_large_image\" \/>\n<meta name=\"twitter:label1\" content=\"Dur\u00e9e de lecture estim\u00e9e\" \/>\n\t<meta name=\"twitter:data1\" content=\"2 minutes\" \/>\n<script type=\"application\/ld+json\" class=\"yoast-schema-graph\">{\"@context\":\"https:\\\/\\\/schema.org\",\"@graph\":[{\"@type\":\"WebPage\",\"@id\":\"https:\\\/\\\/abc-latina.com\\\/perou\\\/rosario\\\/\",\"url\":\"https:\\\/\\\/abc-latina.com\\\/perou\\\/rosario\\\/\",\"name\":\"VIERGE DU ROSARIO - Abc-latina\",\"isPartOf\":{\"@id\":\"https:\\\/\\\/abc-latina.com\\\/#website\"},\"datePublished\":\"2010-10-12T17:48:57+00:00\",\"dateModified\":\"2026-04-30T16:25:16+00:00\",\"description\":\"La f\u00eate p\u00e9ruvienne de la vierge du rosario.\",\"breadcrumb\":{\"@id\":\"https:\\\/\\\/abc-latina.com\\\/perou\\\/rosario\\\/#breadcrumb\"},\"inLanguage\":\"fr-FR\",\"potentialAction\":[{\"@type\":\"ReadAction\",\"target\":[\"https:\\\/\\\/abc-latina.com\\\/perou\\\/rosario\\\/\"]}]},{\"@type\":\"BreadcrumbList\",\"@id\":\"https:\\\/\\\/abc-latina.com\\\/perou\\\/rosario\\\/#breadcrumb\",\"itemListElement\":[{\"@type\":\"ListItem\",\"position\":1,\"name\":\"Accueil\",\"item\":\"https:\\\/\\\/abc-latina.com\\\/\"},{\"@type\":\"ListItem\",\"position\":2,\"name\":\"VIERGE DU ROSARIO\"}]},{\"@type\":\"WebSite\",\"@id\":\"https:\\\/\\\/abc-latina.com\\\/#website\",\"url\":\"https:\\\/\\\/abc-latina.com\\\/\",\"name\":\"Abc-latina\",\"description\":\"\",\"publisher\":{\"@id\":\"https:\\\/\\\/abc-latina.com\\\/#organization\"},\"potentialAction\":[{\"@type\":\"SearchAction\",\"target\":{\"@type\":\"EntryPoint\",\"urlTemplate\":\"https:\\\/\\\/abc-latina.com\\\/?s={search_term_string}\"},\"query-input\":{\"@type\":\"PropertyValueSpecification\",\"valueRequired\":true,\"valueName\":\"search_term_string\"}}],\"inLanguage\":\"fr-FR\"},{\"@type\":\"Organization\",\"@id\":\"https:\\\/\\\/abc-latina.com\\\/#organization\",\"name\":\"Abc-latina\",\"url\":\"https:\\\/\\\/abc-latina.com\\\/\",\"logo\":{\"@type\":\"ImageObject\",\"inLanguage\":\"fr-FR\",\"@id\":\"https:\\\/\\\/abc-latina.com\\\/#\\\/schema\\\/logo\\\/image\\\/\",\"url\":\"https:\\\/\\\/abc-latina.com\\\/wp-content\\\/uploads\\\/2026\\\/05\\\/cropped-logo.gif\",\"contentUrl\":\"https:\\\/\\\/abc-latina.com\\\/wp-content\\\/uploads\\\/2026\\\/05\\\/cropped-logo.gif\",\"width\":89,\"height\":84,\"caption\":\"Abc-latina\"},\"image\":{\"@id\":\"https:\\\/\\\/abc-latina.com\\\/#\\\/schema\\\/logo\\\/image\\\/\"}}]}<\/script>\n<!-- \/ Yoast SEO plugin. -->","yoast_head_json":{"title":"VIERGE DU ROSARIO - Abc-latina","description":"La f\u00eate p\u00e9ruvienne de la vierge du rosario.","robots":{"index":"index","follow":"follow","max-snippet":"max-snippet:-1","max-image-preview":"max-image-preview:large","max-video-preview":"max-video-preview:-1"},"canonical":"https:\/\/abc-latina.com\/perou\/rosario\/","og_locale":"fr_FR","og_type":"article","og_title":"VIERGE DU ROSARIO - Abc-latina","og_description":"La f\u00eate p\u00e9ruvienne de la vierge du rosario.","og_url":"https:\/\/abc-latina.com\/perou\/rosario\/","og_site_name":"Abc-latina","article_modified_time":"2026-04-30T16:25:16+00:00","twitter_card":"summary_large_image","twitter_misc":{"Dur\u00e9e de lecture estim\u00e9e":"2 minutes"},"schema":{"@context":"https:\/\/schema.org","@graph":[{"@type":"WebPage","@id":"https:\/\/abc-latina.com\/perou\/rosario\/","url":"https:\/\/abc-latina.com\/perou\/rosario\/","name":"VIERGE DU ROSARIO - Abc-latina","isPartOf":{"@id":"https:\/\/abc-latina.com\/#website"},"datePublished":"2010-10-12T17:48:57+00:00","dateModified":"2026-04-30T16:25:16+00:00","description":"La f\u00eate p\u00e9ruvienne de la vierge du rosario.","breadcrumb":{"@id":"https:\/\/abc-latina.com\/perou\/rosario\/#breadcrumb"},"inLanguage":"fr-FR","potentialAction":[{"@type":"ReadAction","target":["https:\/\/abc-latina.com\/perou\/rosario\/"]}]},{"@type":"BreadcrumbList","@id":"https:\/\/abc-latina.com\/perou\/rosario\/#breadcrumb","itemListElement":[{"@type":"ListItem","position":1,"name":"Accueil","item":"https:\/\/abc-latina.com\/"},{"@type":"ListItem","position":2,"name":"VIERGE DU ROSARIO"}]},{"@type":"WebSite","@id":"https:\/\/abc-latina.com\/#website","url":"https:\/\/abc-latina.com\/","name":"Abc-latina","description":"","publisher":{"@id":"https:\/\/abc-latina.com\/#organization"},"potentialAction":[{"@type":"SearchAction","target":{"@type":"EntryPoint","urlTemplate":"https:\/\/abc-latina.com\/?s={search_term_string}"},"query-input":{"@type":"PropertyValueSpecification","valueRequired":true,"valueName":"search_term_string"}}],"inLanguage":"fr-FR"},{"@type":"Organization","@id":"https:\/\/abc-latina.com\/#organization","name":"Abc-latina","url":"https:\/\/abc-latina.com\/","logo":{"@type":"ImageObject","inLanguage":"fr-FR","@id":"https:\/\/abc-latina.com\/#\/schema\/logo\/image\/","url":"https:\/\/abc-latina.com\/wp-content\/uploads\/2026\/05\/cropped-logo.gif","contentUrl":"https:\/\/abc-latina.com\/wp-content\/uploads\/2026\/05\/cropped-logo.gif","width":89,"height":84,"caption":"Abc-latina"},"image":{"@id":"https:\/\/abc-latina.com\/#\/schema\/logo\/image\/"}}]}},"_links":{"self":[{"href":"https:\/\/abc-latina.com\/wp-json\/wp\/v2\/pages\/2361","targetHints":{"allow":["GET"]}}],"collection":[{"href":"https:\/\/abc-latina.com\/wp-json\/wp\/v2\/pages"}],"about":[{"href":"https:\/\/abc-latina.com\/wp-json\/wp\/v2\/types\/page"}],"author":[{"embeddable":true,"href":"https:\/\/abc-latina.com\/wp-json\/wp\/v2\/users\/3"}],"replies":[{"embeddable":true,"href":"https:\/\/abc-latina.com\/wp-json\/wp\/v2\/comments?post=2361"}],"version-history":[{"count":1,"href":"https:\/\/abc-latina.com\/wp-json\/wp\/v2\/pages\/2361\/revisions"}],"predecessor-version":[{"id":3717,"href":"https:\/\/abc-latina.com\/wp-json\/wp\/v2\/pages\/2361\/revisions\/3717"}],"up":[{"embeddable":true,"href":"https:\/\/abc-latina.com\/wp-json\/wp\/v2\/pages\/2118"}],"wp:attachment":[{"href":"https:\/\/abc-latina.com\/wp-json\/wp\/v2\/media?parent=2361"}],"curies":[{"name":"wp","href":"https:\/\/api.w.org\/{rel}","templated":true}]}}