{"id":2410,"date":"2010-10-16T00:48:03","date_gmt":"2010-10-15T22:48:03","guid":{"rendered":"http:\/\/abc-latina.com\/index-htm-10\/"},"modified":"2026-04-30T18:25:18","modified_gmt":"2026-04-30T16:25:18","slug":"regions-peruviennes","status":"publish","type":"page","link":"https:\/\/abc-latina.com\/perou\/regions-peruviennes\/","title":{"rendered":"Les REGIONS PERUVIENNES"},"content":{"rendered":"<div><span class=\"geo-info\">AMAZONAS<\/span><\/div>\n<div>Capitale: Chachapoyas (2.334 m)<\/div>\n<div>Superficie:&nbsp;39 249 km&sup2;<\/div>\n<div>Altitude:<\/div>\n<div>Mini: 230 m (Santa Mar\u00eda de Nieva)<\/div>\n<div>Maxi: 3.952 m (Chuquimbamba)<\/div>\n<div>&nbsp;<\/div>\n<div><span class=\"geo-info\">ANCASH<\/span><\/div>\n<div>Capitale de l&rsquo;\u00e9tat:&nbsp;Huaraz (3.091 m)<\/div>\n<div>Superficie:&nbsp;35.459 km&sup2;<\/div>\n<div>Altitude:<\/div>\n<div>Mini: 4 m (Chimbote)<\/div>\n<div>Maxi: 3.910 m (Shilla)<\/div>\n<div>&nbsp;<\/div>\n<div><span class=\"geo-info\">APURIMAC<\/span><\/div>\n<div>&nbsp;<\/div>\n<div><span class=\"geo-info\">AREQUIPA<\/span><\/div>\n<div>Capitale de l&rsquo;\u00e9tat:&nbsp;Arequipa (2.335 m)&nbsp;<\/div>\n<div>Superficie:&nbsp;63 345 km&sup2;<\/div>\n<div>Altitude:<\/div>\n<div>Mini: 9 m (Punta de Bomb\u00f3n)<\/div>\n<div>Maxi: 4.525 m (San Antonio de Chuca)<\/div>\n<div>&nbsp;<\/div>\n<div><span class=\"geo-info\">AYACUCHO<\/span><\/div>\n<div>Capitale de l&rsquo;\u00e9tat:&nbsp;Ayacucho (2746 m)<\/div>\n<div>Superficie:&nbsp;43 306 km&sup2;<\/div>\n<div>Altitude:<\/div>\n<div>Mini: 1800 m (Otoca)<\/div>\n<div>Maxi: 3645 m (Chalcos)<\/div>\n<div>&nbsp;<\/div>\n<div><span class=\"geo-info\">CUSCO<\/span><\/div>\n<div>Capitale de la r\u00e9gion:&nbsp;Cusco (3360 m)<\/div>\n<div>Superficie:&nbsp;72 104 km&sup2;<\/div>\n<div>Altitude:<\/div>\n<div>Mini: 532 m (Pilcopata)<\/div>\n<div>Maxi: 4.801 m (Suyckutambi)&nbsp;<\/div>\n<div>&nbsp;<\/div>\n<div><span class=\"geo-info\">HUANCAVELICA<\/span><\/div>\n<div>Capitale de l&rsquo;\u00e9tat:&nbsp;Huancavelica (3676 ml)<\/div>\n<div>Superficie:&nbsp;22 133 km&sup2;<\/div>\n<div>Altitude:<\/div>\n<div>Mini: 1.900 m (Ocoyo)<\/div>\n<div>Maxi: 4.475 m (Santa Ana)<\/div>\n<div>&nbsp;<\/div>\n<div><span class=\"geo-info\">HUANUCO<\/span><\/div>\n<div>Capitale de l&rsquo;\u00e9tat:&nbsp;Hu\u00e1nuco (1894 m)<\/div>\n<div>Superficie:&nbsp;37 722 km&sup2;<\/div>\n<div>Altitude:<\/div>\n<div>Mini: 167 m (Honoria)<\/div>\n<div>Maxi: 3.839 m (Pu\u00f1os)<\/div>\n<div>&nbsp;<\/div>\n<div><span class=\"geo-info\">ICA<\/span><\/div>\n<div>&nbsp;<\/div>\n<div><span class=\"geo-info\">JUNIN<\/span><\/div>\n<div>Capitale de l&rsquo;\u00e9tat:&nbsp;Huancayo (3249 m)<\/div>\n<div>Superficie:&nbsp;44 410 km&sup2;<\/div>\n<div>Altitude:<\/div>\n<div>Mini: 313 m (Puerto Prado)<\/div>\n<div>Maxi: 4.505 m (Morococha)<\/div>\n<div>&nbsp;<\/div>\n<div><span class=\"geo-info\">LA LIBERTAD<\/span><\/div>\n<div>Capitale de l&rsquo;\u00e9tat:&nbsp;Trujillo (34 m)<\/div>\n<div>Superficie:&nbsp;25 962 km&sup2;<\/div>\n<div>Altitude:<\/div>\n<div>Mini: 3 m (Salaverry)<\/div>\n<div>Maxi: 4.008 m (Quiruvilca)&nbsp;<\/div>\n<div>&nbsp;<\/div>\n<div><span class=\"geo-info\">LAMBAYEQUE<\/span><\/div>\n<div>Capitale de l&rsquo;\u00e9tat:&nbsp;Chiclayo (29 m)<\/div>\n<div>Superficie:&nbsp;14 213 km&sup2;<\/div>\n<div>Altitude:<\/div>\n<div>Mini: 4 m (Pimentel)<\/div>\n<div>Maxi: 3.078 m (Incahuasi)<\/div>\n<div>&nbsp;<\/div>\n<div><span class=\"geo-info\">MOQUEGUA<\/span><\/div>\n<div>&nbsp;<\/div>\n<div><span class=\"geo-info\">PASCO<\/span><\/div>\n<div>Capitale de l&rsquo;\u00e9tat:&nbsp;Cerro de Pasco (4338 m)<\/div>\n<div>Superficie:&nbsp;25 320 km&sup2;<\/div>\n<div>Altitude:<\/div>\n<div>Mini: 256 m (Puerto Bermudez)<\/div>\n<div>Maxi: 4.380 m (Cajamarquilla)<\/div>\n<div>&nbsp;<\/div>\n<div><span class=\"geo-info\">PIURA<\/span><\/div>\n<div>Capitale de l&rsquo;\u00e9tat:&nbsp;Piura (29 m)<\/div>\n<div>Superficie:&nbsp;35 891 km&sup2;<\/div>\n<div>Altitude:<\/div>\n<div>Mini: 3 m (Paita y Los \u00d3rganos)<\/div>\n<div>Maxi: 2.709 m (Ayabaca)<\/div>\n<div>&nbsp;<\/div>\n<div><span class=\"geo-info\">PUNO<\/span><\/div>\n<div>Capitale de l&rsquo;\u00e9tat:&nbsp;Puno (3.827 m)<\/div>\n<div>Superficie:&nbsp;71 999 km&sup2;<\/div>\n<div>Altitude:<\/div>\n<div>Mini: 820 m (Lanlacuni bajo)<\/div>\n<div>Maxi: 4.725 m (San Antonio de Esquilache)<\/div>\n<div>&nbsp;<\/div>\n<div><span class=\"geo-info\">SAN MARTIN<\/span><\/div>\n<div>Capitale de l&rsquo;\u00e9tat:&nbsp;Moyobamba (874 m)<\/div>\n<div>Superficie:&nbsp;51 253 km&sup2;<\/div>\n<div>Altitude:<\/div>\n<div>Mini: 190 m (Pelejo)<\/div>\n<div>Maxi: 3.080 m (Agua Blanca)<\/div>\n<div>&nbsp;<\/div>\n<div><span class=\"geo-info\">TACNA<\/span><\/div>\n<div>Capitale de l&rsquo;\u00e9tat:&nbsp;Tacna (562 m)<\/div>\n<div>Superficie:&nbsp;16 076 km&sup2;<\/div>\n<div>Altitude:<\/div>\n<div>Mini: 318 m (Ite)<\/div>\n<div>Maxi: 3.415 m (Candarave)<\/div>\n<div>&nbsp;<\/div>\n<div><span class=\"geo-info\">TUMBES<\/span><\/div>\n<div>Capitale de l&rsquo;\u00e9tat:&nbsp;Tumbes (7 m)<\/div>\n<div>Superficie:&nbsp;4 669 km&sup2;<\/div>\n<div>Altitude:<\/div>\n<div>Mini: 5 m (Aguas Verdes)<\/div>\n<div>Maxi: 134 m (Ca\u00f1averal)<\/div>\n<div>&nbsp;<\/div>\n<div><span class=\"geo-info\">UCAYALI<\/span><\/div>\n<div>Capitale de l&rsquo;\u00e9tat:&nbsp;Pucallpa (154 msnm)<\/div>\n<div>Superficie:&nbsp;102 410 km&sup2;<\/div>\n<div>Altitude:<\/div>\n<div>Mini: 135 m (Nueva Requena)<\/div>\n<div>Maxi: 350 m (Esperanza)<\/div>\n","protected":false},"excerpt":{"rendered":"<p>AMAZONAS Capitale: Chachapoyas (2.334 m) Superficie:&nbsp;39 249 km&sup2; Altitude: Mini: 230 m (Santa Mar\u00eda de Nieva) Maxi: 3.952 m (Chuquimbamba) [&hellip;]<\/p>\n","protected":false},"author":3,"featured_media":0,"parent":2118,"menu_order":0,"comment_status":"closed","ping_status":"closed","template":"","meta":{"site-sidebar-layout":"default","site-content-layout":"","ast-site-content-layout":"default","site-content-style":"default","site-sidebar-style":"default","ast-global-header-display":"","ast-banner-title-visibility":"","ast-main-header-display":"","ast-hfb-above-header-display":"","ast-hfb-below-header-display":"","ast-hfb-mobile-header-display":"","site-post-title":"","ast-breadcrumbs-content":"","ast-featured-img":"","footer-sml-layout":"","ast-disable-related-posts":"","theme-transparent-header-meta":"","adv-header-id-meta":"","stick-header-meta":"","header-above-stick-meta":"","header-main-stick-meta":"","header-below-stick-meta":"","astra-migrate-meta-layouts":"default","ast-page-background-enabled":"default","ast-page-background-meta":{"desktop":{"background-color":"var(--ast-global-color-5)","background-image":"","background-repeat":"repeat","background-position":"center center","background-size":"auto","background-attachment":"scroll","background-type":"","background-media":"","overlay-type":"","overlay-color":"","overlay-opacity":"","overlay-gradient":""},"tablet":{"background-color":"","background-image":"","background-repeat":"repeat","background-position":"center center","background-size":"auto","background-attachment":"scroll","background-type":"","background-media":"","overlay-type":"","overlay-color":"","overlay-opacity":"","overlay-gradient":""},"mobile":{"background-color":"","background-image":"","background-repeat":"repeat","background-position":"center center","background-size":"auto","background-attachment":"scroll","background-type":"","background-media":"","overlay-type":"","overlay-color":"","overlay-opacity":"","overlay-gradient":""}},"ast-content-background-meta":{"desktop":{"background-color":"var(--ast-global-color-4)","background-image":"","background-repeat":"repeat","background-position":"center center","background-size":"auto","background-attachment":"scroll","background-type":"","background-media":"","overlay-type":"","overlay-color":"","overlay-opacity":"","overlay-gradient":""},"tablet":{"background-color":"var(--ast-global-color-4)","background-image":"","background-repeat":"repeat","background-position":"center center","background-size":"auto","background-attachment":"scroll","background-type":"","background-media":"","overlay-type":"","overlay-color":"","overlay-opacity":"","overlay-gradient":""},"mobile":{"background-color":"var(--ast-global-color-4)","background-image":"","background-repeat":"repeat","background-position":"center center","background-size":"auto","background-attachment":"scroll","background-type":"","background-media":"","overlay-type":"","overlay-color":"","overlay-opacity":"","overlay-gradient":""}},"footnotes":""},"class_list":["post-2410","page","type-page","status-publish","hentry"],"yoast_head":"<!-- This site is optimized with the Yoast SEO plugin v27.5 - https:\/\/yoast.com\/product\/yoast-seo-wordpress\/ -->\n<title>Les REGIONS PERUVIENNES - Abc-latina<\/title>\n<meta name=\"description\" content=\"Info sur les r\u00e9gions p\u00e9ruviennes. Les r\u00e9gions du P\u00e9rou en d\u00e9tails.\" \/>\n<meta name=\"robots\" content=\"index, follow, max-snippet:-1, max-image-preview:large, max-video-preview:-1\" \/>\n<link rel=\"canonical\" href=\"https:\/\/abc-latina.com\/perou\/regions-peruviennes\/\" \/>\n<meta property=\"og:locale\" content=\"fr_FR\" \/>\n<meta property=\"og:type\" content=\"article\" \/>\n<meta property=\"og:title\" content=\"Les REGIONS PERUVIENNES - Abc-latina\" \/>\n<meta property=\"og:description\" content=\"Info sur les r\u00e9gions p\u00e9ruviennes. Les r\u00e9gions du P\u00e9rou en d\u00e9tails.\" \/>\n<meta property=\"og:url\" content=\"https:\/\/abc-latina.com\/perou\/regions-peruviennes\/\" \/>\n<meta property=\"og:site_name\" content=\"Abc-latina\" \/>\n<meta property=\"article:modified_time\" content=\"2026-04-30T16:25:18+00:00\" \/>\n<meta name=\"twitter:card\" content=\"summary_large_image\" \/>\n<meta name=\"twitter:label1\" content=\"Dur\u00e9e de lecture estim\u00e9e\" \/>\n\t<meta name=\"twitter:data1\" content=\"2 minutes\" \/>\n<script type=\"application\/ld+json\" class=\"yoast-schema-graph\">{\"@context\":\"https:\\\/\\\/schema.org\",\"@graph\":[{\"@type\":\"WebPage\",\"@id\":\"https:\\\/\\\/abc-latina.com\\\/perou\\\/regions-peruviennes\\\/\",\"url\":\"https:\\\/\\\/abc-latina.com\\\/perou\\\/regions-peruviennes\\\/\",\"name\":\"Les REGIONS PERUVIENNES - Abc-latina\",\"isPartOf\":{\"@id\":\"https:\\\/\\\/abc-latina.com\\\/#website\"},\"datePublished\":\"2010-10-15T22:48:03+00:00\",\"dateModified\":\"2026-04-30T16:25:18+00:00\",\"description\":\"Info sur les r\u00e9gions p\u00e9ruviennes. Les r\u00e9gions du P\u00e9rou en d\u00e9tails.\",\"breadcrumb\":{\"@id\":\"https:\\\/\\\/abc-latina.com\\\/perou\\\/regions-peruviennes\\\/#breadcrumb\"},\"inLanguage\":\"fr-FR\",\"potentialAction\":[{\"@type\":\"ReadAction\",\"target\":[\"https:\\\/\\\/abc-latina.com\\\/perou\\\/regions-peruviennes\\\/\"]}]},{\"@type\":\"BreadcrumbList\",\"@id\":\"https:\\\/\\\/abc-latina.com\\\/perou\\\/regions-peruviennes\\\/#breadcrumb\",\"itemListElement\":[{\"@type\":\"ListItem\",\"position\":1,\"name\":\"Accueil\",\"item\":\"https:\\\/\\\/abc-latina.com\\\/\"},{\"@type\":\"ListItem\",\"position\":2,\"name\":\"Les REGIONS PERUVIENNES\"}]},{\"@type\":\"WebSite\",\"@id\":\"https:\\\/\\\/abc-latina.com\\\/#website\",\"url\":\"https:\\\/\\\/abc-latina.com\\\/\",\"name\":\"Abc-latina\",\"description\":\"\",\"publisher\":{\"@id\":\"https:\\\/\\\/abc-latina.com\\\/#organization\"},\"potentialAction\":[{\"@type\":\"SearchAction\",\"target\":{\"@type\":\"EntryPoint\",\"urlTemplate\":\"https:\\\/\\\/abc-latina.com\\\/?s={search_term_string}\"},\"query-input\":{\"@type\":\"PropertyValueSpecification\",\"valueRequired\":true,\"valueName\":\"search_term_string\"}}],\"inLanguage\":\"fr-FR\"},{\"@type\":\"Organization\",\"@id\":\"https:\\\/\\\/abc-latina.com\\\/#organization\",\"name\":\"Abc-latina\",\"url\":\"https:\\\/\\\/abc-latina.com\\\/\",\"logo\":{\"@type\":\"ImageObject\",\"inLanguage\":\"fr-FR\",\"@id\":\"https:\\\/\\\/abc-latina.com\\\/#\\\/schema\\\/logo\\\/image\\\/\",\"url\":\"https:\\\/\\\/abc-latina.com\\\/wp-content\\\/uploads\\\/2026\\\/05\\\/cropped-logo.gif\",\"contentUrl\":\"https:\\\/\\\/abc-latina.com\\\/wp-content\\\/uploads\\\/2026\\\/05\\\/cropped-logo.gif\",\"width\":89,\"height\":84,\"caption\":\"Abc-latina\"},\"image\":{\"@id\":\"https:\\\/\\\/abc-latina.com\\\/#\\\/schema\\\/logo\\\/image\\\/\"}}]}<\/script>\n<!-- \/ Yoast SEO plugin. -->","yoast_head_json":{"title":"Les REGIONS PERUVIENNES - Abc-latina","description":"Info sur les r\u00e9gions p\u00e9ruviennes. Les r\u00e9gions du P\u00e9rou en d\u00e9tails.","robots":{"index":"index","follow":"follow","max-snippet":"max-snippet:-1","max-image-preview":"max-image-preview:large","max-video-preview":"max-video-preview:-1"},"canonical":"https:\/\/abc-latina.com\/perou\/regions-peruviennes\/","og_locale":"fr_FR","og_type":"article","og_title":"Les REGIONS PERUVIENNES - Abc-latina","og_description":"Info sur les r\u00e9gions p\u00e9ruviennes. Les r\u00e9gions du P\u00e9rou en d\u00e9tails.","og_url":"https:\/\/abc-latina.com\/perou\/regions-peruviennes\/","og_site_name":"Abc-latina","article_modified_time":"2026-04-30T16:25:18+00:00","twitter_card":"summary_large_image","twitter_misc":{"Dur\u00e9e de lecture estim\u00e9e":"2 minutes"},"schema":{"@context":"https:\/\/schema.org","@graph":[{"@type":"WebPage","@id":"https:\/\/abc-latina.com\/perou\/regions-peruviennes\/","url":"https:\/\/abc-latina.com\/perou\/regions-peruviennes\/","name":"Les REGIONS PERUVIENNES - Abc-latina","isPartOf":{"@id":"https:\/\/abc-latina.com\/#website"},"datePublished":"2010-10-15T22:48:03+00:00","dateModified":"2026-04-30T16:25:18+00:00","description":"Info sur les r\u00e9gions p\u00e9ruviennes. Les r\u00e9gions du P\u00e9rou en d\u00e9tails.","breadcrumb":{"@id":"https:\/\/abc-latina.com\/perou\/regions-peruviennes\/#breadcrumb"},"inLanguage":"fr-FR","potentialAction":[{"@type":"ReadAction","target":["https:\/\/abc-latina.com\/perou\/regions-peruviennes\/"]}]},{"@type":"BreadcrumbList","@id":"https:\/\/abc-latina.com\/perou\/regions-peruviennes\/#breadcrumb","itemListElement":[{"@type":"ListItem","position":1,"name":"Accueil","item":"https:\/\/abc-latina.com\/"},{"@type":"ListItem","position":2,"name":"Les REGIONS PERUVIENNES"}]},{"@type":"WebSite","@id":"https:\/\/abc-latina.com\/#website","url":"https:\/\/abc-latina.com\/","name":"Abc-latina","description":"","publisher":{"@id":"https:\/\/abc-latina.com\/#organization"},"potentialAction":[{"@type":"SearchAction","target":{"@type":"EntryPoint","urlTemplate":"https:\/\/abc-latina.com\/?s={search_term_string}"},"query-input":{"@type":"PropertyValueSpecification","valueRequired":true,"valueName":"search_term_string"}}],"inLanguage":"fr-FR"},{"@type":"Organization","@id":"https:\/\/abc-latina.com\/#organization","name":"Abc-latina","url":"https:\/\/abc-latina.com\/","logo":{"@type":"ImageObject","inLanguage":"fr-FR","@id":"https:\/\/abc-latina.com\/#\/schema\/logo\/image\/","url":"https:\/\/abc-latina.com\/wp-content\/uploads\/2026\/05\/cropped-logo.gif","contentUrl":"https:\/\/abc-latina.com\/wp-content\/uploads\/2026\/05\/cropped-logo.gif","width":89,"height":84,"caption":"Abc-latina"},"image":{"@id":"https:\/\/abc-latina.com\/#\/schema\/logo\/image\/"}}]}},"_links":{"self":[{"href":"https:\/\/abc-latina.com\/wp-json\/wp\/v2\/pages\/2410","targetHints":{"allow":["GET"]}}],"collection":[{"href":"https:\/\/abc-latina.com\/wp-json\/wp\/v2\/pages"}],"about":[{"href":"https:\/\/abc-latina.com\/wp-json\/wp\/v2\/types\/page"}],"author":[{"embeddable":true,"href":"https:\/\/abc-latina.com\/wp-json\/wp\/v2\/users\/3"}],"replies":[{"embeddable":true,"href":"https:\/\/abc-latina.com\/wp-json\/wp\/v2\/comments?post=2410"}],"version-history":[{"count":1,"href":"https:\/\/abc-latina.com\/wp-json\/wp\/v2\/pages\/2410\/revisions"}],"predecessor-version":[{"id":3748,"href":"https:\/\/abc-latina.com\/wp-json\/wp\/v2\/pages\/2410\/revisions\/3748"}],"up":[{"embeddable":true,"href":"https:\/\/abc-latina.com\/wp-json\/wp\/v2\/pages\/2118"}],"wp:attachment":[{"href":"https:\/\/abc-latina.com\/wp-json\/wp\/v2\/media?parent=2410"}],"curies":[{"name":"wp","href":"https:\/\/api.w.org\/{rel}","templated":true}]}}