{"id":2428,"date":"2010-10-18T22:50:21","date_gmt":"2010-10-18T20:50:21","guid":{"rendered":"http:\/\/abc-latina.com\/index-htm-14\/"},"modified":"2026-04-30T18:24:52","modified_gmt":"2026-04-30T16:24:52","slug":"index","status":"publish","type":"page","link":"https:\/\/abc-latina.com\/index\/","title":{"rendered":"TOURISME SPORTIF au BRESIL"},"content":{"rendered":"<p><span class=\"tourisme-chapitre\">Le surf au Br\u00e9sil&nbsp;<\/span><\/p>\n<p><img loading=\"lazy\" decoding=\"async\" class=\" alignright size-full wp-image-2411\" src=\"http:\/\/abc-latina.com\/wp-content\/uploads\/2010\/10\/tourisme-sportif.jpg\" title=\"TOURISME SPORTIF au BRESIL\" alt=\"\" width=\"220\" vspace=\"9\" hspace=\"15\" height=\"220\" align=\"right\" srcset=\"https:\/\/abc-latina.com\/wp-content\/uploads\/2010\/10\/tourisme-sportif.jpg 220w, https:\/\/abc-latina.com\/wp-content\/uploads\/2010\/10\/tourisme-sportif-150x150.jpg 150w\" sizes=\"auto, (max-width: 220px) 100vw, 220px\" \/>Le surf, arriv\u00e9 au Br\u00e9sil dans les ann\u00e9es 30, sur les plages de Santos, offre aujourd&rsquo;hui plusieurs plages parmi les meilleures du monde. Une qui se distingue est celle de Fernando de Noronha, archipel aux vagues parfaites et tubulaires &hellip;<br \/>[<a href=\"https:\/\/www.abc-latina.com\/bresil\/tourisme\/surf\">En savoir plus<\/a>]<\/p>\n<div><span class=\"tourisme-chapitre\">La plong\u00e9e sous-marine<\/span><\/div>\n<div>Les sites de &nbsp;plong\u00e9e ne manquent pas au Br\u00e9sil<\/div>\n<div>[<a href=\"https:\/\/www.abc-latina.com\/bresil\/tourisme\/plongee\">En savoir plus<\/a>]<\/div>\n<div>&nbsp;<\/div>\n<div><span class=\"tourisme-chapitre\">La p\u00eache sportive<\/span><\/div>\n<div>Dans des fleuves et rivi\u00e8res d&rsquo;Amazonie et du Pantanal, le Br\u00e9sil concentre la plus grande vari\u00e9t\u00e9 de poissons du monde.<\/div>\n<div>Quant \u00e0 la p\u00eache oc\u00e9anique, le br\u00e9sil offre plus de 8 mille kilom\u00e8tres de littoral, on y trouve en nombre : espadons, xar\u00e9us, marlins et wahoos.<\/div>\n<div>[<a href=\"https:\/\/www.abc-latina.com\/bresil\/tourisme\/peche_sportive\">En savoir plus<\/a>]<\/div>\n<div>&nbsp;<\/div>\n<div><span class=\"tourisme-chapitre\">Les sports nautiques<\/span><\/div>\n<div>Des vents forts, des centaines de lacs et plus de 8 mille km de littoral, voil\u00e0 ce que le Br\u00e9sil a \u00e0 offrir aux navigateurs du monde entier.<\/div>\n<div>[<a href=\"https:\/\/www.abc-latina.com\/bresil\/tourisme\/sports_nautiques\">En savoir plus<\/a>]<\/div>\n<div>&nbsp;<\/div>\n<div><span class=\"tourisme-chapitre\">Le canyonisme<\/span><\/div>\n<div>Aujourd&rsquo;hui, le Br\u00e9sil est entre les 10 principales destinations pour la pratique du canyoning dans le monde entier. Sur presque tout le territoire national il est possible de rencontrer d&rsquo;excellents endroits pour le pratiquer.<\/div>\n<div>[<a href=\"https:\/\/www.abc-latina.com\/bresil\/tourisme\/canyonisme\">En savoir plus<\/a>]<\/div>\n<div>&nbsp;<\/div>\n<div><span class=\"tourisme-chapitre\">Le Rafting<\/span><\/div>\n<div>Le rafting trouve au Br\u00e9sil de bonnes conditions pour sa pratique. L&rsquo;hydrographie du pays offre plusieurs rivi\u00e8res avec divers niveaux de difficult\u00e9s.<\/div>\n<div>[<a href=\"https:\/\/www.abc-latina.com\/bresil\/tourisme\/canotage\">En savoir plus<\/a>]<\/div>\n<div>&nbsp;<\/div>\n<div><span class=\"tourisme-chapitre\">Le trek au Br\u00e9sil<\/span><\/div>\n<div>Le pays offre sur diff\u00e9rents types de terrains, de sc\u00e9narios et de degr\u00e9s de difficult\u00e9 la possibilit\u00e9 de pratiquer le trekking.<\/div>\n<div>[<a href=\"https:\/\/www.abc-latina.com\/bresil\/tourisme\/trekking\">En savoir plus<\/a>]<\/div>\n<div>&nbsp;<\/div>\n<div><span class=\"tourisme-chapitre\">Le vol libre<\/span><\/div>\n<div>Il y a plus de 180 lieux pour la pratique du vol libre en deltaplane et parapente au Br\u00e9sil. Les bonnes conditions climatiques li\u00e9es au relief du pays, offre quantit\u00e9 de sites sur tout le territoire br\u00e9silien.<\/div>\n<div>[<a href=\"https:\/\/www.abc-latina.com\/bresil\/tourisme\/vol_libre\">En savoir plus<\/a>]<\/div>\n<div>&nbsp;<\/div>\n<div><span class=\"tourisme-chapitre\">Le golf<\/span><\/div>\n<div>En pleine progression, le golf offre de plus en plus de parcours sur l&rsquo;ensemble du territoire.&nbsp;<\/div>\n<div>[<a href=\"https:\/\/www.abc-latina.com\/bresil\/tourisme\/golf\">En savoir plus<\/a>]<\/div>\n","protected":false},"excerpt":{"rendered":"<p>Le surf au Br\u00e9sil&nbsp; Le surf, arriv\u00e9 au Br\u00e9sil dans les ann\u00e9es 30, sur les plages de Santos, offre aujourd&rsquo;hui [&hellip;]<\/p>\n","protected":false},"author":3,"featured_media":2411,"parent":0,"menu_order":0,"comment_status":"closed","ping_status":"closed","template":"","meta":{"site-sidebar-layout":"default","site-content-layout":"","ast-site-content-layout":"default","site-content-style":"default","site-sidebar-style":"default","ast-global-header-display":"","ast-banner-title-visibility":"","ast-main-header-display":"","ast-hfb-above-header-display":"","ast-hfb-below-header-display":"","ast-hfb-mobile-header-display":"","site-post-title":"","ast-breadcrumbs-content":"","ast-featured-img":"","footer-sml-layout":"","ast-disable-related-posts":"","theme-transparent-header-meta":"","adv-header-id-meta":"","stick-header-meta":"","header-above-stick-meta":"","header-main-stick-meta":"","header-below-stick-meta":"","astra-migrate-meta-layouts":"default","ast-page-background-enabled":"default","ast-page-background-meta":{"desktop":{"background-color":"var(--ast-global-color-5)","background-image":"","background-repeat":"repeat","background-position":"center center","background-size":"auto","background-attachment":"scroll","background-type":"","background-media":"","overlay-type":"","overlay-color":"","overlay-opacity":"","overlay-gradient":""},"tablet":{"background-color":"","background-image":"","background-repeat":"repeat","background-position":"center center","background-size":"auto","background-attachment":"scroll","background-type":"","background-media":"","overlay-type":"","overlay-color":"","overlay-opacity":"","overlay-gradient":""},"mobile":{"background-color":"","background-image":"","background-repeat":"repeat","background-position":"center center","background-size":"auto","background-attachment":"scroll","background-type":"","background-media":"","overlay-type":"","overlay-color":"","overlay-opacity":"","overlay-gradient":""}},"ast-content-background-meta":{"desktop":{"background-color":"var(--ast-global-color-4)","background-image":"","background-repeat":"repeat","background-position":"center center","background-size":"auto","background-attachment":"scroll","background-type":"","background-media":"","overlay-type":"","overlay-color":"","overlay-opacity":"","overlay-gradient":""},"tablet":{"background-color":"var(--ast-global-color-4)","background-image":"","background-repeat":"repeat","background-position":"center center","background-size":"auto","background-attachment":"scroll","background-type":"","background-media":"","overlay-type":"","overlay-color":"","overlay-opacity":"","overlay-gradient":""},"mobile":{"background-color":"var(--ast-global-color-4)","background-image":"","background-repeat":"repeat","background-position":"center center","background-size":"auto","background-attachment":"scroll","background-type":"","background-media":"","overlay-type":"","overlay-color":"","overlay-opacity":"","overlay-gradient":""}},"footnotes":""},"class_list":["post-2428","page","type-page","status-publish","has-post-thumbnail","hentry"],"yoast_head":"<!-- This site is optimized with the Yoast SEO plugin v27.5 - https:\/\/yoast.com\/product\/yoast-seo-wordpress\/ -->\n<title>TOURISME SPORTIF au BRESIL - Abc-latina<\/title>\n<meta name=\"description\" content=\"Le tourisme sportif et th\u00e9matique au Br\u00e9sil.\" \/>\n<meta name=\"robots\" content=\"index, follow, max-snippet:-1, max-image-preview:large, max-video-preview:-1\" \/>\n<link rel=\"canonical\" href=\"https:\/\/abc-latina.com\/index\/\" \/>\n<meta property=\"og:locale\" content=\"fr_FR\" \/>\n<meta property=\"og:type\" content=\"article\" \/>\n<meta property=\"og:title\" content=\"TOURISME SPORTIF au BRESIL - Abc-latina\" \/>\n<meta property=\"og:description\" content=\"Le tourisme sportif et th\u00e9matique au Br\u00e9sil.\" \/>\n<meta property=\"og:url\" content=\"https:\/\/abc-latina.com\/index\/\" \/>\n<meta property=\"og:site_name\" content=\"Abc-latina\" \/>\n<meta property=\"article:modified_time\" content=\"2026-04-30T16:24:52+00:00\" \/>\n<meta property=\"og:image\" content=\"https:\/\/abc-latina.com\/wp-content\/uploads\/2010\/10\/tourisme-sportif.jpg\" \/>\n\t<meta property=\"og:image:width\" content=\"220\" \/>\n\t<meta property=\"og:image:height\" content=\"220\" \/>\n\t<meta property=\"og:image:type\" content=\"image\/jpeg\" \/>\n<meta name=\"twitter:card\" content=\"summary_large_image\" \/>\n<meta name=\"twitter:label1\" content=\"Dur\u00e9e de lecture estim\u00e9e\" \/>\n\t<meta name=\"twitter:data1\" content=\"2 minutes\" \/>\n<script type=\"application\/ld+json\" class=\"yoast-schema-graph\">{\"@context\":\"https:\\\/\\\/schema.org\",\"@graph\":[{\"@type\":\"WebPage\",\"@id\":\"https:\\\/\\\/abc-latina.com\\\/index\\\/\",\"url\":\"https:\\\/\\\/abc-latina.com\\\/index\\\/\",\"name\":\"TOURISME SPORTIF au BRESIL - Abc-latina\",\"isPartOf\":{\"@id\":\"https:\\\/\\\/abc-latina.com\\\/#website\"},\"primaryImageOfPage\":{\"@id\":\"https:\\\/\\\/abc-latina.com\\\/index\\\/#primaryimage\"},\"image\":{\"@id\":\"https:\\\/\\\/abc-latina.com\\\/index\\\/#primaryimage\"},\"thumbnailUrl\":\"https:\\\/\\\/abc-latina.com\\\/wp-content\\\/uploads\\\/2010\\\/10\\\/tourisme-sportif.jpg\",\"datePublished\":\"2010-10-18T20:50:21+00:00\",\"dateModified\":\"2026-04-30T16:24:52+00:00\",\"description\":\"Le tourisme sportif et th\u00e9matique au Br\u00e9sil.\",\"breadcrumb\":{\"@id\":\"https:\\\/\\\/abc-latina.com\\\/index\\\/#breadcrumb\"},\"inLanguage\":\"fr-FR\",\"potentialAction\":[{\"@type\":\"ReadAction\",\"target\":[\"https:\\\/\\\/abc-latina.com\\\/index\\\/\"]}]},{\"@type\":\"ImageObject\",\"inLanguage\":\"fr-FR\",\"@id\":\"https:\\\/\\\/abc-latina.com\\\/index\\\/#primaryimage\",\"url\":\"https:\\\/\\\/abc-latina.com\\\/wp-content\\\/uploads\\\/2010\\\/10\\\/tourisme-sportif.jpg\",\"contentUrl\":\"https:\\\/\\\/abc-latina.com\\\/wp-content\\\/uploads\\\/2010\\\/10\\\/tourisme-sportif.jpg\",\"width\":220,\"height\":220},{\"@type\":\"BreadcrumbList\",\"@id\":\"https:\\\/\\\/abc-latina.com\\\/index\\\/#breadcrumb\",\"itemListElement\":[{\"@type\":\"ListItem\",\"position\":1,\"name\":\"Accueil\",\"item\":\"https:\\\/\\\/abc-latina.com\\\/\"},{\"@type\":\"ListItem\",\"position\":2,\"name\":\"TOURISME SPORTIF au BRESIL\"}]},{\"@type\":\"WebSite\",\"@id\":\"https:\\\/\\\/abc-latina.com\\\/#website\",\"url\":\"https:\\\/\\\/abc-latina.com\\\/\",\"name\":\"Abc-latina\",\"description\":\"\",\"publisher\":{\"@id\":\"https:\\\/\\\/abc-latina.com\\\/#organization\"},\"potentialAction\":[{\"@type\":\"SearchAction\",\"target\":{\"@type\":\"EntryPoint\",\"urlTemplate\":\"https:\\\/\\\/abc-latina.com\\\/?s={search_term_string}\"},\"query-input\":{\"@type\":\"PropertyValueSpecification\",\"valueRequired\":true,\"valueName\":\"search_term_string\"}}],\"inLanguage\":\"fr-FR\"},{\"@type\":\"Organization\",\"@id\":\"https:\\\/\\\/abc-latina.com\\\/#organization\",\"name\":\"Abc-latina\",\"url\":\"https:\\\/\\\/abc-latina.com\\\/\",\"logo\":{\"@type\":\"ImageObject\",\"inLanguage\":\"fr-FR\",\"@id\":\"https:\\\/\\\/abc-latina.com\\\/#\\\/schema\\\/logo\\\/image\\\/\",\"url\":\"https:\\\/\\\/abc-latina.com\\\/wp-content\\\/uploads\\\/2026\\\/05\\\/cropped-logo.gif\",\"contentUrl\":\"https:\\\/\\\/abc-latina.com\\\/wp-content\\\/uploads\\\/2026\\\/05\\\/cropped-logo.gif\",\"width\":89,\"height\":84,\"caption\":\"Abc-latina\"},\"image\":{\"@id\":\"https:\\\/\\\/abc-latina.com\\\/#\\\/schema\\\/logo\\\/image\\\/\"}}]}<\/script>\n<!-- \/ Yoast SEO plugin. -->","yoast_head_json":{"title":"TOURISME SPORTIF au BRESIL - Abc-latina","description":"Le tourisme sportif et th\u00e9matique au Br\u00e9sil.","robots":{"index":"index","follow":"follow","max-snippet":"max-snippet:-1","max-image-preview":"max-image-preview:large","max-video-preview":"max-video-preview:-1"},"canonical":"https:\/\/abc-latina.com\/index\/","og_locale":"fr_FR","og_type":"article","og_title":"TOURISME SPORTIF au BRESIL - Abc-latina","og_description":"Le tourisme sportif et th\u00e9matique au Br\u00e9sil.","og_url":"https:\/\/abc-latina.com\/index\/","og_site_name":"Abc-latina","article_modified_time":"2026-04-30T16:24:52+00:00","og_image":[{"width":220,"height":220,"url":"https:\/\/abc-latina.com\/wp-content\/uploads\/2010\/10\/tourisme-sportif.jpg","type":"image\/jpeg"}],"twitter_card":"summary_large_image","twitter_misc":{"Dur\u00e9e de lecture estim\u00e9e":"2 minutes"},"schema":{"@context":"https:\/\/schema.org","@graph":[{"@type":"WebPage","@id":"https:\/\/abc-latina.com\/index\/","url":"https:\/\/abc-latina.com\/index\/","name":"TOURISME SPORTIF au BRESIL - Abc-latina","isPartOf":{"@id":"https:\/\/abc-latina.com\/#website"},"primaryImageOfPage":{"@id":"https:\/\/abc-latina.com\/index\/#primaryimage"},"image":{"@id":"https:\/\/abc-latina.com\/index\/#primaryimage"},"thumbnailUrl":"https:\/\/abc-latina.com\/wp-content\/uploads\/2010\/10\/tourisme-sportif.jpg","datePublished":"2010-10-18T20:50:21+00:00","dateModified":"2026-04-30T16:24:52+00:00","description":"Le tourisme sportif et th\u00e9matique au Br\u00e9sil.","breadcrumb":{"@id":"https:\/\/abc-latina.com\/index\/#breadcrumb"},"inLanguage":"fr-FR","potentialAction":[{"@type":"ReadAction","target":["https:\/\/abc-latina.com\/index\/"]}]},{"@type":"ImageObject","inLanguage":"fr-FR","@id":"https:\/\/abc-latina.com\/index\/#primaryimage","url":"https:\/\/abc-latina.com\/wp-content\/uploads\/2010\/10\/tourisme-sportif.jpg","contentUrl":"https:\/\/abc-latina.com\/wp-content\/uploads\/2010\/10\/tourisme-sportif.jpg","width":220,"height":220},{"@type":"BreadcrumbList","@id":"https:\/\/abc-latina.com\/index\/#breadcrumb","itemListElement":[{"@type":"ListItem","position":1,"name":"Accueil","item":"https:\/\/abc-latina.com\/"},{"@type":"ListItem","position":2,"name":"TOURISME SPORTIF au BRESIL"}]},{"@type":"WebSite","@id":"https:\/\/abc-latina.com\/#website","url":"https:\/\/abc-latina.com\/","name":"Abc-latina","description":"","publisher":{"@id":"https:\/\/abc-latina.com\/#organization"},"potentialAction":[{"@type":"SearchAction","target":{"@type":"EntryPoint","urlTemplate":"https:\/\/abc-latina.com\/?s={search_term_string}"},"query-input":{"@type":"PropertyValueSpecification","valueRequired":true,"valueName":"search_term_string"}}],"inLanguage":"fr-FR"},{"@type":"Organization","@id":"https:\/\/abc-latina.com\/#organization","name":"Abc-latina","url":"https:\/\/abc-latina.com\/","logo":{"@type":"ImageObject","inLanguage":"fr-FR","@id":"https:\/\/abc-latina.com\/#\/schema\/logo\/image\/","url":"https:\/\/abc-latina.com\/wp-content\/uploads\/2026\/05\/cropped-logo.gif","contentUrl":"https:\/\/abc-latina.com\/wp-content\/uploads\/2026\/05\/cropped-logo.gif","width":89,"height":84,"caption":"Abc-latina"},"image":{"@id":"https:\/\/abc-latina.com\/#\/schema\/logo\/image\/"}}]}},"_links":{"self":[{"href":"https:\/\/abc-latina.com\/wp-json\/wp\/v2\/pages\/2428","targetHints":{"allow":["GET"]}}],"collection":[{"href":"https:\/\/abc-latina.com\/wp-json\/wp\/v2\/pages"}],"about":[{"href":"https:\/\/abc-latina.com\/wp-json\/wp\/v2\/types\/page"}],"author":[{"embeddable":true,"href":"https:\/\/abc-latina.com\/wp-json\/wp\/v2\/users\/3"}],"replies":[{"embeddable":true,"href":"https:\/\/abc-latina.com\/wp-json\/wp\/v2\/comments?post=2428"}],"version-history":[{"count":2,"href":"https:\/\/abc-latina.com\/wp-json\/wp\/v2\/pages\/2428\/revisions"}],"predecessor-version":[{"id":3214,"href":"https:\/\/abc-latina.com\/wp-json\/wp\/v2\/pages\/2428\/revisions\/3214"}],"wp:featuredmedia":[{"embeddable":true,"href":"https:\/\/abc-latina.com\/wp-json\/wp\/v2\/media\/2411"}],"wp:attachment":[{"href":"https:\/\/abc-latina.com\/wp-json\/wp\/v2\/media?parent=2428"}],"curies":[{"name":"wp","href":"https:\/\/api.w.org\/{rel}","templated":true}]}}