{"id":2460,"date":"2010-10-25T20:30:56","date_gmt":"2010-10-25T18:30:56","guid":{"rendered":"http:\/\/abc-latina.com\/surf-htm-4\/"},"modified":"2026-04-30T18:24:43","modified_gmt":"2026-04-30T16:24:43","slug":"surf","status":"publish","type":"page","link":"https:\/\/abc-latina.com\/index\/surf\/","title":{"rendered":"Le SURF en AMERIQUE LATINE"},"content":{"rendered":"<p><img loading=\"lazy\" decoding=\"async\" class=\" alignright size-full wp-image-1856\" src=\"http:\/\/abc-latina.com\/wp-content\/uploads\/2010\/07\/surf.jpg\" title=\"SURF en AMERIQUE LATINE\" alt=\"SURF en AMERIQUE LATINE\" width=\"220\" vspace=\"9\" hspace=\"15\" height=\"220\" align=\"right\" srcset=\"https:\/\/abc-latina.com\/wp-content\/uploads\/2010\/07\/surf.jpg 220w, https:\/\/abc-latina.com\/wp-content\/uploads\/2010\/07\/surf-150x150.jpg 150w\" sizes=\"auto, (max-width: 220px) 100vw, 220px\" \/><\/p>\n<p>&nbsp;<\/p>\n<p>Le continent latino-am\u00e9ricain est riche en lieux propices \u00e0 la pratique du <span class=\"tourisme-chapitre\">surf<\/span>.<\/p>\n<p>&nbsp;<\/p>\n<p>&nbsp;<\/p>\n<p>&nbsp;<\/p>\n<p>&nbsp;<\/p>\n<p>&nbsp;<\/p>\n<p><span class=\"tourisme-chapitre\">BRESIL<\/span><br \/> Le Surf est arriv\u00e9 au Br\u00e9sil dans les ann\u00e9es 30, sur les plages de Santos, littoral de l&rsquo;\u00c9tat de S\u00e3o Paulo; et aujourd&rsquo;hui, il fait que des adeptes du monde entier d\u00e9barquent ici, \u00e0 la recherche de la vague parfaite.<br \/> [<a href=\"https:\/\/www.abc-latina.com\/bresil\/tourisme\/surf\">en savoir plus<\/a>]<\/p>\n<p>&nbsp;<\/p>\n<p><span class=\"tourisme-chapitre\">PEROU<br \/><\/span>Les vagues p\u00e9ruviennes sont de nos jours tr\u00e8s renomm\u00e9es dans le monde entier. Quelques uns de ces d\u00e9ferlements (comme ceux qui ont lieu \u00e0 Punta Rocas, au sud de Lima, ou Cabo Blanco, au nord du P\u00e9rou) font partie du tour mondial de ce sport.<br \/> [<a href=\"https:\/\/www.abc-latina.com\/perou\/tourisme\/surf\">en savoir plus<\/a>]<\/p>\n<p>&nbsp;<\/p>\n<p><span class=\"tourisme-chapitre\">MEXIQUE<\/span><br \/> De nombreuses plages sont id\u00e9ales pour la pratique des sports aquatiques et bien s\u00fbr pour les amateurs de surf. Les gens qui viennent au Mexique avec l&rsquo;intention de pratiquer le surf, sont surpris des choix multiples qui leur sont offerts dans les diff\u00e9rents sites des c\u00f4tes mexicaines.<br \/> [<a href=\"https:\/\/www.abc-latina.com\/mexique\/tourisme\/surf\">en savoir plus<\/a>]<\/p>\n<p>&nbsp;<\/p>\n<p><span class=\"tourisme-chapitre\">COSTA RICA<\/span><br \/> Le Costa Rica jouit d&rsquo;une bonne r\u00e9putation aupr\u00e8s des surfeurs. Le pays offre tant aux surfeurs exp\u00e9riment\u00e9s qu&rsquo;\u00e0 ceux qui le pratique plus occasionnellement un choix de spots qui conviendra \u00e0 chacun.<br \/> Le Costa Rica offre plus de 1.200 kilom\u00e8tres de c\u00f4tes, et cela sur deux oc\u00e9ans.<br \/> [<a href=\"https:\/\/www.abc-latina.com\/costarica\/tourisme\/surf.php\">en savoir plus<\/a>]<\/p>\n","protected":false},"excerpt":{"rendered":"<p>&nbsp; Le continent latino-am\u00e9ricain est riche en lieux propices \u00e0 la pratique du surf. &nbsp; &nbsp; &nbsp; &nbsp; &nbsp; BRESIL [&hellip;]<\/p>\n","protected":false},"author":3,"featured_media":1856,"parent":2464,"menu_order":0,"comment_status":"closed","ping_status":"closed","template":"","meta":{"site-sidebar-layout":"default","site-content-layout":"","ast-site-content-layout":"default","site-content-style":"default","site-sidebar-style":"default","ast-global-header-display":"","ast-banner-title-visibility":"","ast-main-header-display":"","ast-hfb-above-header-display":"","ast-hfb-below-header-display":"","ast-hfb-mobile-header-display":"","site-post-title":"","ast-breadcrumbs-content":"","ast-featured-img":"","footer-sml-layout":"","ast-disable-related-posts":"","theme-transparent-header-meta":"","adv-header-id-meta":"","stick-header-meta":"","header-above-stick-meta":"","header-main-stick-meta":"","header-below-stick-meta":"","astra-migrate-meta-layouts":"default","ast-page-background-enabled":"default","ast-page-background-meta":{"desktop":{"background-color":"var(--ast-global-color-5)","background-image":"","background-repeat":"repeat","background-position":"center center","background-size":"auto","background-attachment":"scroll","background-type":"","background-media":"","overlay-type":"","overlay-color":"","overlay-opacity":"","overlay-gradient":""},"tablet":{"background-color":"","background-image":"","background-repeat":"repeat","background-position":"center center","background-size":"auto","background-attachment":"scroll","background-type":"","background-media":"","overlay-type":"","overlay-color":"","overlay-opacity":"","overlay-gradient":""},"mobile":{"background-color":"","background-image":"","background-repeat":"repeat","background-position":"center center","background-size":"auto","background-attachment":"scroll","background-type":"","background-media":"","overlay-type":"","overlay-color":"","overlay-opacity":"","overlay-gradient":""}},"ast-content-background-meta":{"desktop":{"background-color":"var(--ast-global-color-4)","background-image":"","background-repeat":"repeat","background-position":"center center","background-size":"auto","background-attachment":"scroll","background-type":"","background-media":"","overlay-type":"","overlay-color":"","overlay-opacity":"","overlay-gradient":""},"tablet":{"background-color":"var(--ast-global-color-4)","background-image":"","background-repeat":"repeat","background-position":"center center","background-size":"auto","background-attachment":"scroll","background-type":"","background-media":"","overlay-type":"","overlay-color":"","overlay-opacity":"","overlay-gradient":""},"mobile":{"background-color":"var(--ast-global-color-4)","background-image":"","background-repeat":"repeat","background-position":"center center","background-size":"auto","background-attachment":"scroll","background-type":"","background-media":"","overlay-type":"","overlay-color":"","overlay-opacity":"","overlay-gradient":""}},"footnotes":""},"class_list":["post-2460","page","type-page","status-publish","has-post-thumbnail","hentry"],"yoast_head":"<!-- This site is optimized with the Yoast SEO plugin v27.5 - https:\/\/yoast.com\/product\/yoast-seo-wordpress\/ -->\n<title>Le SURF en AMERIQUE LATINE - Abc-latina<\/title>\n<meta name=\"description\" content=\"O\u00f9 pratiquer le surf en Am\u00e9rique latine ? Les bons pays, les meilleurs spots.\" \/>\n<meta name=\"robots\" content=\"index, follow, max-snippet:-1, max-image-preview:large, max-video-preview:-1\" \/>\n<link rel=\"canonical\" href=\"https:\/\/abc-latina.com\/index\/surf\/\" \/>\n<meta property=\"og:locale\" content=\"fr_FR\" \/>\n<meta property=\"og:type\" content=\"article\" \/>\n<meta property=\"og:title\" content=\"Le SURF en AMERIQUE LATINE - Abc-latina\" \/>\n<meta property=\"og:description\" content=\"O\u00f9 pratiquer le surf en Am\u00e9rique latine ? Les bons pays, les meilleurs spots.\" \/>\n<meta property=\"og:url\" content=\"https:\/\/abc-latina.com\/index\/surf\/\" \/>\n<meta property=\"og:site_name\" content=\"Abc-latina\" \/>\n<meta property=\"article:modified_time\" content=\"2026-04-30T16:24:43+00:00\" \/>\n<meta property=\"og:image\" content=\"https:\/\/abc-latina.com\/wp-content\/uploads\/2010\/07\/surf.jpg\" \/>\n\t<meta property=\"og:image:width\" content=\"220\" \/>\n\t<meta property=\"og:image:height\" content=\"220\" \/>\n\t<meta property=\"og:image:type\" content=\"image\/jpeg\" \/>\n<meta name=\"twitter:card\" content=\"summary_large_image\" \/>\n<meta name=\"twitter:label1\" content=\"Dur\u00e9e de lecture estim\u00e9e\" \/>\n\t<meta name=\"twitter:data1\" content=\"1 minute\" \/>\n<script type=\"application\/ld+json\" class=\"yoast-schema-graph\">{\"@context\":\"https:\\\/\\\/schema.org\",\"@graph\":[{\"@type\":\"WebPage\",\"@id\":\"https:\\\/\\\/abc-latina.com\\\/index\\\/surf\\\/\",\"url\":\"https:\\\/\\\/abc-latina.com\\\/index\\\/surf\\\/\",\"name\":\"Le SURF en AMERIQUE LATINE - Abc-latina\",\"isPartOf\":{\"@id\":\"https:\\\/\\\/abc-latina.com\\\/#website\"},\"primaryImageOfPage\":{\"@id\":\"https:\\\/\\\/abc-latina.com\\\/index\\\/surf\\\/#primaryimage\"},\"image\":{\"@id\":\"https:\\\/\\\/abc-latina.com\\\/index\\\/surf\\\/#primaryimage\"},\"thumbnailUrl\":\"https:\\\/\\\/abc-latina.com\\\/wp-content\\\/uploads\\\/2010\\\/07\\\/surf.jpg\",\"datePublished\":\"2010-10-25T18:30:56+00:00\",\"dateModified\":\"2026-04-30T16:24:43+00:00\",\"description\":\"O\u00f9 pratiquer le surf en Am\u00e9rique latine ? Les bons pays, les meilleurs spots.\",\"breadcrumb\":{\"@id\":\"https:\\\/\\\/abc-latina.com\\\/index\\\/surf\\\/#breadcrumb\"},\"inLanguage\":\"fr-FR\",\"potentialAction\":[{\"@type\":\"ReadAction\",\"target\":[\"https:\\\/\\\/abc-latina.com\\\/index\\\/surf\\\/\"]}]},{\"@type\":\"ImageObject\",\"inLanguage\":\"fr-FR\",\"@id\":\"https:\\\/\\\/abc-latina.com\\\/index\\\/surf\\\/#primaryimage\",\"url\":\"https:\\\/\\\/abc-latina.com\\\/wp-content\\\/uploads\\\/2010\\\/07\\\/surf.jpg\",\"contentUrl\":\"https:\\\/\\\/abc-latina.com\\\/wp-content\\\/uploads\\\/2010\\\/07\\\/surf.jpg\",\"width\":220,\"height\":220,\"caption\":\"SURF AU COSTA RICA\"},{\"@type\":\"BreadcrumbList\",\"@id\":\"https:\\\/\\\/abc-latina.com\\\/index\\\/surf\\\/#breadcrumb\",\"itemListElement\":[{\"@type\":\"ListItem\",\"position\":1,\"name\":\"Accueil\",\"item\":\"https:\\\/\\\/abc-latina.com\\\/\"},{\"@type\":\"ListItem\",\"position\":2,\"name\":\"Le SURF en AMERIQUE LATINE\"}]},{\"@type\":\"WebSite\",\"@id\":\"https:\\\/\\\/abc-latina.com\\\/#website\",\"url\":\"https:\\\/\\\/abc-latina.com\\\/\",\"name\":\"Abc-latina\",\"description\":\"\",\"publisher\":{\"@id\":\"https:\\\/\\\/abc-latina.com\\\/#organization\"},\"potentialAction\":[{\"@type\":\"SearchAction\",\"target\":{\"@type\":\"EntryPoint\",\"urlTemplate\":\"https:\\\/\\\/abc-latina.com\\\/?s={search_term_string}\"},\"query-input\":{\"@type\":\"PropertyValueSpecification\",\"valueRequired\":true,\"valueName\":\"search_term_string\"}}],\"inLanguage\":\"fr-FR\"},{\"@type\":\"Organization\",\"@id\":\"https:\\\/\\\/abc-latina.com\\\/#organization\",\"name\":\"Abc-latina\",\"url\":\"https:\\\/\\\/abc-latina.com\\\/\",\"logo\":{\"@type\":\"ImageObject\",\"inLanguage\":\"fr-FR\",\"@id\":\"https:\\\/\\\/abc-latina.com\\\/#\\\/schema\\\/logo\\\/image\\\/\",\"url\":\"https:\\\/\\\/abc-latina.com\\\/wp-content\\\/uploads\\\/2026\\\/05\\\/cropped-logo.gif\",\"contentUrl\":\"https:\\\/\\\/abc-latina.com\\\/wp-content\\\/uploads\\\/2026\\\/05\\\/cropped-logo.gif\",\"width\":89,\"height\":84,\"caption\":\"Abc-latina\"},\"image\":{\"@id\":\"https:\\\/\\\/abc-latina.com\\\/#\\\/schema\\\/logo\\\/image\\\/\"}}]}<\/script>\n<!-- \/ Yoast SEO plugin. -->","yoast_head_json":{"title":"Le SURF en AMERIQUE LATINE - Abc-latina","description":"O\u00f9 pratiquer le surf en Am\u00e9rique latine ? Les bons pays, les meilleurs spots.","robots":{"index":"index","follow":"follow","max-snippet":"max-snippet:-1","max-image-preview":"max-image-preview:large","max-video-preview":"max-video-preview:-1"},"canonical":"https:\/\/abc-latina.com\/index\/surf\/","og_locale":"fr_FR","og_type":"article","og_title":"Le SURF en AMERIQUE LATINE - Abc-latina","og_description":"O\u00f9 pratiquer le surf en Am\u00e9rique latine ? Les bons pays, les meilleurs spots.","og_url":"https:\/\/abc-latina.com\/index\/surf\/","og_site_name":"Abc-latina","article_modified_time":"2026-04-30T16:24:43+00:00","og_image":[{"width":220,"height":220,"url":"https:\/\/abc-latina.com\/wp-content\/uploads\/2010\/07\/surf.jpg","type":"image\/jpeg"}],"twitter_card":"summary_large_image","twitter_misc":{"Dur\u00e9e de lecture estim\u00e9e":"1 minute"},"schema":{"@context":"https:\/\/schema.org","@graph":[{"@type":"WebPage","@id":"https:\/\/abc-latina.com\/index\/surf\/","url":"https:\/\/abc-latina.com\/index\/surf\/","name":"Le SURF en AMERIQUE LATINE - Abc-latina","isPartOf":{"@id":"https:\/\/abc-latina.com\/#website"},"primaryImageOfPage":{"@id":"https:\/\/abc-latina.com\/index\/surf\/#primaryimage"},"image":{"@id":"https:\/\/abc-latina.com\/index\/surf\/#primaryimage"},"thumbnailUrl":"https:\/\/abc-latina.com\/wp-content\/uploads\/2010\/07\/surf.jpg","datePublished":"2010-10-25T18:30:56+00:00","dateModified":"2026-04-30T16:24:43+00:00","description":"O\u00f9 pratiquer le surf en Am\u00e9rique latine ? Les bons pays, les meilleurs spots.","breadcrumb":{"@id":"https:\/\/abc-latina.com\/index\/surf\/#breadcrumb"},"inLanguage":"fr-FR","potentialAction":[{"@type":"ReadAction","target":["https:\/\/abc-latina.com\/index\/surf\/"]}]},{"@type":"ImageObject","inLanguage":"fr-FR","@id":"https:\/\/abc-latina.com\/index\/surf\/#primaryimage","url":"https:\/\/abc-latina.com\/wp-content\/uploads\/2010\/07\/surf.jpg","contentUrl":"https:\/\/abc-latina.com\/wp-content\/uploads\/2010\/07\/surf.jpg","width":220,"height":220,"caption":"SURF AU COSTA RICA"},{"@type":"BreadcrumbList","@id":"https:\/\/abc-latina.com\/index\/surf\/#breadcrumb","itemListElement":[{"@type":"ListItem","position":1,"name":"Accueil","item":"https:\/\/abc-latina.com\/"},{"@type":"ListItem","position":2,"name":"Le SURF en AMERIQUE LATINE"}]},{"@type":"WebSite","@id":"https:\/\/abc-latina.com\/#website","url":"https:\/\/abc-latina.com\/","name":"Abc-latina","description":"","publisher":{"@id":"https:\/\/abc-latina.com\/#organization"},"potentialAction":[{"@type":"SearchAction","target":{"@type":"EntryPoint","urlTemplate":"https:\/\/abc-latina.com\/?s={search_term_string}"},"query-input":{"@type":"PropertyValueSpecification","valueRequired":true,"valueName":"search_term_string"}}],"inLanguage":"fr-FR"},{"@type":"Organization","@id":"https:\/\/abc-latina.com\/#organization","name":"Abc-latina","url":"https:\/\/abc-latina.com\/","logo":{"@type":"ImageObject","inLanguage":"fr-FR","@id":"https:\/\/abc-latina.com\/#\/schema\/logo\/image\/","url":"https:\/\/abc-latina.com\/wp-content\/uploads\/2026\/05\/cropped-logo.gif","contentUrl":"https:\/\/abc-latina.com\/wp-content\/uploads\/2026\/05\/cropped-logo.gif","width":89,"height":84,"caption":"Abc-latina"},"image":{"@id":"https:\/\/abc-latina.com\/#\/schema\/logo\/image\/"}}]}},"_links":{"self":[{"href":"https:\/\/abc-latina.com\/wp-json\/wp\/v2\/pages\/2460","targetHints":{"allow":["GET"]}}],"collection":[{"href":"https:\/\/abc-latina.com\/wp-json\/wp\/v2\/pages"}],"about":[{"href":"https:\/\/abc-latina.com\/wp-json\/wp\/v2\/types\/page"}],"author":[{"embeddable":true,"href":"https:\/\/abc-latina.com\/wp-json\/wp\/v2\/users\/3"}],"replies":[{"embeddable":true,"href":"https:\/\/abc-latina.com\/wp-json\/wp\/v2\/comments?post=2460"}],"version-history":[{"count":1,"href":"https:\/\/abc-latina.com\/wp-json\/wp\/v2\/pages\/2460\/revisions"}],"predecessor-version":[{"id":3029,"href":"https:\/\/abc-latina.com\/wp-json\/wp\/v2\/pages\/2460\/revisions\/3029"}],"up":[{"embeddable":true,"href":"https:\/\/abc-latina.com\/wp-json\/wp\/v2\/pages\/2464"}],"wp:featuredmedia":[{"embeddable":true,"href":"https:\/\/abc-latina.com\/wp-json\/wp\/v2\/media\/1856"}],"wp:attachment":[{"href":"https:\/\/abc-latina.com\/wp-json\/wp\/v2\/media?parent=2460"}],"curies":[{"name":"wp","href":"https:\/\/api.w.org\/{rel}","templated":true}]}}