{"id":2509,"date":"2010-10-28T19:11:33","date_gmt":"2010-10-28T17:11:33","guid":{"rendered":"http:\/\/abc-latina.com\/hymne-htm-18\/"},"modified":"2018-06-10T18:31:03","modified_gmt":"2018-06-10T16:31:03","slug":"hymne","status":"publish","type":"page","link":"https:\/\/abc-latina.com\/honduras\/hymne\/","title":{"rendered":"HYMNE NATIONAL HONDURIEN"},"content":{"rendered":"<p>CORO<\/p>\n<p><a href=\"https:\/\/www.abc-latina.com\/amerique_latine\/photos\/photo_drapeau_honduras.php\" target=\"_blank\"><img loading=\"lazy\" decoding=\"async\" class=\" alignright size-full wp-image-2448\" src=\"http:\/\/abc-latina.com\/wp-content\/uploads\/2010\/10\/honduras.gif\" style=\"float: right;\" alt=\"\" width=\"110\" height=\"74\" \/><\/a>Tu bandera es un lampo de cielo<br \/> Por un bloque de nieve cruzado;<br \/> Y se ven en su fondo sagrado<br \/> Cinco estrellas de p\u00e1lido azul;<br \/> En tu emblema que un mar rumoroso<br \/> Con sus ondas brav\u00edas escuda,<br \/> De un volc\u00e1n tras la cima desnuda<br \/> Hay un astro de n\u00edtida luz.<br \/> (I)<br \/> India virgen y hermosa dorm\u00edas<br \/> De tus mares al canto sonoro,<br \/> Cuando echada en tus cuencas de oro<br \/> El audaz navegante te hall\u00f3;<br \/> Y al mirar tu belleza extasiado<br \/> Al influjo ideal de tu encanto,<br \/> La orla azul de tu espl\u00e9ndido manto<br \/> Con su beso de amor consagr\u00f3.<br \/> (II)<br \/> De un pa\u00eds donde el sol se levanta,<br \/> Mas all\u00e1 del Atlante azulado,<br \/> Aquel hombre que te hab\u00eda so\u00f1ado<br \/> Y en tu busca a la mar se lanz\u00f3.<br \/> Cuando erguiste la p\u00e1lida frente,<br \/> En la viva ansiedad de tu anhelo,<br \/> Bajo el dombo gentil de tu cielo<br \/> Ya flotaba un extra\u00f1o pend\u00f3n.<br \/> (III)<br \/> Era in\u00fatil que el indio tu amado<br \/> Se aprestara a la lucha con ira,<br \/> Porque envuelto en su sangre Lempira,<br \/> En la noche profunda se hundi\u00f3;<br \/> Y de la \u00e9pica haza\u00f1a, en memoria,<br \/> La leyenda tan s\u00f3lo ha guardado<br \/> De un sepulcro el lugar ignorado<br \/> Y el severo perfil de un pe\u00f1\u00f3n.<br \/> (IV)<br \/> Por tres siglos tus hijos oyeron<br \/> El mandato imperioso del amo;<br \/> Por tres siglos tu in\u00fatil reclamo<br \/> En la atmosfera azul se perdi\u00f3;<br \/> Pero un d\u00eda gloria tu o\u00eddo<br \/> Percibi\u00f3, poderoso y distante,<br \/> Que all\u00e1 lejos, por sobre el Atlante,<br \/> Indignado rug\u00eda un Le\u00f3n.<br \/> (V)<br \/> Era Francia, la libre, la her\u00f3ica,<br \/> Que en su sue\u00f1o de siglos dormida<br \/> Despertaba iracunda a la vida<br \/> Al reclamo viril de Dant\u00f3n:<br \/> Era Francia, que enviaba a la muerte<br \/> La cabeza del Rey consagrado,<br \/> Y que alzaba soberbia a su lado,<br \/> El Altar de la Diosa raz\u00f3n.<br \/> (VI)<br \/> T\u00fa tambi\u00e9n, &iexcl;oh mi patria!, te alzaste<br \/> De tu sue\u00f1o servil y profundo;<br \/> T\u00fa tambi\u00e9n ense\u00f1astes al mundo<br \/> Destrozado el infame eslab\u00f3n.<br \/> Y en tu suelo bendito, tras la alta<br \/> Cabellera de monte salvaje,<br \/> Como un ave de negro plumaje,<br \/> La colonia fugaz se perdi\u00f3.<br \/> (VII)<br \/> Por guardar ese emblema divino,<br \/> Marcharemos &iexcl;Oh Patria! a la muerte,<br \/> Generosa ser\u00e1 nuestra suerte,<br \/> Si morimos pensando en tu amor.<br \/> Defendiendo tu santa bandera<br \/> Y en tus pliegues gloriosos cubiertos,<br \/> Ser\u00e1n muchos, Oh Honduras tus muertos,<br \/> Pero todos caer\u00e1n con honor.<\/p>\n<p>&nbsp;<\/p>\n<div>Cr\u00e9\u00e9 en 1915 par:<\/div>\n<div>Texte: Augusto Constancio Coello<\/div>\n<div>Musique: Carlos H\u00e4rtling<\/div>\n","protected":false},"excerpt":{"rendered":"<p>CORO Tu bandera es un lampo de cielo Por un bloque de nieve cruzado; Y se ven en su fondo [&hellip;]<\/p>\n","protected":false},"author":3,"featured_media":2448,"parent":2306,"menu_order":0,"comment_status":"closed","ping_status":"closed","template":"","meta":{"site-sidebar-layout":"default","site-content-layout":"","ast-site-content-layout":"default","site-content-style":"default","site-sidebar-style":"default","ast-global-header-display":"","ast-banner-title-visibility":"","ast-main-header-display":"","ast-hfb-above-header-display":"","ast-hfb-below-header-display":"","ast-hfb-mobile-header-display":"","site-post-title":"","ast-breadcrumbs-content":"","ast-featured-img":"","footer-sml-layout":"","ast-disable-related-posts":"","theme-transparent-header-meta":"","adv-header-id-meta":"","stick-header-meta":"","header-above-stick-meta":"","header-main-stick-meta":"","header-below-stick-meta":"","astra-migrate-meta-layouts":"default","ast-page-background-enabled":"default","ast-page-background-meta":{"desktop":{"background-color":"var(--ast-global-color-5)","background-image":"","background-repeat":"repeat","background-position":"center center","background-size":"auto","background-attachment":"scroll","background-type":"","background-media":"","overlay-type":"","overlay-color":"","overlay-opacity":"","overlay-gradient":""},"tablet":{"background-color":"","background-image":"","background-repeat":"repeat","background-position":"center center","background-size":"auto","background-attachment":"scroll","background-type":"","background-media":"","overlay-type":"","overlay-color":"","overlay-opacity":"","overlay-gradient":""},"mobile":{"background-color":"","background-image":"","background-repeat":"repeat","background-position":"center center","background-size":"auto","background-attachment":"scroll","background-type":"","background-media":"","overlay-type":"","overlay-color":"","overlay-opacity":"","overlay-gradient":""}},"ast-content-background-meta":{"desktop":{"background-color":"var(--ast-global-color-4)","background-image":"","background-repeat":"repeat","background-position":"center center","background-size":"auto","background-attachment":"scroll","background-type":"","background-media":"","overlay-type":"","overlay-color":"","overlay-opacity":"","overlay-gradient":""},"tablet":{"background-color":"var(--ast-global-color-4)","background-image":"","background-repeat":"repeat","background-position":"center center","background-size":"auto","background-attachment":"scroll","background-type":"","background-media":"","overlay-type":"","overlay-color":"","overlay-opacity":"","overlay-gradient":""},"mobile":{"background-color":"var(--ast-global-color-4)","background-image":"","background-repeat":"repeat","background-position":"center center","background-size":"auto","background-attachment":"scroll","background-type":"","background-media":"","overlay-type":"","overlay-color":"","overlay-opacity":"","overlay-gradient":""}},"footnotes":""},"class_list":["post-2509","page","type-page","status-publish","has-post-thumbnail","hentry"],"yoast_head":"<!-- This site is optimized with the Yoast SEO plugin v27.5 - https:\/\/yoast.com\/product\/yoast-seo-wordpress\/ -->\n<title>HYMNE NATIONAL HONDURIEN - Abc-latina<\/title>\n<meta name=\"description\" content=\"Paroles et musique de l hymne national du Honduras.\" \/>\n<meta name=\"robots\" content=\"index, follow, max-snippet:-1, max-image-preview:large, max-video-preview:-1\" \/>\n<link rel=\"canonical\" href=\"https:\/\/abc-latina.com\/honduras\/hymne\/\" \/>\n<meta property=\"og:locale\" content=\"fr_FR\" \/>\n<meta property=\"og:type\" content=\"article\" \/>\n<meta property=\"og:title\" content=\"HYMNE NATIONAL HONDURIEN - Abc-latina\" \/>\n<meta property=\"og:description\" content=\"Paroles et musique de l hymne national du Honduras.\" \/>\n<meta property=\"og:url\" content=\"https:\/\/abc-latina.com\/honduras\/hymne\/\" \/>\n<meta property=\"og:site_name\" content=\"Abc-latina\" \/>\n<meta property=\"article:modified_time\" content=\"2018-06-10T16:31:03+00:00\" \/>\n<meta property=\"og:image\" content=\"https:\/\/abc-latina.com\/wp-content\/uploads\/2010\/10\/honduras.gif\" \/>\n\t<meta property=\"og:image:width\" content=\"110\" \/>\n\t<meta property=\"og:image:height\" content=\"74\" \/>\n\t<meta property=\"og:image:type\" content=\"image\/gif\" \/>\n<meta name=\"twitter:card\" content=\"summary_large_image\" \/>\n<meta name=\"twitter:label1\" content=\"Dur\u00e9e de lecture estim\u00e9e\" \/>\n\t<meta name=\"twitter:data1\" content=\"2 minutes\" \/>\n<script type=\"application\/ld+json\" class=\"yoast-schema-graph\">{\"@context\":\"https:\\\/\\\/schema.org\",\"@graph\":[{\"@type\":\"WebPage\",\"@id\":\"https:\\\/\\\/abc-latina.com\\\/honduras\\\/hymne\\\/\",\"url\":\"https:\\\/\\\/abc-latina.com\\\/honduras\\\/hymne\\\/\",\"name\":\"HYMNE NATIONAL HONDURIEN - Abc-latina\",\"isPartOf\":{\"@id\":\"https:\\\/\\\/abc-latina.com\\\/#website\"},\"primaryImageOfPage\":{\"@id\":\"https:\\\/\\\/abc-latina.com\\\/honduras\\\/hymne\\\/#primaryimage\"},\"image\":{\"@id\":\"https:\\\/\\\/abc-latina.com\\\/honduras\\\/hymne\\\/#primaryimage\"},\"thumbnailUrl\":\"https:\\\/\\\/abc-latina.com\\\/wp-content\\\/uploads\\\/2010\\\/10\\\/honduras.gif\",\"datePublished\":\"2010-10-28T17:11:33+00:00\",\"dateModified\":\"2018-06-10T16:31:03+00:00\",\"description\":\"Paroles et musique de l hymne national du Honduras.\",\"breadcrumb\":{\"@id\":\"https:\\\/\\\/abc-latina.com\\\/honduras\\\/hymne\\\/#breadcrumb\"},\"inLanguage\":\"fr-FR\",\"potentialAction\":[{\"@type\":\"ReadAction\",\"target\":[\"https:\\\/\\\/abc-latina.com\\\/honduras\\\/hymne\\\/\"]}]},{\"@type\":\"ImageObject\",\"inLanguage\":\"fr-FR\",\"@id\":\"https:\\\/\\\/abc-latina.com\\\/honduras\\\/hymne\\\/#primaryimage\",\"url\":\"https:\\\/\\\/abc-latina.com\\\/wp-content\\\/uploads\\\/2010\\\/10\\\/honduras.gif\",\"contentUrl\":\"https:\\\/\\\/abc-latina.com\\\/wp-content\\\/uploads\\\/2010\\\/10\\\/honduras.gif\",\"width\":110,\"height\":74},{\"@type\":\"BreadcrumbList\",\"@id\":\"https:\\\/\\\/abc-latina.com\\\/honduras\\\/hymne\\\/#breadcrumb\",\"itemListElement\":[{\"@type\":\"ListItem\",\"position\":1,\"name\":\"Accueil\",\"item\":\"https:\\\/\\\/abc-latina.com\\\/\"},{\"@type\":\"ListItem\",\"position\":2,\"name\":\"HYMNE NATIONAL HONDURIEN\"}]},{\"@type\":\"WebSite\",\"@id\":\"https:\\\/\\\/abc-latina.com\\\/#website\",\"url\":\"https:\\\/\\\/abc-latina.com\\\/\",\"name\":\"Abc-latina\",\"description\":\"\",\"publisher\":{\"@id\":\"https:\\\/\\\/abc-latina.com\\\/#organization\"},\"potentialAction\":[{\"@type\":\"SearchAction\",\"target\":{\"@type\":\"EntryPoint\",\"urlTemplate\":\"https:\\\/\\\/abc-latina.com\\\/?s={search_term_string}\"},\"query-input\":{\"@type\":\"PropertyValueSpecification\",\"valueRequired\":true,\"valueName\":\"search_term_string\"}}],\"inLanguage\":\"fr-FR\"},{\"@type\":\"Organization\",\"@id\":\"https:\\\/\\\/abc-latina.com\\\/#organization\",\"name\":\"Abc-latina\",\"url\":\"https:\\\/\\\/abc-latina.com\\\/\",\"logo\":{\"@type\":\"ImageObject\",\"inLanguage\":\"fr-FR\",\"@id\":\"https:\\\/\\\/abc-latina.com\\\/#\\\/schema\\\/logo\\\/image\\\/\",\"url\":\"https:\\\/\\\/abc-latina.com\\\/wp-content\\\/uploads\\\/2026\\\/05\\\/cropped-logo.gif\",\"contentUrl\":\"https:\\\/\\\/abc-latina.com\\\/wp-content\\\/uploads\\\/2026\\\/05\\\/cropped-logo.gif\",\"width\":89,\"height\":84,\"caption\":\"Abc-latina\"},\"image\":{\"@id\":\"https:\\\/\\\/abc-latina.com\\\/#\\\/schema\\\/logo\\\/image\\\/\"}}]}<\/script>\n<!-- \/ Yoast SEO plugin. -->","yoast_head_json":{"title":"HYMNE NATIONAL HONDURIEN - Abc-latina","description":"Paroles et musique de l hymne national du Honduras.","robots":{"index":"index","follow":"follow","max-snippet":"max-snippet:-1","max-image-preview":"max-image-preview:large","max-video-preview":"max-video-preview:-1"},"canonical":"https:\/\/abc-latina.com\/honduras\/hymne\/","og_locale":"fr_FR","og_type":"article","og_title":"HYMNE NATIONAL HONDURIEN - Abc-latina","og_description":"Paroles et musique de l hymne national du Honduras.","og_url":"https:\/\/abc-latina.com\/honduras\/hymne\/","og_site_name":"Abc-latina","article_modified_time":"2018-06-10T16:31:03+00:00","og_image":[{"width":110,"height":74,"url":"https:\/\/abc-latina.com\/wp-content\/uploads\/2010\/10\/honduras.gif","type":"image\/gif"}],"twitter_card":"summary_large_image","twitter_misc":{"Dur\u00e9e de lecture estim\u00e9e":"2 minutes"},"schema":{"@context":"https:\/\/schema.org","@graph":[{"@type":"WebPage","@id":"https:\/\/abc-latina.com\/honduras\/hymne\/","url":"https:\/\/abc-latina.com\/honduras\/hymne\/","name":"HYMNE NATIONAL HONDURIEN - Abc-latina","isPartOf":{"@id":"https:\/\/abc-latina.com\/#website"},"primaryImageOfPage":{"@id":"https:\/\/abc-latina.com\/honduras\/hymne\/#primaryimage"},"image":{"@id":"https:\/\/abc-latina.com\/honduras\/hymne\/#primaryimage"},"thumbnailUrl":"https:\/\/abc-latina.com\/wp-content\/uploads\/2010\/10\/honduras.gif","datePublished":"2010-10-28T17:11:33+00:00","dateModified":"2018-06-10T16:31:03+00:00","description":"Paroles et musique de l hymne national du Honduras.","breadcrumb":{"@id":"https:\/\/abc-latina.com\/honduras\/hymne\/#breadcrumb"},"inLanguage":"fr-FR","potentialAction":[{"@type":"ReadAction","target":["https:\/\/abc-latina.com\/honduras\/hymne\/"]}]},{"@type":"ImageObject","inLanguage":"fr-FR","@id":"https:\/\/abc-latina.com\/honduras\/hymne\/#primaryimage","url":"https:\/\/abc-latina.com\/wp-content\/uploads\/2010\/10\/honduras.gif","contentUrl":"https:\/\/abc-latina.com\/wp-content\/uploads\/2010\/10\/honduras.gif","width":110,"height":74},{"@type":"BreadcrumbList","@id":"https:\/\/abc-latina.com\/honduras\/hymne\/#breadcrumb","itemListElement":[{"@type":"ListItem","position":1,"name":"Accueil","item":"https:\/\/abc-latina.com\/"},{"@type":"ListItem","position":2,"name":"HYMNE NATIONAL HONDURIEN"}]},{"@type":"WebSite","@id":"https:\/\/abc-latina.com\/#website","url":"https:\/\/abc-latina.com\/","name":"Abc-latina","description":"","publisher":{"@id":"https:\/\/abc-latina.com\/#organization"},"potentialAction":[{"@type":"SearchAction","target":{"@type":"EntryPoint","urlTemplate":"https:\/\/abc-latina.com\/?s={search_term_string}"},"query-input":{"@type":"PropertyValueSpecification","valueRequired":true,"valueName":"search_term_string"}}],"inLanguage":"fr-FR"},{"@type":"Organization","@id":"https:\/\/abc-latina.com\/#organization","name":"Abc-latina","url":"https:\/\/abc-latina.com\/","logo":{"@type":"ImageObject","inLanguage":"fr-FR","@id":"https:\/\/abc-latina.com\/#\/schema\/logo\/image\/","url":"https:\/\/abc-latina.com\/wp-content\/uploads\/2026\/05\/cropped-logo.gif","contentUrl":"https:\/\/abc-latina.com\/wp-content\/uploads\/2026\/05\/cropped-logo.gif","width":89,"height":84,"caption":"Abc-latina"},"image":{"@id":"https:\/\/abc-latina.com\/#\/schema\/logo\/image\/"}}]}},"_links":{"self":[{"href":"https:\/\/abc-latina.com\/wp-json\/wp\/v2\/pages\/2509","targetHints":{"allow":["GET"]}}],"collection":[{"href":"https:\/\/abc-latina.com\/wp-json\/wp\/v2\/pages"}],"about":[{"href":"https:\/\/abc-latina.com\/wp-json\/wp\/v2\/types\/page"}],"author":[{"embeddable":true,"href":"https:\/\/abc-latina.com\/wp-json\/wp\/v2\/users\/3"}],"replies":[{"embeddable":true,"href":"https:\/\/abc-latina.com\/wp-json\/wp\/v2\/comments?post=2509"}],"version-history":[{"count":0,"href":"https:\/\/abc-latina.com\/wp-json\/wp\/v2\/pages\/2509\/revisions"}],"up":[{"embeddable":true,"href":"https:\/\/abc-latina.com\/wp-json\/wp\/v2\/pages\/2306"}],"wp:featuredmedia":[{"embeddable":true,"href":"https:\/\/abc-latina.com\/wp-json\/wp\/v2\/media\/2448"}],"wp:attachment":[{"href":"https:\/\/abc-latina.com\/wp-json\/wp\/v2\/media?parent=2509"}],"curies":[{"name":"wp","href":"https:\/\/api.w.org\/{rel}","templated":true}]}}