{"id":2526,"date":"2010-11-15T00:56:02","date_gmt":"2010-11-14T23:56:02","guid":{"rendered":"http:\/\/abc-latina.com\/cristina_kirchner-htm\/"},"modified":"2026-04-30T18:25:21","modified_gmt":"2026-04-30T16:25:21","slug":"cristina_kirchner","status":"publish","type":"page","link":"https:\/\/abc-latina.com\/personnalites\/cristina_kirchner\/","title":{"rendered":"CRISTINA KIRCHNER"},"content":{"rendered":"<div><span style=\"color: rgb(255, 153, 0); \"><strong><img loading=\"lazy\" decoding=\"async\" class=\" alignright size-full wp-image-2525\" src=\"http:\/\/abc-latina.com\/wp-content\/uploads\/2010\/11\/cristina-kirchner.jpg\" title=\"CRISTINA KIRCHNER\" alt=\"\" width=\"220\" vspace=\"9\" hspace=\"15\" height=\"222\" align=\"right\" srcset=\"https:\/\/abc-latina.com\/wp-content\/uploads\/2010\/11\/cristina-kirchner.jpg 220w, https:\/\/abc-latina.com\/wp-content\/uploads\/2010\/11\/cristina-kirchner-150x150.jpg 150w\" sizes=\"auto, (max-width: 220px) 100vw, 220px\" \/><\/strong><\/span><span style=\"color: rgb(255, 153, 0); \"><strong>Cristina Fernandez de Kirchner<\/strong><\/span> est n\u00e9e le n\u00e9 le 19 f\u00e9vrier 1953 \u00e0 <a target=\"_blank\" href=\"https:\/\/www.abc-latina.com\/argentine\/la-plata.php\">La Plata<\/a> (Argentine). Elle suit des \u00e9tudes de Droit \u00e0 l&rsquo;Universit\u00e9 de La Plata d&rsquo;o\u00f9 elle sort en 1979 avec un dipl\u00f4me d&rsquo;avocate et un mari \u00e9tudiant comme elle \u00e9pous\u00e9 en 1975, <a href=\"https:\/\/www.abc-latina.com\/personnalites\/nestor_kirchner\">Nestor Kirchner<\/a>, dont elle aura deux enfants. Militante des Jeunesses p\u00e9ronistes (Parti Justicialiste), Cristina Kirchner est \u00e9lue d\u00e9put\u00e9e de la province de Santa Cruz (Sud de l&rsquo;Argentine) en 1989 puis r\u00e9\u00e9lue en 1993. Membre de la convention constituante de 1994, elle devient S\u00e9natrice nationale de Santa Cruz l&rsquo;ann\u00e9e suivante puis D\u00e9put\u00e9e nationale avant de redevenir S\u00e9natrice nationale de la m\u00eame province en 2001. En 2005, Cristina Kirchner remporte un nouveau mandat de S\u00e9natrice nationale, mais cette fois dans la province de Buenos Aires. Entre-temps Nestor Kirchner est devenu le 25 mai 2003 Pr\u00e9sident et elle Premi\u00e8re dame de la R\u00e9publique d&rsquo;Argentine.<\/p>\n<div>P\u00e9roniste de gauche, avocate des Droits de l&rsquo;Homme, Cristina Kirchner d\u00e9fend des valeurs de justice sociale. Elle est tr\u00e8s active dans la moralisation de la vie politique de son pays, luttant notamment contre la corruption et contre l&rsquo;impunit\u00e9 des anciens responsables de la dictature. Elle manifeste \u00e9galement un int\u00e9r\u00eat marqu\u00e9 pour tout ce qui touche \u00e0 la Culture et au d\u00e9veloppement culturel. Surnomm\u00e9e &quot;la reine Cristina&quot;, souvent compar\u00e9e \u00e0 <a href=\"https:\/\/www.abc-latina.com\/personnalites\/evita_peron\">Eva Peron<\/a> (la &quot;Santa Evita&quot; du petit peuple argentin, premi\u00e8re \u00e9pouse du populiste <a href=\"https:\/\/www.abc-latina.com\/personnalites\/juan_peron\">Juan Peron<\/a>), cette Hillary Clinton sud-am\u00e9ricaine &#8212; comme elle brillante avocate, s\u00e9natrice, \u00e9pouse de pr\u00e9sident, de gauche, belle, \u00e9l\u00e9gante et autoritaire &#8211;, tr\u00e8s populaire, proche de la plupart des chefs d&rsquo;Etat du continent latino-am\u00e9ricain &#8212; y compris de <a href=\"https:\/\/www.abc-latina.com\/personnalites\/luiz_inacio_lula_da_silva\">Lula<\/a> et de <a href=\"https:\/\/www.abc-latina.com\/personnalites\/hugo_chavez\">Hugo Chavez<\/a>, et bien entendu de la pr\u00e9sidente du Chili <a href=\"https:\/\/www.abc-latina.com\/personnalites\/michelle_bachelet\">Michelle Bachelet<\/a> &#8212; Cristina Kirchner est devenue le 28 octobre 2007 la premi\u00e8re femme pr\u00e9sidente de la R\u00e9publique d&rsquo;Argentine.<span class=\"tsource\"><br \/><\/span><\/div>\n<div>&nbsp;<\/div>\n<div><span class=\"person\">Rep\u00e8res<\/span><\/div>\n<div><span class=\"person-date\">1953 <\/span>&#8211; Naissance de Cristina Kirchner<\/div>\n<div><span class=\"person-date\">1979 <\/span>&#8211; Elle devient avocate<\/div>\n<div><span class=\"person-date\">1989 <\/span>&#8211; Elle est \u00e9lue d\u00e9put\u00e9e provinciale<\/div>\n<div><span class=\"person-date\">1995 <\/span>&#8211; Elle est \u00e9lue s\u00e9natrice<\/div>\n<div><span class=\"person-date\">1997 <\/span>&#8211; Elle est \u00e9lue d\u00e9put\u00e9e f\u00e9d\u00e9rale<\/div>\n<div><span class=\"person-date\">2001 <\/span>&#8211; Elle est r\u00e9\u00e9lue s\u00e9natrice<\/div>\n<div><span class=\"person-date\">2007 <\/span>&#8211; Elle est \u00e9lue \u00e0 la pr\u00e9sidence<\/div>\n<div>&nbsp;<\/div>\n<div><span class=\"tourisme-chapitre\">Personnalit\u00e9s argentines<\/span><\/div>\n<div><a href=\"bernardino_rivadavia\">Bernardino Rivadavia<\/a><\/div>\n<div><a href=\"ernesto_guevara\">Che Guevara<\/a><\/div>\n<div><a href=\"cristina_kirchner\">Cristina Kirchner<\/a><\/div>\n<div><a href=\"evita_peron\">Evita Peron<\/a><\/div>\n<div><a href=\"jorge_rafael_videla\">Jorge Rafael Videla<\/a><\/div>\n<div><a href=\"juan_peron\">Juan Peron<\/a><\/div>\n<div><a href=\"nestor_kirchner\">Nestor Kirchner<\/a><\/div>\n<div><a href=\"personnalites-argentines\">Tous les argentins<\/a><\/div>\n<p>&nbsp;<\/p>\n<\/div>\n","protected":false},"excerpt":{"rendered":"<p>Cristina Fernandez de Kirchner est n\u00e9e le n\u00e9 le 19 f\u00e9vrier 1953 \u00e0 La Plata (Argentine). Elle suit des \u00e9tudes [&hellip;]<\/p>\n","protected":false},"author":3,"featured_media":2525,"parent":2633,"menu_order":0,"comment_status":"closed","ping_status":"closed","template":"","meta":{"site-sidebar-layout":"default","site-content-layout":"","ast-site-content-layout":"default","site-content-style":"default","site-sidebar-style":"default","ast-global-header-display":"","ast-banner-title-visibility":"","ast-main-header-display":"","ast-hfb-above-header-display":"","ast-hfb-below-header-display":"","ast-hfb-mobile-header-display":"","site-post-title":"","ast-breadcrumbs-content":"","ast-featured-img":"","footer-sml-layout":"","ast-disable-related-posts":"","theme-transparent-header-meta":"","adv-header-id-meta":"","stick-header-meta":"","header-above-stick-meta":"","header-main-stick-meta":"","header-below-stick-meta":"","astra-migrate-meta-layouts":"default","ast-page-background-enabled":"default","ast-page-background-meta":{"desktop":{"background-color":"var(--ast-global-color-5)","background-image":"","background-repeat":"repeat","background-position":"center center","background-size":"auto","background-attachment":"scroll","background-type":"","background-media":"","overlay-type":"","overlay-color":"","overlay-opacity":"","overlay-gradient":""},"tablet":{"background-color":"","background-image":"","background-repeat":"repeat","background-position":"center center","background-size":"auto","background-attachment":"scroll","background-type":"","background-media":"","overlay-type":"","overlay-color":"","overlay-opacity":"","overlay-gradient":""},"mobile":{"background-color":"","background-image":"","background-repeat":"repeat","background-position":"center center","background-size":"auto","background-attachment":"scroll","background-type":"","background-media":"","overlay-type":"","overlay-color":"","overlay-opacity":"","overlay-gradient":""}},"ast-content-background-meta":{"desktop":{"background-color":"var(--ast-global-color-4)","background-image":"","background-repeat":"repeat","background-position":"center center","background-size":"auto","background-attachment":"scroll","background-type":"","background-media":"","overlay-type":"","overlay-color":"","overlay-opacity":"","overlay-gradient":""},"tablet":{"background-color":"var(--ast-global-color-4)","background-image":"","background-repeat":"repeat","background-position":"center center","background-size":"auto","background-attachment":"scroll","background-type":"","background-media":"","overlay-type":"","overlay-color":"","overlay-opacity":"","overlay-gradient":""},"mobile":{"background-color":"var(--ast-global-color-4)","background-image":"","background-repeat":"repeat","background-position":"center center","background-size":"auto","background-attachment":"scroll","background-type":"","background-media":"","overlay-type":"","overlay-color":"","overlay-opacity":"","overlay-gradient":""}},"footnotes":""},"class_list":["post-2526","page","type-page","status-publish","has-post-thumbnail","hentry"],"yoast_head":"<!-- This site is optimized with the Yoast SEO plugin v27.5 - https:\/\/yoast.com\/product\/yoast-seo-wordpress\/ -->\n<title>CRISTINA KIRCHNER - Abc-latina<\/title>\n<meta name=\"description\" content=\"Cristina Kirchner, Pr\u00e9sidente de la r\u00e9publique argentine.\" \/>\n<meta name=\"robots\" content=\"index, follow, max-snippet:-1, max-image-preview:large, max-video-preview:-1\" \/>\n<link rel=\"canonical\" href=\"https:\/\/abc-latina.com\/personnalites\/cristina_kirchner\/\" \/>\n<meta property=\"og:locale\" content=\"fr_FR\" \/>\n<meta property=\"og:type\" content=\"article\" \/>\n<meta property=\"og:title\" content=\"CRISTINA KIRCHNER - Abc-latina\" \/>\n<meta property=\"og:description\" content=\"Cristina Kirchner, Pr\u00e9sidente de la r\u00e9publique argentine.\" \/>\n<meta property=\"og:url\" content=\"https:\/\/abc-latina.com\/personnalites\/cristina_kirchner\/\" \/>\n<meta property=\"og:site_name\" content=\"Abc-latina\" \/>\n<meta property=\"article:modified_time\" content=\"2026-04-30T16:25:21+00:00\" \/>\n<meta property=\"og:image\" content=\"https:\/\/abc-latina.com\/wp-content\/uploads\/2010\/11\/cristina-kirchner.jpg\" \/>\n\t<meta property=\"og:image:width\" content=\"220\" \/>\n\t<meta property=\"og:image:height\" content=\"222\" \/>\n\t<meta property=\"og:image:type\" content=\"image\/jpeg\" \/>\n<meta name=\"twitter:card\" content=\"summary_large_image\" \/>\n<meta name=\"twitter:label1\" content=\"Dur\u00e9e de lecture estim\u00e9e\" \/>\n\t<meta name=\"twitter:data1\" content=\"2 minutes\" \/>\n<script type=\"application\/ld+json\" class=\"yoast-schema-graph\">{\"@context\":\"https:\\\/\\\/schema.org\",\"@graph\":[{\"@type\":\"WebPage\",\"@id\":\"https:\\\/\\\/abc-latina.com\\\/personnalites\\\/cristina_kirchner\\\/\",\"url\":\"https:\\\/\\\/abc-latina.com\\\/personnalites\\\/cristina_kirchner\\\/\",\"name\":\"CRISTINA KIRCHNER - Abc-latina\",\"isPartOf\":{\"@id\":\"https:\\\/\\\/abc-latina.com\\\/#website\"},\"primaryImageOfPage\":{\"@id\":\"https:\\\/\\\/abc-latina.com\\\/personnalites\\\/cristina_kirchner\\\/#primaryimage\"},\"image\":{\"@id\":\"https:\\\/\\\/abc-latina.com\\\/personnalites\\\/cristina_kirchner\\\/#primaryimage\"},\"thumbnailUrl\":\"https:\\\/\\\/abc-latina.com\\\/wp-content\\\/uploads\\\/2010\\\/11\\\/cristina-kirchner.jpg\",\"datePublished\":\"2010-11-14T23:56:02+00:00\",\"dateModified\":\"2026-04-30T16:25:21+00:00\",\"description\":\"Cristina Kirchner, Pr\u00e9sidente de la r\u00e9publique argentine.\",\"breadcrumb\":{\"@id\":\"https:\\\/\\\/abc-latina.com\\\/personnalites\\\/cristina_kirchner\\\/#breadcrumb\"},\"inLanguage\":\"fr-FR\",\"potentialAction\":[{\"@type\":\"ReadAction\",\"target\":[\"https:\\\/\\\/abc-latina.com\\\/personnalites\\\/cristina_kirchner\\\/\"]}]},{\"@type\":\"ImageObject\",\"inLanguage\":\"fr-FR\",\"@id\":\"https:\\\/\\\/abc-latina.com\\\/personnalites\\\/cristina_kirchner\\\/#primaryimage\",\"url\":\"https:\\\/\\\/abc-latina.com\\\/wp-content\\\/uploads\\\/2010\\\/11\\\/cristina-kirchner.jpg\",\"contentUrl\":\"https:\\\/\\\/abc-latina.com\\\/wp-content\\\/uploads\\\/2010\\\/11\\\/cristina-kirchner.jpg\",\"width\":220,\"height\":222,\"caption\":\"CRISTINA KIRCHNER\"},{\"@type\":\"BreadcrumbList\",\"@id\":\"https:\\\/\\\/abc-latina.com\\\/personnalites\\\/cristina_kirchner\\\/#breadcrumb\",\"itemListElement\":[{\"@type\":\"ListItem\",\"position\":1,\"name\":\"Accueil\",\"item\":\"https:\\\/\\\/abc-latina.com\\\/\"},{\"@type\":\"ListItem\",\"position\":2,\"name\":\"CRISTINA KIRCHNER\"}]},{\"@type\":\"WebSite\",\"@id\":\"https:\\\/\\\/abc-latina.com\\\/#website\",\"url\":\"https:\\\/\\\/abc-latina.com\\\/\",\"name\":\"Abc-latina\",\"description\":\"\",\"publisher\":{\"@id\":\"https:\\\/\\\/abc-latina.com\\\/#organization\"},\"potentialAction\":[{\"@type\":\"SearchAction\",\"target\":{\"@type\":\"EntryPoint\",\"urlTemplate\":\"https:\\\/\\\/abc-latina.com\\\/?s={search_term_string}\"},\"query-input\":{\"@type\":\"PropertyValueSpecification\",\"valueRequired\":true,\"valueName\":\"search_term_string\"}}],\"inLanguage\":\"fr-FR\"},{\"@type\":\"Organization\",\"@id\":\"https:\\\/\\\/abc-latina.com\\\/#organization\",\"name\":\"Abc-latina\",\"url\":\"https:\\\/\\\/abc-latina.com\\\/\",\"logo\":{\"@type\":\"ImageObject\",\"inLanguage\":\"fr-FR\",\"@id\":\"https:\\\/\\\/abc-latina.com\\\/#\\\/schema\\\/logo\\\/image\\\/\",\"url\":\"https:\\\/\\\/abc-latina.com\\\/wp-content\\\/uploads\\\/2026\\\/05\\\/cropped-logo.gif\",\"contentUrl\":\"https:\\\/\\\/abc-latina.com\\\/wp-content\\\/uploads\\\/2026\\\/05\\\/cropped-logo.gif\",\"width\":89,\"height\":84,\"caption\":\"Abc-latina\"},\"image\":{\"@id\":\"https:\\\/\\\/abc-latina.com\\\/#\\\/schema\\\/logo\\\/image\\\/\"}}]}<\/script>\n<!-- \/ Yoast SEO plugin. -->","yoast_head_json":{"title":"CRISTINA KIRCHNER - Abc-latina","description":"Cristina Kirchner, Pr\u00e9sidente de la r\u00e9publique argentine.","robots":{"index":"index","follow":"follow","max-snippet":"max-snippet:-1","max-image-preview":"max-image-preview:large","max-video-preview":"max-video-preview:-1"},"canonical":"https:\/\/abc-latina.com\/personnalites\/cristina_kirchner\/","og_locale":"fr_FR","og_type":"article","og_title":"CRISTINA KIRCHNER - Abc-latina","og_description":"Cristina Kirchner, Pr\u00e9sidente de la r\u00e9publique argentine.","og_url":"https:\/\/abc-latina.com\/personnalites\/cristina_kirchner\/","og_site_name":"Abc-latina","article_modified_time":"2026-04-30T16:25:21+00:00","og_image":[{"width":220,"height":222,"url":"https:\/\/abc-latina.com\/wp-content\/uploads\/2010\/11\/cristina-kirchner.jpg","type":"image\/jpeg"}],"twitter_card":"summary_large_image","twitter_misc":{"Dur\u00e9e de lecture estim\u00e9e":"2 minutes"},"schema":{"@context":"https:\/\/schema.org","@graph":[{"@type":"WebPage","@id":"https:\/\/abc-latina.com\/personnalites\/cristina_kirchner\/","url":"https:\/\/abc-latina.com\/personnalites\/cristina_kirchner\/","name":"CRISTINA KIRCHNER - Abc-latina","isPartOf":{"@id":"https:\/\/abc-latina.com\/#website"},"primaryImageOfPage":{"@id":"https:\/\/abc-latina.com\/personnalites\/cristina_kirchner\/#primaryimage"},"image":{"@id":"https:\/\/abc-latina.com\/personnalites\/cristina_kirchner\/#primaryimage"},"thumbnailUrl":"https:\/\/abc-latina.com\/wp-content\/uploads\/2010\/11\/cristina-kirchner.jpg","datePublished":"2010-11-14T23:56:02+00:00","dateModified":"2026-04-30T16:25:21+00:00","description":"Cristina Kirchner, Pr\u00e9sidente de la r\u00e9publique argentine.","breadcrumb":{"@id":"https:\/\/abc-latina.com\/personnalites\/cristina_kirchner\/#breadcrumb"},"inLanguage":"fr-FR","potentialAction":[{"@type":"ReadAction","target":["https:\/\/abc-latina.com\/personnalites\/cristina_kirchner\/"]}]},{"@type":"ImageObject","inLanguage":"fr-FR","@id":"https:\/\/abc-latina.com\/personnalites\/cristina_kirchner\/#primaryimage","url":"https:\/\/abc-latina.com\/wp-content\/uploads\/2010\/11\/cristina-kirchner.jpg","contentUrl":"https:\/\/abc-latina.com\/wp-content\/uploads\/2010\/11\/cristina-kirchner.jpg","width":220,"height":222,"caption":"CRISTINA KIRCHNER"},{"@type":"BreadcrumbList","@id":"https:\/\/abc-latina.com\/personnalites\/cristina_kirchner\/#breadcrumb","itemListElement":[{"@type":"ListItem","position":1,"name":"Accueil","item":"https:\/\/abc-latina.com\/"},{"@type":"ListItem","position":2,"name":"CRISTINA KIRCHNER"}]},{"@type":"WebSite","@id":"https:\/\/abc-latina.com\/#website","url":"https:\/\/abc-latina.com\/","name":"Abc-latina","description":"","publisher":{"@id":"https:\/\/abc-latina.com\/#organization"},"potentialAction":[{"@type":"SearchAction","target":{"@type":"EntryPoint","urlTemplate":"https:\/\/abc-latina.com\/?s={search_term_string}"},"query-input":{"@type":"PropertyValueSpecification","valueRequired":true,"valueName":"search_term_string"}}],"inLanguage":"fr-FR"},{"@type":"Organization","@id":"https:\/\/abc-latina.com\/#organization","name":"Abc-latina","url":"https:\/\/abc-latina.com\/","logo":{"@type":"ImageObject","inLanguage":"fr-FR","@id":"https:\/\/abc-latina.com\/#\/schema\/logo\/image\/","url":"https:\/\/abc-latina.com\/wp-content\/uploads\/2026\/05\/cropped-logo.gif","contentUrl":"https:\/\/abc-latina.com\/wp-content\/uploads\/2026\/05\/cropped-logo.gif","width":89,"height":84,"caption":"Abc-latina"},"image":{"@id":"https:\/\/abc-latina.com\/#\/schema\/logo\/image\/"}}]}},"_links":{"self":[{"href":"https:\/\/abc-latina.com\/wp-json\/wp\/v2\/pages\/2526","targetHints":{"allow":["GET"]}}],"collection":[{"href":"https:\/\/abc-latina.com\/wp-json\/wp\/v2\/pages"}],"about":[{"href":"https:\/\/abc-latina.com\/wp-json\/wp\/v2\/types\/page"}],"author":[{"embeddable":true,"href":"https:\/\/abc-latina.com\/wp-json\/wp\/v2\/users\/3"}],"replies":[{"embeddable":true,"href":"https:\/\/abc-latina.com\/wp-json\/wp\/v2\/comments?post=2526"}],"version-history":[{"count":1,"href":"https:\/\/abc-latina.com\/wp-json\/wp\/v2\/pages\/2526\/revisions"}],"predecessor-version":[{"id":3811,"href":"https:\/\/abc-latina.com\/wp-json\/wp\/v2\/pages\/2526\/revisions\/3811"}],"up":[{"embeddable":true,"href":"https:\/\/abc-latina.com\/wp-json\/wp\/v2\/pages\/2633"}],"wp:featuredmedia":[{"embeddable":true,"href":"https:\/\/abc-latina.com\/wp-json\/wp\/v2\/media\/2525"}],"wp:attachment":[{"href":"https:\/\/abc-latina.com\/wp-json\/wp\/v2\/media?parent=2526"}],"curies":[{"name":"wp","href":"https:\/\/api.w.org\/{rel}","templated":true}]}}